This is the mail archive of the gcc-testresults@gcc.gnu.org mailing list for the GCC project.


Index Nav: [Date Index] [Subject Index] [Author Index] [Thread Index]
Message Nav: [Date Prev] [Date Next] [Thread Prev] [Thread Next]
Other format: [Raw text]

Results for 4.8.0 20120906 (experimental) (GCC) testsuite on sh-unknown-linux-gnu


LAST_UPDATED: Thu Sep  6 07:30:35 UTC 2012 (/trunk revision 191012)

Target is sh-unknown-linux-gnu
Host   is i686-pc-linux-gnu

		=== g++ tests ===


Running target mia-linux

		=== g++ Summary ===

# of expected passes		47224
# of expected failures		282
# of unsupported tests		748
/scratch/gcc/nightly-2012-09-06-mainline/sh-linux-gnu/obj/test-mainline-0-sh-linux-gnu/host-i686-pc-linux-gnu/fsf-mainline/bin/sh-linux-gnu-g++  version 4.8.0 20120906 (experimental) (GCC) 


		=== Summary adjusted for local xfails ===

# of expected passes            47224
# of expected failures          282
# of unsupported tests          748
Host   is i686-pc-linux-gnu

		=== gcc tests ===


Running target mia-linux
XPASS: gcc.dg/Wstrict-overflow-18.c  (test for bogus messages, line 20)
FAIL: gcc.dg/attr-weakref-1.c (test for excess errors)
UNRESOLVED: gcc.dg/attr-weakref-1.c compilation failed to produce executable
FAIL: gcc.dg/pr32773.c  (test for warnings, line 9)
FAIL: gcc.dg/pr32773.c (test for excess errors)
FAIL: gcc.dg/pr52558-1.c scan-tree-dump-times lim1 "MEM count_lsm.. count_lsm_flag" 1
FAIL: gcc.dg/pr52558-2.c scan-tree-dump-times lim1 "MEM.*g_2_lsm_flag" 1
FAIL: gcc.dg/pragma-isr-trapa2.c (test for excess errors)
UNRESOLVED: gcc.dg/pragma-isr-trapa2.c scan-assembler-times rte 1
UNRESOLVED: gcc.dg/pragma-isr-trapa2.c scan-assembler-times r[0-7]\\n 3
UNRESOLVED: gcc.dg/pragma-isr-trapa2.c scan-assembler-not r[8-9]
UNRESOLVED: gcc.dg/pragma-isr-trapa2.c scan-assembler-not r1[,0-3]
UNRESOLVED: gcc.dg/pragma-isr-trapa2.c scan-assembler-not macl
UNRESOLVED: gcc.dg/pragma-isr-trapa2.c scan-assembler-times [^_]fpscr 3
FAIL: gcc.dg/tm/reg-promotion.c scan-tree-dump-times lim1 "MEM count_lsm.. count_lsm_flag" 1
FAIL: gcc.dg/torture/pr51106-2.c  -O0  (internal compiler error)
FAIL: gcc.dg/torture/pr51106-2.c  -O0  (test for excess errors)
FAIL: gcc.dg/torture/pr51106-2.c  -O1  (internal compiler error)
FAIL: gcc.dg/torture/pr51106-2.c  -O1  (test for excess errors)
FAIL: gcc.dg/torture/pr51106-2.c  -O2  (internal compiler error)
FAIL: gcc.dg/torture/pr51106-2.c  -O2  (test for excess errors)
FAIL: gcc.dg/torture/pr51106-2.c  -O3 -fomit-frame-pointer  (internal compiler error)
FAIL: gcc.dg/torture/pr51106-2.c  -O3 -fomit-frame-pointer  (test for excess errors)
FAIL: gcc.dg/torture/pr51106-2.c  -O3 -g  (internal compiler error)
FAIL: gcc.dg/torture/pr51106-2.c  -O3 -g  (test for excess errors)
FAIL: gcc.dg/torture/pr51106-2.c  -Os  (internal compiler error)
FAIL: gcc.dg/torture/pr51106-2.c  -Os  (test for excess errors)
FAIL: gcc.dg/torture/pr51106-2.c  -O2 -flto -fno-use-linker-plugin -flto-partition=none  (internal compiler error)
FAIL: gcc.dg/torture/pr51106-2.c  -O2 -flto -fno-use-linker-plugin -flto-partition=none  (test for excess errors)
XPASS: gcc.dg/tree-ssa/20040204-1.c scan-tree-dump-times optimized "link_error" 0
FAIL: gcc.dg/tree-ssa/pr37508.c scan-tree-dump-times vrp1 "Folding" 3
FAIL: gcc.dg/tree-ssa/sra-12.c scan-tree-dump-times release_ssa "l;" 0
FAIL: gcc.target/sh/pr43417.c (test for excess errors)

		=== gcc Summary ===

# of expected passes		74877
# of unexpected failures	24
# of unexpected successes	2
# of expected failures		130
# of unresolved testcases	7
# of unsupported tests		1285
/scratch/gcc/nightly-2012-09-06-mainline/sh-linux-gnu/obj/test-mainline-0-sh-linux-gnu/host-i686-pc-linux-gnu/fsf-mainline/bin/sh-linux-gnu-gcc  version 4.8.0 20120906 (experimental) (GCC) 


		=== Summary adjusted for local xfails ===

# of unexpected failures        24
# of expected passes            74877
# of unexpected successes       2
# of expected failures          130
# of unresolved testcases       7
# of unsupported tests          1285
Host   is i686-pc-linux-gnu

		=== libstdc++ tests ===


Running target mia-linux
ERROR: tcl error sourcing /scratch/gcc/nightly-2012-09-06-mainline/src/gcc-mainline/libstdc++-v3/testsuite/libstdc++-abi/abi.exp.
ERROR: can't read "baseline_subdir_switch": no such variable
FAIL: 21_strings/basic_string/inserters_extractors/wchar_t/28277.cc execution test
FAIL: 22_locale/collate/transform/wchar_t/28277.cc execution test
FAIL: 23_containers/vector/profile/vector.cc execution test
FAIL: 27_io/basic_ostream/inserters_character/wchar_t/28277-3.cc execution test
FAIL: 27_io/basic_ostream/inserters_character/wchar_t/28277-4.cc execution test
FAIL: 27_io/basic_stringbuf/overflow/wchar_t/1.cc execution test
FAIL: 29_atomics/atomic/cons/user_pod.cc (test for excess errors)
FAIL: 29_atomics/atomic/operators/integral_assignment.cc (test for excess errors)
UNRESOLVED: 29_atomics/atomic/operators/integral_assignment.cc compilation failed to produce executable
FAIL: 29_atomics/atomic/operators/integral_conversion.cc (test for excess errors)
UNRESOLVED: 29_atomics/atomic/operators/integral_conversion.cc compilation failed to produce executable
FAIL: 29_atomics/atomic_integral/operators/integral_assignment.cc (test for excess errors)
UNRESOLVED: 29_atomics/atomic_integral/operators/integral_assignment.cc compilation failed to produce executable
FAIL: 29_atomics/atomic_integral/operators/integral_conversion.cc (test for excess errors)
UNRESOLVED: 29_atomics/atomic_integral/operators/integral_conversion.cc compilation failed to produce executable
FAIL: ext/vstring/inserters_extractors/wchar_t/28277.cc execution test
FAIL: tr2/headers/all.cc (test for excess errors)

		=== libstdc++ Summary ===

# of expected passes		8717
# of unexpected failures	13
# of expected failures		42
# of unresolved testcases	4
# of unsupported tests		205

		=== Summary adjusted for local xfails ===

# of errors                     2
# of unexpected failures        13
# of expected passes            8717
# of expected failures          42
# of unresolved testcases       4
# of unsupported tests          205
Host   is i686-pc-linux-gnu

		=== g++ tests ===


Running target mia-be-linux/-mb
WARNING: program timed out.
WARNING: Rebooting mia-be-linux/-mb
WARNING: program timed out.
WARNING: Rebooting mia-be-linux/-mb
UNRESOLVED: g++.dg/bprob/g++-bprob-1.C execution,    -g  -fprofile-arcs

		=== g++ Summary ===

# of expected passes		47223
# of expected failures		282
# of unresolved testcases	1
# of unsupported tests		748
/scratch/gcc/nightly-2012-09-06-mainline/sh-linux-gnu/obj/test-mainline-0-sh-linux-gnu/host-i686-pc-linux-gnu/fsf-mainline/bin/sh-linux-gnu-g++  version 4.8.0 20120906 (experimental) (GCC) 


		=== Summary adjusted for local xfails ===

# of expected passes            47223
# of expected failures          282
# of unresolved testcases       1
# of unsupported tests          748
Host   is i686-pc-linux-gnu

		=== gcc tests ===


Running target mia-be-linux/-mb
WARNING: program timed out.
WARNING: Rebooting mia-be-linux/-mb
XPASS: gcc.dg/Wstrict-overflow-18.c  (test for bogus messages, line 20)
FAIL: gcc.dg/attr-weakref-1.c (test for excess errors)
UNRESOLVED: gcc.dg/attr-weakref-1.c compilation failed to produce executable
FAIL: gcc.dg/pr32773.c  (test for warnings, line 9)
FAIL: gcc.dg/pr32773.c (test for excess errors)
FAIL: gcc.dg/pr52558-1.c scan-tree-dump-times lim1 "MEM count_lsm.. count_lsm_flag" 1
FAIL: gcc.dg/pr52558-2.c scan-tree-dump-times lim1 "MEM.*g_2_lsm_flag" 1
FAIL: gcc.dg/pragma-isr-trapa2.c (test for excess errors)
UNRESOLVED: gcc.dg/pragma-isr-trapa2.c scan-assembler-times rte 1
UNRESOLVED: gcc.dg/pragma-isr-trapa2.c scan-assembler-times r[0-7]\\n 3
UNRESOLVED: gcc.dg/pragma-isr-trapa2.c scan-assembler-not r[8-9]
UNRESOLVED: gcc.dg/pragma-isr-trapa2.c scan-assembler-not r1[,0-3]
UNRESOLVED: gcc.dg/pragma-isr-trapa2.c scan-assembler-not macl
UNRESOLVED: gcc.dg/pragma-isr-trapa2.c scan-assembler-times [^_]fpscr 3
FAIL: gcc.dg/tm/reg-promotion.c scan-tree-dump-times lim1 "MEM count_lsm.. count_lsm_flag" 1
FAIL: gcc.dg/torture/pr51106-2.c  -O0  (internal compiler error)
FAIL: gcc.dg/torture/pr51106-2.c  -O0  (test for excess errors)
FAIL: gcc.dg/torture/pr51106-2.c  -O1  (internal compiler error)
FAIL: gcc.dg/torture/pr51106-2.c  -O1  (test for excess errors)
FAIL: gcc.dg/torture/pr51106-2.c  -O2  (internal compiler error)
FAIL: gcc.dg/torture/pr51106-2.c  -O2  (test for excess errors)
FAIL: gcc.dg/torture/pr51106-2.c  -O3 -fomit-frame-pointer  (internal compiler error)
FAIL: gcc.dg/torture/pr51106-2.c  -O3 -fomit-frame-pointer  (test for excess errors)
FAIL: gcc.dg/torture/pr51106-2.c  -O3 -g  (internal compiler error)
FAIL: gcc.dg/torture/pr51106-2.c  -O3 -g  (test for excess errors)
FAIL: gcc.dg/torture/pr51106-2.c  -Os  (internal compiler error)
FAIL: gcc.dg/torture/pr51106-2.c  -Os  (test for excess errors)
FAIL: gcc.dg/torture/pr51106-2.c  -O2 -flto -fno-use-linker-plugin -flto-partition=none  (internal compiler error)
FAIL: gcc.dg/torture/pr51106-2.c  -O2 -flto -fno-use-linker-plugin -flto-partition=none  (test for excess errors)
XPASS: gcc.dg/tree-ssa/20040204-1.c scan-tree-dump-times optimized "link_error" 0
FAIL: gcc.dg/tree-ssa/pr37508.c scan-tree-dump-times vrp1 "Folding" 3
FAIL: gcc.dg/tree-ssa/sra-12.c scan-tree-dump-times release_ssa "l;" 0
FAIL: gcc.target/sh/pr43417.c (test for excess errors)

		=== gcc Summary ===

# of expected passes		74873
# of unexpected failures	24
# of unexpected successes	2
# of expected failures		130
# of unresolved testcases	7
# of unsupported tests		1287
/scratch/gcc/nightly-2012-09-06-mainline/sh-linux-gnu/obj/test-mainline-0-sh-linux-gnu/host-i686-pc-linux-gnu/fsf-mainline/bin/sh-linux-gnu-gcc  version 4.8.0 20120906 (experimental) (GCC) 


		=== Summary adjusted for local xfails ===

# of unexpected failures        24
# of expected passes            74873
# of unexpected successes       2
# of expected failures          130
# of unresolved testcases       7
# of unsupported tests          1287
Host   is i686-pc-linux-gnu

		=== libstdc++ tests ===


Running target mia-be-linux/-mb
ERROR: tcl error sourcing /scratch/gcc/nightly-2012-09-06-mainline/src/gcc-mainline/libstdc++-v3/testsuite/libstdc++-abi/abi.exp.
ERROR: can't read "baseline_subdir_switch": no such variable
FAIL: 21_strings/basic_string/inserters_extractors/wchar_t/28277.cc execution test
FAIL: 22_locale/collate/transform/wchar_t/28277.cc execution test
FAIL: 23_containers/vector/profile/vector.cc execution test
FAIL: 26_numerics/random/simd_fast_mersenne_twister_engine/cons/default.cc execution test
FAIL: 27_io/basic_ostream/inserters_character/wchar_t/28277-3.cc execution test
FAIL: 27_io/basic_ostream/inserters_character/wchar_t/28277-4.cc execution test
FAIL: 27_io/basic_stringbuf/overflow/wchar_t/1.cc execution test
FAIL: 29_atomics/atomic/cons/user_pod.cc (test for excess errors)
FAIL: 29_atomics/atomic/operators/integral_assignment.cc (test for excess errors)
UNRESOLVED: 29_atomics/atomic/operators/integral_assignment.cc compilation failed to produce executable
FAIL: 29_atomics/atomic/operators/integral_conversion.cc (test for excess errors)
UNRESOLVED: 29_atomics/atomic/operators/integral_conversion.cc compilation failed to produce executable
FAIL: 29_atomics/atomic_integral/operators/integral_assignment.cc (test for excess errors)
UNRESOLVED: 29_atomics/atomic_integral/operators/integral_assignment.cc compilation failed to produce executable
FAIL: 29_atomics/atomic_integral/operators/integral_conversion.cc (test for excess errors)
UNRESOLVED: 29_atomics/atomic_integral/operators/integral_conversion.cc compilation failed to produce executable
FAIL: ext/vstring/inserters_extractors/wchar_t/28277.cc execution test
FAIL: tr2/headers/all.cc (test for excess errors)

		=== libstdc++ Summary ===

# of expected passes		8716
# of unexpected failures	14
# of expected failures		42
# of unresolved testcases	4
# of unsupported tests		205

		=== Summary adjusted for local xfails ===

# of errors                     2
# of unexpected failures        14
# of expected passes            8716
# of expected failures          42
# of unresolved testcases       4
# of unsupported tests          205

Compiler version: 4.8.0 20120906 (experimental) (GCC) 
Platform: sh-unknown-linux-gnu
configure flags: --build=i686-pc-linux-gnu --host=i686-pc-linux-gnu --target=sh-linux-gnu --enable-threads --disable-libmudflap --disable-libssp --disable-libstdcxx-pch --with-cpu=sh4a --with-multilib-list= --with-endian=little,big --with-gnu-as --with-gnu-ld --enable-languages=c,c++ --enable-shared --enable-lto --enable-symvers=gnu --enable-__cxa_atexit --disable-nls --prefix=/opt/codesourcery --with-sysroot=/opt/codesourcery/sh-linux-gnu/libc --with-build-sysroot=/scratch/gcc/nightly-2012-09-06-mainline/sh-linux-gnu/install/sh-linux-gnu/libc --with-gmp=/scratch/gcc/nightly-2012-09-06-mainline/sh-linux-gnu/obj/pkg-mainline-0-sh-linux-gnu/fsf-mainline-0-sh-linux-gnu.extras/host-libs-i686-pc-linux-gnu/usr --with-mpfr=/scratch/gcc/nightly-2012-09-06-mainline/sh-linux-gnu/obj/pkg-mainline-0-sh-linux-gnu/fsf-mainline-0-sh-linux-gnu.extras/host-libs-i686-pc-linux-gnu/usr --with-mpc=/scratch/gcc/nightly-2012-09-06-mainline/sh-linux-gnu/obj/pkg-mainline-0-sh-linux-gnu/fsf-mainline-0
 -sh-linux-gnu.extras/host-libs-i686-pc-linux-gnu/usr --with-isl=/scratch/gcc/nightly-2012-09-06-mainline/sh-linux-gnu/obj/pkg-mainline-0-sh-linux-gnu/fsf-mainline-0-sh-linux-gnu.extras/host-libs-i686-pc-linux-gnu/usr --with-cloog=/scratch/gcc/nightly-2012-09-06-mainline/sh-linux-gnu/obj/pkg-mainline-0-sh-linux-gnu/fsf-mainline-0-sh-linux-gnu.extras/host-libs-i686-pc-linux-gnu/usr --with-libelf=/scratch/gcc/nightly-2012-09-06-mainline/sh-linux-gnu/obj/pkg-mainline-0-sh-linux-gnu/fsf-mainline-0-sh-linux-gnu.extras/host-libs-i686-pc-linux-gnu/usr --disable-libgomp --disable-libitm --enable-poison-system-directories --with-build-time-tools=/scratch/gcc/nightly-2012-09-06-mainline/sh-linux-gnu/install/sh-linux-gnu/bin --with-build-time-tools=/scratch/gcc/nightly-2012-09-06-mainline/sh-linux-gnu/install/sh-linux-gnu/bin


Index Nav: [Date Index] [Subject Index] [Author Index] [Thread Index]
Message Nav: [Date Prev] [Date Next] [Thread Prev] [Thread Next]