This is the mail archive of the
gcc-testresults@gcc.gnu.org
mailing list for the GCC project.
Results for 4.8.0 20120804 (experimental) (GCC) testsuite on s390x-ibm-linux-gnu default
- From: Andreas Krebbel <Andreas dot Krebbel at de dot ibm dot com>
- To: gcc-testresults at gcc dot gnu dot org
- Date: Sun, 05 Aug 2012 02:28:52 +0200
- Subject: Results for 4.8.0 20120804 (experimental) (GCC) testsuite on s390x-ibm-linux-gnu default
LAST_UPDATED: Sat Aug 4 17:16:52 UTC 2012 (revision 190143)
=== acats tests ===
FAIL: c52103x
FAIL: c52104x
FAIL: c52104y
FAIL: cb1010a
=== acats Summary ===
# of expected passes 2316
# of unexpected failures 4
Native configuration is s390x-ibm-linux-gnu default
=== g++ tests ===
Running target unix
FAIL: g++.dg/ext/attr-ifunc-1.C -std=gnu++98 execution test
FAIL: g++.dg/ext/attr-ifunc-1.C -std=gnu++11 execution test
FAIL: g++.dg/ext/attr-ifunc-2.C -std=gnu++98 execution test
FAIL: g++.dg/ext/attr-ifunc-2.C -std=gnu++11 execution test
FAIL: g++.dg/ext/attr-ifunc-3.C -std=gnu++98 execution test
FAIL: g++.dg/ext/attr-ifunc-3.C -std=gnu++11 execution test
FAIL: g++.dg/ext/attr-ifunc-4.C -std=gnu++98 execution test
FAIL: g++.dg/ext/attr-ifunc-4.C -std=gnu++11 execution test
=== g++ Summary ===
# of expected passes 49260
# of unexpected failures 8
# of expected failures 284
# of unsupported tests 690
-default/gcc/testsuite/g++/../../g++ version 4.8.0 20120804 (experimental) (GCC)
=== gcc tests ===
Running target unix
XPASS: gcc.dg/Wstrict-overflow-18.c (test for bogus messages, line 20)
FAIL: gcc.dg/attr-ifunc-1.c execution test
FAIL: gcc.dg/attr-ifunc-3.c execution test
FAIL: gcc.dg/attr-ifunc-4.c execution test
FAIL: gcc.dg/attr-ifunc-5.c execution test
FAIL: gcc.dg/attr-weakref-1.c (test for excess errors)
WARNING: gcc.dg/attr-weakref-1.c compilation failed to produce executable
FAIL: gcc.dg/pr52558-1.c scan-tree-dump-times lim1 "MEM count_lsm.. count_lsm_flag" 1
FAIL: gcc.dg/pr52558-2.c scan-tree-dump-times lim1 "MEM.*g_2_lsm_flag" 1
FAIL: gcc.dg/uninit-13.c unconditional (test for warnings, line 8)
FAIL: gcc.dg/uninit-13.c (test for excess errors)
XPASS: gcc.dg/guality/example.c -O0 execution test
XPASS: gcc.dg/guality/example.c -O1 execution test
XPASS: gcc.dg/guality/example.c -O2 execution test
XPASS: gcc.dg/guality/example.c -Os execution test
XPASS: gcc.dg/guality/example.c -O2 -flto -fno-use-linker-plugin -flto-partition=none execution test
XPASS: gcc.dg/guality/guality.c -O0 execution test
XPASS: gcc.dg/guality/guality.c -O1 execution test
XPASS: gcc.dg/guality/guality.c -O2 execution test
XPASS: gcc.dg/guality/guality.c -O3 -fomit-frame-pointer execution test
XPASS: gcc.dg/guality/guality.c -O3 -g execution test
XPASS: gcc.dg/guality/guality.c -Os execution test
XPASS: gcc.dg/guality/guality.c -O2 -flto -fno-use-linker-plugin -flto-partition=none execution test
XPASS: gcc.dg/guality/inline-params.c -O2 execution test
XPASS: gcc.dg/guality/inline-params.c -O3 -fomit-frame-pointer execution test
XPASS: gcc.dg/guality/inline-params.c -O3 -g execution test
XPASS: gcc.dg/guality/inline-params.c -Os execution test
XPASS: gcc.dg/guality/inline-params.c -O2 -flto -fno-use-linker-plugin -flto-partition=none execution test
XPASS: gcc.dg/guality/pr41353-1.c -O0 line 28 j == 28 + 37
FAIL: gcc.dg/guality/pr41353-1.c -O1 line 28 i == 37
XPASS: gcc.dg/guality/pr41353-1.c -O1 line 28 j == 28 + 37
FAIL: gcc.dg/guality/pr41353-1.c -O1 line 28 i1 == 2 * 37
FAIL: gcc.dg/guality/pr41353-1.c -O1 line 28 i2 == 3 * 37
FAIL: gcc.dg/guality/pr41353-1.c -O1 line 39 i1 == 2 * 12
FAIL: gcc.dg/guality/pr41353-1.c -O1 line 39 i2 == 2 * 12
FAIL: gcc.dg/guality/pr41353-1.c -O1 line 39 i3 == 3 * 12
FAIL: gcc.dg/guality/pr41353-1.c -O2 line 28 i == 37
XPASS: gcc.dg/guality/pr41353-1.c -O2 line 28 j == 28 + 37
FAIL: gcc.dg/guality/pr41353-1.c -O2 line 28 i1 == 2 * 37
FAIL: gcc.dg/guality/pr41353-1.c -O2 line 28 i2 == 3 * 37
FAIL: gcc.dg/guality/pr41353-1.c -O2 line 39 i1 == 2 * 12
FAIL: gcc.dg/guality/pr41353-1.c -O2 line 39 i2 == 2 * 12
FAIL: gcc.dg/guality/pr41353-1.c -O2 line 39 i3 == 3 * 12
FAIL: gcc.dg/guality/pr41353-1.c -O3 -fomit-frame-pointer line 28 i == 37
XPASS: gcc.dg/guality/pr41353-1.c -O3 -fomit-frame-pointer line 28 j == 28 + 37
FAIL: gcc.dg/guality/pr41353-1.c -O3 -fomit-frame-pointer line 28 i1 == 2 * 37
FAIL: gcc.dg/guality/pr41353-1.c -O3 -fomit-frame-pointer line 28 i2 == 3 * 37
FAIL: gcc.dg/guality/pr41353-1.c -O3 -fomit-frame-pointer line 39 i1 == 2 * 12
FAIL: gcc.dg/guality/pr41353-1.c -O3 -fomit-frame-pointer line 39 i2 == 2 * 12
FAIL: gcc.dg/guality/pr41353-1.c -O3 -fomit-frame-pointer line 39 i3 == 3 * 12
FAIL: gcc.dg/guality/pr41353-1.c -O3 -g line 28 i == 37
XPASS: gcc.dg/guality/pr41353-1.c -O3 -g line 28 j == 28 + 37
FAIL: gcc.dg/guality/pr41353-1.c -O3 -g line 28 i1 == 2 * 37
FAIL: gcc.dg/guality/pr41353-1.c -O3 -g line 28 i2 == 3 * 37
FAIL: gcc.dg/guality/pr41353-1.c -O3 -g line 39 i1 == 2 * 12
FAIL: gcc.dg/guality/pr41353-1.c -O3 -g line 39 i2 == 2 * 12
FAIL: gcc.dg/guality/pr41353-1.c -O3 -g line 39 i3 == 3 * 12
FAIL: gcc.dg/guality/pr41353-1.c -Os line 28 i == 37
XPASS: gcc.dg/guality/pr41353-1.c -Os line 28 j == 28 + 37
FAIL: gcc.dg/guality/pr41353-1.c -Os line 28 i1 == 2 * 37
FAIL: gcc.dg/guality/pr41353-1.c -Os line 28 i2 == 3 * 37
FAIL: gcc.dg/guality/pr41353-1.c -Os line 39 i1 == 2 * 12
FAIL: gcc.dg/guality/pr41353-1.c -Os line 39 i2 == 2 * 12
FAIL: gcc.dg/guality/pr41353-1.c -Os line 39 i3 == 3 * 12
FAIL: gcc.dg/guality/pr41353-1.c -O2 -flto -fno-use-linker-plugin -flto-partition=none line 28 i == 37
XPASS: gcc.dg/guality/pr41353-1.c -O2 -flto -fno-use-linker-plugin -flto-partition=none line 28 j == 28 + 37
FAIL: gcc.dg/guality/pr41353-1.c -O2 -flto -fno-use-linker-plugin -flto-partition=none line 28 i1 == 2 * 37
FAIL: gcc.dg/guality/pr41353-1.c -O2 -flto -fno-use-linker-plugin -flto-partition=none line 28 i2 == 3 * 37
FAIL: gcc.dg/guality/pr41353-1.c -O2 -flto -fno-use-linker-plugin -flto-partition=none line 39 i1 == 2 * 12
FAIL: gcc.dg/guality/pr41353-1.c -O2 -flto -fno-use-linker-plugin -flto-partition=none line 39 i2 == 2 * 12
FAIL: gcc.dg/guality/pr41353-1.c -O2 -flto -fno-use-linker-plugin -flto-partition=none line 39 i3 == 3 * 12
FAIL: gcc.dg/guality/pr41353-1.c -O2 -flto -fuse-linker-plugin -fno-fat-lto-objects line 28 i == 37
XPASS: gcc.dg/guality/pr41353-1.c -O2 -flto -fuse-linker-plugin -fno-fat-lto-objects line 28 j == 28 + 37
FAIL: gcc.dg/guality/pr41353-1.c -O2 -flto -fuse-linker-plugin -fno-fat-lto-objects line 28 i1 == 2 * 37
FAIL: gcc.dg/guality/pr41353-1.c -O2 -flto -fuse-linker-plugin -fno-fat-lto-objects line 28 i2 == 3 * 37
FAIL: gcc.dg/guality/pr41353-1.c -O2 -flto -fuse-linker-plugin -fno-fat-lto-objects line 39 i1 == 2 * 12
FAIL: gcc.dg/guality/pr41353-1.c -O2 -flto -fuse-linker-plugin -fno-fat-lto-objects line 39 i2 == 2 * 12
FAIL: gcc.dg/guality/pr41353-1.c -O2 -flto -fuse-linker-plugin -fno-fat-lto-objects line 39 i3 == 3 * 12
XPASS: gcc.dg/guality/pr41447-1.c -O0 execution test
XPASS: gcc.dg/guality/pr41447-1.c -O1 execution test
XPASS: gcc.dg/guality/pr41447-1.c -O2 execution test
XPASS: gcc.dg/guality/pr41447-1.c -O3 -fomit-frame-pointer execution test
XPASS: gcc.dg/guality/pr41447-1.c -O3 -g execution test
XPASS: gcc.dg/guality/pr41447-1.c -Os execution test
XPASS: gcc.dg/guality/pr41447-1.c -O2 -flto -fno-use-linker-plugin -flto-partition=none execution test
XPASS: gcc.dg/guality/pr41616-1.c -O0 execution test
XPASS: gcc.dg/guality/pr41616-1.c -O1 execution test
XPASS: gcc.dg/guality/pr41616-1.c -O2 execution test
XPASS: gcc.dg/guality/pr41616-1.c -O3 -fomit-frame-pointer execution test
XPASS: gcc.dg/guality/pr41616-1.c -O3 -g execution test
XPASS: gcc.dg/guality/pr41616-1.c -Os execution test
XPASS: gcc.dg/guality/pr41616-1.c -O2 -flto -fno-use-linker-plugin -flto-partition=none execution test
FAIL: gcc.dg/guality/pr43051-1.c -O1 line 35 v == 1
FAIL: gcc.dg/guality/pr43051-1.c -O1 line 40 v == 1
FAIL: gcc.dg/guality/pr43051-1.c -O2 line 35 v == 1
FAIL: gcc.dg/guality/pr43051-1.c -O2 line 40 v == 1
FAIL: gcc.dg/guality/pr43051-1.c -O3 -fomit-frame-pointer line 35 v == 1
FAIL: gcc.dg/guality/pr43051-1.c -O3 -fomit-frame-pointer line 40 v == 1
FAIL: gcc.dg/guality/pr43051-1.c -O3 -fomit-frame-pointer -funroll-loops line 35 v == 1
FAIL: gcc.dg/guality/pr43051-1.c -O3 -fomit-frame-pointer -funroll-loops line 40 v == 1
FAIL: gcc.dg/guality/pr43051-1.c -O3 -fomit-frame-pointer -funroll-all-loops -finline-functions line 35 v == 1
FAIL: gcc.dg/guality/pr43051-1.c -O3 -fomit-frame-pointer -funroll-all-loops -finline-functions line 40 v == 1
FAIL: gcc.dg/guality/pr43051-1.c -O3 -g line 35 v == 1
FAIL: gcc.dg/guality/pr43051-1.c -O3 -g line 40 v == 1
FAIL: gcc.dg/guality/pr43051-1.c -Os line 35 v == 1
FAIL: gcc.dg/guality/pr43051-1.c -Os line 40 v == 1
FAIL: gcc.dg/guality/pr43051-1.c -O2 -flto -fno-use-linker-plugin -flto-partition=none line 35 v == 1
FAIL: gcc.dg/guality/pr43051-1.c -O2 -flto -fno-use-linker-plugin -flto-partition=none line 40 v == 1
FAIL: gcc.dg/guality/pr43051-1.c -O2 -flto -fuse-linker-plugin -fno-fat-lto-objects line 35 v == 1
FAIL: gcc.dg/guality/pr43051-1.c -O2 -flto -fuse-linker-plugin -fno-fat-lto-objects line 40 v == 1
FAIL: gcc.dg/guality/pr43077-1.c -O1 line 42 b == 2
FAIL: gcc.dg/guality/pr43077-1.c -O1 line 42 varb == 2
FAIL: gcc.dg/guality/pr43077-1.c -O2 line 42 b == 2
FAIL: gcc.dg/guality/pr43077-1.c -O2 line 42 varb == 2
FAIL: gcc.dg/guality/pr43077-1.c -O3 -fomit-frame-pointer line 42 b == 2
FAIL: gcc.dg/guality/pr43077-1.c -O3 -fomit-frame-pointer line 42 varb == 2
FAIL: gcc.dg/guality/pr43077-1.c -O3 -g line 42 b == 2
FAIL: gcc.dg/guality/pr43077-1.c -O3 -g line 42 varb == 2
FAIL: gcc.dg/guality/pr43077-1.c -Os line 42 b == 2
FAIL: gcc.dg/guality/pr43077-1.c -Os line 42 varb == 2
FAIL: gcc.dg/guality/pr43077-1.c -O2 -flto -fno-use-linker-plugin -flto-partition=none line 42 b == 2
FAIL: gcc.dg/guality/pr43077-1.c -O2 -flto -fno-use-linker-plugin -flto-partition=none line 42 varb == 2
FAIL: gcc.dg/guality/sra-1.c -O1 line 43 a.i == 4
FAIL: gcc.dg/guality/sra-1.c -O1 line 43 a.j == 14
FAIL: gcc.dg/guality/sra-1.c -O2 line 43 a.i == 4
FAIL: gcc.dg/guality/sra-1.c -O2 line 43 a.j == 14
FAIL: gcc.dg/guality/sra-1.c -O3 -fomit-frame-pointer line 43 a.i == 4
FAIL: gcc.dg/guality/sra-1.c -O3 -fomit-frame-pointer line 43 a.j == 14
FAIL: gcc.dg/guality/sra-1.c -O3 -g line 43 a.i == 4
FAIL: gcc.dg/guality/sra-1.c -O3 -g line 43 a.j == 14
FAIL: gcc.dg/guality/sra-1.c -Os line 43 a.i == 4
FAIL: gcc.dg/guality/sra-1.c -Os line 43 a.j == 14
FAIL: gcc.dg/guality/sra-1.c -O2 -flto -fno-use-linker-plugin -flto-partition=none line 43 a.i == 4
FAIL: gcc.dg/guality/sra-1.c -O2 -flto -fno-use-linker-plugin -flto-partition=none line 43 a.j == 14
FAIL: gcc.dg/guality/sra-1.c -O2 -flto -fuse-linker-plugin -fno-fat-lto-objects line 43 a.i == 4
FAIL: gcc.dg/guality/sra-1.c -O2 -flto -fuse-linker-plugin -fno-fat-lto-objects line 43 a.j == 14
FAIL: gcc.dg/guality/vla-1.c -O0 line 17 sizeof (a) == 6
FAIL: gcc.dg/guality/vla-1.c -O0 line 24 sizeof (a) == 17 * sizeof (short)
FAIL: gcc.dg/guality/vla-1.c -O1 line 17 sizeof (a) == 6
FAIL: gcc.dg/guality/vla-1.c -O1 line 24 sizeof (a) == 17 * sizeof (short)
FAIL: gcc.dg/guality/vla-1.c -O2 line 17 sizeof (a) == 6
FAIL: gcc.dg/guality/vla-1.c -O2 line 24 sizeof (a) == 17 * sizeof (short)
FAIL: gcc.dg/guality/vla-1.c -O3 -fomit-frame-pointer line 17 sizeof (a) == 6
FAIL: gcc.dg/guality/vla-1.c -O3 -fomit-frame-pointer line 24 sizeof (a) == 17 * sizeof (short)
FAIL: gcc.dg/guality/vla-1.c -O3 -g line 17 sizeof (a) == 6
FAIL: gcc.dg/guality/vla-1.c -O3 -g line 24 sizeof (a) == 17 * sizeof (short)
FAIL: gcc.dg/guality/vla-1.c -Os line 17 sizeof (a) == 6
FAIL: gcc.dg/guality/vla-1.c -Os line 24 sizeof (a) == 17 * sizeof (short)
FAIL: gcc.dg/guality/vla-1.c -O2 -flto -fno-use-linker-plugin -flto-partition=none line 17 sizeof (a) == 6
FAIL: gcc.dg/guality/vla-1.c -O2 -flto -fno-use-linker-plugin -flto-partition=none line 24 sizeof (a) == 17 * sizeof (short)
FAIL: gcc.dg/guality/vla-1.c -O2 -flto -fuse-linker-plugin -fno-fat-lto-objects line 17 sizeof (a) == 6
FAIL: gcc.dg/guality/vla-1.c -O2 -flto -fuse-linker-plugin -fno-fat-lto-objects line 24 sizeof (a) == 17 * sizeof (short)
FAIL: gcc.dg/guality/vla-2.c -O0 line 16 sizeof (a) == 5 * sizeof (int)
FAIL: gcc.dg/guality/vla-2.c -O0 line 25 sizeof (a) == 6 * sizeof (int)
FAIL: gcc.dg/guality/vla-2.c -O1 line 16 sizeof (a) == 5 * sizeof (int)
FAIL: gcc.dg/guality/vla-2.c -O1 line 25 sizeof (a) == 6 * sizeof (int)
FAIL: gcc.dg/guality/vla-2.c -O2 line 16 sizeof (a) == 5 * sizeof (int)
FAIL: gcc.dg/guality/vla-2.c -O2 line 25 sizeof (a) == 6 * sizeof (int)
FAIL: gcc.dg/guality/vla-2.c -O3 -fomit-frame-pointer line 16 sizeof (a) == 5 * sizeof (int)
FAIL: gcc.dg/guality/vla-2.c -O3 -fomit-frame-pointer line 25 sizeof (a) == 6 * sizeof (int)
FAIL: gcc.dg/guality/vla-2.c -O3 -g line 16 sizeof (a) == 5 * sizeof (int)
FAIL: gcc.dg/guality/vla-2.c -O3 -g line 25 sizeof (a) == 6 * sizeof (int)
FAIL: gcc.dg/guality/vla-2.c -Os line 16 sizeof (a) == 5 * sizeof (int)
FAIL: gcc.dg/guality/vla-2.c -Os line 25 sizeof (a) == 6 * sizeof (int)
FAIL: gcc.dg/guality/vla-2.c -O2 -flto -fno-use-linker-plugin -flto-partition=none line 16 sizeof (a) == 5 * sizeof (int)
FAIL: gcc.dg/guality/vla-2.c -O2 -flto -fno-use-linker-plugin -flto-partition=none line 25 sizeof (a) == 6 * sizeof (int)
FAIL: gcc.dg/guality/vla-2.c -O2 -flto -fuse-linker-plugin -fno-fat-lto-objects line 16 sizeof (a) == 5 * sizeof (int)
FAIL: gcc.dg/guality/vla-2.c -O2 -flto -fuse-linker-plugin -fno-fat-lto-objects line 25 sizeof (a) == 6 * sizeof (int)
FAIL: gcc.dg/tm/reg-promotion.c scan-tree-dump-times lim1 "MEM count_lsm.. count_lsm_flag" 1
FAIL: gcc.dg/torture/pr51106-2.c -O0 (internal compiler error)
FAIL: gcc.dg/torture/pr51106-2.c -O0 (test for excess errors)
FAIL: gcc.dg/torture/pr51106-2.c -O1 (internal compiler error)
FAIL: gcc.dg/torture/pr51106-2.c -O1 (test for excess errors)
FAIL: gcc.dg/torture/pr51106-2.c -O2 (internal compiler error)
FAIL: gcc.dg/torture/pr51106-2.c -O2 (test for excess errors)
FAIL: gcc.dg/torture/pr51106-2.c -O3 -fomit-frame-pointer (internal compiler error)
FAIL: gcc.dg/torture/pr51106-2.c -O3 -fomit-frame-pointer (test for excess errors)
FAIL: gcc.dg/torture/pr51106-2.c -O3 -g (internal compiler error)
FAIL: gcc.dg/torture/pr51106-2.c -O3 -g (test for excess errors)
FAIL: gcc.dg/torture/pr51106-2.c -Os (internal compiler error)
FAIL: gcc.dg/torture/pr51106-2.c -Os (test for excess errors)
FAIL: gcc.dg/torture/pr51106-2.c -O2 -flto -fno-use-linker-plugin -flto-partition=none (internal compiler error)
FAIL: gcc.dg/torture/pr51106-2.c -O2 -flto -fno-use-linker-plugin -flto-partition=none (test for excess errors)
XPASS: gcc.dg/tree-ssa/20040204-1.c scan-tree-dump-times optimized "link_error" 0
=== gcc Summary ===
# of expected passes 76951
# of unexpected failures 142
# of unexpected successes 41
# of expected failures 118
# of unsupported tests 1259
-default/gcc/xgcc version 4.8.0 20120804 (experimental) (GCC)
=== gfortran tests ===
Running target unix
FAIL: gfortran.dg/lto/pr45586-2 f_lto_pr45586-2_0.o-f_lto_pr45586-2_0.o link, -O0 -flto -flto-partition=none -fuse-linker-plugin (internal compiler error)
UNRESOLVED: gfortran.dg/lto/pr45586-2 f_lto_pr45586-2_0.o-f_lto_pr45586-2_0.o execute -O0 -flto -flto-partition=none -fuse-linker-plugin
FAIL: gfortran.dg/lto/pr45586-2 f_lto_pr45586-2_0.o-f_lto_pr45586-2_0.o link, -O0 -flto -flto-partition=1to1 -fno-use-linker-plugin (internal compiler error)
UNRESOLVED: gfortran.dg/lto/pr45586-2 f_lto_pr45586-2_0.o-f_lto_pr45586-2_0.o execute -O0 -flto -flto-partition=1to1 -fno-use-linker-plugin
FAIL: gfortran.dg/lto/pr45586-2 f_lto_pr45586-2_0.o-f_lto_pr45586-2_0.o link, -O0 -flto -fuse-linker-plugin -fno-fat-lto-objects (internal compiler error)
UNRESOLVED: gfortran.dg/lto/pr45586-2 f_lto_pr45586-2_0.o-f_lto_pr45586-2_0.o execute -O0 -flto -fuse-linker-plugin -fno-fat-lto-objects
FAIL: gfortran.dg/lto/pr45586 f_lto_pr45586_0.o-f_lto_pr45586_0.o link, -O0 -flto -flto-partition=none -fuse-linker-plugin (internal compiler error)
UNRESOLVED: gfortran.dg/lto/pr45586 f_lto_pr45586_0.o-f_lto_pr45586_0.o execute -O0 -flto -flto-partition=none -fuse-linker-plugin
FAIL: gfortran.dg/lto/pr45586 f_lto_pr45586_0.o-f_lto_pr45586_0.o link, -O0 -flto -flto-partition=1to1 -fno-use-linker-plugin (internal compiler error)
UNRESOLVED: gfortran.dg/lto/pr45586 f_lto_pr45586_0.o-f_lto_pr45586_0.o execute -O0 -flto -flto-partition=1to1 -fno-use-linker-plugin
FAIL: gfortran.dg/lto/pr45586 f_lto_pr45586_0.o-f_lto_pr45586_0.o link, -O0 -flto -fuse-linker-plugin -fno-fat-lto-objects (internal compiler error)
UNRESOLVED: gfortran.dg/lto/pr45586 f_lto_pr45586_0.o-f_lto_pr45586_0.o execute -O0 -flto -fuse-linker-plugin -fno-fat-lto-objects
=== gfortran Summary ===
# of expected passes 41302
# of unexpected failures 6
# of expected failures 42
# of unresolved testcases 6
# of unsupported tests 75
-default/gcc/testsuite/gfortran/../../gfortran version 4.8.0 20120804 (experimental) (GCC)
=== gnat tests ===
Running target unix
FAIL: gnat.dg/array11.adb (test for warnings, line 12)
FAIL: gnat.dg/object_overflow.adb (test for warnings, line 8)
FAIL: gnat.dg/stack_check2.adb execution test
=== gnat Summary ===
# of expected passes 1098
# of unexpected failures 3
# of expected failures 17
# of unsupported tests 11
-default/gcc/gnatmake version 4.8.0 20120804 (experimental)
=== obj-c++ tests ===
Running target unix
=== obj-c++ Summary ===
# of expected passes 1442
# of expected failures 10
# of unsupported tests 86
-default/gcc/testsuite/obj-c++/../../g++ version 4.8.0 20120804 (experimental) (GCC)
=== objc tests ===
Running target unix
=== objc Summary ===
# of expected passes 2994
# of unsupported tests 74
-default/gcc/xgcc version 4.8.0 20120804 (experimental) (GCC)
=== boehm-gc tests ===
Running target unix
=== boehm-gc Summary ===
# of expected passes 12
# of unsupported tests 1
=== libatomic tests ===
Running target unix
=== libatomic Summary ===
# of expected passes 34
# of unsupported tests 10
=== libffi tests ===
Running target unix
FAIL: libffi.call/err_bad_abi.c -O0 -W -Wall execution test
FAIL: libffi.call/err_bad_abi.c -O2 execution test
FAIL: libffi.call/err_bad_abi.c -O3 execution test
FAIL: libffi.call/err_bad_abi.c -Os execution test
FAIL: libffi.call/err_bad_abi.c -O2 -fomit-frame-pointer execution test
=== libffi Summary ===
# of expected passes 1654
# of unexpected failures 5
# of unsupported tests 55
=== libgomp tests ===
Running target unix
FAIL: libgomp.fortran/allocatable1.f90 -O0 (test for excess errors)
FAIL: libgomp.fortran/allocatable1.f90 -O1 (test for excess errors)
FAIL: libgomp.fortran/allocatable1.f90 -O2 (test for excess errors)
FAIL: libgomp.fortran/allocatable1.f90 -O3 -fomit-frame-pointer (test for excess errors)
FAIL: libgomp.fortran/allocatable1.f90 -O3 -fomit-frame-pointer -funroll-loops (test for excess errors)
FAIL: libgomp.fortran/allocatable1.f90 -O3 -fomit-frame-pointer -funroll-all-loops -finline-functions (test for excess errors)
FAIL: libgomp.fortran/allocatable1.f90 -O3 -g (test for excess errors)
FAIL: libgomp.fortran/allocatable1.f90 -Os (test for excess errors)
FAIL: libgomp.fortran/allocatable2.f90 -O0 (test for excess errors)
FAIL: libgomp.fortran/allocatable2.f90 -O1 (test for excess errors)
FAIL: libgomp.fortran/allocatable2.f90 -O2 (test for excess errors)
FAIL: libgomp.fortran/allocatable2.f90 -O3 -fomit-frame-pointer (test for excess errors)
FAIL: libgomp.fortran/allocatable2.f90 -O3 -fomit-frame-pointer -funroll-loops (test for excess errors)
FAIL: libgomp.fortran/allocatable2.f90 -O3 -fomit-frame-pointer -funroll-all-loops -finline-functions (test for excess errors)
FAIL: libgomp.fortran/allocatable2.f90 -O3 -g (test for excess errors)
FAIL: libgomp.fortran/allocatable2.f90 -Os (test for excess errors)
FAIL: libgomp.fortran/allocatable3.f90 -O0 (test for excess errors)
FAIL: libgomp.fortran/allocatable3.f90 -O1 (test for excess errors)
FAIL: libgomp.fortran/allocatable3.f90 -O2 (test for excess errors)
FAIL: libgomp.fortran/allocatable3.f90 -O3 -fomit-frame-pointer (test for excess errors)
FAIL: libgomp.fortran/allocatable3.f90 -O3 -fomit-frame-pointer -funroll-loops (test for excess errors)
FAIL: libgomp.fortran/allocatable3.f90 -O3 -fomit-frame-pointer -funroll-all-loops -finline-functions (test for excess errors)
FAIL: libgomp.fortran/allocatable3.f90 -O3 -g (test for excess errors)
FAIL: libgomp.fortran/allocatable3.f90 -Os (test for excess errors)
FAIL: libgomp.fortran/allocatable4.f90 -O0 (test for excess errors)
FAIL: libgomp.fortran/allocatable4.f90 -O1 (test for excess errors)
FAIL: libgomp.fortran/allocatable4.f90 -O2 (test for excess errors)
FAIL: libgomp.fortran/allocatable4.f90 -O3 -fomit-frame-pointer (test for excess errors)
FAIL: libgomp.fortran/allocatable4.f90 -O3 -fomit-frame-pointer -funroll-loops (test for excess errors)
FAIL: libgomp.fortran/allocatable4.f90 -O3 -fomit-frame-pointer -funroll-all-loops -finline-functions (test for excess errors)
FAIL: libgomp.fortran/allocatable4.f90 -O3 -g (test for excess errors)
FAIL: libgomp.fortran/allocatable4.f90 -Os (test for excess errors)
FAIL: libgomp.fortran/allocatable5.f90 -O0 (test for excess errors)
FAIL: libgomp.fortran/allocatable5.f90 -O1 (test for excess errors)
FAIL: libgomp.fortran/allocatable5.f90 -O2 (test for excess errors)
FAIL: libgomp.fortran/allocatable5.f90 -O3 -fomit-frame-pointer (test for excess errors)
FAIL: libgomp.fortran/allocatable5.f90 -O3 -fomit-frame-pointer -funroll-loops (test for excess errors)
FAIL: libgomp.fortran/allocatable5.f90 -O3 -fomit-frame-pointer -funroll-all-loops -finline-functions (test for excess errors)
FAIL: libgomp.fortran/allocatable5.f90 -O3 -g (test for excess errors)
FAIL: libgomp.fortran/allocatable5.f90 -Os (test for excess errors)
FAIL: libgomp.fortran/allocatable6.f90 -O0 (test for excess errors)
FAIL: libgomp.fortran/allocatable6.f90 -O1 (test for excess errors)
FAIL: libgomp.fortran/allocatable6.f90 -O2 (test for excess errors)
FAIL: libgomp.fortran/allocatable6.f90 -O3 -fomit-frame-pointer (test for excess errors)
FAIL: libgomp.fortran/allocatable6.f90 -O3 -fomit-frame-pointer -funroll-loops (test for excess errors)
FAIL: libgomp.fortran/allocatable6.f90 -O3 -fomit-frame-pointer -funroll-all-loops -finline-functions (test for excess errors)
FAIL: libgomp.fortran/allocatable6.f90 -O3 -g (test for excess errors)
FAIL: libgomp.fortran/allocatable6.f90 -Os (test for excess errors)
FAIL: libgomp.fortran/allocatable7.f90 -O0 (test for excess errors)
FAIL: libgomp.fortran/allocatable7.f90 -O1 (test for excess errors)
FAIL: libgomp.fortran/allocatable7.f90 -O2 (test for excess errors)
FAIL: libgomp.fortran/allocatable7.f90 -O3 -fomit-frame-pointer (test for excess errors)
FAIL: libgomp.fortran/allocatable7.f90 -O3 -fomit-frame-pointer -funroll-loops (test for excess errors)
FAIL: libgomp.fortran/allocatable7.f90 -O3 -fomit-frame-pointer -funroll-all-loops -finline-functions (test for excess errors)
FAIL: libgomp.fortran/allocatable7.f90 -O3 -g (test for excess errors)
FAIL: libgomp.fortran/allocatable7.f90 -Os (test for excess errors)
FAIL: libgomp.fortran/allocatable8.f90 -O0 (test for excess errors)
FAIL: libgomp.fortran/allocatable8.f90 -O1 (test for excess errors)
FAIL: libgomp.fortran/allocatable8.f90 -O2 (test for excess errors)
FAIL: libgomp.fortran/allocatable8.f90 -O3 -fomit-frame-pointer (test for excess errors)
FAIL: libgomp.fortran/allocatable8.f90 -O3 -fomit-frame-pointer -funroll-loops (test for excess errors)
FAIL: libgomp.fortran/allocatable8.f90 -O3 -fomit-frame-pointer -funroll-all-loops -finline-functions (test for excess errors)
FAIL: libgomp.fortran/allocatable8.f90 -O3 -g (test for excess errors)
FAIL: libgomp.fortran/allocatable8.f90 -Os (test for excess errors)
FAIL: libgomp.fortran/appendix-a/a.15.1.f90 -O (test for excess errors)
FAIL: libgomp.fortran/appendix-a/a.16.1.f90 -O0 (test for excess errors)
FAIL: libgomp.fortran/appendix-a/a.16.1.f90 -O1 (test for excess errors)
FAIL: libgomp.fortran/appendix-a/a.16.1.f90 -O2 (test for excess errors)
FAIL: libgomp.fortran/appendix-a/a.16.1.f90 -O3 -fomit-frame-pointer (test for excess errors)
FAIL: libgomp.fortran/appendix-a/a.16.1.f90 -O3 -fomit-frame-pointer -funroll-loops (test for excess errors)
FAIL: libgomp.fortran/appendix-a/a.16.1.f90 -O3 -fomit-frame-pointer -funroll-all-loops -finline-functions (test for excess errors)
FAIL: libgomp.fortran/appendix-a/a.16.1.f90 -O3 -g (test for excess errors)
FAIL: libgomp.fortran/appendix-a/a.16.1.f90 -Os (test for excess errors)
FAIL: libgomp.fortran/appendix-a/a.18.1.f90 -O0 (test for excess errors)
FAIL: libgomp.fortran/appendix-a/a.18.1.f90 -O1 (test for excess errors)
FAIL: libgomp.fortran/appendix-a/a.18.1.f90 -O2 (test for excess errors)
FAIL: libgomp.fortran/appendix-a/a.18.1.f90 -O3 -fomit-frame-pointer (test for excess errors)
FAIL: libgomp.fortran/appendix-a/a.18.1.f90 -O3 -fomit-frame-pointer -funroll-loops (test for excess errors)
FAIL: libgomp.fortran/appendix-a/a.18.1.f90 -O3 -fomit-frame-pointer -funroll-all-loops -finline-functions (test for excess errors)
FAIL: libgomp.fortran/appendix-a/a.18.1.f90 -O3 -g (test for excess errors)
FAIL: libgomp.fortran/appendix-a/a.18.1.f90 -Os (test for excess errors)
FAIL: libgomp.fortran/appendix-a/a.19.1.f90 -O0 (test for excess errors)
FAIL: libgomp.fortran/appendix-a/a.19.1.f90 -O1 (test for excess errors)
FAIL: libgomp.fortran/appendix-a/a.19.1.f90 -O2 (test for excess errors)
FAIL: libgomp.fortran/appendix-a/a.19.1.f90 -O3 -fomit-frame-pointer (test for excess errors)
FAIL: libgomp.fortran/appendix-a/a.19.1.f90 -O3 -fomit-frame-pointer -funroll-loops (test for excess errors)
FAIL: libgomp.fortran/appendix-a/a.19.1.f90 -O3 -fomit-frame-pointer -funroll-all-loops -finline-functions (test for excess errors)
FAIL: libgomp.fortran/appendix-a/a.19.1.f90 -O3 -g (test for excess errors)
FAIL: libgomp.fortran/appendix-a/a.19.1.f90 -Os (test for excess errors)
FAIL: libgomp.fortran/appendix-a/a.2.1.f90 -O0 (test for excess errors)
FAIL: libgomp.fortran/appendix-a/a.2.1.f90 -O1 (test for excess errors)
FAIL: libgomp.fortran/appendix-a/a.2.1.f90 -O2 (test for excess errors)
FAIL: libgomp.fortran/appendix-a/a.2.1.f90 -O3 -fomit-frame-pointer (test for excess errors)
FAIL: libgomp.fortran/appendix-a/a.2.1.f90 -O3 -fomit-frame-pointer -funroll-loops (test for excess errors)
FAIL: libgomp.fortran/appendix-a/a.2.1.f90 -O3 -fomit-frame-pointer -funroll-all-loops -finline-functions (test for excess errors)
FAIL: libgomp.fortran/appendix-a/a.2.1.f90 -O3 -g (test for excess errors)
FAIL: libgomp.fortran/appendix-a/a.2.1.f90 -Os (test for excess errors)
FAIL: libgomp.fortran/appendix-a/a.21.1.f90 -O (test for excess errors)
FAIL: libgomp.fortran/appendix-a/a.22.7.f90 -O0 (test for excess errors)
FAIL: libgomp.fortran/appendix-a/a.22.7.f90 -O1 (test for excess errors)
FAIL: libgomp.fortran/appendix-a/a.22.7.f90 -O2 (test for excess errors)
FAIL: libgomp.fortran/appendix-a/a.22.7.f90 -O3 -fomit-frame-pointer (test for excess errors)
FAIL: libgomp.fortran/appendix-a/a.22.7.f90 -O3 -fomit-frame-pointer -funroll-loops (test for excess errors)
FAIL: libgomp.fortran/appendix-a/a.22.7.f90 -O3 -fomit-frame-pointer -funroll-all-loops -finline-functions (test for excess errors)
FAIL: libgomp.fortran/appendix-a/a.22.7.f90 -O3 -g (test for excess errors)
FAIL: libgomp.fortran/appendix-a/a.22.7.f90 -Os (test for excess errors)
FAIL: libgomp.fortran/appendix-a/a.22.8.f90 -O0 (test for excess errors)
FAIL: libgomp.fortran/appendix-a/a.22.8.f90 -O1 (test for excess errors)
FAIL: libgomp.fortran/appendix-a/a.22.8.f90 -O2 (test for excess errors)
FAIL: libgomp.fortran/appendix-a/a.22.8.f90 -O3 -fomit-frame-pointer (test for excess errors)
FAIL: libgomp.fortran/appendix-a/a.22.8.f90 -O3 -fomit-frame-pointer -funroll-loops (test for excess errors)
FAIL: libgomp.fortran/appendix-a/a.22.8.f90 -O3 -fomit-frame-pointer -funroll-all-loops -finline-functions (test for excess errors)
FAIL: libgomp.fortran/appendix-a/a.22.8.f90 -O3 -g (test for excess errors)
FAIL: libgomp.fortran/appendix-a/a.22.8.f90 -Os (test for excess errors)
FAIL: libgomp.fortran/appendix-a/a.26.1.f90 -O0 (test for excess errors)
FAIL: libgomp.fortran/appendix-a/a.26.1.f90 -O1 (test for excess errors)
FAIL: libgomp.fortran/appendix-a/a.26.1.f90 -O2 (test for excess errors)
FAIL: libgomp.fortran/appendix-a/a.26.1.f90 -O3 -fomit-frame-pointer (test for excess errors)
FAIL: libgomp.fortran/appendix-a/a.26.1.f90 -O3 -fomit-frame-pointer -funroll-loops (test for excess errors)
FAIL: libgomp.fortran/appendix-a/a.26.1.f90 -O3 -fomit-frame-pointer -funroll-all-loops -finline-functions (test for excess errors)
FAIL: libgomp.fortran/appendix-a/a.26.1.f90 -O3 -g (test for excess errors)
FAIL: libgomp.fortran/appendix-a/a.26.1.f90 -Os (test for excess errors)
FAIL: libgomp.fortran/appendix-a/a.28.1.f90 -O0 (test for excess errors)
FAIL: libgomp.fortran/appendix-a/a.28.1.f90 -O1 (test for excess errors)
FAIL: libgomp.fortran/appendix-a/a.28.1.f90 -O2 (test for excess errors)
FAIL: libgomp.fortran/appendix-a/a.28.1.f90 -O3 -fomit-frame-pointer (test for excess errors)
FAIL: libgomp.fortran/appendix-a/a.28.1.f90 -O3 -fomit-frame-pointer -funroll-loops (test for excess errors)
FAIL: libgomp.fortran/appendix-a/a.28.1.f90 -O3 -fomit-frame-pointer -funroll-all-loops -finline-functions (test for excess errors)
FAIL: libgomp.fortran/appendix-a/a.28.1.f90 -O3 -g (test for excess errors)
FAIL: libgomp.fortran/appendix-a/a.28.1.f90 -Os (test for excess errors)
FAIL: libgomp.fortran/appendix-a/a.28.2.f90 -O0 (test for excess errors)
FAIL: libgomp.fortran/appendix-a/a.28.2.f90 -O1 (test for excess errors)
FAIL: libgomp.fortran/appendix-a/a.28.2.f90 -O2 (test for excess errors)
FAIL: libgomp.fortran/appendix-a/a.28.2.f90 -O3 -fomit-frame-pointer (test for excess errors)
FAIL: libgomp.fortran/appendix-a/a.28.2.f90 -O3 -fomit-frame-pointer -funroll-loops (test for excess errors)
FAIL: libgomp.fortran/appendix-a/a.28.2.f90 -O3 -fomit-frame-pointer -funroll-all-loops -finline-functions (test for excess errors)
FAIL: libgomp.fortran/appendix-a/a.28.2.f90 -O3 -g (test for excess errors)
FAIL: libgomp.fortran/appendix-a/a.28.2.f90 -Os (test for excess errors)
FAIL: libgomp.fortran/appendix-a/a.28.3.f90 -O0 (test for excess errors)
FAIL: libgomp.fortran/appendix-a/a.28.3.f90 -O1 (test for excess errors)
FAIL: libgomp.fortran/appendix-a/a.28.3.f90 -O2 (test for excess errors)
FAIL: libgomp.fortran/appendix-a/a.28.3.f90 -O3 -fomit-frame-pointer (test for excess errors)
FAIL: libgomp.fortran/appendix-a/a.28.3.f90 -O3 -fomit-frame-pointer -funroll-loops (test for excess errors)
FAIL: libgomp.fortran/appendix-a/a.28.3.f90 -O3 -fomit-frame-pointer -funroll-all-loops -finline-functions (test for excess errors)
FAIL: libgomp.fortran/appendix-a/a.28.3.f90 -O3 -g (test for excess errors)
FAIL: libgomp.fortran/appendix-a/a.28.3.f90 -Os (test for excess errors)
FAIL: libgomp.fortran/appendix-a/a.28.4.f90 -O0 (test for excess errors)
FAIL: libgomp.fortran/appendix-a/a.28.4.f90 -O1 (test for excess errors)
FAIL: libgomp.fortran/appendix-a/a.28.4.f90 -O2 (test for excess errors)
FAIL: libgomp.fortran/appendix-a/a.28.4.f90 -O3 -fomit-frame-pointer (test for excess errors)
FAIL: libgomp.fortran/appendix-a/a.28.4.f90 -O3 -fomit-frame-pointer -funroll-loops (test for excess errors)
FAIL: libgomp.fortran/appendix-a/a.28.4.f90 -O3 -fomit-frame-pointer -funroll-all-loops -finline-functions (test for excess errors)
FAIL: libgomp.fortran/appendix-a/a.28.4.f90 -O3 -g (test for excess errors)
FAIL: libgomp.fortran/appendix-a/a.28.4.f90 -Os (test for excess errors)
FAIL: libgomp.fortran/appendix-a/a.3.1.f90 -O0 (test for excess errors)
FAIL: libgomp.fortran/appendix-a/a.3.1.f90 -O1 (test for excess errors)
FAIL: libgomp.fortran/appendix-a/a.3.1.f90 -O2 (test for excess errors)
FAIL: libgomp.fortran/appendix-a/a.3.1.f90 -O3 -fomit-frame-pointer (test for excess errors)
FAIL: libgomp.fortran/appendix-a/a.3.1.f90 -O3 -fomit-frame-pointer -funroll-loops (test for excess errors)
FAIL: libgomp.fortran/appendix-a/a.3.1.f90 -O3 -fomit-frame-pointer -funroll-all-loops -finline-functions (test for excess errors)
FAIL: libgomp.fortran/appendix-a/a.3.1.f90 -O3 -g (test for excess errors)
FAIL: libgomp.fortran/appendix-a/a.3.1.f90 -Os (test for excess errors)
FAIL: libgomp.fortran/appendix-a/a.31.4.f90 -O0 (test for excess errors)
FAIL: libgomp.fortran/appendix-a/a.31.4.f90 -O1 (test for excess errors)
FAIL: libgomp.fortran/appendix-a/a.31.4.f90 -O2 (test for excess errors)
FAIL: libgomp.fortran/appendix-a/a.31.4.f90 -O3 -fomit-frame-pointer (test for excess errors)
FAIL: libgomp.fortran/appendix-a/a.31.4.f90 -O3 -fomit-frame-pointer -funroll-loops (test for excess errors)
FAIL: libgomp.fortran/appendix-a/a.31.4.f90 -O3 -fomit-frame-pointer -funroll-all-loops -finline-functions (test for excess errors)
FAIL: libgomp.fortran/appendix-a/a.31.4.f90 -O3 -g (test for excess errors)
FAIL: libgomp.fortran/appendix-a/a.31.4.f90 -Os (test for excess errors)
FAIL: libgomp.fortran/appendix-a/a.31.5.f90 -O0 (test for excess errors)
FAIL: libgomp.fortran/appendix-a/a.31.5.f90 -O1 (test for excess errors)
FAIL: libgomp.fortran/appendix-a/a.31.5.f90 -O2 (test for excess errors)
FAIL: libgomp.fortran/appendix-a/a.31.5.f90 -O3 -fomit-frame-pointer (test for excess errors)
FAIL: libgomp.fortran/appendix-a/a.31.5.f90 -O3 -fomit-frame-pointer -funroll-loops (test for excess errors)
FAIL: libgomp.fortran/appendix-a/a.31.5.f90 -O3 -fomit-frame-pointer -funroll-all-loops -finline-functions (test for excess errors)
FAIL: libgomp.fortran/appendix-a/a.31.5.f90 -O3 -g (test for excess errors)
FAIL: libgomp.fortran/appendix-a/a.31.5.f90 -Os (test for excess errors)
FAIL: libgomp.fortran/appendix-a/a.33.3.f90 -O (test for excess errors)
FAIL: libgomp.fortran/appendix-a/a.38.1.f90 -O (test for excess errors)
FAIL: libgomp.fortran/appendix-a/a.39.1.f90 -O0 (test for excess errors)
FAIL: libgomp.fortran/appendix-a/a.39.1.f90 -O1 (test for excess errors)
FAIL: libgomp.fortran/appendix-a/a.39.1.f90 -O2 (test for excess errors)
FAIL: libgomp.fortran/appendix-a/a.39.1.f90 -O3 -fomit-frame-pointer (test for excess errors)
FAIL: libgomp.fortran/appendix-a/a.39.1.f90 -O3 -fomit-frame-pointer -funroll-loops (test for excess errors)
FAIL: libgomp.fortran/appendix-a/a.39.1.f90 -O3 -fomit-frame-pointer -funroll-all-loops -finline-functions (test for excess errors)
FAIL: libgomp.fortran/appendix-a/a.39.1.f90 -O3 -g (test for excess errors)
FAIL: libgomp.fortran/appendix-a/a.39.1.f90 -Os (test for excess errors)
FAIL: libgomp.fortran/appendix-a/a.4.1.f90 -O0 (test for excess errors)
FAIL: libgomp.fortran/appendix-a/a.4.1.f90 -O1 (test for excess errors)
FAIL: libgomp.fortran/appendix-a/a.4.1.f90 -O2 (test for excess errors)
FAIL: libgomp.fortran/appendix-a/a.4.1.f90 -O3 -fomit-frame-pointer (test for excess errors)
FAIL: libgomp.fortran/appendix-a/a.4.1.f90 -O3 -fomit-frame-pointer -funroll-loops (test for excess errors)
FAIL: libgomp.fortran/appendix-a/a.4.1.f90 -O3 -fomit-frame-pointer -funroll-all-loops -finline-functions (test for excess errors)
FAIL: libgomp.fortran/appendix-a/a.4.1.f90 -O3 -g (test for excess errors)
FAIL: libgomp.fortran/appendix-a/a.4.1.f90 -Os (test for excess errors)
FAIL: libgomp.fortran/appendix-a/a.40.1.f90 -O (test for excess errors)
FAIL: libgomp.fortran/appendix-a/a.5.1.f90 -O0 (test for excess errors)
FAIL: libgomp.fortran/appendix-a/a.5.1.f90 -O1 (test for excess errors)
FAIL: libgomp.fortran/appendix-a/a.5.1.f90 -O2 (test for excess errors)
FAIL: libgomp.fortran/appendix-a/a.5.1.f90 -O3 -fomit-frame-pointer (test for excess errors)
FAIL: libgomp.fortran/appendix-a/a.5.1.f90 -O3 -fomit-frame-pointer -funroll-loops (test for excess errors)
FAIL: libgomp.fortran/appendix-a/a.5.1.f90 -O3 -fomit-frame-pointer -funroll-all-loops -finline-functions (test for excess errors)
FAIL: libgomp.fortran/appendix-a/a.5.1.f90 -O3 -g (test for excess errors)
FAIL: libgomp.fortran/appendix-a/a.5.1.f90 -Os (test for excess errors)
FAIL: libgomp.fortran/appendix-a/a10.1.f90 -O0 (test for excess errors)
FAIL: libgomp.fortran/appendix-a/a10.1.f90 -O1 (test for excess errors)
FAIL: libgomp.fortran/appendix-a/a10.1.f90 -O2 (test for excess errors)
FAIL: libgomp.fortran/appendix-a/a10.1.f90 -O3 -fomit-frame-pointer (test for excess errors)
FAIL: libgomp.fortran/appendix-a/a10.1.f90 -O3 -fomit-frame-pointer -funroll-loops (test for excess errors)
FAIL: libgomp.fortran/appendix-a/a10.1.f90 -O3 -fomit-frame-pointer -funroll-all-loops -finline-functions (test for excess errors)
FAIL: libgomp.fortran/appendix-a/a10.1.f90 -O3 -g (test for excess errors)
FAIL: libgomp.fortran/appendix-a/a10.1.f90 -Os (test for excess errors)
FAIL: libgomp.fortran/character1.f90 -O0 (test for excess errors)
FAIL: libgomp.fortran/character1.f90 -O1 (test for excess errors)
FAIL: libgomp.fortran/character1.f90 -O2 (test for excess errors)
FAIL: libgomp.fortran/character1.f90 -O3 -fomit-frame-pointer (test for excess errors)
FAIL: libgomp.fortran/character1.f90 -O3 -fomit-frame-pointer -funroll-loops (test for excess errors)
FAIL: libgomp.fortran/character1.f90 -O3 -fomit-frame-pointer -funroll-all-loops -finline-functions (test for excess errors)
FAIL: libgomp.fortran/character1.f90 -O3 -g (test for excess errors)
FAIL: libgomp.fortran/character1.f90 -Os (test for excess errors)
FAIL: libgomp.fortran/character2.f90 -O0 (test for excess errors)
FAIL: libgomp.fortran/character2.f90 -O1 (test for excess errors)
FAIL: libgomp.fortran/character2.f90 -O2 (test for excess errors)
FAIL: libgomp.fortran/character2.f90 -O3 -fomit-frame-pointer (test for excess errors)
FAIL: libgomp.fortran/character2.f90 -O3 -fomit-frame-pointer -funroll-loops (test for excess errors)
FAIL: libgomp.fortran/character2.f90 -O3 -fomit-frame-pointer -funroll-all-loops -finline-functions (test for excess errors)
FAIL: libgomp.fortran/character2.f90 -O3 -g (test for excess errors)
FAIL: libgomp.fortran/character2.f90 -Os (test for excess errors)
FAIL: libgomp.fortran/collapse1.f90 -O0 (test for excess errors)
FAIL: libgomp.fortran/collapse1.f90 -O1 (test for excess errors)
FAIL: libgomp.fortran/collapse1.f90 -O2 (test for excess errors)
FAIL: libgomp.fortran/collapse1.f90 -O3 -fomit-frame-pointer (test for excess errors)
FAIL: libgomp.fortran/collapse1.f90 -O3 -fomit-frame-pointer -funroll-loops (test for excess errors)
FAIL: libgomp.fortran/collapse1.f90 -O3 -fomit-frame-pointer -funroll-all-loops -finline-functions (test for excess errors)
FAIL: libgomp.fortran/collapse1.f90 -O3 -g (test for excess errors)
FAIL: libgomp.fortran/collapse1.f90 -Os (test for excess errors)
FAIL: libgomp.fortran/collapse2.f90 -O0 (test for excess errors)
FAIL: libgomp.fortran/collapse2.f90 -O1 (test for excess errors)
FAIL: libgomp.fortran/collapse2.f90 -O2 (test for excess errors)
FAIL: libgomp.fortran/collapse2.f90 -O3 -fomit-frame-pointer (test for excess errors)
FAIL: libgomp.fortran/collapse2.f90 -O3 -fomit-frame-pointer -funroll-loops (test for excess errors)
FAIL: libgomp.fortran/collapse2.f90 -O3 -fomit-frame-pointer -funroll-all-loops -finline-functions (test for excess errors)
FAIL: libgomp.fortran/collapse2.f90 -O3 -g (test for excess errors)
FAIL: libgomp.fortran/collapse2.f90 -Os (test for excess errors)
FAIL: libgomp.fortran/collapse3.f90 -O0 (test for excess errors)
FAIL: libgomp.fortran/collapse3.f90 -O1 (test for excess errors)
FAIL: libgomp.fortran/collapse3.f90 -O2 (test for excess errors)
FAIL: libgomp.fortran/collapse3.f90 -O3 -fomit-frame-pointer (test for excess errors)
FAIL: libgomp.fortran/collapse3.f90 -O3 -fomit-frame-pointer -funroll-loops (test for excess errors)
FAIL: libgomp.fortran/collapse3.f90 -O3 -fomit-frame-pointer -funroll-all-loops -finline-functions (test for excess errors)
FAIL: libgomp.fortran/collapse3.f90 -O3 -g (test for excess errors)
FAIL: libgomp.fortran/collapse3.f90 -Os (test for excess errors)
FAIL: libgomp.fortran/collapse4.f90 -O0 (test for excess errors)
FAIL: libgomp.fortran/collapse4.f90 -O1 (test for excess errors)
FAIL: libgomp.fortran/collapse4.f90 -O2 (test for excess errors)
FAIL: libgomp.fortran/collapse4.f90 -O3 -fomit-frame-pointer (test for excess errors)
FAIL: libgomp.fortran/collapse4.f90 -O3 -fomit-frame-pointer -funroll-loops (test for excess errors)
FAIL: libgomp.fortran/collapse4.f90 -O3 -fomit-frame-pointer -funroll-all-loops -finline-functions (test for excess errors)
FAIL: libgomp.fortran/collapse4.f90 -O3 -g (test for excess errors)
FAIL: libgomp.fortran/collapse4.f90 -Os (test for excess errors)
FAIL: libgomp.fortran/condinc1.f -O (test for excess errors)
FAIL: libgomp.fortran/condinc2.f -O (test for excess errors)
FAIL: libgomp.fortran/condinc3.f90 -O (test for excess errors)
FAIL: libgomp.fortran/condinc4.f90 -O (test for excess errors)
FAIL: libgomp.fortran/crayptr1.f90 -O0 (test for excess errors)
FAIL: libgomp.fortran/crayptr1.f90 -O1 (test for excess errors)
FAIL: libgomp.fortran/crayptr1.f90 -O2 (test for excess errors)
FAIL: libgomp.fortran/crayptr1.f90 -O3 -fomit-frame-pointer (test for excess errors)
FAIL: libgomp.fortran/crayptr1.f90 -O3 -fomit-frame-pointer -funroll-loops (test for excess errors)
FAIL: libgomp.fortran/crayptr1.f90 -O3 -fomit-frame-pointer -funroll-all-loops -finline-functions (test for excess errors)
FAIL: libgomp.fortran/crayptr1.f90 -O3 -g (test for excess errors)
FAIL: libgomp.fortran/crayptr1.f90 -Os (test for excess errors)
FAIL: libgomp.fortran/crayptr2.f90 -O0 (test for excess errors)
FAIL: libgomp.fortran/crayptr2.f90 -O1 (test for excess errors)
FAIL: libgomp.fortran/crayptr2.f90 -O2 (test for excess errors)
FAIL: libgomp.fortran/crayptr2.f90 -O3 -fomit-frame-pointer (test for excess errors)
FAIL: libgomp.fortran/crayptr2.f90 -O3 -fomit-frame-pointer -funroll-loops (test for excess errors)
FAIL: libgomp.fortran/crayptr2.f90 -O3 -fomit-frame-pointer -funroll-all-loops -finline-functions (test for excess errors)
FAIL: libgomp.fortran/crayptr2.f90 -O3 -g (test for excess errors)
FAIL: libgomp.fortran/crayptr2.f90 -Os (test for excess errors)
FAIL: libgomp.fortran/crayptr3.f90 -O0 (test for excess errors)
FAIL: libgomp.fortran/crayptr3.f90 -O1 (test for excess errors)
FAIL: libgomp.fortran/crayptr3.f90 -O2 (test for excess errors)
FAIL: libgomp.fortran/crayptr3.f90 -O3 -fomit-frame-pointer (test for excess errors)
FAIL: libgomp.fortran/crayptr3.f90 -O3 -fomit-frame-pointer -funroll-loops (test for excess errors)
FAIL: libgomp.fortran/crayptr3.f90 -O3 -fomit-frame-pointer -funroll-all-loops -finline-functions (test for excess errors)
FAIL: libgomp.fortran/crayptr3.f90 -O3 -g (test for excess errors)
FAIL: libgomp.fortran/crayptr3.f90 -Os (test for excess errors)
FAIL: libgomp.fortran/do1.f90 -O0 (test for excess errors)
FAIL: libgomp.fortran/do1.f90 -O1 (test for excess errors)
FAIL: libgomp.fortran/do1.f90 -O2 (test for excess errors)
FAIL: libgomp.fortran/do1.f90 -O3 -fomit-frame-pointer (test for excess errors)
FAIL: libgomp.fortran/do1.f90 -O3 -fomit-frame-pointer -funroll-loops (test for excess errors)
FAIL: libgomp.fortran/do1.f90 -O3 -fomit-frame-pointer -funroll-all-loops -finline-functions (test for excess errors)
FAIL: libgomp.fortran/do1.f90 -O3 -g (test for excess errors)
FAIL: libgomp.fortran/do1.f90 -Os (test for excess errors)
FAIL: libgomp.fortran/do2.f90 -O0 (test for excess errors)
FAIL: libgomp.fortran/do2.f90 -O1 (test for excess errors)
FAIL: libgomp.fortran/do2.f90 -O2 (test for excess errors)
FAIL: libgomp.fortran/do2.f90 -O3 -fomit-frame-pointer (test for excess errors)
FAIL: libgomp.fortran/do2.f90 -O3 -fomit-frame-pointer -funroll-loops (test for excess errors)
FAIL: libgomp.fortran/do2.f90 -O3 -fomit-frame-pointer -funroll-all-loops -finline-functions (test for excess errors)
FAIL: libgomp.fortran/do2.f90 -O3 -g (test for excess errors)
FAIL: libgomp.fortran/do2.f90 -Os (test for excess errors)
FAIL: libgomp.fortran/jacobi.f -O0 (test for excess errors)
FAIL: libgomp.fortran/jacobi.f -O1 (test for excess errors)
FAIL: libgomp.fortran/jacobi.f -O2 (test for excess errors)
FAIL: libgomp.fortran/jacobi.f -O3 -fomit-frame-pointer (test for excess errors)
FAIL: libgomp.fortran/jacobi.f -O3 -fomit-frame-pointer -funroll-loops (test for excess errors)
FAIL: libgomp.fortran/jacobi.f -O3 -fomit-frame-pointer -funroll-all-loops -finline-functions (test for excess errors)
FAIL: libgomp.fortran/jacobi.f -O3 -g (test for excess errors)
FAIL: libgomp.fortran/jacobi.f -Os (test for excess errors)
FAIL: libgomp.fortran/lastprivate1.f90 -O (test for excess errors)
FAIL: libgomp.fortran/lastprivate2.f90 -O (test for excess errors)
FAIL: libgomp.fortran/lib1.f90 -O0 (test for excess errors)
FAIL: libgomp.fortran/lib1.f90 -O1 (test for excess errors)
FAIL: libgomp.fortran/lib1.f90 -O2 (test for excess errors)
FAIL: libgomp.fortran/lib1.f90 -O3 -fomit-frame-pointer (test for excess errors)
FAIL: libgomp.fortran/lib1.f90 -O3 -fomit-frame-pointer -funroll-loops (test for excess errors)
FAIL: libgomp.fortran/lib1.f90 -O3 -fomit-frame-pointer -funroll-all-loops -finline-functions (test for excess errors)
FAIL: libgomp.fortran/lib1.f90 -O3 -g (test for excess errors)
FAIL: libgomp.fortran/lib1.f90 -Os (test for excess errors)
FAIL: libgomp.fortran/lib2.f -O0 (test for excess errors)
FAIL: libgomp.fortran/lib2.f -O1 (test for excess errors)
FAIL: libgomp.fortran/lib2.f -O2 (test for excess errors)
FAIL: libgomp.fortran/lib2.f -O3 -fomit-frame-pointer (test for excess errors)
FAIL: libgomp.fortran/lib2.f -O3 -fomit-frame-pointer -funroll-loops (test for excess errors)
FAIL: libgomp.fortran/lib2.f -O3 -fomit-frame-pointer -funroll-all-loops -finline-functions (test for excess errors)
FAIL: libgomp.fortran/lib2.f -O3 -g (test for excess errors)
FAIL: libgomp.fortran/lib2.f -Os (test for excess errors)
FAIL: libgomp.fortran/lib3.f -O0 (test for excess errors)
FAIL: libgomp.fortran/lib3.f -O1 (test for excess errors)
FAIL: libgomp.fortran/lib3.f -O2 (test for excess errors)
FAIL: libgomp.fortran/lib3.f -O3 -fomit-frame-pointer (test for excess errors)
FAIL: libgomp.fortran/lib3.f -O3 -fomit-frame-pointer -funroll-loops (test for excess errors)
FAIL: libgomp.fortran/lib3.f -O3 -fomit-frame-pointer -funroll-all-loops -finline-functions (test for excess errors)
FAIL: libgomp.fortran/lib3.f -O3 -g (test for excess errors)
FAIL: libgomp.fortran/lib3.f -Os (test for excess errors)
FAIL: libgomp.fortran/lib4.f90 -O0 (test for excess errors)
FAIL: libgomp.fortran/lib4.f90 -O1 (test for excess errors)
FAIL: libgomp.fortran/lib4.f90 -O2 (test for excess errors)
FAIL: libgomp.fortran/lib4.f90 -O3 -fomit-frame-pointer (test for excess errors)
FAIL: libgomp.fortran/lib4.f90 -O3 -fomit-frame-pointer -funroll-loops (test for excess errors)
FAIL: libgomp.fortran/lib4.f90 -O3 -fomit-frame-pointer -funroll-all-loops -finline-functions (test for excess errors)
FAIL: libgomp.fortran/lib4.f90 -O3 -g (test for excess errors)
FAIL: libgomp.fortran/lib4.f90 -Os (test for excess errors)
FAIL: libgomp.fortran/lock-1.f90 -O0 (test for excess errors)
FAIL: libgomp.fortran/lock-1.f90 -O1 (test for excess errors)
FAIL: libgomp.fortran/lock-1.f90 -O2 (test for excess errors)
FAIL: libgomp.fortran/lock-1.f90 -O3 -fomit-frame-pointer (test for excess errors)
FAIL: libgomp.fortran/lock-1.f90 -O3 -fomit-frame-pointer -funroll-loops (test for excess errors)
FAIL: libgomp.fortran/lock-1.f90 -O3 -fomit-frame-pointer -funroll-all-loops -finline-functions (test for excess errors)
FAIL: libgomp.fortran/lock-1.f90 -O3 -g (test for excess errors)
FAIL: libgomp.fortran/lock-1.f90 -Os (test for excess errors)
FAIL: libgomp.fortran/lock-2.f90 -O0 (test for excess errors)
FAIL: libgomp.fortran/lock-2.f90 -O1 (test for excess errors)
FAIL: libgomp.fortran/lock-2.f90 -O2 (test for excess errors)
FAIL: libgomp.fortran/lock-2.f90 -O3 -fomit-frame-pointer (test for excess errors)
FAIL: libgomp.fortran/lock-2.f90 -O3 -fomit-frame-pointer -funroll-loops (test for excess errors)
FAIL: libgomp.fortran/lock-2.f90 -O3 -fomit-frame-pointer -funroll-all-loops -finline-functions (test for excess errors)
FAIL: libgomp.fortran/lock-2.f90 -O3 -g (test for excess errors)
FAIL: libgomp.fortran/lock-2.f90 -Os (test for excess errors)
FAIL: libgomp.fortran/nested1.f90 -O0 (test for excess errors)
FAIL: libgomp.fortran/nested1.f90 -O1 (test for excess errors)
FAIL: libgomp.fortran/nested1.f90 -O2 (test for excess errors)
FAIL: libgomp.fortran/nested1.f90 -O3 -fomit-frame-pointer (test for excess errors)
FAIL: libgomp.fortran/nested1.f90 -O3 -fomit-frame-pointer -funroll-loops (test for excess errors)
FAIL: libgomp.fortran/nested1.f90 -O3 -fomit-frame-pointer -funroll-all-loops -finline-functions (test for excess errors)
FAIL: libgomp.fortran/nested1.f90 -O3 -g (test for excess errors)
FAIL: libgomp.fortran/nested1.f90 -Os (test for excess errors)
FAIL: libgomp.fortran/nestedfn1.f90 -O0 (test for excess errors)
FAIL: libgomp.fortran/nestedfn1.f90 -O1 (test for excess errors)
FAIL: libgomp.fortran/nestedfn1.f90 -O2 (test for excess errors)
FAIL: libgomp.fortran/nestedfn1.f90 -O3 -fomit-frame-pointer (test for excess errors)
FAIL: libgomp.fortran/nestedfn1.f90 -O3 -fomit-frame-pointer -funroll-loops (test for excess errors)
FAIL: libgomp.fortran/nestedfn1.f90 -O3 -fomit-frame-pointer -funroll-all-loops -finline-functions (test for excess errors)
FAIL: libgomp.fortran/nestedfn1.f90 -O3 -g (test for excess errors)
FAIL: libgomp.fortran/nestedfn1.f90 -Os (test for excess errors)
FAIL: libgomp.fortran/nestedfn2.f90 -O0 (test for excess errors)
FAIL: libgomp.fortran/nestedfn2.f90 -O1 (test for excess errors)
FAIL: libgomp.fortran/nestedfn2.f90 -O2 (test for excess errors)
FAIL: libgomp.fortran/nestedfn2.f90 -O3 -fomit-frame-pointer (test for excess errors)
FAIL: libgomp.fortran/nestedfn2.f90 -O3 -fomit-frame-pointer -funroll-loops (test for excess errors)
FAIL: libgomp.fortran/nestedfn2.f90 -O3 -fomit-frame-pointer -funroll-all-loops -finline-functions (test for excess errors)
FAIL: libgomp.fortran/nestedfn2.f90 -O3 -g (test for excess errors)
FAIL: libgomp.fortran/nestedfn2.f90 -Os (test for excess errors)
FAIL: libgomp.fortran/nestedfn3.f90 -O0 (test for excess errors)
FAIL: libgomp.fortran/nestedfn3.f90 -O1 (test for excess errors)
FAIL: libgomp.fortran/nestedfn3.f90 -O2 (test for excess errors)
FAIL: libgomp.fortran/nestedfn3.f90 -O3 -fomit-frame-pointer (test for excess errors)
FAIL: libgomp.fortran/nestedfn3.f90 -O3 -fomit-frame-pointer -funroll-loops (test for excess errors)
FAIL: libgomp.fortran/nestedfn3.f90 -O3 -fomit-frame-pointer -funroll-all-loops -finline-functions (test for excess errors)
FAIL: libgomp.fortran/nestedfn3.f90 -O3 -g (test for excess errors)
FAIL: libgomp.fortran/nestedfn3.f90 -Os (test for excess errors)
FAIL: libgomp.fortran/nestedfn4.f90 -O (test for excess errors)
FAIL: libgomp.fortran/omp_atomic1.f90 -O0 (test for excess errors)
FAIL: libgomp.fortran/omp_atomic1.f90 -O1 (test for excess errors)
FAIL: libgomp.fortran/omp_atomic1.f90 -O2 (test for excess errors)
FAIL: libgomp.fortran/omp_atomic1.f90 -O3 -fomit-frame-pointer (test for excess errors)
FAIL: libgomp.fortran/omp_atomic1.f90 -O3 -fomit-frame-pointer -funroll-loops (test for excess errors)
FAIL: libgomp.fortran/omp_atomic1.f90 -O3 -fomit-frame-pointer -funroll-all-loops -finline-functions (test for excess errors)
FAIL: libgomp.fortran/omp_atomic1.f90 -O3 -g (test for excess errors)
FAIL: libgomp.fortran/omp_atomic1.f90 -Os (test for excess errors)
FAIL: libgomp.fortran/omp_atomic2.f90 -O0 (test for excess errors)
FAIL: libgomp.fortran/omp_atomic2.f90 -O1 (test for excess errors)
FAIL: libgomp.fortran/omp_atomic2.f90 -O2 (test for excess errors)
FAIL: libgomp.fortran/omp_atomic2.f90 -O3 -fomit-frame-pointer (test for excess errors)
FAIL: libgomp.fortran/omp_atomic2.f90 -O3 -fomit-frame-pointer -funroll-loops (test for excess errors)
FAIL: libgomp.fortran/omp_atomic2.f90 -O3 -fomit-frame-pointer -funroll-all-loops -finline-functions (test for excess errors)
FAIL: libgomp.fortran/omp_atomic2.f90 -O3 -g (test for excess errors)
FAIL: libgomp.fortran/omp_atomic2.f90 -Os (test for excess errors)
FAIL: libgomp.fortran/omp_atomic3.f90 -O0 (test for excess errors)
FAIL: libgomp.fortran/omp_atomic3.f90 -O1 (test for excess errors)
FAIL: libgomp.fortran/omp_atomic3.f90 -O2 (test for excess errors)
FAIL: libgomp.fortran/omp_atomic3.f90 -O3 -fomit-frame-pointer (test for excess errors)
FAIL: libgomp.fortran/omp_atomic3.f90 -O3 -fomit-frame-pointer -funroll-loops (test for excess errors)
FAIL: libgomp.fortran/omp_atomic3.f90 -O3 -fomit-frame-pointer -funroll-all-loops -finline-functions (test for excess errors)
FAIL: libgomp.fortran/omp_atomic3.f90 -O3 -g (test for excess errors)
FAIL: libgomp.fortran/omp_atomic3.f90 -Os (test for excess errors)
FAIL: libgomp.fortran/omp_atomic4.f90 -O0 (test for excess errors)
FAIL: libgomp.fortran/omp_atomic4.f90 -O1 (test for excess errors)
FAIL: libgomp.fortran/omp_atomic4.f90 -O2 (test for excess errors)
FAIL: libgomp.fortran/omp_atomic4.f90 -O3 -fomit-frame-pointer (test for excess errors)
FAIL: libgomp.fortran/omp_atomic4.f90 -O3 -fomit-frame-pointer -funroll-loops (test for excess errors)
FAIL: libgomp.fortran/omp_atomic4.f90 -O3 -fomit-frame-pointer -funroll-all-loops -finline-functions (test for excess errors)
FAIL: libgomp.fortran/omp_atomic4.f90 -O3 -g (test for excess errors)
FAIL: libgomp.fortran/omp_atomic4.f90 -Os (test for excess errors)
FAIL: libgomp.fortran/omp_cond1.f -O (test for excess errors)
FAIL: libgomp.fortran/omp_cond2.f -O (test for excess errors)
FAIL: libgomp.fortran/omp_cond3.F90 -O (test for excess errors)
FAIL: libgomp.fortran/omp_cond4.F90 -O (test for excess errors)
FAIL: libgomp.fortran/omp_hello.f -O (test for excess errors)
FAIL: libgomp.fortran/omp_orphan.f -O (test for excess errors)
FAIL: libgomp.fortran/omp_parse1.f90 -O0 (test for excess errors)
FAIL: libgomp.fortran/omp_parse1.f90 -O1 (test for excess errors)
FAIL: libgomp.fortran/omp_parse1.f90 -O2 (test for excess errors)
FAIL: libgomp.fortran/omp_parse1.f90 -O3 -fomit-frame-pointer (test for excess errors)
FAIL: libgomp.fortran/omp_parse1.f90 -O3 -fomit-frame-pointer -funroll-loops (test for excess errors)
FAIL: libgomp.fortran/omp_parse1.f90 -O3 -fomit-frame-pointer -funroll-all-loops -finline-functions (test for excess errors)
FAIL: libgomp.fortran/omp_parse1.f90 -O3 -g (test for excess errors)
FAIL: libgomp.fortran/omp_parse1.f90 -Os (test for excess errors)
FAIL: libgomp.fortran/omp_parse2.f90 -O0 (test for excess errors)
FAIL: libgomp.fortran/omp_parse2.f90 -O1 (test for excess errors)
FAIL: libgomp.fortran/omp_parse2.f90 -O2 (test for excess errors)
FAIL: libgomp.fortran/omp_parse2.f90 -O3 -fomit-frame-pointer (test for excess errors)
FAIL: libgomp.fortran/omp_parse2.f90 -O3 -fomit-frame-pointer -funroll-loops (test for excess errors)
FAIL: libgomp.fortran/omp_parse2.f90 -O3 -fomit-frame-pointer -funroll-all-loops -finline-functions (test for excess errors)
FAIL: libgomp.fortran/omp_parse2.f90 -O3 -g (test for excess errors)
FAIL: libgomp.fortran/omp_parse2.f90 -Os (test for excess errors)
FAIL: libgomp.fortran/omp_parse3.f90 -O0 (test for excess errors)
FAIL: libgomp.fortran/omp_parse3.f90 -O1 (test for excess errors)
FAIL: libgomp.fortran/omp_parse3.f90 -O2 (test for excess errors)
FAIL: libgomp.fortran/omp_parse3.f90 -O3 -fomit-frame-pointer (test for excess errors)
FAIL: libgomp.fortran/omp_parse3.f90 -O3 -fomit-frame-pointer -funroll-loops (test for excess errors)
FAIL: libgomp.fortran/omp_parse3.f90 -O3 -fomit-frame-pointer -funroll-all-loops -finline-functions (test for excess errors)
FAIL: libgomp.fortran/omp_parse3.f90 -O3 -g (test for excess errors)
FAIL: libgomp.fortran/omp_parse3.f90 -Os (test for excess errors)
FAIL: libgomp.fortran/omp_parse4.f90 -O0 (test for excess errors)
FAIL: libgomp.fortran/omp_parse4.f90 -O1 (test for excess errors)
FAIL: libgomp.fortran/omp_parse4.f90 -O2 (test for excess errors)
FAIL: libgomp.fortran/omp_parse4.f90 -O3 -fomit-frame-pointer (test for excess errors)
FAIL: libgomp.fortran/omp_parse4.f90 -O3 -fomit-frame-pointer -funroll-loops (test for excess errors)
FAIL: libgomp.fortran/omp_parse4.f90 -O3 -fomit-frame-pointer -funroll-all-loops -finline-functions (test for excess errors)
FAIL: libgomp.fortran/omp_parse4.f90 -O3 -g (test for excess errors)
FAIL: libgomp.fortran/omp_parse4.f90 -Os (test for excess errors)
FAIL: libgomp.fortran/omp_reduction.f -O (test for excess errors)
FAIL: libgomp.fortran/omp_workshare1.f -O (test for excess errors)
FAIL: libgomp.fortran/omp_workshare2.f -O (test for excess errors)
FAIL: libgomp.fortran/pointer1.f90 -O0 (test for excess errors)
FAIL: libgomp.fortran/pointer1.f90 -O1 (test for excess errors)
FAIL: libgomp.fortran/pointer1.f90 -O2 (test for excess errors)
FAIL: libgomp.fortran/pointer1.f90 -O3 -fomit-frame-pointer (test for excess errors)
FAIL: libgomp.fortran/pointer1.f90 -O3 -fomit-frame-pointer -funroll-loops (test for excess errors)
FAIL: libgomp.fortran/pointer1.f90 -O3 -fomit-frame-pointer -funroll-all-loops -finline-functions (test for excess errors)
FAIL: libgomp.fortran/pointer1.f90 -O3 -g (test for excess errors)
FAIL: libgomp.fortran/pointer1.f90 -Os (test for excess errors)
FAIL: libgomp.fortran/pointer2.f90 -O0 (test for excess errors)
FAIL: libgomp.fortran/pointer2.f90 -O1 (test for excess errors)
FAIL: libgomp.fortran/pointer2.f90 -O2 (test for excess errors)
FAIL: libgomp.fortran/pointer2.f90 -O3 -fomit-frame-pointer (test for excess errors)
FAIL: libgomp.fortran/pointer2.f90 -O3 -fomit-frame-pointer -funroll-loops (test for excess errors)
FAIL: libgomp.fortran/pointer2.f90 -O3 -fomit-frame-pointer -funroll-all-loops -finline-functions (test for excess errors)
FAIL: libgomp.fortran/pointer2.f90 -O3 -g (test for excess errors)
FAIL: libgomp.fortran/pointer2.f90 -Os (test for excess errors)
FAIL: libgomp.fortran/pr25162.f -O0 (test for excess errors)
FAIL: libgomp.fortran/pr25162.f -O1 (test for excess errors)
FAIL: libgomp.fortran/pr25162.f -O2 (test for excess errors)
FAIL: libgomp.fortran/pr25162.f -O3 -fomit-frame-pointer (test for excess errors)
FAIL: libgomp.fortran/pr25162.f -O3 -fomit-frame-pointer -funroll-loops (test for excess errors)
FAIL: libgomp.fortran/pr25162.f -O3 -fomit-frame-pointer -funroll-all-loops -finline-functions (test for excess errors)
FAIL: libgomp.fortran/pr25162.f -O3 -g (test for excess errors)
FAIL: libgomp.fortran/pr25162.f -Os (test for excess errors)
FAIL: libgomp.fortran/pr25219.f90 -O (test for excess errors)
FAIL: libgomp.fortran/pr27395-1.f90 -O0 (test for excess errors)
FAIL: libgomp.fortran/pr27395-1.f90 -O1 (test for excess errors)
FAIL: libgomp.fortran/pr27395-1.f90 -O2 (test for excess errors)
FAIL: libgomp.fortran/pr27395-1.f90 -O3 -fomit-frame-pointer (test for excess errors)
FAIL: libgomp.fortran/pr27395-1.f90 -O3 -fomit-frame-pointer -funroll-loops (test for excess errors)
FAIL: libgomp.fortran/pr27395-1.f90 -O3 -fomit-frame-pointer -funroll-all-loops -finline-functions (test for excess errors)
FAIL: libgomp.fortran/pr27395-1.f90 -O3 -g (test for excess errors)
FAIL: libgomp.fortran/pr27395-1.f90 -Os (test for excess errors)
FAIL: libgomp.fortran/pr27395-2.f90 -O0 (test for excess errors)
FAIL: libgomp.fortran/pr27395-2.f90 -O1 (test for excess errors)
FAIL: libgomp.fortran/pr27395-2.f90 -O2 (test for excess errors)
FAIL: libgomp.fortran/pr27395-2.f90 -O3 -fomit-frame-pointer (test for excess errors)
FAIL: libgomp.fortran/pr27395-2.f90 -O3 -fomit-frame-pointer -funroll-loops (test for excess errors)
FAIL: libgomp.fortran/pr27395-2.f90 -O3 -fomit-frame-pointer -funroll-all-loops -finline-functions (test for excess errors)
FAIL: libgomp.fortran/pr27395-2.f90 -O3 -g (test for excess errors)
FAIL: libgomp.fortran/pr27395-2.f90 -Os (test for excess errors)
FAIL: libgomp.fortran/pr27416-1.f90 -O0 (test for excess errors)
FAIL: libgomp.fortran/pr27416-1.f90 -O1 (test for excess errors)
FAIL: libgomp.fortran/pr27416-1.f90 -O2 (test for excess errors)
FAIL: libgomp.fortran/pr27416-1.f90 -O3 -fomit-frame-pointer (test for excess errors)
FAIL: libgomp.fortran/pr27416-1.f90 -O3 -fomit-frame-pointer -funroll-loops (test for excess errors)
FAIL: libgomp.fortran/pr27416-1.f90 -O3 -fomit-frame-pointer -funroll-all-loops -finline-functions (test for excess errors)
FAIL: libgomp.fortran/pr27416-1.f90 -O3 -g (test for excess errors)
FAIL: libgomp.fortran/pr27416-1.f90 -Os (test for excess errors)
FAIL: libgomp.fortran/pr27916-1.f90 -O0 (test for excess errors)
FAIL: libgomp.fortran/pr27916-1.f90 -O1 (test for excess errors)
FAIL: libgomp.fortran/pr27916-1.f90 -O2 (test for excess errors)
FAIL: libgomp.fortran/pr27916-1.f90 -O3 -fomit-frame-pointer (test for excess errors)
FAIL: libgomp.fortran/pr27916-1.f90 -O3 -fomit-frame-pointer -funroll-loops (test for excess errors)
FAIL: libgomp.fortran/pr27916-1.f90 -O3 -fomit-frame-pointer -funroll-all-loops -finline-functions (test for excess errors)
FAIL: libgomp.fortran/pr27916-1.f90 -O3 -g (test for excess errors)
FAIL: libgomp.fortran/pr27916-1.f90 -Os (test for excess errors)
FAIL: libgomp.fortran/pr27916-2.f90 -O0 (test for excess errors)
FAIL: libgomp.fortran/pr27916-2.f90 -O1 (test for excess errors)
FAIL: libgomp.fortran/pr27916-2.f90 -O2 (test for excess errors)
FAIL: libgomp.fortran/pr27916-2.f90 -O3 -fomit-frame-pointer (test for excess errors)
FAIL: libgomp.fortran/pr27916-2.f90 -O3 -fomit-frame-pointer -funroll-loops (test for excess errors)
FAIL: libgomp.fortran/pr27916-2.f90 -O3 -fomit-frame-pointer -funroll-all-loops -finline-functions (test for excess errors)
FAIL: libgomp.fortran/pr27916-2.f90 -O3 -g (test for excess errors)
FAIL: libgomp.fortran/pr27916-2.f90 -Os (test for excess errors)
FAIL: libgomp.fortran/pr28390.f -O (test for excess errors)
FAIL: libgomp.fortran/pr29629.f90 -O0 (test for excess errors)
FAIL: libgomp.fortran/pr29629.f90 -O1 (test for excess errors)
FAIL: libgomp.fortran/pr29629.f90 -O2 (test for excess errors)
FAIL: libgomp.fortran/pr29629.f90 -O3 -fomit-frame-pointer (test for excess errors)
FAIL: libgomp.fortran/pr29629.f90 -O3 -fomit-frame-pointer -funroll-loops (test for excess errors)
FAIL: libgomp.fortran/pr29629.f90 -O3 -fomit-frame-pointer -funroll-all-loops -finline-functions (test for excess errors)
FAIL: libgomp.fortran/pr29629.f90 -O3 -g (test for excess errors)
FAIL: libgomp.fortran/pr29629.f90 -Os (test for excess errors)
FAIL: libgomp.fortran/pr32359.f90 -O (test for excess errors)
FAIL: libgomp.fortran/pr32550.f90 -O0 (test for excess errors)
FAIL: libgomp.fortran/pr32550.f90 -O1 (test for excess errors)
FAIL: libgomp.fortran/pr32550.f90 -O2 (test for excess errors)
FAIL: libgomp.fortran/pr32550.f90 -O3 -fomit-frame-pointer (test for excess errors)
FAIL: libgomp.fortran/pr32550.f90 -O3 -fomit-frame-pointer -funroll-loops (test for excess errors)
FAIL: libgomp.fortran/pr32550.f90 -O3 -fomit-frame-pointer -funroll-all-loops -finline-functions (test for excess errors)
FAIL: libgomp.fortran/pr32550.f90 -O3 -g (test for excess errors)
FAIL: libgomp.fortran/pr32550.f90 -Os (test for excess errors)
FAIL: libgomp.fortran/pr33880.f90 -O0 (test for excess errors)
FAIL: libgomp.fortran/pr33880.f90 -O1 (test for excess errors)
FAIL: libgomp.fortran/pr33880.f90 -O2 (test for excess errors)
FAIL: libgomp.fortran/pr33880.f90 -O3 -fomit-frame-pointer (test for excess errors)
FAIL: libgomp.fortran/pr33880.f90 -O3 -fomit-frame-pointer -funroll-loops (test for excess errors)
FAIL: libgomp.fortran/pr33880.f90 -O3 -fomit-frame-pointer -funroll-all-loops -finline-functions (test for excess errors)
FAIL: libgomp.fortran/pr33880.f90 -O3 -g (test for excess errors)
FAIL: libgomp.fortran/pr33880.f90 -Os (test for excess errors)
FAIL: libgomp.fortran/pr34020.f90 -O0 (test for excess errors)
FAIL: libgomp.fortran/pr34020.f90 -O1 (test for excess errors)
FAIL: libgomp.fortran/pr34020.f90 -O2 (test for excess errors)
FAIL: libgomp.fortran/pr34020.f90 -O3 -fomit-frame-pointer (test for excess errors)
FAIL: libgomp.fortran/pr34020.f90 -O3 -fomit-frame-pointer -funroll-loops (test for excess errors)
FAIL: libgomp.fortran/pr34020.f90 -O3 -fomit-frame-pointer -funroll-all-loops -finline-functions (test for excess errors)
FAIL: libgomp.fortran/pr34020.f90 -O3 -g (test for excess errors)
FAIL: libgomp.fortran/pr34020.f90 -Os (test for excess errors)
FAIL: libgomp.fortran/pr35130.f90 -O (test for excess errors)
FAIL: libgomp.fortran/pr42162.f90 -O0 (test for excess errors)
FAIL: libgomp.fortran/pr42162.f90 -O1 (test for excess errors)
FAIL: libgomp.fortran/pr42162.f90 -O2 (test for excess errors)
FAIL: libgomp.fortran/pr42162.f90 -O3 -fomit-frame-pointer (test for excess errors)
FAIL: libgomp.fortran/pr42162.f90 -O3 -fomit-frame-pointer -funroll-loops (test for excess errors)
FAIL: libgomp.fortran/pr42162.f90 -O3 -fomit-frame-pointer -funroll-all-loops -finline-functions (test for excess errors)
FAIL: libgomp.fortran/pr42162.f90 -O3 -g (test for excess errors)
FAIL: libgomp.fortran/pr42162.f90 -Os (test for excess errors)
FAIL: libgomp.fortran/pr46753.f90 -O0 (test for excess errors)
FAIL: libgomp.fortran/pr46753.f90 -O1 (test for excess errors)
FAIL: libgomp.fortran/pr46753.f90 -O2 (test for excess errors)
FAIL: libgomp.fortran/pr46753.f90 -O3 -fomit-frame-pointer (test for excess errors)
FAIL: libgomp.fortran/pr46753.f90 -O3 -fomit-frame-pointer -funroll-loops (test for excess errors)
FAIL: libgomp.fortran/pr46753.f90 -O3 -fomit-frame-pointer -funroll-all-loops -finline-functions (test for excess errors)
FAIL: libgomp.fortran/pr46753.f90 -O3 -g (test for excess errors)
FAIL: libgomp.fortran/pr46753.f90 -Os (test for excess errors)
FAIL: libgomp.fortran/pr48894.f90 -O0 (test for excess errors)
FAIL: libgomp.fortran/pr48894.f90 -O1 (test for excess errors)
FAIL: libgomp.fortran/pr48894.f90 -O2 (test for excess errors)
FAIL: libgomp.fortran/pr48894.f90 -O3 -fomit-frame-pointer (test for excess errors)
FAIL: libgomp.fortran/pr48894.f90 -O3 -fomit-frame-pointer -funroll-loops (test for excess errors)
FAIL: libgomp.fortran/pr48894.f90 -O3 -fomit-frame-pointer -funroll-all-loops -finline-functions (test for excess errors)
FAIL: libgomp.fortran/pr48894.f90 -O3 -g (test for excess errors)
FAIL: libgomp.fortran/pr48894.f90 -Os (test for excess errors)
FAIL: libgomp.fortran/pr49792-1.f90 -O0 (test for excess errors)
FAIL: libgomp.fortran/pr49792-1.f90 -O1 (test for excess errors)
FAIL: libgomp.fortran/pr49792-1.f90 -O2 (test for excess errors)
FAIL: libgomp.fortran/pr49792-1.f90 -O3 -fomit-frame-pointer (test for excess errors)
FAIL: libgomp.fortran/pr49792-1.f90 -O3 -fomit-frame-pointer -funroll-loops (test for excess errors)
FAIL: libgomp.fortran/pr49792-1.f90 -O3 -fomit-frame-pointer -funroll-all-loops -finline-functions (test for excess errors)
FAIL: libgomp.fortran/pr49792-1.f90 -O3 -g (test for excess errors)
FAIL: libgomp.fortran/pr49792-1.f90 -Os (test for excess errors)
FAIL: libgomp.fortran/pr49792-2.f90 -O0 (test for excess errors)
FAIL: libgomp.fortran/pr49792-2.f90 -O1 (test for excess errors)
FAIL: libgomp.fortran/pr49792-2.f90 -O2 (test for excess errors)
FAIL: libgomp.fortran/pr49792-2.f90 -O3 -fomit-frame-pointer (test for excess errors)
FAIL: libgomp.fortran/pr49792-2.f90 -O3 -fomit-frame-pointer -funroll-loops (test for excess errors)
FAIL: libgomp.fortran/pr49792-2.f90 -O3 -fomit-frame-pointer -funroll-all-loops -finline-functions (test for excess errors)
FAIL: libgomp.fortran/pr49792-2.f90 -O3 -g (test for excess errors)
FAIL: libgomp.fortran/pr49792-2.f90 -Os (test for excess errors)
FAIL: libgomp.fortran/recursion1.f90 -O0 (test for excess errors)
FAIL: libgomp.fortran/recursion1.f90 -O1 (test for excess errors)
FAIL: libgomp.fortran/recursion1.f90 -O2 (test for excess errors)
FAIL: libgomp.fortran/recursion1.f90 -O3 -fomit-frame-pointer (test for excess errors)
FAIL: libgomp.fortran/recursion1.f90 -O3 -fomit-frame-pointer -funroll-loops (test for excess errors)
FAIL: libgomp.fortran/recursion1.f90 -O3 -fomit-frame-pointer -funroll-all-loops -finline-functions (test for excess errors)
FAIL: libgomp.fortran/recursion1.f90 -O3 -g (test for excess errors)
FAIL: libgomp.fortran/recursion1.f90 -Os (test for excess errors)
FAIL: libgomp.fortran/reduction1.f90 -O0 (test for excess errors)
FAIL: libgomp.fortran/reduction1.f90 -O1 (test for excess errors)
FAIL: libgomp.fortran/reduction1.f90 -O2 (test for excess errors)
FAIL: libgomp.fortran/reduction1.f90 -O3 -fomit-frame-pointer (test for excess errors)
FAIL: libgomp.fortran/reduction1.f90 -O3 -fomit-frame-pointer -funroll-loops (test for excess errors)
FAIL: libgomp.fortran/reduction1.f90 -O3 -fomit-frame-pointer -funroll-all-loops -finline-functions (test for excess errors)
FAIL: libgomp.fortran/reduction1.f90 -O3 -g (test for excess errors)
FAIL: libgomp.fortran/reduction1.f90 -Os (test for excess errors)
FAIL: libgomp.fortran/reduction2.f90 -O0 (test for excess errors)
FAIL: libgomp.fortran/reduction2.f90 -O1 (test for excess errors)
FAIL: libgomp.fortran/reduction2.f90 -O2 (test for excess errors)
FAIL: libgomp.fortran/reduction2.f90 -O3 -fomit-frame-pointer (test for excess errors)
FAIL: libgomp.fortran/reduction2.f90 -O3 -fomit-frame-pointer -funroll-loops (test for excess errors)
FAIL: libgomp.fortran/reduction2.f90 -O3 -fomit-frame-pointer -funroll-all-loops -finline-functions (test for excess errors)
FAIL: libgomp.fortran/reduction2.f90 -O3 -g (test for excess errors)
FAIL: libgomp.fortran/reduction2.f90 -Os (test for excess errors)
FAIL: libgomp.fortran/reduction3.f90 -O0 (test for excess errors)
FAIL: libgomp.fortran/reduction3.f90 -O1 (test for excess errors)
FAIL: libgomp.fortran/reduction3.f90 -O2 (test for excess errors)
FAIL: libgomp.fortran/reduction3.f90 -O3 -fomit-frame-pointer (test for excess errors)
FAIL: libgomp.fortran/reduction3.f90 -O3 -fomit-frame-pointer -funroll-loops (test for excess errors)
FAIL: libgomp.fortran/reduction3.f90 -O3 -fomit-frame-pointer -funroll-all-loops -finline-functions (test for excess errors)
FAIL: libgomp.fortran/reduction3.f90 -O3 -g (test for excess errors)
FAIL: libgomp.fortran/reduction3.f90 -Os (test for excess errors)
FAIL: libgomp.fortran/reduction4.f90 -O0 (test for excess errors)
FAIL: libgomp.fortran/reduction4.f90 -O1 (test for excess errors)
FAIL: libgomp.fortran/reduction4.f90 -O2 (test for excess errors)
FAIL: libgomp.fortran/reduction4.f90 -O3 -fomit-frame-pointer (test for excess errors)
FAIL: libgomp.fortran/reduction4.f90 -O3 -fomit-frame-pointer -funroll-loops (test for excess errors)
FAIL: libgomp.fortran/reduction4.f90 -O3 -fomit-frame-pointer -funroll-all-loops -finline-functions (test for excess errors)
FAIL: libgomp.fortran/reduction4.f90 -O3 -g (test for excess errors)
FAIL: libgomp.fortran/reduction4.f90 -Os (test for excess errors)
FAIL: libgomp.fortran/reduction5.f90 -O0 (test for excess errors)
FAIL: libgomp.fortran/reduction5.f90 -O1 (test for excess errors)
FAIL: libgomp.fortran/reduction5.f90 -O2 (test for excess errors)
FAIL: libgomp.fortran/reduction5.f90 -O3 -fomit-frame-pointer (test for excess errors)
FAIL: libgomp.fortran/reduction5.f90 -O3 -fomit-frame-pointer -funroll-loops (test for excess errors)
FAIL: libgomp.fortran/reduction5.f90 -O3 -fomit-frame-pointer -funroll-all-loops -finline-functions (test for excess errors)
FAIL: libgomp.fortran/reduction5.f90 -O3 -g (test for excess errors)
FAIL: libgomp.fortran/reduction5.f90 -Os (test for excess errors)
FAIL: libgomp.fortran/reduction6.f90 -O0 (test for excess errors)
FAIL: libgomp.fortran/reduction6.f90 -O1 (test for excess errors)
FAIL: libgomp.fortran/reduction6.f90 -O2 (test for excess errors)
FAIL: libgomp.fortran/reduction6.f90 -O3 -fomit-frame-pointer (test for excess errors)
FAIL: libgomp.fortran/reduction6.f90 -O3 -fomit-frame-pointer -funroll-loops (test for excess errors)
FAIL: libgomp.fortran/reduction6.f90 -O3 -fomit-frame-pointer -funroll-all-loops -finline-functions (test for excess errors)
FAIL: libgomp.fortran/reduction6.f90 -O3 -g (test for excess errors)
FAIL: libgomp.fortran/reduction6.f90 -Os (test for excess errors)
FAIL: libgomp.fortran/reference1.f90 -O0 (test for excess errors)
FAIL: libgomp.fortran/reference1.f90 -O1 (test for excess errors)
FAIL: libgomp.fortran/reference1.f90 -O2 (test for excess errors)
FAIL: libgomp.fortran/reference1.f90 -O3 -fomit-frame-pointer (test for excess errors)
FAIL: libgomp.fortran/reference1.f90 -O3 -fomit-frame-pointer -funroll-loops (test for excess errors)
FAIL: libgomp.fortran/reference1.f90 -O3 -fomit-frame-pointer -funroll-all-loops -finline-functions (test for excess errors)
FAIL: libgomp.fortran/reference1.f90 -O3 -g (test for excess errors)
FAIL: libgomp.fortran/reference1.f90 -Os (test for excess errors)
FAIL: libgomp.fortran/reference2.f90 -O0 (test for excess errors)
FAIL: libgomp.fortran/reference2.f90 -O1 (test for excess errors)
FAIL: libgomp.fortran/reference2.f90 -O2 (test for excess errors)
FAIL: libgomp.fortran/reference2.f90 -O3 -fomit-frame-pointer (test for excess errors)
FAIL: libgomp.fortran/reference2.f90 -O3 -fomit-frame-pointer -funroll-loops (test for excess errors)
FAIL: libgomp.fortran/reference2.f90 -O3 -fomit-frame-pointer -funroll-all-loops -finline-functions (test for excess errors)
FAIL: libgomp.fortran/reference2.f90 -O3 -g (test for excess errors)
FAIL: libgomp.fortran/reference2.f90 -Os (test for excess errors)
FAIL: libgomp.fortran/retval1.f90 -O0 (test for excess errors)
FAIL: libgomp.fortran/retval1.f90 -O1 (test for excess errors)
FAIL: libgomp.fortran/retval1.f90 -O2 (test for excess errors)
FAIL: libgomp.fortran/retval1.f90 -O3 -fomit-frame-pointer (test for excess errors)
FAIL: libgomp.fortran/retval1.f90 -O3 -fomit-frame-pointer -funroll-loops (test for excess errors)
FAIL: libgomp.fortran/retval1.f90 -O3 -fomit-frame-pointer -funroll-all-loops -finline-functions (test for excess errors)
FAIL: libgomp.fortran/retval1.f90 -O3 -g (test for excess errors)
FAIL: libgomp.fortran/retval1.f90 -Os (test for excess errors)
FAIL: libgomp.fortran/retval2.f90 -O0 (test for excess errors)
FAIL: libgomp.fortran/retval2.f90 -O1 (test for excess errors)
FAIL: libgomp.fortran/retval2.f90 -O2 (test for excess errors)
FAIL: libgomp.fortran/retval2.f90 -O3 -fomit-frame-pointer (test for excess errors)
FAIL: libgomp.fortran/retval2.f90 -O3 -fomit-frame-pointer -funroll-loops (test for excess errors)
FAIL: libgomp.fortran/retval2.f90 -O3 -fomit-frame-pointer -funroll-all-loops -finline-functions (test for excess errors)
FAIL: libgomp.fortran/retval2.f90 -O3 -g (test for excess errors)
FAIL: libgomp.fortran/retval2.f90 -Os (test for excess errors)
FAIL: libgomp.fortran/sharing1.f90 -O0 (test for excess errors)
FAIL: libgomp.fortran/sharing1.f90 -O1 (test for excess errors)
FAIL: libgomp.fortran/sharing1.f90 -O2 (test for excess errors)
FAIL: libgomp.fortran/sharing1.f90 -O3 -fomit-frame-pointer (test for excess errors)
FAIL: libgomp.fortran/sharing1.f90 -O3 -fomit-frame-pointer -funroll-loops (test for excess errors)
FAIL: libgomp.fortran/sharing1.f90 -O3 -fomit-frame-pointer -funroll-all-loops -finline-functions (test for excess errors)
FAIL: libgomp.fortran/sharing1.f90 -O3 -g (test for excess errors)
FAIL: libgomp.fortran/sharing1.f90 -Os (test for excess errors)
FAIL: libgomp.fortran/sharing2.f90 -O0 (test for excess errors)
FAIL: libgomp.fortran/sharing2.f90 -O1 (test for excess errors)
FAIL: libgomp.fortran/sharing2.f90 -O2 (test for excess errors)
FAIL: libgomp.fortran/sharing2.f90 -O3 -fomit-frame-pointer (test for excess errors)
FAIL: libgomp.fortran/sharing2.f90 -O3 -fomit-frame-pointer -funroll-loops (test for excess errors)
FAIL: libgomp.fortran/sharing2.f90 -O3 -fomit-frame-pointer -funroll-all-loops -finline-functions (test for excess errors)
FAIL: libgomp.fortran/sharing2.f90 -O3 -g (test for excess errors)
FAIL: libgomp.fortran/sharing2.f90 -Os (test for excess errors)
FAIL: libgomp.fortran/stack.f90 -O0 (test for excess errors)
FAIL: libgomp.fortran/stack.f90 -O1 (test for excess errors)
FAIL: libgomp.fortran/stack.f90 -O2 (test for excess errors)
FAIL: libgomp.fortran/stack.f90 -O3 -fomit-frame-pointer (test for excess errors)
FAIL: libgomp.fortran/stack.f90 -O3 -fomit-frame-pointer -funroll-loops (test for excess errors)
FAIL: libgomp.fortran/stack.f90 -O3 -fomit-frame-pointer -funroll-all-loops -finline-functions (test for excess errors)
FAIL: libgomp.fortran/stack.f90 -O3 -g (test for excess errors)
FAIL: libgomp.fortran/stack.f90 -Os (test for excess errors)
FAIL: libgomp.fortran/strassen.f90 -O (test for excess errors)
FAIL: libgomp.fortran/tabs1.f90 -O (test for excess errors)
FAIL: libgomp.fortran/tabs2.f -O (test for excess errors)
FAIL: libgomp.fortran/task1.f90 -O0 (test for excess errors)
FAIL: libgomp.fortran/task1.f90 -O1 (test for excess errors)
FAIL: libgomp.fortran/task1.f90 -O2 (test for excess errors)
FAIL: libgomp.fortran/task1.f90 -O3 -fomit-frame-pointer (test for excess errors)
FAIL: libgomp.fortran/task1.f90 -O3 -fomit-frame-pointer -funroll-loops (test for excess errors)
FAIL: libgomp.fortran/task1.f90 -O3 -fomit-frame-pointer -funroll-all-loops -finline-functions (test for excess errors)
FAIL: libgomp.fortran/task1.f90 -O3 -g (test for excess errors)
FAIL: libgomp.fortran/task1.f90 -Os (test for excess errors)
FAIL: libgomp.fortran/task2.f90 -O (test for excess errors)
FAIL: libgomp.fortran/task3.f90 -O0 (test for excess errors)
FAIL: libgomp.fortran/task3.f90 -O1 (test for excess errors)
FAIL: libgomp.fortran/task3.f90 -O2 (test for excess errors)
FAIL: libgomp.fortran/task3.f90 -O3 -fomit-frame-pointer (test for excess errors)
FAIL: libgomp.fortran/task3.f90 -O3 -fomit-frame-pointer -funroll-loops (test for excess errors)
FAIL: libgomp.fortran/task3.f90 -O3 -fomit-frame-pointer -funroll-all-loops -finline-functions (test for excess errors)
FAIL: libgomp.fortran/task3.f90 -O3 -g (test for excess errors)
FAIL: libgomp.fortran/task3.f90 -Os (test for excess errors)
FAIL: libgomp.fortran/task4.f90 -O0 (test for excess errors)
FAIL: libgomp.fortran/task4.f90 -O1 (test for excess errors)
FAIL: libgomp.fortran/task4.f90 -O2 (test for excess errors)
FAIL: libgomp.fortran/task4.f90 -O3 -fomit-frame-pointer (test for excess errors)
FAIL: libgomp.fortran/task4.f90 -O3 -fomit-frame-pointer -funroll-loops (test for excess errors)
FAIL: libgomp.fortran/task4.f90 -O3 -fomit-frame-pointer -funroll-all-loops -finline-functions (test for excess errors)
FAIL: libgomp.fortran/task4.f90 -O3 -g (test for excess errors)
FAIL: libgomp.fortran/task4.f90 -Os (test for excess errors)
FAIL: libgomp.fortran/threadprivate1.f90 -O0 (test for excess errors)
FAIL: libgomp.fortran/threadprivate1.f90 -O1 (test for excess errors)
FAIL: libgomp.fortran/threadprivate1.f90 -O2 (test for excess errors)
FAIL: libgomp.fortran/threadprivate1.f90 -O3 -fomit-frame-pointer (test for excess errors)
FAIL: libgomp.fortran/threadprivate1.f90 -O3 -fomit-frame-pointer -funroll-loops (test for excess errors)
FAIL: libgomp.fortran/threadprivate1.f90 -O3 -fomit-frame-pointer -funroll-all-loops -finline-functions (test for excess errors)
FAIL: libgomp.fortran/threadprivate1.f90 -O3 -g (test for excess errors)
FAIL: libgomp.fortran/threadprivate1.f90 -Os (test for excess errors)
FAIL: libgomp.fortran/threadprivate2.f90 -O0 (test for excess errors)
FAIL: libgomp.fortran/threadprivate2.f90 -O1 (test for excess errors)
FAIL: libgomp.fortran/threadprivate2.f90 -O2 (test for excess errors)
FAIL: libgomp.fortran/threadprivate2.f90 -O3 -fomit-frame-pointer (test for excess errors)
FAIL: libgomp.fortran/threadprivate2.f90 -O3 -fomit-frame-pointer -funroll-loops (test for excess errors)
FAIL: libgomp.fortran/threadprivate2.f90 -O3 -fomit-frame-pointer -funroll-all-loops -finline-functions (test for excess errors)
FAIL: libgomp.fortran/threadprivate2.f90 -O3 -g (test for excess errors)
FAIL: libgomp.fortran/threadprivate2.f90 -Os (test for excess errors)
FAIL: libgomp.fortran/threadprivate3.f90 -O0 (test for excess errors)
FAIL: libgomp.fortran/threadprivate3.f90 -O1 (test for excess errors)
FAIL: libgomp.fortran/threadprivate3.f90 -O2 (test for excess errors)
FAIL: libgomp.fortran/threadprivate3.f90 -O3 -fomit-frame-pointer (test for excess errors)
FAIL: libgomp.fortran/threadprivate3.f90 -O3 -fomit-frame-pointer -funroll-loops (test for excess errors)
FAIL: libgomp.fortran/threadprivate3.f90 -O3 -fomit-frame-pointer -funroll-all-loops -finline-functions (test for excess errors)
FAIL: libgomp.fortran/threadprivate3.f90 -O3 -g (test for excess errors)
FAIL: libgomp.fortran/threadprivate3.f90 -Os (test for excess errors)
FAIL: libgomp.fortran/threadprivate4.f90 -O0 (test for excess errors)
FAIL: libgomp.fortran/threadprivate4.f90 -O1 (test for excess errors)
FAIL: libgomp.fortran/threadprivate4.f90 -O2 (test for excess errors)
FAIL: libgomp.fortran/threadprivate4.f90 -O3 -fomit-frame-pointer (test for excess errors)
FAIL: libgomp.fortran/threadprivate4.f90 -O3 -fomit-frame-pointer -funroll-loops (test for excess errors)
FAIL: libgomp.fortran/threadprivate4.f90 -O3 -fomit-frame-pointer -funroll-all-loops -finline-functions (test for excess errors)
FAIL: libgomp.fortran/threadprivate4.f90 -O3 -g (test for excess errors)
FAIL: libgomp.fortran/threadprivate4.f90 -Os (test for excess errors)
FAIL: libgomp.fortran/vla1.f90 -O0 (test for excess errors)
FAIL: libgomp.fortran/vla1.f90 -O1 (test for excess errors)
FAIL: libgomp.fortran/vla1.f90 -O2 (test for excess errors)
FAIL: libgomp.fortran/vla1.f90 -O3 -fomit-frame-pointer (test for excess errors)
FAIL: libgomp.fortran/vla1.f90 -O3 -fomit-frame-pointer -funroll-loops (test for excess errors)
FAIL: libgomp.fortran/vla1.f90 -O3 -fomit-frame-pointer -funroll-all-loops -finline-functions (test for excess errors)
FAIL: libgomp.fortran/vla1.f90 -O3 -g (test for excess errors)
FAIL: libgomp.fortran/vla1.f90 -Os (test for excess errors)
FAIL: libgomp.fortran/vla2.f90 -O0 (test for excess errors)
FAIL: libgomp.fortran/vla2.f90 -O1 (test for excess errors)
FAIL: libgomp.fortran/vla2.f90 -O2 (test for excess errors)
FAIL: libgomp.fortran/vla2.f90 -O3 -fomit-frame-pointer (test for excess errors)
FAIL: libgomp.fortran/vla2.f90 -O3 -fomit-frame-pointer -funroll-loops (test for excess errors)
FAIL: libgomp.fortran/vla2.f90 -O3 -fomit-frame-pointer -funroll-all-loops -finline-functions (test for excess errors)
FAIL: libgomp.fortran/vla2.f90 -O3 -g (test for excess errors)
FAIL: libgomp.fortran/vla2.f90 -Os (test for excess errors)
FAIL: libgomp.fortran/vla3.f90 -O0 (test for excess errors)
FAIL: libgomp.fortran/vla3.f90 -O1 (test for excess errors)
FAIL: libgomp.fortran/vla3.f90 -O2 (test for excess errors)
FAIL: libgomp.fortran/vla3.f90 -O3 -fomit-frame-pointer (test for excess errors)
FAIL: libgomp.fortran/vla3.f90 -O3 -fomit-frame-pointer -funroll-loops (test for excess errors)
FAIL: libgomp.fortran/vla3.f90 -O3 -fomit-frame-pointer -funroll-all-loops -finline-functions (test for excess errors)
FAIL: libgomp.fortran/vla3.f90 -O3 -g (test for excess errors)
FAIL: libgomp.fortran/vla3.f90 -Os (test for excess errors)
FAIL: libgomp.fortran/vla4.f90 -O0 (test for excess errors)
FAIL: libgomp.fortran/vla4.f90 -O1 (test for excess errors)
FAIL: libgomp.fortran/vla4.f90 -O2 (test for excess errors)
FAIL: libgomp.fortran/vla4.f90 -O3 -fomit-frame-pointer (test for excess errors)
FAIL: libgomp.fortran/vla4.f90 -O3 -fomit-frame-pointer -funroll-loops (test for excess errors)
FAIL: libgomp.fortran/vla4.f90 -O3 -fomit-frame-pointer -funroll-all-loops -finline-functions (test for excess errors)
FAIL: libgomp.fortran/vla4.f90 -O3 -g (test for excess errors)
FAIL: libgomp.fortran/vla4.f90 -Os (test for excess errors)
FAIL: libgomp.fortran/vla5.f90 -O0 (test for excess errors)
FAIL: libgomp.fortran/vla5.f90 -O1 (test for excess errors)
FAIL: libgomp.fortran/vla5.f90 -O2 (test for excess errors)
FAIL: libgomp.fortran/vla5.f90 -O3 -fomit-frame-pointer (test for excess errors)
FAIL: libgomp.fortran/vla5.f90 -O3 -fomit-frame-pointer -funroll-loops (test for excess errors)
FAIL: libgomp.fortran/vla5.f90 -O3 -fomit-frame-pointer -funroll-all-loops -finline-functions (test for excess errors)
FAIL: libgomp.fortran/vla5.f90 -O3 -g (test for excess errors)
FAIL: libgomp.fortran/vla5.f90 -Os (test for excess errors)
FAIL: libgomp.fortran/vla6.f90 -O0 (test for excess errors)
FAIL: libgomp.fortran/vla6.f90 -O1 (test for excess errors)
FAIL: libgomp.fortran/vla6.f90 -O2 (test for excess errors)
FAIL: libgomp.fortran/vla6.f90 -O3 -fomit-frame-pointer (test for excess errors)
FAIL: libgomp.fortran/vla6.f90 -O3 -fomit-frame-pointer -funroll-loops (test for excess errors)
FAIL: libgomp.fortran/vla6.f90 -O3 -fomit-frame-pointer -funroll-all-loops -finline-functions (test for excess errors)
FAIL: libgomp.fortran/vla6.f90 -O3 -g (test for excess errors)
FAIL: libgomp.fortran/vla6.f90 -Os (test for excess errors)
FAIL: libgomp.fortran/vla8.f90 -O0 (test for excess errors)
FAIL: libgomp.fortran/vla8.f90 -O1 (test for excess errors)
FAIL: libgomp.fortran/vla8.f90 -O2 (test for excess errors)
FAIL: libgomp.fortran/vla8.f90 -O3 -fomit-frame-pointer (test for excess errors)
FAIL: libgomp.fortran/vla8.f90 -O3 -fomit-frame-pointer -funroll-loops (test for excess errors)
FAIL: libgomp.fortran/vla8.f90 -O3 -fomit-frame-pointer -funroll-all-loops -finline-functions (test for excess errors)
FAIL: libgomp.fortran/vla8.f90 -O3 -g (test for excess errors)
FAIL: libgomp.fortran/vla8.f90 -Os (test for excess errors)
FAIL: libgomp.fortran/workshare1.f90 -O (test for excess errors)
FAIL: libgomp.fortran/workshare2.f90 -O (test for excess errors)
=== libgomp Summary ===
# of expected passes 2089
# of unexpected failures 839
# of unsupported tests 1
=== libjava tests ===
Running target unix
=== libjava Summary ===
# of expected passes 2574
=== libmudflap tests ===
Running target unix
=== libmudflap Summary ===
# of expected passes 1906
=== libstdc++ tests ===
Running target unix
=== libstdc++ Summary ===
# of expected passes 8960
# of expected failures 42
# of unsupported tests 173
Version: 4.8.0 20120804 (experimental) (GCC)
Platform: s390x-ibm-linux-gnu default
configure flags: --prefix=/build/build-system/build/20120804/gcc-head/install-s390x-default --enable-shared --with-system-zlib --enable-threads=posix --enable-__cxa_atexit --enable-checking --enable-languages=c,c++,objc,obj-c++,java,fortran,ada --with-mode=zarch
GCC version: