This is the mail archive of the
gcc-testresults@gcc.gnu.org
mailing list for the GCC project.
Results for gcc testsuite on i686-pc-linux-gnu
- From: "Kirill Yukhin [ia32 Core i7 AVX]" <i32corei7avx at mailhost dot ims dot intel dot com>
- To: gcc-testresults at gcc dot gnu dot org
- Date: Thu, 15 Mar 2012 20:39:27 +0400
- Subject: Results for gcc testsuite on i686-pc-linux-gnu
LAST_UPDATED: Thu Mar 15 14:55:37 UTC 2012 (revision 185432)
Native configuration is i686-pc-linux-gnu
=== g++ tests ===
Running target unix
=== g++ Summary ===
Running target unix
=== gcc tests ===
Running target unix
=== gcc Summary ===
# of expected passes 13536
Running target unix
=== gfortran tests ===
Running target unix
=== gfortran Summary ===
Running target unix
=== objc tests ===
Running target unix
=== objc Summary ===
# of expected passes 1184
=== boehm-gc tests ===
Running target unix
=== boehm-gc Summary ===
# of expected passes 12
# of unsupported tests 1
=== libffi tests ===
Running target unix
=== libffi Summary ===
# of expected passes 1659
# of unsupported tests 55
=== libjava tests ===
Running target unix
=== libjava Summary ===
# of expected passes 2574
=== libmudflap tests ===
Running target unix
=== libmudflap Summary ===
# of expected passes 1436
=== libstdc++ tests ===
Running target unix
FAIL: 22_locale/messages/members/char/1.cc execution test
FAIL: 22_locale/messages/members/char/2.cc execution test
FAIL: 22_locale/messages/members/char/wrapped_env.cc execution test
FAIL: 22_locale/messages/members/char/wrapped_locale.cc execution test
FAIL: 22_locale/messages_byname/named_equivalence.cc execution test
=== libstdc++ Summary ===
# of expected passes 8845
# of unexpected failures 5
# of expected failures 43
# of unsupported tests 169
Compiler version: gcc
Platform: i686-pc-linux-gnu
configure flags: --with-arch=corei7-avx --with-cpu=corei7-avx --prefix=/usr/local --enable-clocale=gnu --with-system-zlib --enable-shared --with-demangler-in-ld --enable-cloog-backend=isl --with-ppl=/opt/gnu --with-cloog=/opt/gnu i686-linux --with-fpmath=sse --enable-languages=c,c++,fortran,java,lto,objc