This is the mail archive of the gcc-testresults@gcc.gnu.org mailing list for the GCC project.


Index Nav: [Date Index] [Subject Index] [Author Index] [Thread Index]
Message Nav: [Date Prev] [Date Next] [Thread Prev] [Thread Next]
Other format: [Raw text]

Results for 4.7.0 20120307 (prerelease) (GCC) testsuite on arm-unknown-rtemseabi4.11


Test Run By sh on Wed Mar  7 13:50:57 2012
Target is arm-unknown-rtemseabi4.11
Host   is x86_64-unknown-linux-gnu

=== gcc tests ===

Schedule of variations:
    rtems-arm-edb7312

Running target rtems-arm-edb7312
Using /home/sh/rtems-testing/dejagnu/boards/rtems-arm-edb7312.exp as board description file for target.
Using /usr/share/dejagnu/config/sim.exp as generic interface file for target.
Using /usr/share/dejagnu/baseboards/basic-sim.exp as board description file for target.
Using /home/sh/archive/gcc-4.7.0-RC-20120302/gcc/testsuite/config/default.exp as tool-and-target-specific interface file.
Running /home/sh/archive/gcc-4.7.0-RC-20120302/gcc/testsuite/gcc.c-torture/compile/compile.exp ...
Running /home/sh/archive/gcc-4.7.0-RC-20120302/gcc/testsuite/gcc.c-torture/execute/builtins/builtins.exp ...
Running /home/sh/archive/gcc-4.7.0-RC-20120302/gcc/testsuite/gcc.c-torture/execute/execute.exp ...
Running /home/sh/archive/gcc-4.7.0-RC-20120302/gcc/testsuite/gcc.c-torture/execute/ieee/ieee.exp ...
Running /home/sh/archive/gcc-4.7.0-RC-20120302/gcc/testsuite/gcc.c-torture/unsorted/unsorted.exp ...


Running /home/sh/archive/gcc-4.7.0-RC-20120302/gcc/testsuite/gcc.dg/autopar/autopar.exp ...
Running /home/sh/archive/gcc-4.7.0-RC-20120302/gcc/testsuite/gcc.dg/charset/charset.exp ...
Running /home/sh/archive/gcc-4.7.0-RC-20120302/gcc/testsuite/gcc.dg/compat/compat.exp ...
Running /home/sh/archive/gcc-4.7.0-RC-20120302/gcc/testsuite/gcc.dg/compat/struct-layout-1.exp ...
Running /home/sh/archive/gcc-4.7.0-RC-20120302/gcc/testsuite/gcc.dg/cpp/cpp.exp ...
Running /home/sh/archive/gcc-4.7.0-RC-20120302/gcc/testsuite/gcc.dg/cpp/trad/trad.exp ...
Running /home/sh/archive/gcc-4.7.0-RC-20120302/gcc/testsuite/gcc.dg/debug/debug.exp ...
FAIL: gcc.dg/debug/20020220-1.c -gdwarf-2 -g3 (test for excess errors)
WARNING: gcc.dg/debug/20020220-1.c -gdwarf-2 -g3 compilation failed to produce executable
FAIL: gcc.dg/debug/20020220-1.c -gdwarf-2 -g3 -O (test for excess errors)
WARNING: gcc.dg/debug/20020220-1.c -gdwarf-2 -g3 -O compilation failed to produce executable
FAIL: gcc.dg/debug/20020220-1.c -gdwarf-2 -g3 -O3 (test for excess errors)
WARNING: gcc.dg/debug/20020220-1.c -gdwarf-2 -g3 -O3 compilation failed to produce executable
FAIL: gcc.dg/debug/20020327-1.c -gdwarf-2 -g3 (test for excess errors)
FAIL: gcc.dg/debug/20020327-1.c -gdwarf-2 -g3 -O (test for excess errors)
FAIL: gcc.dg/debug/20020327-1.c -gdwarf-2 -g3 -O3 (test for excess errors)
FAIL: gcc.dg/debug/20050907-1.c -gdwarf-2 -g3 (test for excess errors)
FAIL: gcc.dg/debug/20050907-1.c -gdwarf-2 -g3 -O (test for excess errors)
FAIL: gcc.dg/debug/20050907-1.c -gdwarf-2 -g3 -O3 (test for excess errors)
FAIL: gcc.dg/debug/pr29609-1.c -gdwarf-2 -g3 (test for excess errors)
WARNING: gcc.dg/debug/pr29609-1.c -gdwarf-2 -g3 compilation failed to produce executable
FAIL: gcc.dg/debug/pr29609-1.c -gdwarf-2 -g3 -O (test for excess errors)
WARNING: gcc.dg/debug/pr29609-1.c -gdwarf-2 -g3 -O compilation failed to produce executable
FAIL: gcc.dg/debug/pr29609-1.c -gdwarf-2 -g3 -O3 (test for excess errors)
WARNING: gcc.dg/debug/pr29609-1.c -gdwarf-2 -g3 -O3 compilation failed to produce executable
FAIL: gcc.dg/debug/pr29609-2.c -gdwarf-2 -g3 (test for excess errors)
WARNING: gcc.dg/debug/pr29609-2.c -gdwarf-2 -g3 compilation failed to produce executable
FAIL: gcc.dg/debug/pr29609-2.c -gdwarf-2 -g3 -O (test for excess errors)
WARNING: gcc.dg/debug/pr29609-2.c -gdwarf-2 -g3 -O compilation failed to produce executable
FAIL: gcc.dg/debug/pr29609-2.c -gdwarf-2 -g3 -O3 (test for excess errors)
WARNING: gcc.dg/debug/pr29609-2.c -gdwarf-2 -g3 -O3 compilation failed to produce executable
FAIL: gcc.dg/debug/pr36690-1.c -gdwarf-2 -g3 (test for excess errors)
WARNING: gcc.dg/debug/pr36690-1.c -gdwarf-2 -g3 compilation failed to produce executable
FAIL: gcc.dg/debug/pr36690-1.c -gdwarf-2 -g3 -O (test for excess errors)
WARNING: gcc.dg/debug/pr36690-1.c -gdwarf-2 -g3 -O compilation failed to produce executable
FAIL: gcc.dg/debug/pr36690-1.c -gdwarf-2 -g3 -O3 (test for excess errors)
WARNING: gcc.dg/debug/pr36690-1.c -gdwarf-2 -g3 -O3 compilation failed to produce executable
FAIL: gcc.dg/debug/pr36690-2.c -gdwarf-2 -g3 (test for excess errors)
WARNING: gcc.dg/debug/pr36690-2.c -gdwarf-2 -g3 compilation failed to produce executable
FAIL: gcc.dg/debug/pr36690-2.c -gdwarf-2 -g3 -O (test for excess errors)
WARNING: gcc.dg/debug/pr36690-2.c -gdwarf-2 -g3 -O compilation failed to produce executable
FAIL: gcc.dg/debug/pr36690-2.c -gdwarf-2 -g3 -O3 (test for excess errors)
WARNING: gcc.dg/debug/pr36690-2.c -gdwarf-2 -g3 -O3 compilation failed to produce executable
FAIL: gcc.dg/debug/pr36690-3.c -gdwarf-2 -g3 (test for excess errors)
WARNING: gcc.dg/debug/pr36690-3.c -gdwarf-2 -g3 compilation failed to produce executable
FAIL: gcc.dg/debug/pr36690-3.c -gdwarf-2 -g3 -O (test for excess errors)
WARNING: gcc.dg/debug/pr36690-3.c -gdwarf-2 -g3 -O compilation failed to produce executable
FAIL: gcc.dg/debug/pr36690-3.c -gdwarf-2 -g3 -O3 (test for excess errors)
WARNING: gcc.dg/debug/pr36690-3.c -gdwarf-2 -g3 -O3 compilation failed to produce executable
FAIL: gcc.dg/debug/pr37616.c -gdwarf-2 -g3 (test for excess errors)
WARNING: gcc.dg/debug/pr37616.c -gdwarf-2 -g3 compilation failed to produce executable
FAIL: gcc.dg/debug/pr37616.c -gdwarf-2 -g3 -O (test for excess errors)
WARNING: gcc.dg/debug/pr37616.c -gdwarf-2 -g3 -O compilation failed to produce executable
FAIL: gcc.dg/debug/pr37616.c -gdwarf-2 -g3 -O3 (test for excess errors)
WARNING: gcc.dg/debug/pr37616.c -gdwarf-2 -g3 -O3 compilation failed to produce executable
FAIL: gcc.dg/debug/pr49032.c -gdwarf-2 -g3 (test for excess errors)
FAIL: gcc.dg/debug/pr49032.c -gdwarf-2 -g3 -O (test for excess errors)
FAIL: gcc.dg/debug/pr49032.c -gdwarf-2 -g3 -O3 (test for excess errors)
FAIL: gcc.dg/debug/tls-1.c -gdwarf-2 -g3 (test for excess errors)
FAIL: gcc.dg/debug/tls-1.c -gdwarf-2 -g3 -O (test for excess errors)
FAIL: gcc.dg/debug/tls-1.c -gdwarf-2 -g3 -O3 (test for excess errors)
FAIL: gcc.dg/debug/trivial.c -gdwarf-2 -g3 (test for excess errors)
WARNING: gcc.dg/debug/trivial.c -gdwarf-2 -g3 compilation failed to produce executable
FAIL: gcc.dg/debug/trivial.c -gdwarf-2 -g3 -O (test for excess errors)
WARNING: gcc.dg/debug/trivial.c -gdwarf-2 -g3 -O compilation failed to produce executable
FAIL: gcc.dg/debug/trivial.c -gdwarf-2 -g3 -O3 (test for excess errors)
WARNING: gcc.dg/debug/trivial.c -gdwarf-2 -g3 -O3 compilation failed to produce executable
Running /home/sh/archive/gcc-4.7.0-RC-20120302/gcc/testsuite/gcc.dg/debug/dwarf2/dwarf2.exp ...
Running /home/sh/archive/gcc-4.7.0-RC-20120302/gcc/testsuite/gcc.dg/dfp/dfp.exp ...
Running /home/sh/archive/gcc-4.7.0-RC-20120302/gcc/testsuite/gcc.dg/dg.exp ...
FAIL: gcc.dg/atomic-flag.c (test for excess errors)
WARNING: gcc.dg/atomic-flag.c compilation failed to produce executable
FAIL: gcc.dg/c99-stdint-5.c (test for excess errors)
FAIL: gcc.dg/c99-stdint-6.c (test for excess errors)
FAIL: gcc.dg/fshort-wchar.c (test for excess errors)
FAIL: gcc.dg/pr41574.c (test for excess errors)
FAIL: gcc.dg/pr49994-3.c (test for excess errors)
FAIL: gcc.dg/uninit-13.c unconditional (test for warnings, line 8)
FAIL: gcc.dg/uninit-13.c (test for excess errors)
Running /home/sh/archive/gcc-4.7.0-RC-20120302/gcc/testsuite/gcc.dg/fixed-point/fixed-point.exp ...
Running /home/sh/archive/gcc-4.7.0-RC-20120302/gcc/testsuite/gcc.dg/format/format.exp ...
Running /home/sh/archive/gcc-4.7.0-RC-20120302/gcc/testsuite/gcc.dg/gomp/gomp.exp ...
Running /home/sh/archive/gcc-4.7.0-RC-20120302/gcc/testsuite/gcc.dg/graphite/graphite.exp ...
Running /home/sh/archive/gcc-4.7.0-RC-20120302/gcc/testsuite/gcc.dg/guality/guality.exp ...
Running /home/sh/archive/gcc-4.7.0-RC-20120302/gcc/testsuite/gcc.dg/ipa/ipa.exp ...
Running /home/sh/archive/gcc-4.7.0-RC-20120302/gcc/testsuite/gcc.dg/lto/lto.exp ...
Running /home/sh/archive/gcc-4.7.0-RC-20120302/gcc/testsuite/gcc.dg/matrix/matrix.exp ...
Running /home/sh/archive/gcc-4.7.0-RC-20120302/gcc/testsuite/gcc.dg/noncompile/noncompile.exp ...
Running /home/sh/archive/gcc-4.7.0-RC-20120302/gcc/testsuite/gcc.dg/pch/pch.exp ...
Running /home/sh/archive/gcc-4.7.0-RC-20120302/gcc/testsuite/gcc.dg/plugin/plugin.exp ...
Running /home/sh/archive/gcc-4.7.0-RC-20120302/gcc/testsuite/gcc.dg/simulate-thread/simulate-thread.exp ...
Running /home/sh/archive/gcc-4.7.0-RC-20120302/gcc/testsuite/gcc.dg/special/mips-abi.exp ...
Running /home/sh/archive/gcc-4.7.0-RC-20120302/gcc/testsuite/gcc.dg/special/special.exp ...
Running /home/sh/archive/gcc-4.7.0-RC-20120302/gcc/testsuite/gcc.dg/tls/tls.exp ...
FAIL: gcc.dg/tls/pr42894.c (test for excess errors)
Running /home/sh/archive/gcc-4.7.0-RC-20120302/gcc/testsuite/gcc.dg/tm/tm.exp ...
Running /home/sh/archive/gcc-4.7.0-RC-20120302/gcc/testsuite/gcc.dg/torture/dg-torture.exp ...
Running /home/sh/archive/gcc-4.7.0-RC-20120302/gcc/testsuite/gcc.dg/torture/stackalign/stackalign.exp ...
Running /home/sh/archive/gcc-4.7.0-RC-20120302/gcc/testsuite/gcc.dg/torture/tls/tls.exp ...
Running /home/sh/archive/gcc-4.7.0-RC-20120302/gcc/testsuite/gcc.dg/tree-prof/tree-prof.exp ...
Running /home/sh/archive/gcc-4.7.0-RC-20120302/gcc/testsuite/gcc.dg/tree-ssa/tree-ssa.exp ...
FAIL: gcc.dg/tree-ssa/sra-12.c scan-tree-dump-times release_ssa "l;" 0
FAIL: gcc.dg/tree-ssa/ssa-dom-thread-3.c (test for excess errors)
Running /home/sh/archive/gcc-4.7.0-RC-20120302/gcc/testsuite/gcc.dg/vect/costmodel/i386/i386-costmodel-vect.exp ...
Running /home/sh/archive/gcc-4.7.0-RC-20120302/gcc/testsuite/gcc.dg/vect/costmodel/ppc/ppc-costmodel-vect.exp ...
Running /home/sh/archive/gcc-4.7.0-RC-20120302/gcc/testsuite/gcc.dg/vect/costmodel/spu/spu-costmodel-vect.exp ...
Running /home/sh/archive/gcc-4.7.0-RC-20120302/gcc/testsuite/gcc.dg/vect/costmodel/x86_64/x86_64-costmodel-vect.exp ...
Running /home/sh/archive/gcc-4.7.0-RC-20120302/gcc/testsuite/gcc.dg/vect/vect.exp ...
FAIL: gcc.dg/vect/vect-104.c scan-tree-dump-times vect "possible dependence between data-refs" 1
FAIL: gcc.dg/vect/vect-multitypes-11.c scan-tree-dump-times vect "vectorized 1 loops" 1
FAIL: gcc.dg/vect/vect-multitypes-12.c scan-tree-dump-times vect "vectorized 1 loops" 1
FAIL: gcc.dg/vect/vect-outer-1-big-array.c scan-tree-dump-times vect "strided access in outer loop" 1
FAIL: gcc.dg/vect/vect-outer-1.c scan-tree-dump-times vect "strided access in outer loop" 1
FAIL: gcc.dg/vect/vect-outer-1a-big-array.c scan-tree-dump-times vect "strided access in outer loop" 1
FAIL: gcc.dg/vect/vect-outer-1a.c scan-tree-dump-times vect "strided access in outer loop" 1
FAIL: gcc.dg/vect/vect-outer-1b-big-array.c scan-tree-dump-times vect "strided access in outer loop" 1
FAIL: gcc.dg/vect/vect-outer-1b.c scan-tree-dump-times vect "strided access in outer loop" 1
FAIL: gcc.dg/vect/vect-outer-2b.c scan-tree-dump-times vect "strided access in outer loop" 1
FAIL: gcc.dg/vect/vect-outer-3a-big-array.c scan-tree-dump-times vect "step doesn't divide the vector-size" 2
FAIL: gcc.dg/vect/vect-outer-3a.c scan-tree-dump-times vect "step doesn't divide the vector-size" 2
FAIL: gcc.dg/vect/vect-outer-3b.c scan-tree-dump-times vect "strided access in outer loop" 2
FAIL: gcc.dg/vect/vect-reduc-dot-s16b.c scan-tree-dump-times vect "vectorized 1 loops" 0
FAIL: gcc.dg/vect/vect-reduc-dot-s8b.c scan-tree-dump-times vect "vect_recog_widen_mult_pattern: detected" 1
FAIL: gcc.dg/vect/vect-reduc-pattern-1a.c scan-tree-dump-times vect "vectorized 1 loops" 0
FAIL: gcc.dg/vect/vect-reduc-pattern-1b-big-array.c scan-tree-dump-times vect "vectorized 1 loops" 0
FAIL: gcc.dg/vect/vect-reduc-pattern-1b.c scan-tree-dump-times vect "vectorized 1 loops" 0
FAIL: gcc.dg/vect/vect-reduc-pattern-1c-big-array.c scan-tree-dump-times vect "vectorized 1 loops" 0
FAIL: gcc.dg/vect/vect-reduc-pattern-1c.c scan-tree-dump-times vect "vectorized 1 loops" 0
FAIL: gcc.dg/vect/vect-reduc-pattern-2a.c scan-tree-dump-times vect "vectorized 1 loops" 0
FAIL: gcc.dg/vect/vect-reduc-pattern-2b-big-array.c scan-tree-dump-times vect "vectorized 1 loops" 0
FAIL: gcc.dg/vect/vect-reduc-pattern-2b.c scan-tree-dump-times vect "vectorized 1 loops" 0
FAIL: gcc.dg/vect/slp-perm-8.c scan-tree-dump-times vect "vectorized 1 loops" 2
XPASS: gcc.dg/vect/slp-reduc-3.c scan-tree-dump-times vect "vectorizing stmts using SLP" 1
FAIL: gcc.dg/vect/no-vfa-vect-101.c scan-tree-dump-times vect "can't determine dependence" 1
FAIL: gcc.dg/vect/no-vfa-vect-102.c scan-tree-dump-times vect "possible dependence between data-refs" 1
FAIL: gcc.dg/vect/no-vfa-vect-102a.c scan-tree-dump-times vect "possible dependence between data-refs" 1
FAIL: gcc.dg/vect/no-vfa-vect-37.c scan-tree-dump-times vect "can't determine dependence" 2
FAIL: gcc.dg/vect/no-vfa-vect-79.c scan-tree-dump-times vect "can't determine dependence" 1
FAIL: gcc.dg/vect/wrapv-vect-reduc-pattern-2c.c scan-tree-dump-times vect "vectorized 1 loops" 0
XPASS: gcc.dg/vect/no-scevccp-outer-16.c scan-tree-dump-times vect "OUTER LOOP VECTORIZED." 1
XPASS: gcc.dg/vect/no-scevccp-outer-17.c scan-tree-dump-times vect "OUTER LOOP VECTORIZED." 1
XPASS: gcc.dg/vect/no-scevccp-outer-19.c scan-tree-dump-times vect "OUTER LOOP VECTORIZED." 1
XPASS: gcc.dg/vect/no-scevccp-outer-21.c scan-tree-dump-times vect "OUTER LOOP VECTORIZED." 1
Running /home/sh/archive/gcc-4.7.0-RC-20120302/gcc/testsuite/gcc.dg/vmx/vmx.exp ...
Running /home/sh/archive/gcc-4.7.0-RC-20120302/gcc/testsuite/gcc.dg/vxworks/vxworks.exp ...
Running /home/sh/archive/gcc-4.7.0-RC-20120302/gcc/testsuite/gcc.dg/weak/weak.exp ...
Running /home/sh/archive/gcc-4.7.0-RC-20120302/gcc/testsuite/gcc.misc-tests/acker1.exp ...
Running /home/sh/archive/gcc-4.7.0-RC-20120302/gcc/testsuite/gcc.misc-tests/arm-isr.exp ...
Running /home/sh/archive/gcc-4.7.0-RC-20120302/gcc/testsuite/gcc.misc-tests/bprob.exp ...
Running /home/sh/archive/gcc-4.7.0-RC-20120302/gcc/testsuite/gcc.misc-tests/dectest.exp ...
Running /home/sh/archive/gcc-4.7.0-RC-20120302/gcc/testsuite/gcc.misc-tests/dhry.exp ...
Running /home/sh/archive/gcc-4.7.0-RC-20120302/gcc/testsuite/gcc.misc-tests/gcov.exp ...
Running /home/sh/archive/gcc-4.7.0-RC-20120302/gcc/testsuite/gcc.misc-tests/help.exp ...
Running /home/sh/archive/gcc-4.7.0-RC-20120302/gcc/testsuite/gcc.misc-tests/i386-prefetch.exp ...
Running /home/sh/archive/gcc-4.7.0-RC-20120302/gcc/testsuite/gcc.misc-tests/linkage.exp ...
Running /home/sh/archive/gcc-4.7.0-RC-20120302/gcc/testsuite/gcc.misc-tests/matrix1.exp ...
Running /home/sh/archive/gcc-4.7.0-RC-20120302/gcc/testsuite/gcc.misc-tests/mg-2.exp ...
Running /home/sh/archive/gcc-4.7.0-RC-20120302/gcc/testsuite/gcc.misc-tests/mg.exp ...
Running /home/sh/archive/gcc-4.7.0-RC-20120302/gcc/testsuite/gcc.misc-tests/options.exp ...
Running /home/sh/archive/gcc-4.7.0-RC-20120302/gcc/testsuite/gcc.misc-tests/sieve.exp ...
Running /home/sh/archive/gcc-4.7.0-RC-20120302/gcc/testsuite/gcc.misc-tests/sort2.exp ...
Running /home/sh/archive/gcc-4.7.0-RC-20120302/gcc/testsuite/gcc.target/alpha/alpha.exp ...
Running /home/sh/archive/gcc-4.7.0-RC-20120302/gcc/testsuite/gcc.target/arm/aapcs/aapcs.exp ...
Running /home/sh/archive/gcc-4.7.0-RC-20120302/gcc/testsuite/gcc.target/arm/arm.exp ...
FAIL: gcc.target/arm/g2.c scan-assembler mla[ \t].*
FAIL: gcc.target/arm/mmx-1.c (test for excess errors)
FAIL: gcc.target/arm/pr40657-1.c (test for excess errors)
FAIL: gcc.target/arm/pr40887.c (test for excess errors)
FAIL: gcc.target/arm/pr42575.c scan-assembler-not mov
FAIL: gcc.target/arm/pr50305.c (test for excess errors)
FAIL: gcc.target/arm/pr51915.c (test for excess errors)
FAIL: gcc.target/arm/pr51968.c (test for excess errors)
FAIL: gcc.target/arm/pr52006.c (test for excess errors)
FAIL: gcc.target/arm/pr52375.c (test for excess errors)
FAIL: gcc.target/arm/scd42-2.c scan-assembler mov[ \t].*272
FAIL: gcc.target/arm/unsigned-extend-1.c (test for excess errors)
Running /home/sh/archive/gcc-4.7.0-RC-20120302/gcc/testsuite/gcc.target/arm/neon/neon.exp ...
Running /home/sh/archive/gcc-4.7.0-RC-20120302/gcc/testsuite/gcc.target/avr/avr.exp ...
Running /home/sh/archive/gcc-4.7.0-RC-20120302/gcc/testsuite/gcc.target/avr/torture/avr-torture.exp ...
Running /home/sh/archive/gcc-4.7.0-RC-20120302/gcc/testsuite/gcc.target/bfin/bfin.exp ...
Running /home/sh/archive/gcc-4.7.0-RC-20120302/gcc/testsuite/gcc.target/bfin/builtins/bfin-builtins.exp ...
Running /home/sh/archive/gcc-4.7.0-RC-20120302/gcc/testsuite/gcc.target/cris/cris.exp ...
Running /home/sh/archive/gcc-4.7.0-RC-20120302/gcc/testsuite/gcc.target/cris/torture/cris-torture.exp ...
Running /home/sh/archive/gcc-4.7.0-RC-20120302/gcc/testsuite/gcc.target/epiphany/epiphany.exp ...
Running /home/sh/archive/gcc-4.7.0-RC-20120302/gcc/testsuite/gcc.target/frv/frv.exp ...
Running /home/sh/archive/gcc-4.7.0-RC-20120302/gcc/testsuite/gcc.target/i386/i386.exp ...
Running /home/sh/archive/gcc-4.7.0-RC-20120302/gcc/testsuite/gcc.target/i386/math-torture/math-torture.exp ...
Running /home/sh/archive/gcc-4.7.0-RC-20120302/gcc/testsuite/gcc.target/i386/stackalign/stackalign.exp ...
Running /home/sh/archive/gcc-4.7.0-RC-20120302/gcc/testsuite/gcc.target/ia64/ia64.exp ...
Running /home/sh/archive/gcc-4.7.0-RC-20120302/gcc/testsuite/gcc.target/m68k/m68k.exp ...
Running /home/sh/archive/gcc-4.7.0-RC-20120302/gcc/testsuite/gcc.target/microblaze/microblaze.exp ...
Running /home/sh/archive/gcc-4.7.0-RC-20120302/gcc/testsuite/gcc.target/mips/inter/mips16-inter.exp ...
Running /home/sh/archive/gcc-4.7.0-RC-20120302/gcc/testsuite/gcc.target/mips/mips-nonpic/mips-nonpic.exp ...
Running /home/sh/archive/gcc-4.7.0-RC-20120302/gcc/testsuite/gcc.target/mips/mips.exp ...
Running /home/sh/archive/gcc-4.7.0-RC-20120302/gcc/testsuite/gcc.target/powerpc/powerpc.exp ...
Running /home/sh/archive/gcc-4.7.0-RC-20120302/gcc/testsuite/gcc.target/rx/rx.exp ...
Running /home/sh/archive/gcc-4.7.0-RC-20120302/gcc/testsuite/gcc.target/s390/s390.exp ...
Running /home/sh/archive/gcc-4.7.0-RC-20120302/gcc/testsuite/gcc.target/sh/sh.exp ...
Running /home/sh/archive/gcc-4.7.0-RC-20120302/gcc/testsuite/gcc.target/sparc/sparc.exp ...
Running /home/sh/archive/gcc-4.7.0-RC-20120302/gcc/testsuite/gcc.target/spu/ea/ea.exp ...
Running /home/sh/archive/gcc-4.7.0-RC-20120302/gcc/testsuite/gcc.target/spu/spu.exp ...
Running /home/sh/archive/gcc-4.7.0-RC-20120302/gcc/testsuite/gcc.target/tic6x/builtins/c6x-builtins.exp ...
Running /home/sh/archive/gcc-4.7.0-RC-20120302/gcc/testsuite/gcc.target/tic6x/tic6x.exp ...
Running /home/sh/archive/gcc-4.7.0-RC-20120302/gcc/testsuite/gcc.target/x86_64/abi/abi-x86_64.exp ...
Running /home/sh/archive/gcc-4.7.0-RC-20120302/gcc/testsuite/gcc.target/x86_64/abi/avx/abi-avx.exp ...
Running /home/sh/archive/gcc-4.7.0-RC-20120302/gcc/testsuite/gcc.target/x86_64/abi/callabi/callabi.exp ...
Running /home/sh/archive/gcc-4.7.0-RC-20120302/gcc/testsuite/gcc.target/xstormy16/xstormy16.exp ...
Running /home/sh/archive/gcc-4.7.0-RC-20120302/gcc/testsuite/gcc.test-framework/test-framework.exp ...
skipping test framework tests, CHECK_TEST_FRAMEWORK is not defined


=== gcc Summary ===

# of expected passes 66155
# of unexpected failures 89
# of unexpected successes 5
# of expected failures 177
# of unresolved testcases 3
# of unsupported tests 1273
/home/sh/rtems-testing/gcc/b-arm-gcc/gcc/xgcc version 4.7.0 20120307 (prerelease) (GCC)


=== g++ tests ===

Schedule of variations:
    rtems-arm-edb7312

Running target rtems-arm-edb7312
Using /home/sh/rtems-testing/dejagnu/boards/rtems-arm-edb7312.exp as board description file for target.
Using /usr/share/dejagnu/config/sim.exp as generic interface file for target.
Using /usr/share/dejagnu/baseboards/basic-sim.exp as board description file for target.
Using /home/sh/archive/gcc-4.7.0-RC-20120302/gcc/testsuite/config/default.exp as tool-and-target-specific interface file.
Running /home/sh/archive/gcc-4.7.0-RC-20120302/gcc/testsuite/g++.dg/bprob/bprob.exp ...
Running /home/sh/archive/gcc-4.7.0-RC-20120302/gcc/testsuite/g++.dg/charset/charset.exp ...
Running /home/sh/archive/gcc-4.7.0-RC-20120302/gcc/testsuite/g++.dg/compat/compat.exp ...
Running /home/sh/archive/gcc-4.7.0-RC-20120302/gcc/testsuite/g++.dg/compat/struct-layout-1.exp ...
Running /home/sh/archive/gcc-4.7.0-RC-20120302/gcc/testsuite/g++.dg/debug/debug.exp ...
FAIL: g++.dg/debug/const1.C -gdwarf-2 -g3 (test for excess errors)
FAIL: g++.dg/debug/const1.C -gdwarf-2 -g3 -O2 (test for excess errors)
FAIL: g++.dg/debug/const1.C -gdwarf-2 -g3 -O3 (test for excess errors)
FAIL: g++.dg/debug/debug4.C -gdwarf-2 -g3 (test for excess errors)
FAIL: g++.dg/debug/debug4.C -gdwarf-2 -g3 -O2 (test for excess errors)
FAIL: g++.dg/debug/debug4.C -gdwarf-2 -g3 -O3 (test for excess errors)
FAIL: g++.dg/debug/pr27657.C -gdwarf-2 -g3 (test for excess errors)
FAIL: g++.dg/debug/pr27657.C -gdwarf-2 -g3 -O2 (test for excess errors)
FAIL: g++.dg/debug/pr27657.C -gdwarf-2 -g3 -O3 (test for excess errors)
FAIL: g++.dg/debug/trivial.C -gdwarf-2 -g3 (test for excess errors)
WARNING: g++.dg/debug/trivial.C -gdwarf-2 -g3 compilation failed to produce executable
FAIL: g++.dg/debug/trivial.C -gdwarf-2 -g3 -O2 (test for excess errors)
WARNING: g++.dg/debug/trivial.C -gdwarf-2 -g3 -O2 compilation failed to produce executable
FAIL: g++.dg/debug/trivial.C -gdwarf-2 -g3 -O3 (test for excess errors)
WARNING: g++.dg/debug/trivial.C -gdwarf-2 -g3 -O3 compilation failed to produce executable
Running /home/sh/archive/gcc-4.7.0-RC-20120302/gcc/testsuite/g++.dg/debug/dwarf2/dwarf2.exp ...
Running /home/sh/archive/gcc-4.7.0-RC-20120302/gcc/testsuite/g++.dg/dfp/dfp.exp ...
Running /home/sh/archive/gcc-4.7.0-RC-20120302/gcc/testsuite/g++.dg/dg.exp ...
Running /home/sh/archive/gcc-4.7.0-RC-20120302/gcc/testsuite/g++.dg/gcov/gcov.exp ...
Running /home/sh/archive/gcc-4.7.0-RC-20120302/gcc/testsuite/g++.dg/gomp/gomp.exp ...
Running /home/sh/archive/gcc-4.7.0-RC-20120302/gcc/testsuite/g++.dg/graphite/graphite.exp ...
Running /home/sh/archive/gcc-4.7.0-RC-20120302/gcc/testsuite/g++.dg/guality/guality.exp ...
Running /home/sh/archive/gcc-4.7.0-RC-20120302/gcc/testsuite/g++.dg/lto/lto.exp ...
Running /home/sh/archive/gcc-4.7.0-RC-20120302/gcc/testsuite/g++.dg/pch/pch.exp ...
Running /home/sh/archive/gcc-4.7.0-RC-20120302/gcc/testsuite/g++.dg/plugin/plugin.exp ...
Running /home/sh/archive/gcc-4.7.0-RC-20120302/gcc/testsuite/g++.dg/simulate-thread/simulate-thread.exp ...
FAIL: g++.dg/simulate-thread/atomics-1.C -O0 -g (test for excess errors)
FAIL: g++.dg/simulate-thread/atomics-1.C -O1 -g (test for excess errors)
FAIL: g++.dg/simulate-thread/atomics-1.C -O2 -g -std=c++98 (test for excess errors)
FAIL: g++.dg/simulate-thread/atomics-1.C -O3 -g -std=c++11 (test for excess errors)
FAIL: g++.dg/simulate-thread/atomics-1.C -Os -g (test for excess errors)
FAIL: g++.dg/simulate-thread/atomics-2.C -O0 -g (test for excess errors)
FAIL: g++.dg/simulate-thread/atomics-2.C -O1 -g (test for excess errors)
FAIL: g++.dg/simulate-thread/atomics-2.C -O2 -g -std=c++98 (test for excess errors)
FAIL: g++.dg/simulate-thread/atomics-2.C -O3 -g -std=c++11 (test for excess errors)
FAIL: g++.dg/simulate-thread/atomics-2.C -Os -g (test for excess errors)
Running /home/sh/archive/gcc-4.7.0-RC-20120302/gcc/testsuite/g++.dg/special/ecos.exp ...
Running /home/sh/archive/gcc-4.7.0-RC-20120302/gcc/testsuite/g++.dg/tls/tls.exp ...
Running /home/sh/archive/gcc-4.7.0-RC-20120302/gcc/testsuite/g++.dg/tm/tm.exp ...
Running /home/sh/archive/gcc-4.7.0-RC-20120302/gcc/testsuite/g++.dg/torture/dg-torture.exp ...
Running /home/sh/archive/gcc-4.7.0-RC-20120302/gcc/testsuite/g++.dg/torture/stackalign/stackalign.exp ...
Running /home/sh/archive/gcc-4.7.0-RC-20120302/gcc/testsuite/g++.dg/tree-prof/tree-prof.exp ...
Running /home/sh/archive/gcc-4.7.0-RC-20120302/gcc/testsuite/g++.dg/vect/vect.exp ...
Running /home/sh/archive/gcc-4.7.0-RC-20120302/gcc/testsuite/g++.old-deja/old-deja.exp ...


=== g++ Summary ===

# of expected passes 43083
# of unexpected failures 22
# of expected failures 277
# of unsupported tests 738
/home/sh/rtems-testing/gcc/b-arm-gcc/gcc/testsuite/g++/../../g++ version 4.7.0 20120307 (prerelease) (GCC)


--
Sebastian Huber, embedded brains GmbH

Address : Obere Lagerstr. 30, D-82178 Puchheim, Germany
Phone   : +49 89 18 90 80 79-6
Fax     : +49 89 18 90 80 79-9
E-Mail  : sebastian.huber@embedded-brains.de
PGP     : Public key available on request.

Diese Nachricht ist keine geschäftliche Mitteilung im Sinne des EHUG.


Index Nav: [Date Index] [Subject Index] [Author Index] [Thread Index]
Message Nav: [Date Prev] [Date Next] [Thread Prev] [Thread Next]