This is the mail archive of the
gcc-testresults@gcc.gnu.org
mailing list for the GCC project.
Results for 4.7.0 20120302 (prerelease) (Debian 4.7.0~rc1-1) testsuite on x86_64-pc-kfreebsd-gnu
- From: Matthias Klose <doko at debian dot org>
- To: gcc-testresults at gcc dot gnu dot org
- Cc: debian-gcc at lists dot debian dot org
- Date: Mon, 05 Mar 2012 17:54:07 +0000
- Subject: Results for 4.7.0 20120302 (prerelease) (Debian 4.7.0~rc1-1) testsuite on x86_64-pc-kfreebsd-gnu
- Reply-to: Matthias Klose <doko at debian dot org>
LAST_UPDATED: Obtained from SVN: branches/gcc-4_7-branch revision 184781
Target: x86_64-kfreebsd-gnu
gcc version 4.7.0 20120302 (prerelease) (Debian 4.7.0~rc1-1)
Native configuration is x86_64-pc-kfreebsd-gnu
=== g++ tests ===
Running target unix
UNRESOLVED: attribute_plugin.c compilation, -I. -I/build/buildd-gcc-4.7_4.7.0~rc1-1-kfreebsd-amd64-8Rwf21/gcc-4.7-4.7.0~rc1/src/gcc/testsuite -I/build/buildd-gcc-4.7_4.7.0~rc1-1-kfreebsd-amd64-8Rwf21/gcc-4.7-4.7.0~rc1/src/gcc/testsuite/../../gcc -I/build/buildd-gcc-4.7_4.7.0~rc1-1-kfreebsd-amd64-8Rwf21/gcc-4.7-4.7.0~rc1/build/gcc/testsuite/g++/../../../gcc -I/build/buildd-gcc-4.7_4.7.0~rc1-1-kfreebsd-amd64-8Rwf21/gcc-4.7-4.7.0~rc1/src/gcc/testsuite/../../include -I/build/buildd-gcc-4.7_4.7.0~rc1-1-kfreebsd-amd64-8Rwf21/gcc-4.7-4.7.0~rc1/src/gcc/testsuite/../../libcpp/include -I/build/buildd-gcc-4.7_4.7.0~rc1-1-kfreebsd-amd64-8Rwf21/gcc-4.7-4.7.0~rc1/build/gcc/testsuite/g++/../../../intl -DIN_GCC -fPIC -shared
UNRESOLVED: pragma_plugin.c compilation, -I. -I/build/buildd-gcc-4.7_4.7.0~rc1-1-kfreebsd-amd64-8Rwf21/gcc-4.7-4.7.0~rc1/src/gcc/testsuite -I/build/buildd-gcc-4.7_4.7.0~rc1-1-kfreebsd-amd64-8Rwf21/gcc-4.7-4.7.0~rc1/src/gcc/testsuite/../../gcc -I/build/buildd-gcc-4.7_4.7.0~rc1-1-kfreebsd-amd64-8Rwf21/gcc-4.7-4.7.0~rc1/build/gcc/testsuite/g++/../../../gcc -I/build/buildd-gcc-4.7_4.7.0~rc1-1-kfreebsd-amd64-8Rwf21/gcc-4.7-4.7.0~rc1/src/gcc/testsuite/../../include -I/build/buildd-gcc-4.7_4.7.0~rc1-1-kfreebsd-amd64-8Rwf21/gcc-4.7-4.7.0~rc1/src/gcc/testsuite/../../libcpp/include -I/build/buildd-gcc-4.7_4.7.0~rc1-1-kfreebsd-amd64-8Rwf21/gcc-4.7-4.7.0~rc1/build/gcc/testsuite/g++/../../../intl -DIN_GCC -fPIC -shared
UNRESOLVED: selfassign.c compilation, -I. -I/build/buildd-gcc-4.7_4.7.0~rc1-1-kfreebsd-amd64-8Rwf21/gcc-4.7-4.7.0~rc1/src/gcc/testsuite -I/build/buildd-gcc-4.7_4.7.0~rc1-1-kfreebsd-amd64-8Rwf21/gcc-4.7-4.7.0~rc1/src/gcc/testsuite/../../gcc -I/build/buildd-gcc-4.7_4.7.0~rc1-1-kfreebsd-amd64-8Rwf21/gcc-4.7-4.7.0~rc1/build/gcc/testsuite/g++/../../../gcc -I/build/buildd-gcc-4.7_4.7.0~rc1-1-kfreebsd-amd64-8Rwf21/gcc-4.7-4.7.0~rc1/src/gcc/testsuite/../../include -I/build/buildd-gcc-4.7_4.7.0~rc1-1-kfreebsd-amd64-8Rwf21/gcc-4.7-4.7.0~rc1/src/gcc/testsuite/../../libcpp/include -I/build/buildd-gcc-4.7_4.7.0~rc1-1-kfreebsd-amd64-8Rwf21/gcc-4.7-4.7.0~rc1/build/gcc/testsuite/g++/../../../intl -O -DIN_GCC -fPIC -shared
UNRESOLVED: dumb_plugin.c compilation, -I. -I/build/buildd-gcc-4.7_4.7.0~rc1-1-kfreebsd-amd64-8Rwf21/gcc-4.7-4.7.0~rc1/src/gcc/testsuite -I/build/buildd-gcc-4.7_4.7.0~rc1-1-kfreebsd-amd64-8Rwf21/gcc-4.7-4.7.0~rc1/src/gcc/testsuite/../../gcc -I/build/buildd-gcc-4.7_4.7.0~rc1-1-kfreebsd-amd64-8Rwf21/gcc-4.7-4.7.0~rc1/build/gcc/testsuite/g++/../../../gcc -I/build/buildd-gcc-4.7_4.7.0~rc1-1-kfreebsd-amd64-8Rwf21/gcc-4.7-4.7.0~rc1/src/gcc/testsuite/../../include -I/build/buildd-gcc-4.7_4.7.0~rc1-1-kfreebsd-amd64-8Rwf21/gcc-4.7-4.7.0~rc1/src/gcc/testsuite/../../libcpp/include -I/build/buildd-gcc-4.7_4.7.0~rc1-1-kfreebsd-amd64-8Rwf21/gcc-4.7-4.7.0~rc1/build/gcc/testsuite/g++/../../../intl -DIN_GCC -fPIC -shared
UNRESOLVED: header_plugin.c compilation, -I. -I/build/buildd-gcc-4.7_4.7.0~rc1-1-kfreebsd-amd64-8Rwf21/gcc-4.7-4.7.0~rc1/src/gcc/testsuite -I/build/buildd-gcc-4.7_4.7.0~rc1-1-kfreebsd-amd64-8Rwf21/gcc-4.7-4.7.0~rc1/src/gcc/testsuite/../../gcc -I/build/buildd-gcc-4.7_4.7.0~rc1-1-kfreebsd-amd64-8Rwf21/gcc-4.7-4.7.0~rc1/build/gcc/testsuite/g++/../../../gcc -I/build/buildd-gcc-4.7_4.7.0~rc1-1-kfreebsd-amd64-8Rwf21/gcc-4.7-4.7.0~rc1/src/gcc/testsuite/../../include -I/build/buildd-gcc-4.7_4.7.0~rc1-1-kfreebsd-amd64-8Rwf21/gcc-4.7-4.7.0~rc1/src/gcc/testsuite/../../libcpp/include -I/build/buildd-gcc-4.7_4.7.0~rc1-1-kfreebsd-amd64-8Rwf21/gcc-4.7-4.7.0~rc1/build/gcc/testsuite/g++/../../../intl -DIN_GCC -fPIC -shared
UNRESOLVED: decl_plugin.c compilation, -I. -I/build/buildd-gcc-4.7_4.7.0~rc1-1-kfreebsd-amd64-8Rwf21/gcc-4.7-4.7.0~rc1/src/gcc/testsuite -I/build/buildd-gcc-4.7_4.7.0~rc1-1-kfreebsd-amd64-8Rwf21/gcc-4.7-4.7.0~rc1/src/gcc/testsuite/../../gcc -I/build/buildd-gcc-4.7_4.7.0~rc1-1-kfreebsd-amd64-8Rwf21/gcc-4.7-4.7.0~rc1/build/gcc/testsuite/g++/../../../gcc -I/build/buildd-gcc-4.7_4.7.0~rc1-1-kfreebsd-amd64-8Rwf21/gcc-4.7-4.7.0~rc1/src/gcc/testsuite/../../include -I/build/buildd-gcc-4.7_4.7.0~rc1-1-kfreebsd-amd64-8Rwf21/gcc-4.7-4.7.0~rc1/src/gcc/testsuite/../../libcpp/include -I/build/buildd-gcc-4.7_4.7.0~rc1-1-kfreebsd-amd64-8Rwf21/gcc-4.7-4.7.0~rc1/build/gcc/testsuite/g++/../../../intl -DIN_GCC -fPIC -shared
=== g++ Summary for unix ===
# of expected passes 47805
# of expected failures 286
# of unresolved testcases 6
# of unsupported tests 561
Running target unix/-fstack-protector
UNRESOLVED: attribute_plugin.c compilation, -I. -I/build/buildd-gcc-4.7_4.7.0~rc1-1-kfreebsd-amd64-8Rwf21/gcc-4.7-4.7.0~rc1/src/gcc/testsuite -I/build/buildd-gcc-4.7_4.7.0~rc1-1-kfreebsd-amd64-8Rwf21/gcc-4.7-4.7.0~rc1/src/gcc/testsuite/../../gcc -I/build/buildd-gcc-4.7_4.7.0~rc1-1-kfreebsd-amd64-8Rwf21/gcc-4.7-4.7.0~rc1/build/gcc/testsuite/g++/../../../gcc -I/build/buildd-gcc-4.7_4.7.0~rc1-1-kfreebsd-amd64-8Rwf21/gcc-4.7-4.7.0~rc1/src/gcc/testsuite/../../include -I/build/buildd-gcc-4.7_4.7.0~rc1-1-kfreebsd-amd64-8Rwf21/gcc-4.7-4.7.0~rc1/src/gcc/testsuite/../../libcpp/include -I/build/buildd-gcc-4.7_4.7.0~rc1-1-kfreebsd-amd64-8Rwf21/gcc-4.7-4.7.0~rc1/build/gcc/testsuite/g++/../../../intl -DIN_GCC -fPIC -shared
UNRESOLVED: pragma_plugin.c compilation, -I. -I/build/buildd-gcc-4.7_4.7.0~rc1-1-kfreebsd-amd64-8Rwf21/gcc-4.7-4.7.0~rc1/src/gcc/testsuite -I/build/buildd-gcc-4.7_4.7.0~rc1-1-kfreebsd-amd64-8Rwf21/gcc-4.7-4.7.0~rc1/src/gcc/testsuite/../../gcc -I/build/buildd-gcc-4.7_4.7.0~rc1-1-kfreebsd-amd64-8Rwf21/gcc-4.7-4.7.0~rc1/build/gcc/testsuite/g++/../../../gcc -I/build/buildd-gcc-4.7_4.7.0~rc1-1-kfreebsd-amd64-8Rwf21/gcc-4.7-4.7.0~rc1/src/gcc/testsuite/../../include -I/build/buildd-gcc-4.7_4.7.0~rc1-1-kfreebsd-amd64-8Rwf21/gcc-4.7-4.7.0~rc1/src/gcc/testsuite/../../libcpp/include -I/build/buildd-gcc-4.7_4.7.0~rc1-1-kfreebsd-amd64-8Rwf21/gcc-4.7-4.7.0~rc1/build/gcc/testsuite/g++/../../../intl -DIN_GCC -fPIC -shared
UNRESOLVED: selfassign.c compilation, -I. -I/build/buildd-gcc-4.7_4.7.0~rc1-1-kfreebsd-amd64-8Rwf21/gcc-4.7-4.7.0~rc1/src/gcc/testsuite -I/build/buildd-gcc-4.7_4.7.0~rc1-1-kfreebsd-amd64-8Rwf21/gcc-4.7-4.7.0~rc1/src/gcc/testsuite/../../gcc -I/build/buildd-gcc-4.7_4.7.0~rc1-1-kfreebsd-amd64-8Rwf21/gcc-4.7-4.7.0~rc1/build/gcc/testsuite/g++/../../../gcc -I/build/buildd-gcc-4.7_4.7.0~rc1-1-kfreebsd-amd64-8Rwf21/gcc-4.7-4.7.0~rc1/src/gcc/testsuite/../../include -I/build/buildd-gcc-4.7_4.7.0~rc1-1-kfreebsd-amd64-8Rwf21/gcc-4.7-4.7.0~rc1/src/gcc/testsuite/../../libcpp/include -I/build/buildd-gcc-4.7_4.7.0~rc1-1-kfreebsd-amd64-8Rwf21/gcc-4.7-4.7.0~rc1/build/gcc/testsuite/g++/../../../intl -O -DIN_GCC -fPIC -shared
UNRESOLVED: dumb_plugin.c compilation, -I. -I/build/buildd-gcc-4.7_4.7.0~rc1-1-kfreebsd-amd64-8Rwf21/gcc-4.7-4.7.0~rc1/src/gcc/testsuite -I/build/buildd-gcc-4.7_4.7.0~rc1-1-kfreebsd-amd64-8Rwf21/gcc-4.7-4.7.0~rc1/src/gcc/testsuite/../../gcc -I/build/buildd-gcc-4.7_4.7.0~rc1-1-kfreebsd-amd64-8Rwf21/gcc-4.7-4.7.0~rc1/build/gcc/testsuite/g++/../../../gcc -I/build/buildd-gcc-4.7_4.7.0~rc1-1-kfreebsd-amd64-8Rwf21/gcc-4.7-4.7.0~rc1/src/gcc/testsuite/../../include -I/build/buildd-gcc-4.7_4.7.0~rc1-1-kfreebsd-amd64-8Rwf21/gcc-4.7-4.7.0~rc1/src/gcc/testsuite/../../libcpp/include -I/build/buildd-gcc-4.7_4.7.0~rc1-1-kfreebsd-amd64-8Rwf21/gcc-4.7-4.7.0~rc1/build/gcc/testsuite/g++/../../../intl -DIN_GCC -fPIC -shared
UNRESOLVED: header_plugin.c compilation, -I. -I/build/buildd-gcc-4.7_4.7.0~rc1-1-kfreebsd-amd64-8Rwf21/gcc-4.7-4.7.0~rc1/src/gcc/testsuite -I/build/buildd-gcc-4.7_4.7.0~rc1-1-kfreebsd-amd64-8Rwf21/gcc-4.7-4.7.0~rc1/src/gcc/testsuite/../../gcc -I/build/buildd-gcc-4.7_4.7.0~rc1-1-kfreebsd-amd64-8Rwf21/gcc-4.7-4.7.0~rc1/build/gcc/testsuite/g++/../../../gcc -I/build/buildd-gcc-4.7_4.7.0~rc1-1-kfreebsd-amd64-8Rwf21/gcc-4.7-4.7.0~rc1/src/gcc/testsuite/../../include -I/build/buildd-gcc-4.7_4.7.0~rc1-1-kfreebsd-amd64-8Rwf21/gcc-4.7-4.7.0~rc1/src/gcc/testsuite/../../libcpp/include -I/build/buildd-gcc-4.7_4.7.0~rc1-1-kfreebsd-amd64-8Rwf21/gcc-4.7-4.7.0~rc1/build/gcc/testsuite/g++/../../../intl -DIN_GCC -fPIC -shared
UNRESOLVED: decl_plugin.c compilation, -I. -I/build/buildd-gcc-4.7_4.7.0~rc1-1-kfreebsd-amd64-8Rwf21/gcc-4.7-4.7.0~rc1/src/gcc/testsuite -I/build/buildd-gcc-4.7_4.7.0~rc1-1-kfreebsd-amd64-8Rwf21/gcc-4.7-4.7.0~rc1/src/gcc/testsuite/../../gcc -I/build/buildd-gcc-4.7_4.7.0~rc1-1-kfreebsd-amd64-8Rwf21/gcc-4.7-4.7.0~rc1/build/gcc/testsuite/g++/../../../gcc -I/build/buildd-gcc-4.7_4.7.0~rc1-1-kfreebsd-amd64-8Rwf21/gcc-4.7-4.7.0~rc1/src/gcc/testsuite/../../include -I/build/buildd-gcc-4.7_4.7.0~rc1-1-kfreebsd-amd64-8Rwf21/gcc-4.7-4.7.0~rc1/src/gcc/testsuite/../../libcpp/include -I/build/buildd-gcc-4.7_4.7.0~rc1-1-kfreebsd-amd64-8Rwf21/gcc-4.7-4.7.0~rc1/build/gcc/testsuite/g++/../../../intl -DIN_GCC -fPIC -shared
=== g++ Summary for unix/-fstack-protector ===
# of expected passes 47805
# of expected failures 286
# of unresolved testcases 6
# of unsupported tests 561
Running target unix/-m32
UNRESOLVED: attribute_plugin.c compilation, -I. -I/build/buildd-gcc-4.7_4.7.0~rc1-1-kfreebsd-amd64-8Rwf21/gcc-4.7-4.7.0~rc1/src/gcc/testsuite -I/build/buildd-gcc-4.7_4.7.0~rc1-1-kfreebsd-amd64-8Rwf21/gcc-4.7-4.7.0~rc1/src/gcc/testsuite/../../gcc -I/build/buildd-gcc-4.7_4.7.0~rc1-1-kfreebsd-amd64-8Rwf21/gcc-4.7-4.7.0~rc1/build/gcc/testsuite/g++/../../../gcc -I/build/buildd-gcc-4.7_4.7.0~rc1-1-kfreebsd-amd64-8Rwf21/gcc-4.7-4.7.0~rc1/src/gcc/testsuite/../../include -I/build/buildd-gcc-4.7_4.7.0~rc1-1-kfreebsd-amd64-8Rwf21/gcc-4.7-4.7.0~rc1/src/gcc/testsuite/../../libcpp/include -I/build/buildd-gcc-4.7_4.7.0~rc1-1-kfreebsd-amd64-8Rwf21/gcc-4.7-4.7.0~rc1/build/gcc/testsuite/g++/../../../intl -DIN_GCC -fPIC -shared
UNRESOLVED: pragma_plugin.c compilation, -I. -I/build/buildd-gcc-4.7_4.7.0~rc1-1-kfreebsd-amd64-8Rwf21/gcc-4.7-4.7.0~rc1/src/gcc/testsuite -I/build/buildd-gcc-4.7_4.7.0~rc1-1-kfreebsd-amd64-8Rwf21/gcc-4.7-4.7.0~rc1/src/gcc/testsuite/../../gcc -I/build/buildd-gcc-4.7_4.7.0~rc1-1-kfreebsd-amd64-8Rwf21/gcc-4.7-4.7.0~rc1/build/gcc/testsuite/g++/../../../gcc -I/build/buildd-gcc-4.7_4.7.0~rc1-1-kfreebsd-amd64-8Rwf21/gcc-4.7-4.7.0~rc1/src/gcc/testsuite/../../include -I/build/buildd-gcc-4.7_4.7.0~rc1-1-kfreebsd-amd64-8Rwf21/gcc-4.7-4.7.0~rc1/src/gcc/testsuite/../../libcpp/include -I/build/buildd-gcc-4.7_4.7.0~rc1-1-kfreebsd-amd64-8Rwf21/gcc-4.7-4.7.0~rc1/build/gcc/testsuite/g++/../../../intl -DIN_GCC -fPIC -shared
UNRESOLVED: selfassign.c compilation, -I. -I/build/buildd-gcc-4.7_4.7.0~rc1-1-kfreebsd-amd64-8Rwf21/gcc-4.7-4.7.0~rc1/src/gcc/testsuite -I/build/buildd-gcc-4.7_4.7.0~rc1-1-kfreebsd-amd64-8Rwf21/gcc-4.7-4.7.0~rc1/src/gcc/testsuite/../../gcc -I/build/buildd-gcc-4.7_4.7.0~rc1-1-kfreebsd-amd64-8Rwf21/gcc-4.7-4.7.0~rc1/build/gcc/testsuite/g++/../../../gcc -I/build/buildd-gcc-4.7_4.7.0~rc1-1-kfreebsd-amd64-8Rwf21/gcc-4.7-4.7.0~rc1/src/gcc/testsuite/../../include -I/build/buildd-gcc-4.7_4.7.0~rc1-1-kfreebsd-amd64-8Rwf21/gcc-4.7-4.7.0~rc1/src/gcc/testsuite/../../libcpp/include -I/build/buildd-gcc-4.7_4.7.0~rc1-1-kfreebsd-amd64-8Rwf21/gcc-4.7-4.7.0~rc1/build/gcc/testsuite/g++/../../../intl -O -DIN_GCC -fPIC -shared
UNRESOLVED: dumb_plugin.c compilation, -I. -I/build/buildd-gcc-4.7_4.7.0~rc1-1-kfreebsd-amd64-8Rwf21/gcc-4.7-4.7.0~rc1/src/gcc/testsuite -I/build/buildd-gcc-4.7_4.7.0~rc1-1-kfreebsd-amd64-8Rwf21/gcc-4.7-4.7.0~rc1/src/gcc/testsuite/../../gcc -I/build/buildd-gcc-4.7_4.7.0~rc1-1-kfreebsd-amd64-8Rwf21/gcc-4.7-4.7.0~rc1/build/gcc/testsuite/g++/../../../gcc -I/build/buildd-gcc-4.7_4.7.0~rc1-1-kfreebsd-amd64-8Rwf21/gcc-4.7-4.7.0~rc1/src/gcc/testsuite/../../include -I/build/buildd-gcc-4.7_4.7.0~rc1-1-kfreebsd-amd64-8Rwf21/gcc-4.7-4.7.0~rc1/src/gcc/testsuite/../../libcpp/include -I/build/buildd-gcc-4.7_4.7.0~rc1-1-kfreebsd-amd64-8Rwf21/gcc-4.7-4.7.0~rc1/build/gcc/testsuite/g++/../../../intl -DIN_GCC -fPIC -shared
UNRESOLVED: header_plugin.c compilation, -I. -I/build/buildd-gcc-4.7_4.7.0~rc1-1-kfreebsd-amd64-8Rwf21/gcc-4.7-4.7.0~rc1/src/gcc/testsuite -I/build/buildd-gcc-4.7_4.7.0~rc1-1-kfreebsd-amd64-8Rwf21/gcc-4.7-4.7.0~rc1/src/gcc/testsuite/../../gcc -I/build/buildd-gcc-4.7_4.7.0~rc1-1-kfreebsd-amd64-8Rwf21/gcc-4.7-4.7.0~rc1/build/gcc/testsuite/g++/../../../gcc -I/build/buildd-gcc-4.7_4.7.0~rc1-1-kfreebsd-amd64-8Rwf21/gcc-4.7-4.7.0~rc1/src/gcc/testsuite/../../include -I/build/buildd-gcc-4.7_4.7.0~rc1-1-kfreebsd-amd64-8Rwf21/gcc-4.7-4.7.0~rc1/src/gcc/testsuite/../../libcpp/include -I/build/buildd-gcc-4.7_4.7.0~rc1-1-kfreebsd-amd64-8Rwf21/gcc-4.7-4.7.0~rc1/build/gcc/testsuite/g++/../../../intl -DIN_GCC -fPIC -shared
UNRESOLVED: decl_plugin.c compilation, -I. -I/build/buildd-gcc-4.7_4.7.0~rc1-1-kfreebsd-amd64-8Rwf21/gcc-4.7-4.7.0~rc1/src/gcc/testsuite -I/build/buildd-gcc-4.7_4.7.0~rc1-1-kfreebsd-amd64-8Rwf21/gcc-4.7-4.7.0~rc1/src/gcc/testsuite/../../gcc -I/build/buildd-gcc-4.7_4.7.0~rc1-1-kfreebsd-amd64-8Rwf21/gcc-4.7-4.7.0~rc1/build/gcc/testsuite/g++/../../../gcc -I/build/buildd-gcc-4.7_4.7.0~rc1-1-kfreebsd-amd64-8Rwf21/gcc-4.7-4.7.0~rc1/src/gcc/testsuite/../../include -I/build/buildd-gcc-4.7_4.7.0~rc1-1-kfreebsd-amd64-8Rwf21/gcc-4.7-4.7.0~rc1/src/gcc/testsuite/../../libcpp/include -I/build/buildd-gcc-4.7_4.7.0~rc1-1-kfreebsd-amd64-8Rwf21/gcc-4.7-4.7.0~rc1/build/gcc/testsuite/g++/../../../intl -DIN_GCC -fPIC -shared
=== g++ Summary for unix/-m32 ===
# of expected passes 47010
# of expected failures 286
# of unresolved testcases 6
# of unsupported tests 333
=== g++ Summary ===
# of expected passes 142620
# of expected failures 858
# of unresolved testcases 18
# of unsupported tests 1455
/build/buildd-gcc-4.7_4.7.0~rc1-1-kfreebsd-amd64-8Rwf21/gcc-4.7-4.7.0~rc1/build/gcc/testsuite/g++/../../g++ version 4.7.0 20120302 (prerelease) (Debian 4.7.0~rc1-1)
=== gcc tests ===
Running target unix
FAIL: gcc.dg/split-5.c execution test
FAIL: largefile.c -O0 -g -I. (internal compiler error)
FAIL: largefile.c -O0 -g -I. (test for excess errors)
FAIL: gcc.dg/pch/largefile.c -O0 -g assembly comparison
FAIL: largefile.c -O0 -I. (internal compiler error)
FAIL: largefile.c -O0 -I. (test for excess errors)
FAIL: gcc.dg/pch/largefile.c -O0 assembly comparison
FAIL: largefile.c -O1 -I. (internal compiler error)
FAIL: largefile.c -O1 -I. (test for excess errors)
FAIL: gcc.dg/pch/largefile.c -O1 assembly comparison
FAIL: largefile.c -O2 -I. (internal compiler error)
FAIL: largefile.c -O2 -I. (test for excess errors)
FAIL: gcc.dg/pch/largefile.c -O2 assembly comparison
FAIL: largefile.c -O3 -fomit-frame-pointer -I. (internal compiler error)
FAIL: largefile.c -O3 -fomit-frame-pointer -I. (test for excess errors)
FAIL: gcc.dg/pch/largefile.c -O3 -fomit-frame-pointer assembly comparison
FAIL: largefile.c -O3 -g -I. (internal compiler error)
FAIL: largefile.c -O3 -g -I. (test for excess errors)
FAIL: gcc.dg/pch/largefile.c -O3 -g assembly comparison
FAIL: largefile.c -Os -I. (internal compiler error)
FAIL: largefile.c -Os -I. (test for excess errors)
FAIL: gcc.dg/pch/largefile.c -Os assembly comparison
UNRESOLVED: selfassign.c compilation, -I. -I/build/buildd-gcc-4.7_4.7.0~rc1-1-kfreebsd-amd64-8Rwf21/gcc-4.7-4.7.0~rc1/src/gcc/testsuite -I/build/buildd-gcc-4.7_4.7.0~rc1-1-kfreebsd-amd64-8Rwf21/gcc-4.7-4.7.0~rc1/src/gcc/testsuite/../../gcc -I/build/buildd-gcc-4.7_4.7.0~rc1-1-kfreebsd-amd64-8Rwf21/gcc-4.7-4.7.0~rc1/build/gcc/testsuite/gcc/../../../gcc -I/build/buildd-gcc-4.7_4.7.0~rc1-1-kfreebsd-amd64-8Rwf21/gcc-4.7-4.7.0~rc1/src/gcc/testsuite/../../include -I/build/buildd-gcc-4.7_4.7.0~rc1-1-kfreebsd-amd64-8Rwf21/gcc-4.7-4.7.0~rc1/src/gcc/testsuite/../../libcpp/include -I/build/buildd-gcc-4.7_4.7.0~rc1-1-kfreebsd-amd64-8Rwf21/gcc-4.7-4.7.0~rc1/build/gcc/testsuite/gcc/../../../intl -O -DIN_GCC -fPIC -shared
UNRESOLVED: ggcplug.c compilation, -I. -I/build/buildd-gcc-4.7_4.7.0~rc1-1-kfreebsd-amd64-8Rwf21/gcc-4.7-4.7.0~rc1/src/gcc/testsuite -I/build/buildd-gcc-4.7_4.7.0~rc1-1-kfreebsd-amd64-8Rwf21/gcc-4.7-4.7.0~rc1/src/gcc/testsuite/../../gcc -I/build/buildd-gcc-4.7_4.7.0~rc1-1-kfreebsd-amd64-8Rwf21/gcc-4.7-4.7.0~rc1/build/gcc/testsuite/gcc/../../../gcc -I/build/buildd-gcc-4.7_4.7.0~rc1-1-kfreebsd-amd64-8Rwf21/gcc-4.7-4.7.0~rc1/src/gcc/testsuite/../../include -I/build/buildd-gcc-4.7_4.7.0~rc1-1-kfreebsd-amd64-8Rwf21/gcc-4.7-4.7.0~rc1/src/gcc/testsuite/../../libcpp/include -I/build/buildd-gcc-4.7_4.7.0~rc1-1-kfreebsd-amd64-8Rwf21/gcc-4.7-4.7.0~rc1/build/gcc/testsuite/gcc/../../../intl -O -DIN_GCC -fPIC -shared
UNRESOLVED: one_time_plugin.c compilation, -I. -I/build/buildd-gcc-4.7_4.7.0~rc1-1-kfreebsd-amd64-8Rwf21/gcc-4.7-4.7.0~rc1/src/gcc/testsuite -I/build/buildd-gcc-4.7_4.7.0~rc1-1-kfreebsd-amd64-8Rwf21/gcc-4.7-4.7.0~rc1/src/gcc/testsuite/../../gcc -I/build/buildd-gcc-4.7_4.7.0~rc1-1-kfreebsd-amd64-8Rwf21/gcc-4.7-4.7.0~rc1/build/gcc/testsuite/gcc/../../../gcc -I/build/buildd-gcc-4.7_4.7.0~rc1-1-kfreebsd-amd64-8Rwf21/gcc-4.7-4.7.0~rc1/src/gcc/testsuite/../../include -I/build/buildd-gcc-4.7_4.7.0~rc1-1-kfreebsd-amd64-8Rwf21/gcc-4.7-4.7.0~rc1/src/gcc/testsuite/../../libcpp/include -I/build/buildd-gcc-4.7_4.7.0~rc1-1-kfreebsd-amd64-8Rwf21/gcc-4.7-4.7.0~rc1/build/gcc/testsuite/gcc/../../../intl -DIN_GCC -fPIC -shared
UNRESOLVED: start_unit_plugin.c compilation, -I. -I/build/buildd-gcc-4.7_4.7.0~rc1-1-kfreebsd-amd64-8Rwf21/gcc-4.7-4.7.0~rc1/src/gcc/testsuite -I/build/buildd-gcc-4.7_4.7.0~rc1-1-kfreebsd-amd64-8Rwf21/gcc-4.7-4.7.0~rc1/src/gcc/testsuite/../../gcc -I/build/buildd-gcc-4.7_4.7.0~rc1-1-kfreebsd-amd64-8Rwf21/gcc-4.7-4.7.0~rc1/build/gcc/testsuite/gcc/../../../gcc -I/build/buildd-gcc-4.7_4.7.0~rc1-1-kfreebsd-amd64-8Rwf21/gcc-4.7-4.7.0~rc1/src/gcc/testsuite/../../include -I/build/buildd-gcc-4.7_4.7.0~rc1-1-kfreebsd-amd64-8Rwf21/gcc-4.7-4.7.0~rc1/src/gcc/testsuite/../../libcpp/include -I/build/buildd-gcc-4.7_4.7.0~rc1-1-kfreebsd-amd64-8Rwf21/gcc-4.7-4.7.0~rc1/build/gcc/testsuite/gcc/../../../intl -DIN_GCC -fPIC -shared
UNRESOLVED: finish_unit_plugin.c compilation, -I. -I/build/buildd-gcc-4.7_4.7.0~rc1-1-kfreebsd-amd64-8Rwf21/gcc-4.7-4.7.0~rc1/src/gcc/testsuite -I/build/buildd-gcc-4.7_4.7.0~rc1-1-kfreebsd-amd64-8Rwf21/gcc-4.7-4.7.0~rc1/src/gcc/testsuite/../../gcc -I/build/buildd-gcc-4.7_4.7.0~rc1-1-kfreebsd-amd64-8Rwf21/gcc-4.7-4.7.0~rc1/build/gcc/testsuite/gcc/../../../gcc -I/build/buildd-gcc-4.7_4.7.0~rc1-1-kfreebsd-amd64-8Rwf21/gcc-4.7-4.7.0~rc1/src/gcc/testsuite/../../include -I/build/buildd-gcc-4.7_4.7.0~rc1-1-kfreebsd-amd64-8Rwf21/gcc-4.7-4.7.0~rc1/src/gcc/testsuite/../../libcpp/include -I/build/buildd-gcc-4.7_4.7.0~rc1-1-kfreebsd-amd64-8Rwf21/gcc-4.7-4.7.0~rc1/build/gcc/testsuite/gcc/../../../intl -DIN_GCC -fPIC -shared
=== gcc Summary for unix ===
# of expected passes 83800
# of unexpected failures 22
# of expected failures 260
# of unresolved testcases 5
# of unsupported tests 1349
Running target unix/-fstack-protector
FAIL: gcc.dg/split-5.c execution test
FAIL: gcc.dg/stack-usage-1.c scan-file foo\\t(256|264)\\tstatic
FAIL: largefile.c -O0 -g -I. (internal compiler error)
FAIL: largefile.c -O0 -g -I. (test for excess errors)
FAIL: gcc.dg/pch/largefile.c -O0 -g assembly comparison
FAIL: largefile.c -O0 -I. (internal compiler error)
FAIL: largefile.c -O0 -I. (test for excess errors)
FAIL: gcc.dg/pch/largefile.c -O0 assembly comparison
FAIL: largefile.c -O1 -I. (internal compiler error)
FAIL: largefile.c -O1 -I. (test for excess errors)
FAIL: gcc.dg/pch/largefile.c -O1 assembly comparison
FAIL: largefile.c -O2 -I. (internal compiler error)
FAIL: largefile.c -O2 -I. (test for excess errors)
FAIL: gcc.dg/pch/largefile.c -O2 assembly comparison
FAIL: largefile.c -O3 -fomit-frame-pointer -I. (internal compiler error)
FAIL: largefile.c -O3 -fomit-frame-pointer -I. (test for excess errors)
FAIL: gcc.dg/pch/largefile.c -O3 -fomit-frame-pointer assembly comparison
FAIL: largefile.c -O3 -g -I. (internal compiler error)
FAIL: largefile.c -O3 -g -I. (test for excess errors)
FAIL: gcc.dg/pch/largefile.c -O3 -g assembly comparison
FAIL: largefile.c -Os -I. (internal compiler error)
FAIL: largefile.c -Os -I. (test for excess errors)
FAIL: gcc.dg/pch/largefile.c -Os assembly comparison
UNRESOLVED: selfassign.c compilation, -I. -I/build/buildd-gcc-4.7_4.7.0~rc1-1-kfreebsd-amd64-8Rwf21/gcc-4.7-4.7.0~rc1/src/gcc/testsuite -I/build/buildd-gcc-4.7_4.7.0~rc1-1-kfreebsd-amd64-8Rwf21/gcc-4.7-4.7.0~rc1/src/gcc/testsuite/../../gcc -I/build/buildd-gcc-4.7_4.7.0~rc1-1-kfreebsd-amd64-8Rwf21/gcc-4.7-4.7.0~rc1/build/gcc/testsuite/gcc/../../../gcc -I/build/buildd-gcc-4.7_4.7.0~rc1-1-kfreebsd-amd64-8Rwf21/gcc-4.7-4.7.0~rc1/src/gcc/testsuite/../../include -I/build/buildd-gcc-4.7_4.7.0~rc1-1-kfreebsd-amd64-8Rwf21/gcc-4.7-4.7.0~rc1/src/gcc/testsuite/../../libcpp/include -I/build/buildd-gcc-4.7_4.7.0~rc1-1-kfreebsd-amd64-8Rwf21/gcc-4.7-4.7.0~rc1/build/gcc/testsuite/gcc/../../../intl -O -DIN_GCC -fPIC -shared
UNRESOLVED: ggcplug.c compilation, -I. -I/build/buildd-gcc-4.7_4.7.0~rc1-1-kfreebsd-amd64-8Rwf21/gcc-4.7-4.7.0~rc1/src/gcc/testsuite -I/build/buildd-gcc-4.7_4.7.0~rc1-1-kfreebsd-amd64-8Rwf21/gcc-4.7-4.7.0~rc1/src/gcc/testsuite/../../gcc -I/build/buildd-gcc-4.7_4.7.0~rc1-1-kfreebsd-amd64-8Rwf21/gcc-4.7-4.7.0~rc1/build/gcc/testsuite/gcc/../../../gcc -I/build/buildd-gcc-4.7_4.7.0~rc1-1-kfreebsd-amd64-8Rwf21/gcc-4.7-4.7.0~rc1/src/gcc/testsuite/../../include -I/build/buildd-gcc-4.7_4.7.0~rc1-1-kfreebsd-amd64-8Rwf21/gcc-4.7-4.7.0~rc1/src/gcc/testsuite/../../libcpp/include -I/build/buildd-gcc-4.7_4.7.0~rc1-1-kfreebsd-amd64-8Rwf21/gcc-4.7-4.7.0~rc1/build/gcc/testsuite/gcc/../../../intl -O -DIN_GCC -fPIC -shared
UNRESOLVED: one_time_plugin.c compilation, -I. -I/build/buildd-gcc-4.7_4.7.0~rc1-1-kfreebsd-amd64-8Rwf21/gcc-4.7-4.7.0~rc1/src/gcc/testsuite -I/build/buildd-gcc-4.7_4.7.0~rc1-1-kfreebsd-amd64-8Rwf21/gcc-4.7-4.7.0~rc1/src/gcc/testsuite/../../gcc -I/build/buildd-gcc-4.7_4.7.0~rc1-1-kfreebsd-amd64-8Rwf21/gcc-4.7-4.7.0~rc1/build/gcc/testsuite/gcc/../../../gcc -I/build/buildd-gcc-4.7_4.7.0~rc1-1-kfreebsd-amd64-8Rwf21/gcc-4.7-4.7.0~rc1/src/gcc/testsuite/../../include -I/build/buildd-gcc-4.7_4.7.0~rc1-1-kfreebsd-amd64-8Rwf21/gcc-4.7-4.7.0~rc1/src/gcc/testsuite/../../libcpp/include -I/build/buildd-gcc-4.7_4.7.0~rc1-1-kfreebsd-amd64-8Rwf21/gcc-4.7-4.7.0~rc1/build/gcc/testsuite/gcc/../../../intl -DIN_GCC -fPIC -shared
UNRESOLVED: start_unit_plugin.c compilation, -I. -I/build/buildd-gcc-4.7_4.7.0~rc1-1-kfreebsd-amd64-8Rwf21/gcc-4.7-4.7.0~rc1/src/gcc/testsuite -I/build/buildd-gcc-4.7_4.7.0~rc1-1-kfreebsd-amd64-8Rwf21/gcc-4.7-4.7.0~rc1/src/gcc/testsuite/../../gcc -I/build/buildd-gcc-4.7_4.7.0~rc1-1-kfreebsd-amd64-8Rwf21/gcc-4.7-4.7.0~rc1/build/gcc/testsuite/gcc/../../../gcc -I/build/buildd-gcc-4.7_4.7.0~rc1-1-kfreebsd-amd64-8Rwf21/gcc-4.7-4.7.0~rc1/src/gcc/testsuite/../../include -I/build/buildd-gcc-4.7_4.7.0~rc1-1-kfreebsd-amd64-8Rwf21/gcc-4.7-4.7.0~rc1/src/gcc/testsuite/../../libcpp/include -I/build/buildd-gcc-4.7_4.7.0~rc1-1-kfreebsd-amd64-8Rwf21/gcc-4.7-4.7.0~rc1/build/gcc/testsuite/gcc/../../../intl -DIN_GCC -fPIC -shared
UNRESOLVED: finish_unit_plugin.c compilation, -I. -I/build/buildd-gcc-4.7_4.7.0~rc1-1-kfreebsd-amd64-8Rwf21/gcc-4.7-4.7.0~rc1/src/gcc/testsuite -I/build/buildd-gcc-4.7_4.7.0~rc1-1-kfreebsd-amd64-8Rwf21/gcc-4.7-4.7.0~rc1/src/gcc/testsuite/../../gcc -I/build/buildd-gcc-4.7_4.7.0~rc1-1-kfreebsd-amd64-8Rwf21/gcc-4.7-4.7.0~rc1/build/gcc/testsuite/gcc/../../../gcc -I/build/buildd-gcc-4.7_4.7.0~rc1-1-kfreebsd-amd64-8Rwf21/gcc-4.7-4.7.0~rc1/src/gcc/testsuite/../../include -I/build/buildd-gcc-4.7_4.7.0~rc1-1-kfreebsd-amd64-8Rwf21/gcc-4.7-4.7.0~rc1/src/gcc/testsuite/../../libcpp/include -I/build/buildd-gcc-4.7_4.7.0~rc1-1-kfreebsd-amd64-8Rwf21/gcc-4.7-4.7.0~rc1/build/gcc/testsuite/gcc/../../../intl -DIN_GCC -fPIC -shared
=== gcc Summary for unix/-fstack-protector ===
# of expected passes 83799
# of unexpected failures 23
# of expected failures 260
# of unresolved testcases 5
# of unsupported tests 1349
Running target unix/-m32
FAIL: gcc.dg/pr45352-1.c (test for excess errors)
FAIL: gcc.dg/split-5.c execution test
FAIL: largefile.c -O0 -g -I. (internal compiler error)
FAIL: largefile.c -O0 -g -I. (test for excess errors)
FAIL: gcc.dg/pch/largefile.c -O0 -g assembly comparison
FAIL: largefile.c -O0 -I. (internal compiler error)
FAIL: largefile.c -O0 -I. (test for excess errors)
FAIL: gcc.dg/pch/largefile.c -O0 assembly comparison
FAIL: largefile.c -O1 -I. (internal compiler error)
FAIL: largefile.c -O1 -I. (test for excess errors)
FAIL: gcc.dg/pch/largefile.c -O1 assembly comparison
FAIL: largefile.c -O2 -I. (internal compiler error)
FAIL: largefile.c -O2 -I. (test for excess errors)
FAIL: gcc.dg/pch/largefile.c -O2 assembly comparison
FAIL: largefile.c -O3 -fomit-frame-pointer -I. (internal compiler error)
FAIL: largefile.c -O3 -fomit-frame-pointer -I. (test for excess errors)
FAIL: gcc.dg/pch/largefile.c -O3 -fomit-frame-pointer assembly comparison
FAIL: largefile.c -O3 -g -I. (internal compiler error)
FAIL: largefile.c -O3 -g -I. (test for excess errors)
FAIL: gcc.dg/pch/largefile.c -O3 -g assembly comparison
FAIL: largefile.c -Os -I. (internal compiler error)
FAIL: largefile.c -Os -I. (test for excess errors)
FAIL: gcc.dg/pch/largefile.c -Os assembly comparison
UNRESOLVED: selfassign.c compilation, -I. -I/build/buildd-gcc-4.7_4.7.0~rc1-1-kfreebsd-amd64-8Rwf21/gcc-4.7-4.7.0~rc1/src/gcc/testsuite -I/build/buildd-gcc-4.7_4.7.0~rc1-1-kfreebsd-amd64-8Rwf21/gcc-4.7-4.7.0~rc1/src/gcc/testsuite/../../gcc -I/build/buildd-gcc-4.7_4.7.0~rc1-1-kfreebsd-amd64-8Rwf21/gcc-4.7-4.7.0~rc1/build/gcc/testsuite/gcc/../../../gcc -I/build/buildd-gcc-4.7_4.7.0~rc1-1-kfreebsd-amd64-8Rwf21/gcc-4.7-4.7.0~rc1/src/gcc/testsuite/../../include -I/build/buildd-gcc-4.7_4.7.0~rc1-1-kfreebsd-amd64-8Rwf21/gcc-4.7-4.7.0~rc1/src/gcc/testsuite/../../libcpp/include -I/build/buildd-gcc-4.7_4.7.0~rc1-1-kfreebsd-amd64-8Rwf21/gcc-4.7-4.7.0~rc1/build/gcc/testsuite/gcc/../../../intl -O -DIN_GCC -fPIC -shared
UNRESOLVED: ggcplug.c compilation, -I. -I/build/buildd-gcc-4.7_4.7.0~rc1-1-kfreebsd-amd64-8Rwf21/gcc-4.7-4.7.0~rc1/src/gcc/testsuite -I/build/buildd-gcc-4.7_4.7.0~rc1-1-kfreebsd-amd64-8Rwf21/gcc-4.7-4.7.0~rc1/src/gcc/testsuite/../../gcc -I/build/buildd-gcc-4.7_4.7.0~rc1-1-kfreebsd-amd64-8Rwf21/gcc-4.7-4.7.0~rc1/build/gcc/testsuite/gcc/../../../gcc -I/build/buildd-gcc-4.7_4.7.0~rc1-1-kfreebsd-amd64-8Rwf21/gcc-4.7-4.7.0~rc1/src/gcc/testsuite/../../include -I/build/buildd-gcc-4.7_4.7.0~rc1-1-kfreebsd-amd64-8Rwf21/gcc-4.7-4.7.0~rc1/src/gcc/testsuite/../../libcpp/include -I/build/buildd-gcc-4.7_4.7.0~rc1-1-kfreebsd-amd64-8Rwf21/gcc-4.7-4.7.0~rc1/build/gcc/testsuite/gcc/../../../intl -O -DIN_GCC -fPIC -shared
UNRESOLVED: one_time_plugin.c compilation, -I. -I/build/buildd-gcc-4.7_4.7.0~rc1-1-kfreebsd-amd64-8Rwf21/gcc-4.7-4.7.0~rc1/src/gcc/testsuite -I/build/buildd-gcc-4.7_4.7.0~rc1-1-kfreebsd-amd64-8Rwf21/gcc-4.7-4.7.0~rc1/src/gcc/testsuite/../../gcc -I/build/buildd-gcc-4.7_4.7.0~rc1-1-kfreebsd-amd64-8Rwf21/gcc-4.7-4.7.0~rc1/build/gcc/testsuite/gcc/../../../gcc -I/build/buildd-gcc-4.7_4.7.0~rc1-1-kfreebsd-amd64-8Rwf21/gcc-4.7-4.7.0~rc1/src/gcc/testsuite/../../include -I/build/buildd-gcc-4.7_4.7.0~rc1-1-kfreebsd-amd64-8Rwf21/gcc-4.7-4.7.0~rc1/src/gcc/testsuite/../../libcpp/include -I/build/buildd-gcc-4.7_4.7.0~rc1-1-kfreebsd-amd64-8Rwf21/gcc-4.7-4.7.0~rc1/build/gcc/testsuite/gcc/../../../intl -DIN_GCC -fPIC -shared
UNRESOLVED: start_unit_plugin.c compilation, -I. -I/build/buildd-gcc-4.7_4.7.0~rc1-1-kfreebsd-amd64-8Rwf21/gcc-4.7-4.7.0~rc1/src/gcc/testsuite -I/build/buildd-gcc-4.7_4.7.0~rc1-1-kfreebsd-amd64-8Rwf21/gcc-4.7-4.7.0~rc1/src/gcc/testsuite/../../gcc -I/build/buildd-gcc-4.7_4.7.0~rc1-1-kfreebsd-amd64-8Rwf21/gcc-4.7-4.7.0~rc1/build/gcc/testsuite/gcc/../../../gcc -I/build/buildd-gcc-4.7_4.7.0~rc1-1-kfreebsd-amd64-8Rwf21/gcc-4.7-4.7.0~rc1/src/gcc/testsuite/../../include -I/build/buildd-gcc-4.7_4.7.0~rc1-1-kfreebsd-amd64-8Rwf21/gcc-4.7-4.7.0~rc1/src/gcc/testsuite/../../libcpp/include -I/build/buildd-gcc-4.7_4.7.0~rc1-1-kfreebsd-amd64-8Rwf21/gcc-4.7-4.7.0~rc1/build/gcc/testsuite/gcc/../../../intl -DIN_GCC -fPIC -shared
UNRESOLVED: finish_unit_plugin.c compilation, -I. -I/build/buildd-gcc-4.7_4.7.0~rc1-1-kfreebsd-amd64-8Rwf21/gcc-4.7-4.7.0~rc1/src/gcc/testsuite -I/build/buildd-gcc-4.7_4.7.0~rc1-1-kfreebsd-amd64-8Rwf21/gcc-4.7-4.7.0~rc1/src/gcc/testsuite/../../gcc -I/build/buildd-gcc-4.7_4.7.0~rc1-1-kfreebsd-amd64-8Rwf21/gcc-4.7-4.7.0~rc1/build/gcc/testsuite/gcc/../../../gcc -I/build/buildd-gcc-4.7_4.7.0~rc1-1-kfreebsd-amd64-8Rwf21/gcc-4.7-4.7.0~rc1/src/gcc/testsuite/../../include -I/build/buildd-gcc-4.7_4.7.0~rc1-1-kfreebsd-amd64-8Rwf21/gcc-4.7-4.7.0~rc1/src/gcc/testsuite/../../libcpp/include -I/build/buildd-gcc-4.7_4.7.0~rc1-1-kfreebsd-amd64-8Rwf21/gcc-4.7-4.7.0~rc1/build/gcc/testsuite/gcc/../../../intl -DIN_GCC -fPIC -shared
FAIL: gcc.dg/tree-ssa/pr44423.c (test for excess errors)
UNRESOLVED: gcc.dg/tree-ssa/pr44423.c scan-tree-dump-times esra "Created a replacement" 0
=== gcc Summary for unix/-m32 ===
# of expected passes 83538
# of unexpected failures 24
# of expected failures 260
# of unresolved testcases 6
# of unsupported tests 995
=== gcc Summary ===
# of expected passes 251137
# of unexpected failures 69
# of expected failures 780
# of unresolved testcases 16
# of unsupported tests 3693
/build/buildd-gcc-4.7_4.7.0~rc1-1-kfreebsd-amd64-8Rwf21/gcc-4.7-4.7.0~rc1/build/gcc/xgcc version 4.7.0 20120302 (prerelease) (Debian 4.7.0~rc1-1)
=== gfortran tests ===
Running target unix
FAIL: gfortran.dg/allocatable_function_1.f90 -O0 scan-tree-dump-times original "free" 10
FAIL: gfortran.dg/allocatable_function_1.f90 -O1 scan-tree-dump-times original "free" 10
FAIL: gfortran.dg/allocatable_function_1.f90 -O2 scan-tree-dump-times original "free" 10
FAIL: gfortran.dg/allocatable_function_1.f90 -O3 -fomit-frame-pointer scan-tree-dump-times original "free" 10
FAIL: gfortran.dg/allocatable_function_1.f90 -O3 -fomit-frame-pointer -funroll-loops scan-tree-dump-times original "free" 10
FAIL: gfortran.dg/allocatable_function_1.f90 -O3 -fomit-frame-pointer -funroll-all-loops -finline-functions scan-tree-dump-times original "free" 10
FAIL: gfortran.dg/allocatable_function_1.f90 -O3 -g scan-tree-dump-times original "free" 10
FAIL: gfortran.dg/allocatable_function_1.f90 -Os scan-tree-dump-times original "free" 10
=== gfortran Summary for unix ===
# of expected passes 40904
# of unexpected failures 8
# of expected failures 56
# of unsupported tests 78
Running target unix/-fstack-protector
FAIL: gfortran.dg/allocatable_function_1.f90 -O0 scan-tree-dump-times original "free" 10
FAIL: gfortran.dg/allocatable_function_1.f90 -O1 scan-tree-dump-times original "free" 10
FAIL: gfortran.dg/allocatable_function_1.f90 -O2 scan-tree-dump-times original "free" 10
FAIL: gfortran.dg/allocatable_function_1.f90 -O3 -fomit-frame-pointer scan-tree-dump-times original "free" 10
FAIL: gfortran.dg/allocatable_function_1.f90 -O3 -fomit-frame-pointer -funroll-loops scan-tree-dump-times original "free" 10
FAIL: gfortran.dg/allocatable_function_1.f90 -O3 -fomit-frame-pointer -funroll-all-loops -finline-functions scan-tree-dump-times original "free" 10
FAIL: gfortran.dg/allocatable_function_1.f90 -O3 -g scan-tree-dump-times original "free" 10
FAIL: gfortran.dg/allocatable_function_1.f90 -Os scan-tree-dump-times original "free" 10
=== gfortran Summary for unix/-fstack-protector ===
# of expected passes 40904
# of unexpected failures 8
# of expected failures 56
# of unsupported tests 78
Running target unix/-m32
FAIL: gfortran.dg/allocatable_function_1.f90 -O0 scan-tree-dump-times original "free" 10
FAIL: gfortran.dg/allocatable_function_1.f90 -O1 scan-tree-dump-times original "free" 10
FAIL: gfortran.dg/allocatable_function_1.f90 -O2 scan-tree-dump-times original "free" 10
FAIL: gfortran.dg/allocatable_function_1.f90 -O3 -fomit-frame-pointer scan-tree-dump-times original "free" 10
FAIL: gfortran.dg/allocatable_function_1.f90 -O3 -fomit-frame-pointer -funroll-loops scan-tree-dump-times original "free" 10
FAIL: gfortran.dg/allocatable_function_1.f90 -O3 -fomit-frame-pointer -funroll-all-loops -finline-functions scan-tree-dump-times original "free" 10
FAIL: gfortran.dg/allocatable_function_1.f90 -O3 -g scan-tree-dump-times original "free" 10
FAIL: gfortran.dg/allocatable_function_1.f90 -Os scan-tree-dump-times original "free" 10
=== gfortran Summary for unix/-m32 ===
# of expected passes 40617
# of unexpected failures 8
# of expected failures 56
# of unsupported tests 216
=== gfortran Summary ===
# of expected passes 122425
# of unexpected failures 24
# of expected failures 168
# of unsupported tests 372
/build/buildd-gcc-4.7_4.7.0~rc1-1-kfreebsd-amd64-8Rwf21/gcc-4.7-4.7.0~rc1/build/gcc/testsuite/gfortran/../../gfortran version 4.7.0 20120302 (prerelease) (Debian 4.7.0~rc1-1)
=== obj-c++ tests ===
Running target unix
=== obj-c++ Summary for unix ===
# of expected passes 1442
# of expected failures 10
# of unsupported tests 86
Running target unix/-fstack-protector
=== obj-c++ Summary for unix/-fstack-protector ===
# of expected passes 1442
# of expected failures 10
# of unsupported tests 86
Running target unix/-m32
=== obj-c++ Summary for unix/-m32 ===
# of expected passes 1450
# of expected failures 2
# of unsupported tests 86
=== obj-c++ Summary ===
# of expected passes 4334
# of expected failures 22
# of unsupported tests 258
/build/buildd-gcc-4.7_4.7.0~rc1-1-kfreebsd-amd64-8Rwf21/gcc-4.7-4.7.0~rc1/build/gcc/testsuite/obj-c++/../../g++ version 4.7.0 20120302 (prerelease) (Debian 4.7.0~rc1-1)
=== objc tests ===
Running target unix
=== objc Summary for unix ===
# of expected passes 2988
# of expected failures 6
# of unsupported tests 74
Running target unix/-fstack-protector
=== objc Summary for unix/-fstack-protector ===
# of expected passes 2988
# of expected failures 6
# of unsupported tests 74
Running target unix/-m32
=== objc Summary for unix/-m32 ===
# of expected passes 2988
# of expected failures 6
# of unsupported tests 74
=== objc Summary ===
# of expected passes 8964
# of expected failures 18
# of unsupported tests 222
/build/buildd-gcc-4.7_4.7.0~rc1-1-kfreebsd-amd64-8Rwf21/gcc-4.7-4.7.0~rc1/build/gcc/xgcc version 4.7.0 20120302 (prerelease) (Debian 4.7.0~rc1-1)
=== boehm-gc tests ===
Running target unix
=== boehm-gc Summary for unix ===
# of expected passes 12
# of unsupported tests 1
Running target unix/-fstack-protector
=== boehm-gc Summary for unix/-fstack-protector ===
# of expected passes 12
# of unsupported tests 1
Running target unix/-m32
=== boehm-gc Summary for unix/-m32 ===
# of expected passes 12
# of unsupported tests 1
=== boehm-gc Summary ===
# of expected passes 36
# of unsupported tests 3
=== libgomp tests ===
Running target unix
FAIL: libgomp.c/lock-1.c execution test
FAIL: libgomp.c/lock-2.c execution test
FAIL: libgomp.graphite/force-parallel-7.c execution test
=== libgomp Summary for unix ===
# of expected passes 2987
# of unexpected failures 3
# of unsupported tests 3
Running target unix/-fstack-protector
FAIL: libgomp.c/lock-1.c execution test
FAIL: libgomp.c/lock-2.c execution test
FAIL: libgomp.graphite/force-parallel-7.c execution test
=== libgomp Summary for unix/-fstack-protector ===
# of expected passes 2987
# of unexpected failures 3
# of unsupported tests 3
Running target unix/-m32
FAIL: libgomp.c/lock-2.c execution test
FAIL: libgomp.graphite/force-parallel-7.c execution test
=== libgomp Summary for unix/-m32 ===
# of expected passes 2988
# of unexpected failures 2
# of unsupported tests 3
=== libgomp Summary ===
# of expected passes 8962
# of unexpected failures 8
# of unsupported tests 9
=== libmudflap tests ===
Running target unix
FAIL: libmudflap.c++/pass55-frag.cxx ( -O) execution test
FAIL: libmudflap.cth/pass37-frag.c (rerun 7) output pattern test
FAIL: libmudflap.cth/pass37-frag.c (rerun 16) output pattern test
FAIL: libmudflap.cth/pass37-frag.c (rerun 19) output pattern test
FAIL: libmudflap.cth/pass39-frag.c (rerun 15) output pattern test
FAIL: libmudflap.cth/pass37-frag.c (-static -DSTATIC) (rerun 7) output pattern test
FAIL: libmudflap.cth/pass39-frag.c (-static -DSTATIC) output pattern test
FAIL: libmudflap.cth/pass39-frag.c (-static -DSTATIC) (rerun 12) output pattern test
FAIL: libmudflap.cth/pass39-frag.c (-static -DSTATIC) (rerun 19) output pattern test
FAIL: libmudflap.cth/pass37-frag.c (-O2) output pattern test
FAIL: libmudflap.cth/pass37-frag.c (-O2) (rerun 9) output pattern test
FAIL: libmudflap.cth/pass37-frag.c (-O2) (rerun 11) output pattern test
FAIL: libmudflap.cth/pass39-frag.c (-O2) (rerun 2) output pattern test
FAIL: libmudflap.cth/pass39-frag.c (-O2) (rerun 18) output pattern test
FAIL: libmudflap.cth/pass39-frag.c (-O3) (rerun 1) output pattern test
FAIL: libmudflap.cth/pass39-frag.c (-O3) (rerun 4) output pattern test
FAIL: libmudflap.cth/pass39-frag.c (-O3) (rerun 5) output pattern test
FAIL: libmudflap.cth/pass39-frag.c (-O3) (rerun 19) output pattern test
=== libmudflap Summary for unix ===
# of expected passes 1888
# of unexpected failures 18
Running target unix/-fstack-protector
FAIL: libmudflap.c++/pass55-frag.cxx ( -O) execution test
FAIL: libmudflap.cth/pass37-frag.c (rerun 1) output pattern test
FAIL: libmudflap.cth/pass37-frag.c (rerun 6) output pattern test
FAIL: libmudflap.cth/pass37-frag.c (rerun 10) output pattern test
FAIL: libmudflap.cth/pass39-frag.c (rerun 8) output pattern test
FAIL: libmudflap.cth/pass39-frag.c (rerun 11) output pattern test
FAIL: libmudflap.cth/pass39-frag.c (rerun 12) output pattern test
FAIL: libmudflap.cth/pass39-frag.c (rerun 14) output pattern test
FAIL: libmudflap.cth/pass39-frag.c (rerun 19) output pattern test
WARNING: program timed out.
FAIL: libmudflap.cth/pass37-frag.c (-static -DSTATIC) (test for excess errors)
FAIL: libmudflap.cth/pass37-frag.c (-static -DSTATIC) (rerun 7) output pattern test
FAIL: libmudflap.cth/pass37-frag.c (-static -DSTATIC) (rerun 10) output pattern test
FAIL: libmudflap.cth/pass39-frag.c (-static -DSTATIC) (rerun 4) output pattern test
FAIL: libmudflap.cth/pass39-frag.c (-static -DSTATIC) (rerun 6) output pattern test
FAIL: libmudflap.cth/pass39-frag.c (-static -DSTATIC) (rerun 8) output pattern test
FAIL: libmudflap.cth/pass39-frag.c (-static -DSTATIC) (rerun 12) output pattern test
FAIL: libmudflap.cth/pass39-frag.c (-static -DSTATIC) (rerun 16) output pattern test
FAIL: libmudflap.cth/pass39-frag.c (-static -DSTATIC) (rerun 18) output pattern test
FAIL: libmudflap.cth/pass37-frag.c (-O2) (rerun 7) output pattern test
FAIL: libmudflap.cth/pass37-frag.c (-O2) (rerun 9) output pattern test
FAIL: libmudflap.cth/pass37-frag.c (-O2) (rerun 18) output pattern test
FAIL: libmudflap.cth/pass39-frag.c (-O2) output pattern test
FAIL: libmudflap.cth/pass39-frag.c (-O2) (rerun 9) output pattern test
FAIL: libmudflap.cth/pass39-frag.c (-O2) (rerun 10) output pattern test
FAIL: libmudflap.cth/pass39-frag.c (-O2) (rerun 14) output pattern test
FAIL: libmudflap.cth/pass39-frag.c (-O2) (rerun 19) output pattern test
FAIL: libmudflap.cth/pass37-frag.c (-O3) (rerun 9) output pattern test
FAIL: libmudflap.cth/pass37-frag.c (-O3) (rerun 17) output pattern test
FAIL: libmudflap.cth/pass39-frag.c (-O3) (rerun 1) output pattern test
FAIL: libmudflap.cth/pass39-frag.c (-O3) (rerun 6) output pattern test
FAIL: libmudflap.cth/pass39-frag.c (-O3) (rerun 14) output pattern test
FAIL: libmudflap.cth/pass39-frag.c (-O3) (rerun 17) output pattern test
=== libmudflap Summary for unix/-fstack-protector ===
# of expected passes 1874
# of unexpected failures 32
Running target unix/-m32
FAIL: libmudflap.cth/pass37-frag.c (rerun 7) output pattern test
FAIL: libmudflap.cth/pass37-frag.c (rerun 17) output pattern test
FAIL: libmudflap.cth/pass39-frag.c (rerun 6) output pattern test
FAIL: libmudflap.cth/pass39-frag.c (rerun 17) output pattern test
FAIL: libmudflap.cth/pass39-frag.c (rerun 18) output pattern test
FAIL: libmudflap.cth/pass37-frag.c (-static -DSTATIC) (rerun 3) output pattern test
FAIL: libmudflap.cth/pass39-frag.c (-static -DSTATIC) (rerun 1) output pattern test
FAIL: libmudflap.cth/pass39-frag.c (-static -DSTATIC) (rerun 3) output pattern test
FAIL: libmudflap.cth/pass39-frag.c (-static -DSTATIC) (rerun 8) output pattern test
FAIL: libmudflap.cth/pass39-frag.c (-static -DSTATIC) (rerun 9) output pattern test
FAIL: libmudflap.cth/pass39-frag.c (-static -DSTATIC) (rerun 19) output pattern test
FAIL: libmudflap.cth/pass37-frag.c (-O2) (rerun 5) output pattern test
FAIL: libmudflap.cth/pass39-frag.c (-O2) (rerun 1) output pattern test
FAIL: libmudflap.cth/pass39-frag.c (-O2) (rerun 4) output pattern test
FAIL: libmudflap.cth/pass39-frag.c (-O2) (rerun 5) output pattern test
FAIL: libmudflap.cth/pass39-frag.c (-O2) (rerun 8) output pattern test
FAIL: libmudflap.cth/pass39-frag.c (-O2) (rerun 13) output pattern test
FAIL: libmudflap.cth/pass37-frag.c (-O3) (rerun 4) output pattern test
FAIL: libmudflap.cth/pass37-frag.c (-O3) (rerun 5) output pattern test
FAIL: libmudflap.cth/pass37-frag.c (-O3) (rerun 18) output pattern test
FAIL: libmudflap.cth/pass39-frag.c (-O3) (rerun 7) output pattern test
FAIL: libmudflap.cth/pass39-frag.c (-O3) (rerun 10) output pattern test
=== libmudflap Summary for unix/-m32 ===
# of expected passes 1884
# of unexpected failures 22
=== libmudflap Summary ===
# of expected passes 5646
# of unexpected failures 72
=== libstdc++ tests ===
Running target unix
XPASS: 22_locale/ctype/is/char/2.cc execution test
FAIL: 22_locale/locale/cons/12438.cc execution test
FAIL: 22_locale/time_get/get_date/wchar_t/4.cc execution test
FAIL: 26_numerics/headers/cmath/c99_classification_macros_c.cc (test for excess errors)
=== libstdc++ Summary for unix ===
# of expected passes 8270
# of unexpected failures 3
# of unexpected successes 1
# of expected failures 42
# of unsupported tests 331
Running target unix/-fstack-protector
XPASS: 22_locale/ctype/is/char/2.cc execution test
FAIL: 22_locale/locale/cons/12438.cc execution test
FAIL: 22_locale/time_get/get_date/wchar_t/4.cc execution test
FAIL: 26_numerics/headers/cmath/c99_classification_macros_c.cc (test for excess errors)
=== libstdc++ Summary for unix/-fstack-protector ===
# of expected passes 8270
# of unexpected failures 3
# of unexpected successes 1
# of expected failures 42
# of unsupported tests 331
Running target unix/-m32
XPASS: 22_locale/ctype/is/char/2.cc execution test
FAIL: 22_locale/time_get/get_date/wchar_t/4.cc execution test
FAIL: 26_numerics/headers/cmath/c99_classification_macros_c.cc (test for excess errors)
=== libstdc++ Summary for unix/-m32 ===
# of expected passes 8271
# of unexpected failures 2
# of unexpected successes 1
# of expected failures 42
# of unsupported tests 331
=== libstdc++ Summary ===
# of expected passes 24811
# of unexpected failures 8
# of unexpected successes 3
# of expected failures 126
# of unsupported tests 993
Compiler version: 4.7.0 20120302 (prerelease) (Debian 4.7.0~rc1-1)
Platform: x86_64-pc-kfreebsd-gnu
configure flags: -v --with-pkgversion='Debian 4.7.0~rc1-1' --with-bugurl=file:///usr/share/doc/gcc-4.7/README.Bugs --enable-languages=c,c++,fortran,objc,obj-c++ --prefix=/usr --program-suffix=-4.7 --enable-shared --enable-linker-build-id --with-system-zlib --libexecdir=/usr/lib --without-included-gettext --enable-threads=posix --with-gxx-include-dir=/usr/include/c++/4.7 --libdir=/usr/lib --enable-nls --with-sysroot=/ --enable-clocale=gnu --enable-libstdcxx-debug --enable-libstdcxx-time=yes --disable-libitm --enable-plugin --enable-objc-gc --with-arch-32=i586 --with-tune=generic --enable-checking=release --build=x86_64-kfreebsd-gnu --host=x86_64-kfreebsd-gnu --target=x86_64-kfreebsd-gnu
BOOT_CFLAGS=
Build Dependencies:
Desired=Unknown/Install/Remove/Purge/Hold
| Status=Not/Inst/Conf-files/Unpacked/halF-conf/Half-inst/trig-aWait/Trig-pend
|/ Err?=(none)/Reinst-required (Status,Err: uppercase=bad)
||/ Name Version Description
+++-===========================================================-=====================-========================================================================
ii binutils 2.22-5 GNU assembler, linker and binary utilities
ii g++-4.6 4.6.2-16 GNU C++ compiler
ii g++-4.6-multilib 4.6.2-16 GNU C++ compiler (multilib files)
ii g++-multilib 4:4.6.2-4 GNU C++ compiler (multilib files)
ii libc0.1 2.13-27 Embedded GNU C Library: Shared libraries
ii libcloog-ppl-dev 0.15.11-4 Chunky Loop Generator (development files)
ii libgmp-dev 2:5.0.4+dfsg-1 Multiprecision arithmetic library developers tools
ii libmpc-dev 0.9-4 multiple precision complex floating-point library development package
ii libmpfr-dev 3.1.0-3 multiple precision floating-point computation developers tools
ii libppl0.11-dev 0.11.2-6 Parma Polyhedra Library (development)
gcc-gfdl-build:
Build a dummy s-tm-texi without access to the texinfo sources
gcc-textdomain:
Set gettext's domain and textdomain to the versioned package name.
gcc-driver-extra-langs:
Add options and specs for languages that are not built from a source
(but built from separate sources).
gcc-hash-style-both:
Link using --hash-style=both (alpha, amd64, armel, armhf, ia64, i386, powerpc, ppc64, s390, sparc)
libstdc++-pic:
Build and install libstdc++_pic.a library.
libstdc++-doclink:
adjust hrefs to point to the local documentation
libstdc++-man-3cxx:
Install libstdc++ man pages with suffix .3cxx instead of .3
libstdc++-test-installed:
Add support to run the libstdc++-v3 testsuite using the
installed shared libraries.
libjava-stacktrace:
libgcj: Lookup source file name and line number in separated
debug files found in /usr/lib/debug
libjava-jnipath:
- Add /usr/lib/jni and /usr/lib/<multiarch>/jni to java.library.path.
- When running the i386 binaries on amd64, look in
- /usr/lib32/gcj-x.y and /usr/lib32/jni instead.
libjava-sjlj:
Don't try to use _Unwind_Backtrace on SJLJ targets.
See bug #387875, #388505, GCC PR 29206.
libjava-disable-plugin:
Don't build the gcjwebplugin, even when configured with --enable-plugin
alpha-no-ev4-directive:
never emit .ev4 directive.
boehm-gc-getnprocs:
boehm-gc/pthread_support.c (GC_get_nprocs): Use sysconf as fallback.
note-gnu-stack:
Add .note.GNU-stack sections for gcc's crt files, libffi and boehm-gc
Taken from FC.
libgomp-omp_h-multilib:
Fix up omp.h for multilibs.
sparc-force-cpu:
On sparc default to ultrasparc (v9a) in 32bit mode
pr24619:
Proposed patch for PR mudflap/24619 (instrumentation of dlopen)
gccgo-version:
Omit the subminor number from the go libdir
pr45078:
Proposed patch for PR plugin/45078
pr47818:
Fix PR ada/47818: Pragma Assert is rejected with No_Implementation_Pragmas restriction.
pr49940:
Apply proposed patch for PR ada/49940.
pr49944:
apply proposed patch for PR ada/49444.
libffi-kfreebsd:
libffi: Define FFI_MMAP_EXEC_WRIT on kfreebsd-*.
gcc-base-version:
Set base version to 4.7, introduce full version 4.7.x.
libffi-powerpc-sf:
libffi-powerpc-sysv-without-string-ops:
mudflapth-link:
Link libmudflapth.so with -lpthread
libffi-m68k:
gcc-d-lang:
Add D options and specs for the gcc driver.
gcc-sysroot:
libgo-mksysinfo:
libgo: Fix TIOCNOTTY and TIOCSCTTY definitions
arm-dynamic-linker:
For ARM hard float, set the dynamic linker to
/lib/arm-linux-gnueabihf/ld-linux.so.3.
arm-multilib:
ARM hard/soft float multilib
gcc-ice-hack:
Retry the build on an ice, save the calling options and preprocessed
source when the ice is reproducible.
gcc-ice-apport:
Report an ICE to apport (if apport is available
and the environment variable GCC_NOAPPORT is not set)
libjava-fixed-symlinks:
Remove unneed '..' elements from symlinks in JAVA_HOME
libstdc++-arm-wno-abi:
Temporary work around:
On arm-linux-gnueabi run the libstdc++v3 testsuite with -Wno-abi
ada-mips:
Improve support for mips.
libffi-ro-eh_frame_sect:
PR libffi/47248, force a read only eh frame section.
gcc-multiarch:
Add multiarch support to GCC.
Convert the multilib option to a target triplet,
add multiarch include directories and libraries path:
/usr/local/include/<arch>-linux-gnu
/usr/include/<arch>-linux-gnu
/usr/lib/<arch>-linux-gnu
to the system paths.
libjava-multiarch:
Install libjava libraries to multiarch location
libjava-nobiarch-check:
For biarch builds, disable the testsuite for the non-default architecture
for runtime libraries, which are not built by default (libjava).
config-ml:
disable some biarch libraries for biarch builds
gcc-powerpc-nof:
Don't build nof multlib on powerpc.
gcc-powerpc-undef:
Undefine LINK_EH_SPEC before redefining it
http://gcc.gnu.org/ml/gcc-patches/2011-02/msg01082.html
gcc-multilib64-multiarch:
Use lib instead of lib64 as the 64bit system dir on biarch
architectures defaulting to 64bit.
gcc-no-add-needed:
On linux targets pass --no-add-needed to the linker.
mips-fix-loongson2f-nop:
On mips, pass -mfix-loongson2f-nop to as, if -mno-fix-loongson2f-nop
is not passed.
libgomp-kfreebsd-testsuite:
Disable lock-2.c test on kfreebsd-*
armhf-triplet:
add support for arm-linux-*eabi* triplets; useful for armhf
Counting all warnings,
there are 0 warnings in stage3 of this bootstrap.
Number of warnings per file:
Number of warning types: