This is the mail archive of the
gcc-testresults@gcc.gnu.org
mailing list for the GCC project.
Results for 4.7.0 20120304 (prerelease) (GCC) testsuite on mipsisa32-unknown-elf
- From: Richard Sandiford <rdsandiford at googlemail dot com>
- To: gcc-testresults at gcc dot gnu dot org
- Date: Sun, 04 Mar 2012 20:32:06 +0000
- Subject: Results for 4.7.0 20120304 (prerelease) (GCC) testsuite on mipsisa32-unknown-elf
- Authentication-results: mr.google.com; spf=pass (google.com: domain of rdsandiford@googlemail.com designates 10.180.103.35 as permitted sender) smtp.mail=rdsandiford@googlemail.com; dkim=pass header.i=rdsandiford@googlemail.com
Target is mipsisa32-unknown-elf
=== gcc tests ===
Running target mips-sim-idt32/-EB
FAIL: gcc.dg/ipa/inline-5.c scan-ipa-dump-times inline "Will be eliminated" 4
FAIL: gcc.dg/torture/pr52402.c -O1 execution test
FAIL: gcc.dg/torture/pr52402.c -O2 execution test
FAIL: gcc.dg/torture/pr52402.c -O3 -fomit-frame-pointer execution test
FAIL: gcc.dg/torture/pr52402.c -O3 -g execution test
FAIL: gcc.dg/torture/pr52402.c -Os execution test
FAIL: gcc.dg/torture/pr52402.c -O2 -flto -fno-use-linker-plugin -flto-partition=none execution test
FAIL: gcc.dg/torture/pr52402.c -O2 -flto -fuse-linker-plugin -fno-fat-lto-objects execution test
FAIL: gcc.dg/tree-ssa/sra-8.c scan-tree-dump-times esra "Created a replacement" 0
=== gcc Summary for mips-sim-idt32/-EB ===
# of expected passes 73071
# of unexpected failures 9
# of expected failures 103
# of unsupported tests 1388
Running target mips-sim-idt32/-EB/-msoft-float
FAIL: gcc.dg/ipa/inline-5.c scan-ipa-dump-times inline "Will be eliminated" 4
FAIL: gcc.dg/torture/pr52402.c -O1 execution test
FAIL: gcc.dg/torture/pr52402.c -O2 execution test
FAIL: gcc.dg/torture/pr52402.c -O3 -fomit-frame-pointer execution test
FAIL: gcc.dg/torture/pr52402.c -O3 -g execution test
FAIL: gcc.dg/torture/pr52402.c -Os execution test
FAIL: gcc.dg/torture/pr52402.c -O2 -flto -fno-use-linker-plugin -flto-partition=none execution test
FAIL: gcc.dg/torture/pr52402.c -O2 -flto -fuse-linker-plugin -fno-fat-lto-objects execution test
FAIL: gcc.dg/tree-ssa/sra-8.c scan-tree-dump-times esra "Created a replacement" 0
=== gcc Summary for mips-sim-idt32/-EB/-msoft-float ===
# of expected passes 73083
# of unexpected failures 9
# of expected failures 101
# of unsupported tests 1390
Running target mips-sim-idt32/-EL
FAIL: gcc.dg/ipa/inline-5.c scan-ipa-dump-times inline "Will be eliminated" 4
FAIL: gcc.dg/torture/pr52402.c -O1 execution test
FAIL: gcc.dg/torture/pr52402.c -O2 execution test
FAIL: gcc.dg/torture/pr52402.c -O3 -fomit-frame-pointer execution test
FAIL: gcc.dg/torture/pr52402.c -O3 -g execution test
FAIL: gcc.dg/torture/pr52402.c -Os execution test
FAIL: gcc.dg/torture/pr52402.c -O2 -flto -fno-use-linker-plugin -flto-partition=none execution test
FAIL: gcc.dg/torture/pr52402.c -O2 -flto -fuse-linker-plugin -fno-fat-lto-objects execution test
FAIL: gcc.dg/tree-ssa/sra-8.c scan-tree-dump-times esra "Created a replacement" 0
=== gcc Summary for mips-sim-idt32/-EL ===
# of expected passes 73071
# of unexpected failures 9
# of expected failures 103
# of unsupported tests 1388
Running target mips-sim-idt32/-EL/-msoft-float
FAIL: gcc.dg/ipa/inline-5.c scan-ipa-dump-times inline "Will be eliminated" 4
FAIL: gcc.dg/torture/pr52402.c -O1 execution test
FAIL: gcc.dg/torture/pr52402.c -O2 execution test
FAIL: gcc.dg/torture/pr52402.c -O3 -fomit-frame-pointer execution test
FAIL: gcc.dg/torture/pr52402.c -O3 -g execution test
FAIL: gcc.dg/torture/pr52402.c -Os execution test
FAIL: gcc.dg/torture/pr52402.c -O2 -flto -fno-use-linker-plugin -flto-partition=none execution test
FAIL: gcc.dg/torture/pr52402.c -O2 -flto -fuse-linker-plugin -fno-fat-lto-objects execution test
FAIL: gcc.dg/tree-ssa/sra-8.c scan-tree-dump-times esra "Created a replacement" 0
=== gcc Summary for mips-sim-idt32/-EL/-msoft-float ===
# of expected passes 73083
# of unexpected failures 9
# of expected failures 101
# of unsupported tests 1390
=== gcc Summary ===
# of expected passes 292308
# of unexpected failures 36
# of expected failures 408
# of unsupported tests 5556
/home/rsandifo/gcc/gcc-4_7-branch/mipsisa32-elf/x86_64-unknown-linux-gnu/gcc/xgcc version 4.7.0 20120304 (prerelease) (GCC)
=== g++ tests ===
Running target mips-sim-idt32/-EB
=== g++ Summary for mips-sim-idt32/-EB ===
# of expected passes 44452
# of expected failures 279
# of unsupported tests 778
Running target mips-sim-idt32/-EB/-msoft-float
=== g++ Summary for mips-sim-idt32/-EB/-msoft-float ===
# of expected passes 44452
# of expected failures 279
# of unsupported tests 778
Running target mips-sim-idt32/-EL
=== g++ Summary for mips-sim-idt32/-EL ===
# of expected passes 44452
# of expected failures 279
# of unsupported tests 778
Running target mips-sim-idt32/-EL/-msoft-float
=== g++ Summary for mips-sim-idt32/-EL/-msoft-float ===
# of expected passes 44452
# of expected failures 279
# of unsupported tests 778
=== g++ Summary ===
# of expected passes 177808
# of expected failures 1116
# of unsupported tests 3112
/home/rsandifo/gcc/gcc-4_7-branch/mipsisa32-elf/x86_64-unknown-linux-gnu/gcc/testsuite/g++/../../g++ version 4.7.0 20120304 (prerelease) (GCC)
=== objc tests ===
Running target mips-sim-idt32/-EB
=== objc Summary for mips-sim-idt32/-EB ===
# of expected passes 2945
# of expected failures 1
# of unsupported tests 98
Running target mips-sim-idt32/-EB/-msoft-float
=== objc Summary for mips-sim-idt32/-EB/-msoft-float ===
# of expected passes 2945
# of expected failures 1
# of unsupported tests 98
Running target mips-sim-idt32/-EL
=== objc Summary for mips-sim-idt32/-EL ===
# of expected passes 2945
# of expected failures 1
# of unsupported tests 98
Running target mips-sim-idt32/-EL/-msoft-float
=== objc Summary for mips-sim-idt32/-EL/-msoft-float ===
# of expected passes 2945
# of expected failures 1
# of unsupported tests 98
=== objc Summary ===
# of expected passes 11780
# of expected failures 4
# of unsupported tests 392
/home/rsandifo/gcc/gcc-4_7-branch/mipsisa32-elf/x86_64-unknown-linux-gnu/gcc/xgcc version 4.7.0 20120304 (prerelease) (GCC)
=== libstdc++ tests ===
Running target mips-sim-idt32/-EB
=== libstdc++ Summary for mips-sim-idt32/-EB ===
# of expected passes 6789
# of expected failures 42
# of unsupported tests 580
Running target mips-sim-idt32/-EB/-msoft-float
=== libstdc++ Summary for mips-sim-idt32/-EB/-msoft-float ===
# of expected passes 6789
# of expected failures 42
# of unsupported tests 580
Running target mips-sim-idt32/-EL
=== libstdc++ Summary for mips-sim-idt32/-EL ===
# of expected passes 6789
# of expected failures 42
# of unsupported tests 580
Running target mips-sim-idt32/-EL/-msoft-float
=== libstdc++ Summary for mips-sim-idt32/-EL/-msoft-float ===
# of expected passes 6789
# of expected failures 42
# of unsupported tests 580
=== libstdc++ Summary ===
# of expected passes 27156
# of expected failures 168
# of unsupported tests 2320
=== libstdc++ Summary ===
Compiler version: 4.7.0 20120304 (prerelease) (GCC)
Platform: mipsisa32-unknown-elf
configure flags: --enable-languages=c,c++,objc --with-newlib