This is the mail archive of the
gcc-testresults@gcc.gnu.org
mailing list for the GCC project.
Results for 4.6.3 (Blastwave.org Inc. Thu Mar 1 21:07:19 GMT 2012) testsuite on sparc-sun-solaris2.8
- From: Dennis Clarke <dclarke at blastwave dot org>
- To: gcc-testresults at gcc dot gnu dot org
- Date: Sat, 03 Mar 2012 17:47:56 -0500 (EST)
- Subject: Results for 4.6.3 (Blastwave.org Inc. Thu Mar 1 21:07:19 GMT 2012) testsuite on sparc-sun-solaris2.8
- Reply-to: dclarke at blastwave dot org
mimas-sparc-SunOS5.8 $ date
Sat Mar 3 22:37:28 GMT 2012
mimas-sparc-SunOS5.8 $ uname -a
SunOS mimas 5.8 Generic_127721-03 sun4u sparc SUNW,UltraAX-i2 Solaris
mimas-sparc-SunOS5.8 $ psrinfo -pv
The UltraSPARC-IIe physical processor has 1 virtual processor (0)
mimas-sparc-SunOS5.8 $ psrinfo -v
Status of virtual processor 0 as of: 03/03/12 22:39:36
on-line since 08/31/11 22:05:27.
The sparcv9 processor operates at 500 MHz,
and has a sparcv9 floating point processor.
mimas-sparc-SunOS5.8 $ which gcc
/opt/bw/bin/gcc
mimas-sparc-SunOS5.8 $ gcc --version
gcc (Blastwave.org Inc Mon Nov 7 16:53:21 GMT 2011) 4.6.2
Copyright (C) 2011 Free Software Foundation, Inc.
This is free software; see the source for copying conditions. There is NO
warranty; not even for MERCHANTABILITY or FITNESS FOR A PARTICULAR PURPOSE.
mimas-sparc-SunOS5.8 $ which as
/usr/ccs/bin/as
mimas-sparc-SunOS5.8 $ which ld
/usr/ccs/bin/ld
mimas-sparc-SunOS5.8 $ cat /etc/release
Solaris 8 2/04 s28s_hw4wos_05a SPARC
Copyright 2004 Sun Microsystems, Inc. All Rights Reserved.
Assembled 08 January 2004
mimas-sparc-SunOS5.8 $ ../../../../gcc/4.6.3/contrib/test_summary
cat <<'EOF' |
LAST_UPDATED: Obtained from SVN: tags/gcc_4_6_3_release revision 184738
=== acats tests ===
=== acats Summary ===
# of expected passes 2321
# of unexpected failures 0
Native configuration is sparc-sun-solaris2.8
=== g++ tests ===
Running target unix
XPASS: g++.dg/uninit-pred-3_b.C (test for excess errors)
FAIL: g++.dg/lto/20091219 cp_lto_20091219_0.o-cp_lto_20091219_0.o link, -O3 -flto
UNRESOLVED: g++.dg/lto/20091219 cp_lto_20091219_0.o-cp_lto_20091219_0.o
execute -O3 -flto
FAIL: g++.dg/torture/pr31863.C -O2 -flto (test for excess errors)
=== g++ Summary ===
# of expected passes 26391
# of unexpected failures 2
# of unexpected successes 1
# of expected failures 170
# of unresolved testcases 1
# of unsupported tests 504
/opt/bw/src/gnu/gcc-4.6.3-SunOS5.8-sparc/gcc/testsuite/g++/../../g++ version
4.6.3 (Blastwave.org Inc. Thu Mar 1 21:07:19 GMT 2012)
=== gcc tests ===
Running target unix
FAIL: gcc.dg/lto/20110201-1 c_lto_20110201-1_0.o-c_lto_20110201-1_0.o link,
-O0 -flto
UNRESOLVED: gcc.dg/lto/20110201-1 c_lto_20110201-1_0.o-c_lto_20110201-1_0.o
execute -O0 -flto
=== gcc Summary ===
# of expected passes 70386
# of unexpected failures 1
# of expected failures 235
# of unresolved testcases 1
# of unsupported tests 1241
/opt/bw/src/gnu/gcc-4.6.3-SunOS5.8-sparc/gcc/xgcc version 4.6.3
(Blastwave.org Inc. Thu Mar 1 21:07:19 GMT 2012)
=== gfortran tests ===
Running target unix
=== gfortran Summary ===
# of expected passes 38394
# of expected failures 43
# of unsupported tests 405
/opt/bw/src/gnu/gcc-4.6.3-SunOS5.8-sparc/gcc/testsuite/gfortran/../../gfortran
version 4.6.3 (Blastwave.org Inc. Thu Mar 1 21:07:19 GMT 2012)
=== gnat tests ===
Running target unix
=== gnat Summary ===
# of expected passes 873
# of expected failures 10
# of unsupported tests 4
/opt/bw/src/gnu/gcc-4.6.3-SunOS5.8-sparc/gcc/gnatmake version 4.6.3
=== objc tests ===
Running target unix
=== objc Summary ===
# of expected passes 2916
# of expected failures 10
# of unsupported tests 74
/opt/bw/src/gnu/gcc-4.6.3-SunOS5.8-sparc/gcc/xgcc version 4.6.3
(Blastwave.org Inc. Thu Mar 1 21:07:19 GMT 2012)
=== libgomp tests ===
Running target unix
=== libgomp Summary ===
# of expected passes 2614
# of unsupported tests 10
=== libstdc++ tests ===
Running target unix
=== libstdc++ Summary ===
# of expected passes 6905
# of expected failures 84
# of unsupported tests 743
Compiler version: 4.6.3 (Blastwave.org Inc. Thu Mar 1 21:07:19 GMT 2012)
Platform: sparc-sun-solaris2.8
configure flags: --host=sparc-sun-solaris2.8 --build=sparc-sun-solaris2.8
--with-as=/usr/ccs/bin/as --without-gnu-ld --with-ld=/usr/ccs/bin/ld
--enable-multilib --enable-nls --enable-threads=posix --prefix=/opt/bw
--enable-shared --libdir=/opt/bw/lib/sparcv8
--with-gmp-include=/opt/bw/include --with-gmp-lib=/opt/bw/lib/sparcv8
--with-mpfr-include=/opt/bw/include --with-mpfr-lib=/opt/bw/lib/sparcv8
--with-mpc-include=/opt/bw/include --with-mpc-lib=/opt/bw/lib/sparcv8
--libexecdir=/opt/bw/lib --with-gxx-include-dir=/opt/bw/include
--with-local-prefix=/opt/bw/include --with-pkgversion='Blastwave.org Inc. Thu
Mar 1 21:07:19 GMT 2012' --with-bugurl=http://www.blastwave.org/support
--enable-languages=c,c++,objc,fortran,ada --enable-bootstrap
EOF
--
--
http://pgp.mit.edu:11371/pks/lookup?op=vindex&search=0x1D936C72FA35B44B
+-------------------------+-----------------------------------+
| Dennis Clarke | Solaris and Linux and Open Source |
| dclarke@blastwave.org | Respect for open standards. |
+-------------------------+-----------------------------------+