This is the mail archive of the
gcc-testresults@gcc.gnu.org
mailing list for the GCC project.
Results for 4.7.0 20120228 (experimental) [trunk revision 184640] (Debian 20120228-1) testsuite on s390x-ibm-linux-gnu
- From: Matthias Klose <doko at debian dot org>
- To: gcc-testresults at gcc dot gnu dot org
- Cc: debian-gcc at lists dot debian dot org
- Date: Fri, 02 Mar 2012 17:54:31 +0000
- Subject: Results for 4.7.0 20120228 (experimental) [trunk revision 184640] (Debian 20120228-1) testsuite on s390x-ibm-linux-gnu
- Reply-to: Matthias Klose <doko at debian dot org>
LAST_UPDATED: Tue Feb 28 20:28:36 UTC 2012 (revision 184640)
Target: s390x-linux-gnu
gcc version 4.7.0 20120228 (experimental) [trunk revision 184640] (Debian 20120228-1)
=== acats tests ===
FAIL: c52103x
FAIL: c52104x
FAIL: c52104y
FAIL: c960001
FAIL: cb1010a
=== acats Summary ===
# of expected passes 2315
# of unexpected failures 5
Native configuration is s390x-ibm-linux-gnu
=== g++ tests ===
Running target unix
UNRESOLVED: attribute_plugin.c compilation, -I. -I/build/buildd-gcc-snapshot_20120228-1-s390x-wcNdJw/gcc-snapshot-20120228/src/gcc/testsuite -I/build/buildd-gcc-snapshot_20120228-1-s390x-wcNdJw/gcc-snapshot-20120228/src/gcc/testsuite/../../gcc -I/build/buildd-gcc-snapshot_20120228-1-s390x-wcNdJw/gcc-snapshot-20120228/build/gcc/testsuite/g++/../../../gcc -I/build/buildd-gcc-snapshot_20120228-1-s390x-wcNdJw/gcc-snapshot-20120228/src/gcc/testsuite/../../include -I/build/buildd-gcc-snapshot_20120228-1-s390x-wcNdJw/gcc-snapshot-20120228/src/gcc/testsuite/../../libcpp/include -I/build/buildd-gcc-snapshot_20120228-1-s390x-wcNdJw/gcc-snapshot-20120228/build/gcc/testsuite/g++/../../../intl -DIN_GCC -fPIC -shared
UNRESOLVED: pragma_plugin.c compilation, -I. -I/build/buildd-gcc-snapshot_20120228-1-s390x-wcNdJw/gcc-snapshot-20120228/src/gcc/testsuite -I/build/buildd-gcc-snapshot_20120228-1-s390x-wcNdJw/gcc-snapshot-20120228/src/gcc/testsuite/../../gcc -I/build/buildd-gcc-snapshot_20120228-1-s390x-wcNdJw/gcc-snapshot-20120228/build/gcc/testsuite/g++/../../../gcc -I/build/buildd-gcc-snapshot_20120228-1-s390x-wcNdJw/gcc-snapshot-20120228/src/gcc/testsuite/../../include -I/build/buildd-gcc-snapshot_20120228-1-s390x-wcNdJw/gcc-snapshot-20120228/src/gcc/testsuite/../../libcpp/include -I/build/buildd-gcc-snapshot_20120228-1-s390x-wcNdJw/gcc-snapshot-20120228/build/gcc/testsuite/g++/../../../intl -DIN_GCC -fPIC -shared
UNRESOLVED: selfassign.c compilation, -I. -I/build/buildd-gcc-snapshot_20120228-1-s390x-wcNdJw/gcc-snapshot-20120228/src/gcc/testsuite -I/build/buildd-gcc-snapshot_20120228-1-s390x-wcNdJw/gcc-snapshot-20120228/src/gcc/testsuite/../../gcc -I/build/buildd-gcc-snapshot_20120228-1-s390x-wcNdJw/gcc-snapshot-20120228/build/gcc/testsuite/g++/../../../gcc -I/build/buildd-gcc-snapshot_20120228-1-s390x-wcNdJw/gcc-snapshot-20120228/src/gcc/testsuite/../../include -I/build/buildd-gcc-snapshot_20120228-1-s390x-wcNdJw/gcc-snapshot-20120228/src/gcc/testsuite/../../libcpp/include -I/build/buildd-gcc-snapshot_20120228-1-s390x-wcNdJw/gcc-snapshot-20120228/build/gcc/testsuite/g++/../../../intl -O -DIN_GCC -fPIC -shared
UNRESOLVED: dumb_plugin.c compilation, -I. -I/build/buildd-gcc-snapshot_20120228-1-s390x-wcNdJw/gcc-snapshot-20120228/src/gcc/testsuite -I/build/buildd-gcc-snapshot_20120228-1-s390x-wcNdJw/gcc-snapshot-20120228/src/gcc/testsuite/../../gcc -I/build/buildd-gcc-snapshot_20120228-1-s390x-wcNdJw/gcc-snapshot-20120228/build/gcc/testsuite/g++/../../../gcc -I/build/buildd-gcc-snapshot_20120228-1-s390x-wcNdJw/gcc-snapshot-20120228/src/gcc/testsuite/../../include -I/build/buildd-gcc-snapshot_20120228-1-s390x-wcNdJw/gcc-snapshot-20120228/src/gcc/testsuite/../../libcpp/include -I/build/buildd-gcc-snapshot_20120228-1-s390x-wcNdJw/gcc-snapshot-20120228/build/gcc/testsuite/g++/../../../intl -DIN_GCC -fPIC -shared
UNRESOLVED: header_plugin.c compilation, -I. -I/build/buildd-gcc-snapshot_20120228-1-s390x-wcNdJw/gcc-snapshot-20120228/src/gcc/testsuite -I/build/buildd-gcc-snapshot_20120228-1-s390x-wcNdJw/gcc-snapshot-20120228/src/gcc/testsuite/../../gcc -I/build/buildd-gcc-snapshot_20120228-1-s390x-wcNdJw/gcc-snapshot-20120228/build/gcc/testsuite/g++/../../../gcc -I/build/buildd-gcc-snapshot_20120228-1-s390x-wcNdJw/gcc-snapshot-20120228/src/gcc/testsuite/../../include -I/build/buildd-gcc-snapshot_20120228-1-s390x-wcNdJw/gcc-snapshot-20120228/src/gcc/testsuite/../../libcpp/include -I/build/buildd-gcc-snapshot_20120228-1-s390x-wcNdJw/gcc-snapshot-20120228/build/gcc/testsuite/g++/../../../intl -DIN_GCC -fPIC -shared
UNRESOLVED: decl_plugin.c compilation, -I. -I/build/buildd-gcc-snapshot_20120228-1-s390x-wcNdJw/gcc-snapshot-20120228/src/gcc/testsuite -I/build/buildd-gcc-snapshot_20120228-1-s390x-wcNdJw/gcc-snapshot-20120228/src/gcc/testsuite/../../gcc -I/build/buildd-gcc-snapshot_20120228-1-s390x-wcNdJw/gcc-snapshot-20120228/build/gcc/testsuite/g++/../../../gcc -I/build/buildd-gcc-snapshot_20120228-1-s390x-wcNdJw/gcc-snapshot-20120228/src/gcc/testsuite/../../include -I/build/buildd-gcc-snapshot_20120228-1-s390x-wcNdJw/gcc-snapshot-20120228/src/gcc/testsuite/../../libcpp/include -I/build/buildd-gcc-snapshot_20120228-1-s390x-wcNdJw/gcc-snapshot-20120228/build/gcc/testsuite/g++/../../../intl -DIN_GCC -fPIC -shared
=== g++ Summary ===
# of expected passes 48070
# of expected failures 286
# of unresolved testcases 6
# of unsupported tests 629
/build/buildd-gcc-snapshot_20120228-1-s390x-wcNdJw/gcc-snapshot-20120228/build/gcc/testsuite/g++/../../g++ version 4.7.0 20120228 (experimental) [trunk revision 184640] (Debian 20120228-1)
=== gcc tests ===
Running target unix
FAIL: gcc.dg/uninit-13.c unconditional (test for warnings, line 8)
FAIL: gcc.dg/uninit-13.c (test for excess errors)
FAIL: gcc.dg/lto/trans-mem-1 c_lto_trans-mem-1_0.o-c_lto_trans-mem-1_1.o link, -flto -fgnu-tm
UNRESOLVED: gcc.dg/lto/trans-mem-1 c_lto_trans-mem-1_0.o-c_lto_trans-mem-1_1.o execute -flto -fgnu-tm
FAIL: gcc.dg/lto/trans-mem-2 c_lto_trans-mem-2_0.o-c_lto_trans-mem-2_1.o link, -flto -fgnu-tm
UNRESOLVED: gcc.dg/lto/trans-mem-2 c_lto_trans-mem-2_0.o-c_lto_trans-mem-2_1.o execute -flto -fgnu-tm
FAIL: gcc.dg/lto/trans-mem-4 c_lto_trans-mem-4_0.o-c_lto_trans-mem-4_1.o link, -flto -fgnu-tm
UNRESOLVED: gcc.dg/lto/trans-mem-4 c_lto_trans-mem-4_0.o-c_lto_trans-mem-4_1.o execute -flto -fgnu-tm
UNRESOLVED: selfassign.c compilation, -I. -I/build/buildd-gcc-snapshot_20120228-1-s390x-wcNdJw/gcc-snapshot-20120228/src/gcc/testsuite -I/build/buildd-gcc-snapshot_20120228-1-s390x-wcNdJw/gcc-snapshot-20120228/src/gcc/testsuite/../../gcc -I/build/buildd-gcc-snapshot_20120228-1-s390x-wcNdJw/gcc-snapshot-20120228/build/gcc/testsuite/gcc/../../../gcc -I/build/buildd-gcc-snapshot_20120228-1-s390x-wcNdJw/gcc-snapshot-20120228/src/gcc/testsuite/../../include -I/build/buildd-gcc-snapshot_20120228-1-s390x-wcNdJw/gcc-snapshot-20120228/src/gcc/testsuite/../../libcpp/include -I/build/buildd-gcc-snapshot_20120228-1-s390x-wcNdJw/gcc-snapshot-20120228/build/gcc/testsuite/gcc/../../../intl -O -DIN_GCC -fPIC -shared
UNRESOLVED: ggcplug.c compilation, -I. -I/build/buildd-gcc-snapshot_20120228-1-s390x-wcNdJw/gcc-snapshot-20120228/src/gcc/testsuite -I/build/buildd-gcc-snapshot_20120228-1-s390x-wcNdJw/gcc-snapshot-20120228/src/gcc/testsuite/../../gcc -I/build/buildd-gcc-snapshot_20120228-1-s390x-wcNdJw/gcc-snapshot-20120228/build/gcc/testsuite/gcc/../../../gcc -I/build/buildd-gcc-snapshot_20120228-1-s390x-wcNdJw/gcc-snapshot-20120228/src/gcc/testsuite/../../include -I/build/buildd-gcc-snapshot_20120228-1-s390x-wcNdJw/gcc-snapshot-20120228/src/gcc/testsuite/../../libcpp/include -I/build/buildd-gcc-snapshot_20120228-1-s390x-wcNdJw/gcc-snapshot-20120228/build/gcc/testsuite/gcc/../../../intl -O -DIN_GCC -fPIC -shared
UNRESOLVED: one_time_plugin.c compilation, -I. -I/build/buildd-gcc-snapshot_20120228-1-s390x-wcNdJw/gcc-snapshot-20120228/src/gcc/testsuite -I/build/buildd-gcc-snapshot_20120228-1-s390x-wcNdJw/gcc-snapshot-20120228/src/gcc/testsuite/../../gcc -I/build/buildd-gcc-snapshot_20120228-1-s390x-wcNdJw/gcc-snapshot-20120228/build/gcc/testsuite/gcc/../../../gcc -I/build/buildd-gcc-snapshot_20120228-1-s390x-wcNdJw/gcc-snapshot-20120228/src/gcc/testsuite/../../include -I/build/buildd-gcc-snapshot_20120228-1-s390x-wcNdJw/gcc-snapshot-20120228/src/gcc/testsuite/../../libcpp/include -I/build/buildd-gcc-snapshot_20120228-1-s390x-wcNdJw/gcc-snapshot-20120228/build/gcc/testsuite/gcc/../../../intl -DIN_GCC -fPIC -shared
UNRESOLVED: start_unit_plugin.c compilation, -I. -I/build/buildd-gcc-snapshot_20120228-1-s390x-wcNdJw/gcc-snapshot-20120228/src/gcc/testsuite -I/build/buildd-gcc-snapshot_20120228-1-s390x-wcNdJw/gcc-snapshot-20120228/src/gcc/testsuite/../../gcc -I/build/buildd-gcc-snapshot_20120228-1-s390x-wcNdJw/gcc-snapshot-20120228/build/gcc/testsuite/gcc/../../../gcc -I/build/buildd-gcc-snapshot_20120228-1-s390x-wcNdJw/gcc-snapshot-20120228/src/gcc/testsuite/../../include -I/build/buildd-gcc-snapshot_20120228-1-s390x-wcNdJw/gcc-snapshot-20120228/src/gcc/testsuite/../../libcpp/include -I/build/buildd-gcc-snapshot_20120228-1-s390x-wcNdJw/gcc-snapshot-20120228/build/gcc/testsuite/gcc/../../../intl -DIN_GCC -fPIC -shared
UNRESOLVED: finish_unit_plugin.c compilation, -I. -I/build/buildd-gcc-snapshot_20120228-1-s390x-wcNdJw/gcc-snapshot-20120228/src/gcc/testsuite -I/build/buildd-gcc-snapshot_20120228-1-s390x-wcNdJw/gcc-snapshot-20120228/src/gcc/testsuite/../../gcc -I/build/buildd-gcc-snapshot_20120228-1-s390x-wcNdJw/gcc-snapshot-20120228/build/gcc/testsuite/gcc/../../../gcc -I/build/buildd-gcc-snapshot_20120228-1-s390x-wcNdJw/gcc-snapshot-20120228/src/gcc/testsuite/../../include -I/build/buildd-gcc-snapshot_20120228-1-s390x-wcNdJw/gcc-snapshot-20120228/src/gcc/testsuite/../../libcpp/include -I/build/buildd-gcc-snapshot_20120228-1-s390x-wcNdJw/gcc-snapshot-20120228/build/gcc/testsuite/gcc/../../../intl -DIN_GCC -fPIC -shared
XPASS: gcc.dg/tree-ssa/20040204-1.c scan-tree-dump-times optimized "link_error" 0
=== gcc Summary ===
# of expected passes 74447
# of unexpected failures 5
# of unexpected successes 1
# of expected failures 111
# of unresolved testcases 8
# of unsupported tests 1140
/build/buildd-gcc-snapshot_20120228-1-s390x-wcNdJw/gcc-snapshot-20120228/build/gcc/xgcc version 4.7.0 20120228 (experimental) [trunk revision 184640] (Debian 20120228-1)
=== gfortran tests ===
Running target unix
FAIL: gfortran.dg/bessel_7.f90 -O0 execution test
FAIL: gfortran.dg/bessel_7.f90 -O1 execution test
FAIL: gfortran.dg/bessel_7.f90 -O2 execution test
FAIL: gfortran.dg/bessel_7.f90 -O3 -fomit-frame-pointer execution test
FAIL: gfortran.dg/bessel_7.f90 -O3 -fomit-frame-pointer -funroll-loops execution test
FAIL: gfortran.dg/bessel_7.f90 -O3 -fomit-frame-pointer -funroll-all-loops -finline-functions execution test
FAIL: gfortran.dg/bessel_7.f90 -O3 -g execution test
FAIL: gfortran.dg/bessel_7.f90 -Os execution test
=== gfortran Summary ===
# of expected passes 40303
# of unexpected failures 8
# of expected failures 56
# of unsupported tests 85
/build/buildd-gcc-snapshot_20120228-1-s390x-wcNdJw/gcc-snapshot-20120228/build/gcc/testsuite/gfortran/../../gfortran version 4.7.0 20120228 (experimental) [trunk revision 184640] (Debian 20120228-1)
=== gnat tests ===
Running target unix
FAIL: gnat.dg/lto8.adb (test for excess errors)
UNRESOLVED: gnat.dg/lto8.adb compilation failed to produce executable
=== gnat Summary ===
# of expected passes 1061
# of unexpected failures 1
# of expected failures 13
# of unresolved testcases 1
# of unsupported tests 11
/build/buildd-gcc-snapshot_20120228-1-s390x-wcNdJw/gcc-snapshot-20120228/build/gcc/gnatmake version 4.7.0 20120228 (experimental) [trunk revision 184640]
=== go tests ===
Running target unix
UNRESOLVED: go.test/test/235.go compilation, -O2 -g
UNRESOLVED: go.test/test/64bit.go -O (test for excess errors)
UNRESOLVED: go.test/test/chan/doubleselect.go compilation, -O2 -g
FAIL: go.test/test/env.go execution, -O2 -g
UNRESOLVED: go.test/test/if.go compilation, -O2 -g
FAIL: go.test/test/nilptr.go execution, -O2 -g
ERROR: s390x-ibm-linux-gnu: unhandled architecture
ERROR: s390x-ibm-linux-gnu: unhandled architecture
ERROR: s390x-ibm-linux-gnu: unhandled architecture
ERROR: s390x-ibm-linux-gnu: unhandled architecture
=== go Summary ===
# of expected passes 3293
# of unexpected failures 2
# of expected failures 4
# of untested testcases 6
# of unresolved testcases 4
/build/buildd-gcc-snapshot_20120228-1-s390x-wcNdJw/gcc-snapshot-20120228/build/gcc/testsuite/go/../../gccgo version 4.7.0 20120228 (experimental) [trunk revision 184640] (Debian 20120228-1)
=== obj-c++ tests ===
Running target unix
=== obj-c++ Summary ===
# of expected passes 1442
# of expected failures 10
# of unsupported tests 86
/build/buildd-gcc-snapshot_20120228-1-s390x-wcNdJw/gcc-snapshot-20120228/build/gcc/testsuite/obj-c++/../../g++ version 4.7.0 20120228 (experimental) [trunk revision 184640] (Debian 20120228-1)
=== objc tests ===
Running target unix
=== objc Summary ===
# of expected passes 2994
# of unsupported tests 74
/build/buildd-gcc-snapshot_20120228-1-s390x-wcNdJw/gcc-snapshot-20120228/build/gcc/xgcc version 4.7.0 20120228 (experimental) [trunk revision 184640] (Debian 20120228-1)
=== boehm-gc tests ===
Running target unix
=== boehm-gc Summary ===
# of expected passes 12
# of unsupported tests 1
=== libffi tests ===
Running target unix
=== libffi Summary ===
# of expected passes 1634
# of expected failures 10
# of unsupported tests 55
=== libgo tests ===
Running target unix
FAIL: net
FAIL: os/user
FAIL: testing/quick
=== libgo Summary for unix ===
# of expected passes 120
# of unexpected failures 3
Running target unix/-m31
FAIL: fmt
FAIL: net
FAIL: reflect
FAIL: sync
FAIL: time
FAIL: encoding/gob
FAIL: encoding/json
FAIL: html/template
FAIL: math/big
FAIL: net/http
FAIL: net/rpc
FAIL: old/regexp
FAIL: old/template
FAIL: os/user
FAIL: text/template
FAIL: text/template/parse
=== libgo Summary for unix/-m31 ===
# of expected passes 107
# of unexpected failures 16
=== libgo Summary ===
# of expected passes 227
# of unexpected failures 19
/build/buildd-gcc-snapshot_20120228-1-s390x-wcNdJw/gcc-snapshot-20120228/build/./gcc/gccgo version 4.7.0 20120228 (experimental) [trunk revision 184640] (Debian 20120228-1)
=== libgomp tests ===
Running target unix
FAIL: libgomp.c/atomic-2.c execution test
=== libgomp Summary ===
# of expected passes 2993
# of unexpected failures 1
# of unsupported tests 1
=== libjava tests ===
Running target unix
=== libjava Summary ===
# of expected passes 2574
=== libmudflap tests ===
Running target unix
=== libmudflap Summary ===
# of expected passes 1906
=== libstdc++ tests ===
Running target unix
FAIL: 22_locale/time_get/get_date/wchar_t/4.cc execution test
=== libstdc++ Summary ===
# of expected passes 8839
# of unexpected failures 1
# of expected failures 43
# of unsupported tests 143
Compiler version: 4.7.0 20120228 (experimental) [trunk revision 184640] (Debian 20120228-1)
Platform: s390x-ibm-linux-gnu
configure flags: -v --with-pkgversion='Debian 20120228-1' --with-bugurl=file:///usr/share/doc/gcc-snapshot/README.Bugs --enable-languages=c,ada,c++,java,fortran,objc,obj-c++,go --prefix=/usr/lib/gcc-snapshot --enable-shared --enable-linker-build-id --with-system-zlib --disable-nls --with-sysroot=/ --enable-clocale=gnu --enable-libstdcxx-debug --enable-libstdcxx-time=yes --disable-libitm --enable-plugin --disable-browser-plugin --enable-java-awt=gtk --enable-gtk-cairo --with-java-home=/usr/lib/jvm/java-1.5.0-gcj-4.7-snap/jre --enable-java-home --with-jvm-root-dir=/usr/lib/jvm/java-1.5.0-gcj-4.7-snap --with-jvm-jar-dir=/usr/lib/jvm-exports/java-1.5.0-gcj-4.7-snap --with-arch-directory=s390x --with-ecj-jar=/usr/share/java/eclipse-ecj.jar --enable-objc-gc --with-long-double-128 --disable-werror --enable-checking=yes --build=s390x-linux-gnu --host=s390x-linux-gnu --target=s390x-linux-gnu
BOOT_CFLAGS=
Build Dependencies:
Desired=Unknown/Install/Remove/Purge/Hold
| Status=Not/Inst/Conf-files/Unpacked/halF-conf/Half-inst/trig-aWait/Trig-pend
|/ Err?=(none)/Reinst-required (Status,Err: uppercase=bad)
||/ Name Version Description
+++-=================================-========================-========================================================================
ii binutils 2.22-3 GNU assembler, linker and binary utilities
ii g++-4.6 4.6.2-16 GNU C++ compiler
ii g++-4.6-multilib 4.6.2-16 GNU C++ compiler (multilib files)
ii g++-multilib 4:4.6.2-4 GNU C++ compiler (multilib files)
ii libc6 2.13-27 Embedded GNU C Library: Shared libraries
ii libcloog-ppl-dev 0.15.11-4 Chunky Loop Generator (development files)
ii libgmp-dev 2:5.0.4+dfsg-1 Multiprecision arithmetic library developers tools
ii libmpc-dev 0.9-4+b1 multiple precision complex floating-point library development package
ii libmpfr-dev 3.1.0-3+b1 multiple precision floating-point computation developers tools
ii libppl0.11-dev 0.11.2-6+b1 Parma Polyhedra Library (development)
gcc-sysroot:
libgo-mksysinfo:
libgo: Fix TIOCNOTTY and TIOCSCTTY definitions
arm-dynamic-linker:
For ARM hard float, set the dynamic linker to
/lib/arm-linux-gnueabihf/ld-linux.so.3.
arm-multilib:
ARM hard/soft float multilib
gcc-ice-hack:
Retry the build on an ice, save the calling options and preprocessed
source when the ice is reproducible.
gcc-ice-apport:
Report an ICE to apport (if apport is available
and the environment variable GCC_NOAPPORT is not set)
libjava-fixed-symlinks:
Remove unneed '..' elements from symlinks in JAVA_HOME
libstdc++-arm-wno-abi:
Temporary work around:
On arm-linux-gnueabi run the libstdc++v3 testsuite with -Wno-abi
ada-mips:
Improve support for mips.
libffi-ro-eh_frame_sect:
PR libffi/47248, force a read only eh frame section.
gcc-multiarch:
Add multiarch support to GCC.
Convert the multilib option to a target triplet,
add multiarch include directories and libraries path:
/usr/local/include/<arch>-linux-gnu
/usr/include/<arch>-linux-gnu
/usr/lib/<arch>-linux-gnu
to the system paths.
libjava-nobiarch-check:
For biarch builds, disable the testsuite for the non-default architecture
for runtime libraries, which are not built by default (libjava).
config-ml:
disable some biarch libraries for biarch builds
gcc-powerpc-nof:
Don't build nof multlib on powerpc.
gcc-powerpc-undef:
Undefine LINK_EH_SPEC before redefining it
http://gcc.gnu.org/ml/gcc-patches/2011-02/msg01082.html
gcc-multilib64-multiarch:
Use lib instead of lib64 as the 64bit system dir on biarch
architectures defaulting to 64bit.
gcc-no-add-needed:
On linux targets pass --no-add-needed to the linker.
mips-fix-loongson2f-nop:
On mips, pass -mfix-loongson2f-nop to as, if -mno-fix-loongson2f-nop
is not passed.
libgomp-kfreebsd-testsuite:
Disable lock-2.c test on kfreebsd-*
armhf-triplet:
add support for arm-linux-*eabi* triplets; useful for armhf
Counting all warnings,
there are 0 warnings in stage3 of this bootstrap.
Number of warnings per file:
Number of warning types: