This is the mail archive of the gcc-testresults@gcc.gnu.org mailing list for the GCC project.


Index Nav: [Date Index] [Subject Index] [Author Index] [Thread Index]
Message Nav: [Date Prev] [Date Next] [Thread Prev] [Thread Next]
Other format: [Raw text]

Results for 4.7.0 20111027 (experimental) (GCC) testsuite on powerpc-apple-darwin9.8.0


This build run by an automatic regression tester.
See <http://gcc.gnu.org/regtest/HEAD/> for more information.

Date: 2011-10-27T20:31:56Z
Revision: 180580
URL: svn://gcc.gnu.org/svn/gcc/trunk
Status: regress-35
Prev-Endtime: 2011-10-27T20:29:43Z

Native configuration is powerpc-apple-darwin9.8.0

		=== g++ tests ===


Running target unix
FAIL: g++.dg/eh/simd-3.C execution test
FAIL: g++.dg/eh/simd-4.C execution test
FAIL: g++.dg/ext/alignof2.C execution test
WARNING: g++.dg/ext/label13.C compilation failed to produce executable
FAIL: g++.dg/init/copy7.C execution test
FAIL: g++.dg/ipa/pr46984.C (test for excess errors)
WARNING: g++.dg/ipa/pr46984.C compilation failed to produce executable
FAIL: g++.dg/lto/20080709 cp_lto_20080709_0.o-cp_lto_20080709_0.o link, -O0 -flto -flto-partition=none 
UNRESOLVED: g++.dg/lto/20080709 cp_lto_20080709_0.o-cp_lto_20080709_0.o execute -O0 -flto -flto-partition=none 
FAIL: g++.dg/lto/20080709 cp_lto_20080709_0.o-cp_lto_20080709_0.o link, -O2 -flto -flto-partition=none 
UNRESOLVED: g++.dg/lto/20080709 cp_lto_20080709_0.o-cp_lto_20080709_0.o execute -O2 -flto -flto-partition=none 
FAIL: g++.dg/lto/20080709 cp_lto_20080709_0.o-cp_lto_20080709_0.o link, -O0 -flto -flto-partition=1to1 
UNRESOLVED: g++.dg/lto/20080709 cp_lto_20080709_0.o-cp_lto_20080709_0.o execute -O0 -flto -flto-partition=1to1 
FAIL: g++.dg/lto/20080709 cp_lto_20080709_0.o-cp_lto_20080709_0.o link, -O2 -flto -flto-partition=1to1 
UNRESOLVED: g++.dg/lto/20080709 cp_lto_20080709_0.o-cp_lto_20080709_0.o execute -O2 -flto -flto-partition=1to1 
FAIL: g++.dg/lto/20080709 cp_lto_20080709_0.o-cp_lto_20080709_0.o link, -O0 -flto 
UNRESOLVED: g++.dg/lto/20080709 cp_lto_20080709_0.o-cp_lto_20080709_0.o execute -O0 -flto 
FAIL: g++.dg/lto/20080709 cp_lto_20080709_0.o-cp_lto_20080709_0.o link, -O2 -flto
UNRESOLVED: g++.dg/lto/20080709 cp_lto_20080709_0.o-cp_lto_20080709_0.o execute -O2 -flto
FAIL: g++.dg/lto/20080904 cp_lto_20080904_0.o-cp_lto_20080904_0.o link, -O0 -flto -flto-partition=none 
UNRESOLVED: g++.dg/lto/20080904 cp_lto_20080904_0.o-cp_lto_20080904_0.o execute -O0 -flto -flto-partition=none 
FAIL: g++.dg/lto/20080904 cp_lto_20080904_0.o-cp_lto_20080904_0.o link, -O2 -flto -flto-partition=none 
UNRESOLVED: g++.dg/lto/20080904 cp_lto_20080904_0.o-cp_lto_20080904_0.o execute -O2 -flto -flto-partition=none 
FAIL: g++.dg/lto/20080904 cp_lto_20080904_0.o-cp_lto_20080904_0.o link, -O0 -flto -flto-partition=1to1 
UNRESOLVED: g++.dg/lto/20080904 cp_lto_20080904_0.o-cp_lto_20080904_0.o execute -O0 -flto -flto-partition=1to1 
FAIL: g++.dg/lto/20080904 cp_lto_20080904_0.o-cp_lto_20080904_0.o link, -O2 -flto -flto-partition=1to1 
UNRESOLVED: g++.dg/lto/20080904 cp_lto_20080904_0.o-cp_lto_20080904_0.o execute -O2 -flto -flto-partition=1to1 
FAIL: g++.dg/lto/20080904 cp_lto_20080904_0.o-cp_lto_20080904_0.o link, -O0 -flto 
UNRESOLVED: g++.dg/lto/20080904 cp_lto_20080904_0.o-cp_lto_20080904_0.o execute -O0 -flto 
FAIL: g++.dg/lto/20080904 cp_lto_20080904_0.o-cp_lto_20080904_0.o link, -O2 -flto
UNRESOLVED: g++.dg/lto/20080904 cp_lto_20080904_0.o-cp_lto_20080904_0.o execute -O2 -flto
FAIL: g++.dg/lto/20080908-1 cp_lto_20080908-1_0.o-cp_lto_20080908-1_0.o link, -O0 -flto -flto-partition=none 
UNRESOLVED: g++.dg/lto/20080908-1 cp_lto_20080908-1_0.o-cp_lto_20080908-1_0.o execute -O0 -flto -flto-partition=none 
FAIL: g++.dg/lto/20080908-1 cp_lto_20080908-1_0.o-cp_lto_20080908-1_0.o link, -O2 -flto -flto-partition=none 
UNRESOLVED: g++.dg/lto/20080908-1 cp_lto_20080908-1_0.o-cp_lto_20080908-1_0.o execute -O2 -flto -flto-partition=none 
FAIL: g++.dg/lto/20080908-1 cp_lto_20080908-1_0.o-cp_lto_20080908-1_0.o link, -O0 -flto -flto-partition=1to1 
UNRESOLVED: g++.dg/lto/20080908-1 cp_lto_20080908-1_0.o-cp_lto_20080908-1_0.o execute -O0 -flto -flto-partition=1to1 
FAIL: g++.dg/lto/20080908-1 cp_lto_20080908-1_0.o-cp_lto_20080908-1_0.o link, -O2 -flto -flto-partition=1to1 
UNRESOLVED: g++.dg/lto/20080908-1 cp_lto_20080908-1_0.o-cp_lto_20080908-1_0.o execute -O2 -flto -flto-partition=1to1 
FAIL: g++.dg/lto/20080908-1 cp_lto_20080908-1_0.o-cp_lto_20080908-1_0.o link, -O0 -flto 
UNRESOLVED: g++.dg/lto/20080908-1 cp_lto_20080908-1_0.o-cp_lto_20080908-1_0.o execute -O0 -flto 
FAIL: g++.dg/lto/20080908-1 cp_lto_20080908-1_0.o-cp_lto_20080908-1_0.o link, -O2 -flto
UNRESOLVED: g++.dg/lto/20080908-1 cp_lto_20080908-1_0.o-cp_lto_20080908-1_0.o execute -O2 -flto
FAIL: g++.dg/lto/20080908-3 cp_lto_20080908-3_0.o-cp_lto_20080908-3_0.o link, -O0 -flto -flto-partition=none 
UNRESOLVED: g++.dg/lto/20080908-3 cp_lto_20080908-3_0.o-cp_lto_20080908-3_0.o execute -O0 -flto -flto-partition=none 
FAIL: g++.dg/lto/20080908-3 cp_lto_20080908-3_0.o-cp_lto_20080908-3_0.o link, -O2 -flto -flto-partition=none 
UNRESOLVED: g++.dg/lto/20080908-3 cp_lto_20080908-3_0.o-cp_lto_20080908-3_0.o execute -O2 -flto -flto-partition=none 
FAIL: g++.dg/lto/20080908-3 cp_lto_20080908-3_0.o-cp_lto_20080908-3_0.o link, -O0 -flto -flto-partition=1to1 
UNRESOLVED: g++.dg/lto/20080908-3 cp_lto_20080908-3_0.o-cp_lto_20080908-3_0.o execute -O0 -flto -flto-partition=1to1 
FAIL: g++.dg/lto/20080908-3 cp_lto_20080908-3_0.o-cp_lto_20080908-3_0.o link, -O2 -flto -flto-partition=1to1 
UNRESOLVED: g++.dg/lto/20080908-3 cp_lto_20080908-3_0.o-cp_lto_20080908-3_0.o execute -O2 -flto -flto-partition=1to1 
FAIL: g++.dg/lto/20080908-3 cp_lto_20080908-3_0.o-cp_lto_20080908-3_0.o link, -O0 -flto 
UNRESOLVED: g++.dg/lto/20080908-3 cp_lto_20080908-3_0.o-cp_lto_20080908-3_0.o execute -O0 -flto 
FAIL: g++.dg/lto/20080908-3 cp_lto_20080908-3_0.o-cp_lto_20080908-3_0.o link, -O2 -flto
UNRESOLVED: g++.dg/lto/20080908-3 cp_lto_20080908-3_0.o-cp_lto_20080908-3_0.o execute -O2 -flto
FAIL: g++.dg/lto/20081022 cp_lto_20081022_0.o-cp_lto_20081022_1.o link, -O0 -flto -flto-partition=none 
UNRESOLVED: g++.dg/lto/20081022 cp_lto_20081022_0.o-cp_lto_20081022_1.o execute -O0 -flto -flto-partition=none 
FAIL: g++.dg/lto/20081022 cp_lto_20081022_0.o-cp_lto_20081022_1.o link, -O2 -flto -flto-partition=none 
UNRESOLVED: g++.dg/lto/20081022 cp_lto_20081022_0.o-cp_lto_20081022_1.o execute -O2 -flto -flto-partition=none 
FAIL: g++.dg/lto/20081022 cp_lto_20081022_0.o-cp_lto_20081022_1.o link, -O0 -flto -flto-partition=1to1 
UNRESOLVED: g++.dg/lto/20081022 cp_lto_20081022_0.o-cp_lto_20081022_1.o execute -O0 -flto -flto-partition=1to1 
FAIL: g++.dg/lto/20081022 cp_lto_20081022_0.o-cp_lto_20081022_1.o link, -O2 -flto -flto-partition=1to1 
UNRESOLVED: g++.dg/lto/20081022 cp_lto_20081022_0.o-cp_lto_20081022_1.o execute -O2 -flto -flto-partition=1to1 
FAIL: g++.dg/lto/20081022 cp_lto_20081022_0.o-cp_lto_20081022_1.o link, -O0 -flto 
UNRESOLVED: g++.dg/lto/20081022 cp_lto_20081022_0.o-cp_lto_20081022_1.o execute -O0 -flto 
FAIL: g++.dg/lto/20081022 cp_lto_20081022_0.o-cp_lto_20081022_1.o link, -O2 -flto
UNRESOLVED: g++.dg/lto/20081022 cp_lto_20081022_0.o-cp_lto_20081022_1.o execute -O2 -flto
FAIL: g++.dg/lto/20081023 cp_lto_20081023_0.o-cp_lto_20081023_0.o link, -O0 -flto -flto-partition=none 
UNRESOLVED: g++.dg/lto/20081023 cp_lto_20081023_0.o-cp_lto_20081023_0.o execute -O0 -flto -flto-partition=none 
FAIL: g++.dg/lto/20081023 cp_lto_20081023_0.o-cp_lto_20081023_0.o link, -O2 -flto -flto-partition=none 
UNRESOLVED: g++.dg/lto/20081023 cp_lto_20081023_0.o-cp_lto_20081023_0.o execute -O2 -flto -flto-partition=none 
FAIL: g++.dg/lto/20081023 cp_lto_20081023_0.o-cp_lto_20081023_0.o link, -O0 -flto -flto-partition=1to1 
UNRESOLVED: g++.dg/lto/20081023 cp_lto_20081023_0.o-cp_lto_20081023_0.o execute -O0 -flto -flto-partition=1to1 
FAIL: g++.dg/lto/20081023 cp_lto_20081023_0.o-cp_lto_20081023_0.o link, -O2 -flto -flto-partition=1to1 
UNRESOLVED: g++.dg/lto/20081023 cp_lto_20081023_0.o-cp_lto_20081023_0.o execute -O2 -flto -flto-partition=1to1 
FAIL: g++.dg/lto/20081023 cp_lto_20081023_0.o-cp_lto_20081023_0.o link, -O0 -flto 
UNRESOLVED: g++.dg/lto/20081023 cp_lto_20081023_0.o-cp_lto_20081023_0.o execute -O0 -flto 
FAIL: g++.dg/lto/20081023 cp_lto_20081023_0.o-cp_lto_20081023_0.o link, -O2 -flto
UNRESOLVED: g++.dg/lto/20081023 cp_lto_20081023_0.o-cp_lto_20081023_0.o execute -O2 -flto
FAIL: g++.dg/lto/20081109-1 cp_lto_20081109-1_0.o-cp_lto_20081109-1_0.o link, -fPIC -flto -flto-partition=1to1
UNRESOLVED: g++.dg/lto/20081109-1 cp_lto_20081109-1_0.o-cp_lto_20081109-1_0.o execute -fPIC -flto -flto-partition=1to1
FAIL: g++.dg/lto/20081109 cp_lto_20081109_0.o-cp_lto_20081109_1.o link, -O0 -flto -flto-partition=none 
UNRESOLVED: g++.dg/lto/20081109 cp_lto_20081109_0.o-cp_lto_20081109_1.o execute -O0 -flto -flto-partition=none 
FAIL: g++.dg/lto/20081109 cp_lto_20081109_0.o-cp_lto_20081109_1.o link, -O2 -flto -flto-partition=none 
UNRESOLVED: g++.dg/lto/20081109 cp_lto_20081109_0.o-cp_lto_20081109_1.o execute -O2 -flto -flto-partition=none 
FAIL: g++.dg/lto/20081109 cp_lto_20081109_0.o-cp_lto_20081109_1.o link, -O0 -flto -flto-partition=1to1 
UNRESOLVED: g++.dg/lto/20081109 cp_lto_20081109_0.o-cp_lto_20081109_1.o execute -O0 -flto -flto-partition=1to1 
FAIL: g++.dg/lto/20081109 cp_lto_20081109_0.o-cp_lto_20081109_1.o link, -O2 -flto -flto-partition=1to1 
UNRESOLVED: g++.dg/lto/20081109 cp_lto_20081109_0.o-cp_lto_20081109_1.o execute -O2 -flto -flto-partition=1to1 
FAIL: g++.dg/lto/20081109 cp_lto_20081109_0.o-cp_lto_20081109_1.o link, -O0 -flto 
UNRESOLVED: g++.dg/lto/20081109 cp_lto_20081109_0.o-cp_lto_20081109_1.o execute -O0 -flto 
FAIL: g++.dg/lto/20081109 cp_lto_20081109_0.o-cp_lto_20081109_1.o link, -O2 -flto
UNRESOLVED: g++.dg/lto/20081109 cp_lto_20081109_0.o-cp_lto_20081109_1.o execute -O2 -flto
FAIL: g++.dg/lto/20081118-1 cp_lto_20081118-1_0.o-cp_lto_20081118-1_1.o link, -O0 -flto -flto-partition=none 
UNRESOLVED: g++.dg/lto/20081118-1 cp_lto_20081118-1_0.o-cp_lto_20081118-1_1.o execute -O0 -flto -flto-partition=none 
FAIL: g++.dg/lto/20081118-1 cp_lto_20081118-1_0.o-cp_lto_20081118-1_1.o link, -O2 -flto -flto-partition=none 
UNRESOLVED: g++.dg/lto/20081118-1 cp_lto_20081118-1_0.o-cp_lto_20081118-1_1.o execute -O2 -flto -flto-partition=none 
FAIL: g++.dg/lto/20081118-1 cp_lto_20081118-1_0.o-cp_lto_20081118-1_1.o link, -O0 -flto -flto-partition=1to1 
UNRESOLVED: g++.dg/lto/20081118-1 cp_lto_20081118-1_0.o-cp_lto_20081118-1_1.o execute -O0 -flto -flto-partition=1to1 
FAIL: g++.dg/lto/20081118-1 cp_lto_20081118-1_0.o-cp_lto_20081118-1_1.o link, -O2 -flto -flto-partition=1to1 
UNRESOLVED: g++.dg/lto/20081118-1 cp_lto_20081118-1_0.o-cp_lto_20081118-1_1.o execute -O2 -flto -flto-partition=1to1 
FAIL: g++.dg/lto/20081118-1 cp_lto_20081118-1_0.o-cp_lto_20081118-1_1.o link, -O0 -flto 
UNRESOLVED: g++.dg/lto/20081118-1 cp_lto_20081118-1_0.o-cp_lto_20081118-1_1.o execute -O0 -flto 
FAIL: g++.dg/lto/20081118-1 cp_lto_20081118-1_0.o-cp_lto_20081118-1_1.o link, -O2 -flto
UNRESOLVED: g++.dg/lto/20081118-1 cp_lto_20081118-1_0.o-cp_lto_20081118-1_1.o execute -O2 -flto
FAIL: g++.dg/lto/20081118 cp_lto_20081118_0.o-cp_lto_20081118_1.o link, -fPIC -flto -flto-partition=1to1 -r -nostdlib
UNRESOLVED: g++.dg/lto/20081118 cp_lto_20081118_0.o-cp_lto_20081118_1.o execute -fPIC -flto -flto-partition=1to1 -r -nostdlib
FAIL: g++.dg/lto/20081119-1 cp_lto_20081119-1_0.o-cp_lto_20081119-1_1.o link, -fPIC -flto -flto-partition=1to1 -r -nostdlib
UNRESOLVED: g++.dg/lto/20081119-1 cp_lto_20081119-1_0.o-cp_lto_20081119-1_1.o execute -fPIC -flto -flto-partition=1to1 -r -nostdlib
FAIL: g++.dg/lto/20081119 cp_lto_20081119_0.o-cp_lto_20081119_1.o link, -O0 -flto -flto-partition=none 
UNRESOLVED: g++.dg/lto/20081119 cp_lto_20081119_0.o-cp_lto_20081119_1.o execute -O0 -flto -flto-partition=none 
FAIL: g++.dg/lto/20081119 cp_lto_20081119_0.o-cp_lto_20081119_1.o link, -O2 -flto -flto-partition=none 
UNRESOLVED: g++.dg/lto/20081119 cp_lto_20081119_0.o-cp_lto_20081119_1.o execute -O2 -flto -flto-partition=none 
FAIL: g++.dg/lto/20081119 cp_lto_20081119_0.o-cp_lto_20081119_1.o link, -O0 -flto -flto-partition=1to1 
UNRESOLVED: g++.dg/lto/20081119 cp_lto_20081119_0.o-cp_lto_20081119_1.o execute -O0 -flto -flto-partition=1to1 
FAIL: g++.dg/lto/20081119 cp_lto_20081119_0.o-cp_lto_20081119_1.o link, -O2 -flto -flto-partition=1to1 
UNRESOLVED: g++.dg/lto/20081119 cp_lto_20081119_0.o-cp_lto_20081119_1.o execute -O2 -flto -flto-partition=1to1 
FAIL: g++.dg/lto/20081119 cp_lto_20081119_0.o-cp_lto_20081119_1.o link, -O0 -flto 
UNRESOLVED: g++.dg/lto/20081119 cp_lto_20081119_0.o-cp_lto_20081119_1.o execute -O0 -flto 
FAIL: g++.dg/lto/20081119 cp_lto_20081119_0.o-cp_lto_20081119_1.o link, -O2 -flto
UNRESOLVED: g++.dg/lto/20081119 cp_lto_20081119_0.o-cp_lto_20081119_1.o execute -O2 -flto
FAIL: g++.dg/lto/20081120-1 cp_lto_20081120-1_0.o-cp_lto_20081120-1_1.o link, -flto -r -nostdlib
UNRESOLVED: g++.dg/lto/20081120-1 cp_lto_20081120-1_0.o-cp_lto_20081120-1_1.o execute -flto -r -nostdlib
FAIL: g++.dg/lto/20081120-2 cp_lto_20081120-2_0.o-cp_lto_20081120-2_1.o link, -flto -r -nostdlib
UNRESOLVED: g++.dg/lto/20081120-2 cp_lto_20081120-2_0.o-cp_lto_20081120-2_1.o execute -flto -r -nostdlib
FAIL: g++.dg/lto/20081123 cp_lto_20081123_0.o-cp_lto_20081123_1.o link, -flto -flto-partition=1to1 -r -nostdlib -fPIC
UNRESOLVED: g++.dg/lto/20081123 cp_lto_20081123_0.o-cp_lto_20081123_1.o execute -flto -flto-partition=1to1 -r -nostdlib -fPIC
FAIL: g++.dg/lto/20081125 cp_lto_20081125_0.o-cp_lto_20081125_1.o link, -flto -flto-partition=1to1
UNRESOLVED: g++.dg/lto/20081125 cp_lto_20081125_0.o-cp_lto_20081125_1.o execute -flto -flto-partition=1to1
FAIL: g++.dg/lto/20081127 cp_lto_20081127_0.o-cp_lto_20081127_1.o link, -O0 -flto -flto-partition=none 
UNRESOLVED: g++.dg/lto/20081127 cp_lto_20081127_0.o-cp_lto_20081127_1.o execute -O0 -flto -flto-partition=none 
FAIL: g++.dg/lto/20081127 cp_lto_20081127_0.o-cp_lto_20081127_1.o link, -O2 -flto -flto-partition=none 
UNRESOLVED: g++.dg/lto/20081127 cp_lto_20081127_0.o-cp_lto_20081127_1.o execute -O2 -flto -flto-partition=none 
FAIL: g++.dg/lto/20081127 cp_lto_20081127_0.o-cp_lto_20081127_1.o link, -O0 -flto -flto-partition=1to1 
UNRESOLVED: g++.dg/lto/20081127 cp_lto_20081127_0.o-cp_lto_20081127_1.o execute -O0 -flto -flto-partition=1to1 
FAIL: g++.dg/lto/20081127 cp_lto_20081127_0.o-cp_lto_20081127_1.o link, -O2 -flto -flto-partition=1to1 
UNRESOLVED: g++.dg/lto/20081127 cp_lto_20081127_0.o-cp_lto_20081127_1.o execute -O2 -flto -flto-partition=1to1 
FAIL: g++.dg/lto/20081127 cp_lto_20081127_0.o-cp_lto_20081127_1.o link, -O0 -flto 
UNRESOLVED: g++.dg/lto/20081127 cp_lto_20081127_0.o-cp_lto_20081127_1.o execute -O0 -flto 
FAIL: g++.dg/lto/20081127 cp_lto_20081127_0.o-cp_lto_20081127_1.o link, -O2 -flto
UNRESOLVED: g++.dg/lto/20081127 cp_lto_20081127_0.o-cp_lto_20081127_1.o execute -O2 -flto
FAIL: g++.dg/lto/20081203 cp_lto_20081203_0.o-cp_lto_20081203_1.o link, -O0 -flto -flto-partition=none 
UNRESOLVED: g++.dg/lto/20081203 cp_lto_20081203_0.o-cp_lto_20081203_1.o execute -O0 -flto -flto-partition=none 
FAIL: g++.dg/lto/20081203 cp_lto_20081203_0.o-cp_lto_20081203_1.o link, -O2 -flto -flto-partition=none 
UNRESOLVED: g++.dg/lto/20081203 cp_lto_20081203_0.o-cp_lto_20081203_1.o execute -O2 -flto -flto-partition=none 
FAIL: g++.dg/lto/20081203 cp_lto_20081203_0.o-cp_lto_20081203_1.o link, -O0 -flto -flto-partition=1to1 
UNRESOLVED: g++.dg/lto/20081203 cp_lto_20081203_0.o-cp_lto_20081203_1.o execute -O0 -flto -flto-partition=1to1 
FAIL: g++.dg/lto/20081203 cp_lto_20081203_0.o-cp_lto_20081203_1.o link, -O2 -flto -flto-partition=1to1 
UNRESOLVED: g++.dg/lto/20081203 cp_lto_20081203_0.o-cp_lto_20081203_1.o execute -O2 -flto -flto-partition=1to1 
FAIL: g++.dg/lto/20081203 cp_lto_20081203_0.o-cp_lto_20081203_1.o link, -O0 -flto 
UNRESOLVED: g++.dg/lto/20081203 cp_lto_20081203_0.o-cp_lto_20081203_1.o execute -O0 -flto 
FAIL: g++.dg/lto/20081203 cp_lto_20081203_0.o-cp_lto_20081203_1.o link, -O2 -flto
UNRESOLVED: g++.dg/lto/20081203 cp_lto_20081203_0.o-cp_lto_20081203_1.o execute -O2 -flto
FAIL: g++.dg/lto/20081204-1 cp_lto_20081204-1_0.o-cp_lto_20081204-1_1.o link, -flto -flto-partition=1to1 -fPIC -r -nostdlib
UNRESOLVED: g++.dg/lto/20081204-1 cp_lto_20081204-1_0.o-cp_lto_20081204-1_1.o execute -flto -flto-partition=1to1 -fPIC -r -nostdlib
FAIL: g++.dg/lto/20081204-2 cp_lto_20081204-2_0.o-cp_lto_20081204-2_1.o link, -flto -flto-partition=1to1 -O3
UNRESOLVED: g++.dg/lto/20081204-2 cp_lto_20081204-2_0.o-cp_lto_20081204-2_1.o execute -flto -flto-partition=1to1 -O3
FAIL: g++.dg/lto/20081209 cp_lto_20081209_0.o-cp_lto_20081209_1.o link, -O0 -flto -flto-partition=none 
UNRESOLVED: g++.dg/lto/20081209 cp_lto_20081209_0.o-cp_lto_20081209_1.o execute -O0 -flto -flto-partition=none 
FAIL: g++.dg/lto/20081209 cp_lto_20081209_0.o-cp_lto_20081209_1.o link, -O2 -flto -flto-partition=none 
UNRESOLVED: g++.dg/lto/20081209 cp_lto_20081209_0.o-cp_lto_20081209_1.o execute -O2 -flto -flto-partition=none 
FAIL: g++.dg/lto/20081209 cp_lto_20081209_0.o-cp_lto_20081209_1.o link, -O0 -flto -flto-partition=1to1 
UNRESOLVED: g++.dg/lto/20081209 cp_lto_20081209_0.o-cp_lto_20081209_1.o execute -O0 -flto -flto-partition=1to1 
FAIL: g++.dg/lto/20081209 cp_lto_20081209_0.o-cp_lto_20081209_1.o link, -O2 -flto -flto-partition=1to1 
UNRESOLVED: g++.dg/lto/20081209 cp_lto_20081209_0.o-cp_lto_20081209_1.o execute -O2 -flto -flto-partition=1to1 
FAIL: g++.dg/lto/20081209 cp_lto_20081209_0.o-cp_lto_20081209_1.o link, -O0 -flto 
UNRESOLVED: g++.dg/lto/20081209 cp_lto_20081209_0.o-cp_lto_20081209_1.o execute -O0 -flto 
FAIL: g++.dg/lto/20081209 cp_lto_20081209_0.o-cp_lto_20081209_1.o link, -O2 -flto
UNRESOLVED: g++.dg/lto/20081209 cp_lto_20081209_0.o-cp_lto_20081209_1.o execute -O2 -flto
FAIL: g++.dg/lto/20081211-1 cp_lto_20081211-1_0.o-cp_lto_20081211-1_1.o link, -O0 -flto -flto-partition=none 
UNRESOLVED: g++.dg/lto/20081211-1 cp_lto_20081211-1_0.o-cp_lto_20081211-1_1.o execute -O0 -flto -flto-partition=none 
FAIL: g++.dg/lto/20081211-1 cp_lto_20081211-1_0.o-cp_lto_20081211-1_1.o link, -O2 -flto -flto-partition=none 
UNRESOLVED: g++.dg/lto/20081211-1 cp_lto_20081211-1_0.o-cp_lto_20081211-1_1.o execute -O2 -flto -flto-partition=none 
FAIL: g++.dg/lto/20081211-1 cp_lto_20081211-1_0.o-cp_lto_20081211-1_1.o link, -O0 -flto -flto-partition=1to1 
UNRESOLVED: g++.dg/lto/20081211-1 cp_lto_20081211-1_0.o-cp_lto_20081211-1_1.o execute -O0 -flto -flto-partition=1to1 
FAIL: g++.dg/lto/20081211-1 cp_lto_20081211-1_0.o-cp_lto_20081211-1_1.o link, -O2 -flto -flto-partition=1to1 
UNRESOLVED: g++.dg/lto/20081211-1 cp_lto_20081211-1_0.o-cp_lto_20081211-1_1.o execute -O2 -flto -flto-partition=1to1 
FAIL: g++.dg/lto/20081211-1 cp_lto_20081211-1_0.o-cp_lto_20081211-1_1.o link, -O0 -flto 
UNRESOLVED: g++.dg/lto/20081211-1 cp_lto_20081211-1_0.o-cp_lto_20081211-1_1.o execute -O0 -flto 
FAIL: g++.dg/lto/20081211-1 cp_lto_20081211-1_0.o-cp_lto_20081211-1_1.o link, -O2 -flto
UNRESOLVED: g++.dg/lto/20081211-1 cp_lto_20081211-1_0.o-cp_lto_20081211-1_1.o execute -O2 -flto
FAIL: g++.dg/lto/20081217-1 cp_lto_20081217-1_0.o-cp_lto_20081217-1_0.o link, -O0 -flto -flto-partition=none 
UNRESOLVED: g++.dg/lto/20081217-1 cp_lto_20081217-1_0.o-cp_lto_20081217-1_0.o execute -O0 -flto -flto-partition=none 
FAIL: g++.dg/lto/20081217-1 cp_lto_20081217-1_0.o-cp_lto_20081217-1_0.o link, -O2 -flto -flto-partition=none 
UNRESOLVED: g++.dg/lto/20081217-1 cp_lto_20081217-1_0.o-cp_lto_20081217-1_0.o execute -O2 -flto -flto-partition=none 
FAIL: g++.dg/lto/20081217-1 cp_lto_20081217-1_0.o-cp_lto_20081217-1_0.o link, -O0 -flto -flto-partition=1to1 
UNRESOLVED: g++.dg/lto/20081217-1 cp_lto_20081217-1_0.o-cp_lto_20081217-1_0.o execute -O0 -flto -flto-partition=1to1 
FAIL: g++.dg/lto/20081217-1 cp_lto_20081217-1_0.o-cp_lto_20081217-1_0.o link, -O2 -flto -flto-partition=1to1 
UNRESOLVED: g++.dg/lto/20081217-1 cp_lto_20081217-1_0.o-cp_lto_20081217-1_0.o execute -O2 -flto -flto-partition=1to1 
FAIL: g++.dg/lto/20081217-1 cp_lto_20081217-1_0.o-cp_lto_20081217-1_0.o link, -O0 -flto 
UNRESOLVED: g++.dg/lto/20081217-1 cp_lto_20081217-1_0.o-cp_lto_20081217-1_0.o execute -O0 -flto 
FAIL: g++.dg/lto/20081217-1 cp_lto_20081217-1_0.o-cp_lto_20081217-1_0.o link, -O2 -flto
UNRESOLVED: g++.dg/lto/20081217-1 cp_lto_20081217-1_0.o-cp_lto_20081217-1_0.o execute -O2 -flto
FAIL: g++.dg/lto/20081217-2 cp_lto_20081217-2_0.o-cp_lto_20081217-2_0.o link, -O0 -flto -flto-partition=none 
UNRESOLVED: g++.dg/lto/20081217-2 cp_lto_20081217-2_0.o-cp_lto_20081217-2_0.o execute -O0 -flto -flto-partition=none 
FAIL: g++.dg/lto/20081217-2 cp_lto_20081217-2_0.o-cp_lto_20081217-2_0.o link, -O2 -flto -flto-partition=none 
UNRESOLVED: g++.dg/lto/20081217-2 cp_lto_20081217-2_0.o-cp_lto_20081217-2_0.o execute -O2 -flto -flto-partition=none 
FAIL: g++.dg/lto/20081217-2 cp_lto_20081217-2_0.o-cp_lto_20081217-2_0.o link, -O0 -flto -flto-partition=1to1 
UNRESOLVED: g++.dg/lto/20081217-2 cp_lto_20081217-2_0.o-cp_lto_20081217-2_0.o execute -O0 -flto -flto-partition=1to1 
FAIL: g++.dg/lto/20081217-2 cp_lto_20081217-2_0.o-cp_lto_20081217-2_0.o link, -O2 -flto -flto-partition=1to1 
UNRESOLVED: g++.dg/lto/20081217-2 cp_lto_20081217-2_0.o-cp_lto_20081217-2_0.o execute -O2 -flto -flto-partition=1to1 
FAIL: g++.dg/lto/20081217-2 cp_lto_20081217-2_0.o-cp_lto_20081217-2_0.o link, -O0 -flto 
UNRESOLVED: g++.dg/lto/20081217-2 cp_lto_20081217-2_0.o-cp_lto_20081217-2_0.o execute -O0 -flto 
FAIL: g++.dg/lto/20081217-2 cp_lto_20081217-2_0.o-cp_lto_20081217-2_0.o link, -O2 -flto
UNRESOLVED: g++.dg/lto/20081217-2 cp_lto_20081217-2_0.o-cp_lto_20081217-2_0.o execute -O2 -flto
FAIL: g++.dg/lto/20081219 cp_lto_20081219_0.o-cp_lto_20081219_1.o link, -fPIC -flto -flto-partition=1to1 -O2
UNRESOLVED: g++.dg/lto/20081219 cp_lto_20081219_0.o-cp_lto_20081219_1.o execute -fPIC -flto -flto-partition=1to1 -O2
FAIL: g++.dg/lto/20090106 cp_lto_20090106_0.o-cp_lto_20090106_0.o link, -O0 -flto -flto-partition=none 
UNRESOLVED: g++.dg/lto/20090106 cp_lto_20090106_0.o-cp_lto_20090106_0.o execute -O0 -flto -flto-partition=none 
FAIL: g++.dg/lto/20090106 cp_lto_20090106_0.o-cp_lto_20090106_0.o link, -O2 -flto -flto-partition=none 
UNRESOLVED: g++.dg/lto/20090106 cp_lto_20090106_0.o-cp_lto_20090106_0.o execute -O2 -flto -flto-partition=none 
FAIL: g++.dg/lto/20090106 cp_lto_20090106_0.o-cp_lto_20090106_0.o link, -O0 -flto -flto-partition=1to1 
UNRESOLVED: g++.dg/lto/20090106 cp_lto_20090106_0.o-cp_lto_20090106_0.o execute -O0 -flto -flto-partition=1to1 
FAIL: g++.dg/lto/20090106 cp_lto_20090106_0.o-cp_lto_20090106_0.o link, -O2 -flto -flto-partition=1to1 
UNRESOLVED: g++.dg/lto/20090106 cp_lto_20090106_0.o-cp_lto_20090106_0.o execute -O2 -flto -flto-partition=1to1 
FAIL: g++.dg/lto/20090106 cp_lto_20090106_0.o-cp_lto_20090106_0.o link, -O0 -flto 
UNRESOLVED: g++.dg/lto/20090106 cp_lto_20090106_0.o-cp_lto_20090106_0.o execute -O0 -flto 
FAIL: g++.dg/lto/20090106 cp_lto_20090106_0.o-cp_lto_20090106_0.o link, -O2 -flto
UNRESOLVED: g++.dg/lto/20090106 cp_lto_20090106_0.o-cp_lto_20090106_0.o execute -O2 -flto
FAIL: g++.dg/lto/20090112 cp_lto_20090112_0.o-cp_lto_20090112_0.o link, -O0 -flto -flto-partition=none 
UNRESOLVED: g++.dg/lto/20090112 cp_lto_20090112_0.o-cp_lto_20090112_0.o execute -O0 -flto -flto-partition=none 
FAIL: g++.dg/lto/20090112 cp_lto_20090112_0.o-cp_lto_20090112_0.o link, -O2 -flto -flto-partition=none 
UNRESOLVED: g++.dg/lto/20090112 cp_lto_20090112_0.o-cp_lto_20090112_0.o execute -O2 -flto -flto-partition=none 
FAIL: g++.dg/lto/20090112 cp_lto_20090112_0.o-cp_lto_20090112_0.o link, -O0 -flto -flto-partition=1to1 
UNRESOLVED: g++.dg/lto/20090112 cp_lto_20090112_0.o-cp_lto_20090112_0.o execute -O0 -flto -flto-partition=1to1 
FAIL: g++.dg/lto/20090112 cp_lto_20090112_0.o-cp_lto_20090112_0.o link, -O2 -flto -flto-partition=1to1 
UNRESOLVED: g++.dg/lto/20090112 cp_lto_20090112_0.o-cp_lto_20090112_0.o execute -O2 -flto -flto-partition=1to1 
FAIL: g++.dg/lto/20090112 cp_lto_20090112_0.o-cp_lto_20090112_0.o link, -O0 -flto 
UNRESOLVED: g++.dg/lto/20090112 cp_lto_20090112_0.o-cp_lto_20090112_0.o execute -O0 -flto 
FAIL: g++.dg/lto/20090112 cp_lto_20090112_0.o-cp_lto_20090112_0.o link, -O2 -flto
UNRESOLVED: g++.dg/lto/20090112 cp_lto_20090112_0.o-cp_lto_20090112_0.o execute -O2 -flto
FAIL: g++.dg/lto/20090302 cp_lto_20090302_0.o-cp_lto_20090302_1.o link, -fPIC -flto -flto-partition=1to1 -r -nostdlib
UNRESOLVED: g++.dg/lto/20090302 cp_lto_20090302_0.o-cp_lto_20090302_1.o execute -fPIC -flto -flto-partition=1to1 -r -nostdlib
FAIL: g++.dg/lto/20090303 cp_lto_20090303_0.o-cp_lto_20090303_0.o link, -flto -flto-partition=1to1
UNRESOLVED: g++.dg/lto/20090303 cp_lto_20090303_0.o-cp_lto_20090303_0.o execute -flto -flto-partition=1to1
FAIL: g++.dg/lto/20090311-1 cp_lto_20090311-1_0.o-cp_lto_20090311-1_1.o link, -O0 -flto -flto-partition=none 
UNRESOLVED: g++.dg/lto/20090311-1 cp_lto_20090311-1_0.o-cp_lto_20090311-1_1.o execute -O0 -flto -flto-partition=none 
FAIL: g++.dg/lto/20090311-1 cp_lto_20090311-1_0.o-cp_lto_20090311-1_1.o link, -O2 -flto -flto-partition=none 
UNRESOLVED: g++.dg/lto/20090311-1 cp_lto_20090311-1_0.o-cp_lto_20090311-1_1.o execute -O2 -flto -flto-partition=none 
FAIL: g++.dg/lto/20090311-1 cp_lto_20090311-1_0.o-cp_lto_20090311-1_1.o link, -O0 -flto -flto-partition=1to1 
UNRESOLVED: g++.dg/lto/20090311-1 cp_lto_20090311-1_0.o-cp_lto_20090311-1_1.o execute -O0 -flto -flto-partition=1to1 
FAIL: g++.dg/lto/20090311-1 cp_lto_20090311-1_0.o-cp_lto_20090311-1_1.o link, -O2 -flto -flto-partition=1to1 
UNRESOLVED: g++.dg/lto/20090311-1 cp_lto_20090311-1_0.o-cp_lto_20090311-1_1.o execute -O2 -flto -flto-partition=1to1 
FAIL: g++.dg/lto/20090311-1 cp_lto_20090311-1_0.o-cp_lto_20090311-1_1.o link, -O0 -flto 
UNRESOLVED: g++.dg/lto/20090311-1 cp_lto_20090311-1_0.o-cp_lto_20090311-1_1.o execute -O0 -flto 
FAIL: g++.dg/lto/20090311-1 cp_lto_20090311-1_0.o-cp_lto_20090311-1_1.o link, -O2 -flto
UNRESOLVED: g++.dg/lto/20090311-1 cp_lto_20090311-1_0.o-cp_lto_20090311-1_1.o execute -O2 -flto
FAIL: g++.dg/lto/20090311 cp_lto_20090311_0.o-cp_lto_20090311_1.o link, -O0 -flto -flto-partition=none 
UNRESOLVED: g++.dg/lto/20090311 cp_lto_20090311_0.o-cp_lto_20090311_1.o execute -O0 -flto -flto-partition=none 
FAIL: g++.dg/lto/20090311 cp_lto_20090311_0.o-cp_lto_20090311_1.o link, -O2 -flto -flto-partition=none 
UNRESOLVED: g++.dg/lto/20090311 cp_lto_20090311_0.o-cp_lto_20090311_1.o execute -O2 -flto -flto-partition=none 
FAIL: g++.dg/lto/20090311 cp_lto_20090311_0.o-cp_lto_20090311_1.o link, -O0 -flto -flto-partition=1to1 
UNRESOLVED: g++.dg/lto/20090311 cp_lto_20090311_0.o-cp_lto_20090311_1.o execute -O0 -flto -flto-partition=1to1 
FAIL: g++.dg/lto/20090311 cp_lto_20090311_0.o-cp_lto_20090311_1.o link, -O2 -flto -flto-partition=1to1 
UNRESOLVED: g++.dg/lto/20090311 cp_lto_20090311_0.o-cp_lto_20090311_1.o execute -O2 -flto -flto-partition=1to1 
FAIL: g++.dg/lto/20090311 cp_lto_20090311_0.o-cp_lto_20090311_1.o link, -O0 -flto 
UNRESOLVED: g++.dg/lto/20090311 cp_lto_20090311_0.o-cp_lto_20090311_1.o execute -O0 -flto 
FAIL: g++.dg/lto/20090311 cp_lto_20090311_0.o-cp_lto_20090311_1.o link, -O2 -flto
UNRESOLVED: g++.dg/lto/20090311 cp_lto_20090311_0.o-cp_lto_20090311_1.o execute -O2 -flto
FAIL: g++.dg/lto/20090312 cp_lto_20090312_0.o-cp_lto_20090312_1.o link, -O0 -flto -flto-partition=none 
UNRESOLVED: g++.dg/lto/20090312 cp_lto_20090312_0.o-cp_lto_20090312_1.o execute -O0 -flto -flto-partition=none 
FAIL: g++.dg/lto/20090312 cp_lto_20090312_0.o-cp_lto_20090312_1.o link, -O2 -flto -flto-partition=none 
UNRESOLVED: g++.dg/lto/20090312 cp_lto_20090312_0.o-cp_lto_20090312_1.o execute -O2 -flto -flto-partition=none 
FAIL: g++.dg/lto/20090312 cp_lto_20090312_0.o-cp_lto_20090312_1.o link, -O0 -flto -flto-partition=1to1 
UNRESOLVED: g++.dg/lto/20090312 cp_lto_20090312_0.o-cp_lto_20090312_1.o execute -O0 -flto -flto-partition=1to1 
FAIL: g++.dg/lto/20090312 cp_lto_20090312_0.o-cp_lto_20090312_1.o link, -O2 -flto -flto-partition=1to1 
UNRESOLVED: g++.dg/lto/20090312 cp_lto_20090312_0.o-cp_lto_20090312_1.o execute -O2 -flto -flto-partition=1to1 
FAIL: g++.dg/lto/20090312 cp_lto_20090312_0.o-cp_lto_20090312_1.o link, -O0 -flto 
UNRESOLVED: g++.dg/lto/20090312 cp_lto_20090312_0.o-cp_lto_20090312_1.o execute -O0 -flto 
FAIL: g++.dg/lto/20090312 cp_lto_20090312_0.o-cp_lto_20090312_1.o link, -O2 -flto
UNRESOLVED: g++.dg/lto/20090312 cp_lto_20090312_0.o-cp_lto_20090312_1.o execute -O2 -flto
FAIL: g++.dg/lto/20090313 cp_lto_20090313_0.o-cp_lto_20090313_1.o link, -flto -flto-partition=1to1 -fPIC
UNRESOLVED: g++.dg/lto/20090313 cp_lto_20090313_0.o-cp_lto_20090313_1.o execute -flto -flto-partition=1to1 -fPIC
FAIL: g++.dg/lto/20090315 cp_lto_20090315_0.o-cp_lto_20090315_1.o link, -O0 -flto -flto-partition=none 
UNRESOLVED: g++.dg/lto/20090315 cp_lto_20090315_0.o-cp_lto_20090315_1.o execute -O0 -flto -flto-partition=none 
FAIL: g++.dg/lto/20090315 cp_lto_20090315_0.o-cp_lto_20090315_1.o link, -O2 -flto -flto-partition=none 
UNRESOLVED: g++.dg/lto/20090315 cp_lto_20090315_0.o-cp_lto_20090315_1.o execute -O2 -flto -flto-partition=none 
FAIL: g++.dg/lto/20090315 cp_lto_20090315_0.o-cp_lto_20090315_1.o link, -O0 -flto -flto-partition=1to1 
UNRESOLVED: g++.dg/lto/20090315 cp_lto_20090315_0.o-cp_lto_20090315_1.o execute -O0 -flto -flto-partition=1to1 
FAIL: g++.dg/lto/20090315 cp_lto_20090315_0.o-cp_lto_20090315_1.o link, -O2 -flto -flto-partition=1to1 
UNRESOLVED: g++.dg/lto/20090315 cp_lto_20090315_0.o-cp_lto_20090315_1.o execute -O2 -flto -flto-partition=1to1 
FAIL: g++.dg/lto/20090315 cp_lto_20090315_0.o-cp_lto_20090315_1.o link, -O0 -flto 
UNRESOLVED: g++.dg/lto/20090315 cp_lto_20090315_0.o-cp_lto_20090315_1.o execute -O0 -flto 
FAIL: g++.dg/lto/20090315 cp_lto_20090315_0.o-cp_lto_20090315_1.o link, -O2 -flto
UNRESOLVED: g++.dg/lto/20090315 cp_lto_20090315_0.o-cp_lto_20090315_1.o execute -O2 -flto
FAIL: g++.dg/lto/20091002-1 cp_lto_20091002-1_0.o-cp_lto_20091002-1_0.o link, -fPIC -flto
UNRESOLVED: g++.dg/lto/20091002-1 cp_lto_20091002-1_0.o-cp_lto_20091002-1_0.o execute -fPIC -flto
FAIL: g++.dg/lto/20091004-1 cp_lto_20091004-1_0.o-cp_lto_20091004-1_1.o link, -fPIC -O -flto
UNRESOLVED: g++.dg/lto/20091004-1 cp_lto_20091004-1_0.o-cp_lto_20091004-1_1.o execute -fPIC -O -flto
FAIL: g++.dg/lto/20091004-2 cp_lto_20091004-2_0.o-cp_lto_20091004-2_1.o link, -fPIC -O -flto
UNRESOLVED: g++.dg/lto/20091004-2 cp_lto_20091004-2_0.o-cp_lto_20091004-2_1.o execute -fPIC -O -flto
FAIL: g++.dg/lto/20091022-1 cp_lto_20091022-1_0.o-cp_lto_20091022-1_0.o link, -O0 -flto -flto-partition=none 
UNRESOLVED: g++.dg/lto/20091022-1 cp_lto_20091022-1_0.o-cp_lto_20091022-1_0.o execute -O0 -flto -flto-partition=none 
FAIL: g++.dg/lto/20091022-1 cp_lto_20091022-1_0.o-cp_lto_20091022-1_0.o link, -O2 -flto -flto-partition=none 
UNRESOLVED: g++.dg/lto/20091022-1 cp_lto_20091022-1_0.o-cp_lto_20091022-1_0.o execute -O2 -flto -flto-partition=none 
FAIL: g++.dg/lto/20091022-1 cp_lto_20091022-1_0.o-cp_lto_20091022-1_0.o link, -O0 -flto -flto-partition=1to1 
UNRESOLVED: g++.dg/lto/20091022-1 cp_lto_20091022-1_0.o-cp_lto_20091022-1_0.o execute -O0 -flto -flto-partition=1to1 
FAIL: g++.dg/lto/20091022-1 cp_lto_20091022-1_0.o-cp_lto_20091022-1_0.o link, -O2 -flto -flto-partition=1to1 
UNRESOLVED: g++.dg/lto/20091022-1 cp_lto_20091022-1_0.o-cp_lto_20091022-1_0.o execute -O2 -flto -flto-partition=1to1 
FAIL: g++.dg/lto/20091022-1 cp_lto_20091022-1_0.o-cp_lto_20091022-1_0.o link, -O0 -flto 
UNRESOLVED: g++.dg/lto/20091022-1 cp_lto_20091022-1_0.o-cp_lto_20091022-1_0.o execute -O0 -flto 
FAIL: g++.dg/lto/20091022-1 cp_lto_20091022-1_0.o-cp_lto_20091022-1_0.o link, -O2 -flto
UNRESOLVED: g++.dg/lto/20091022-1 cp_lto_20091022-1_0.o-cp_lto_20091022-1_0.o execute -O2 -flto
FAIL: g++.dg/lto/20091022-2 cp_lto_20091022-2_0.o-cp_lto_20091022-2_0.o link, -O3 -flto -Winline
UNRESOLVED: g++.dg/lto/20091022-2 cp_lto_20091022-2_0.o-cp_lto_20091022-2_0.o execute -O3 -flto -Winline
FAIL: g++.dg/lto/20091026-1 cp_lto_20091026-1_0.o-cp_lto_20091026-1_1.o link, -O0 -flto -flto-partition=none 
UNRESOLVED: g++.dg/lto/20091026-1 cp_lto_20091026-1_0.o-cp_lto_20091026-1_1.o execute -O0 -flto -flto-partition=none 
FAIL: g++.dg/lto/20091026-1 cp_lto_20091026-1_0.o-cp_lto_20091026-1_1.o link, -O2 -flto -flto-partition=none 
UNRESOLVED: g++.dg/lto/20091026-1 cp_lto_20091026-1_0.o-cp_lto_20091026-1_1.o execute -O2 -flto -flto-partition=none 
FAIL: g++.dg/lto/20091026-1 cp_lto_20091026-1_0.o-cp_lto_20091026-1_1.o link, -O0 -flto -flto-partition=1to1 
UNRESOLVED: g++.dg/lto/20091026-1 cp_lto_20091026-1_0.o-cp_lto_20091026-1_1.o execute -O0 -flto -flto-partition=1to1 
FAIL: g++.dg/lto/20091026-1 cp_lto_20091026-1_0.o-cp_lto_20091026-1_1.o link, -O2 -flto -flto-partition=1to1 
UNRESOLVED: g++.dg/lto/20091026-1 cp_lto_20091026-1_0.o-cp_lto_20091026-1_1.o execute -O2 -flto -flto-partition=1to1 
FAIL: g++.dg/lto/20091026-1 cp_lto_20091026-1_0.o-cp_lto_20091026-1_1.o link, -O0 -flto 
UNRESOLVED: g++.dg/lto/20091026-1 cp_lto_20091026-1_0.o-cp_lto_20091026-1_1.o execute -O0 -flto 
FAIL: g++.dg/lto/20091026-1 cp_lto_20091026-1_0.o-cp_lto_20091026-1_1.o link, -O2 -flto
UNRESOLVED: g++.dg/lto/20091026-1 cp_lto_20091026-1_0.o-cp_lto_20091026-1_1.o execute -O2 -flto
FAIL: g++.dg/lto/20091210-1 cp_lto_20091210-1_0.o-cp_lto_20091210-1_1.o link, -O0 -flto -flto-partition=none 
UNRESOLVED: g++.dg/lto/20091210-1 cp_lto_20091210-1_0.o-cp_lto_20091210-1_1.o execute -O0 -flto -flto-partition=none 
FAIL: g++.dg/lto/20091210-1 cp_lto_20091210-1_0.o-cp_lto_20091210-1_1.o link, -O2 -flto -flto-partition=none 
UNRESOLVED: g++.dg/lto/20091210-1 cp_lto_20091210-1_0.o-cp_lto_20091210-1_1.o execute -O2 -flto -flto-partition=none 
FAIL: g++.dg/lto/20091210-1 cp_lto_20091210-1_0.o-cp_lto_20091210-1_1.o link, -O0 -flto -flto-partition=1to1 
UNRESOLVED: g++.dg/lto/20091210-1 cp_lto_20091210-1_0.o-cp_lto_20091210-1_1.o execute -O0 -flto -flto-partition=1to1 
FAIL: g++.dg/lto/20091210-1 cp_lto_20091210-1_0.o-cp_lto_20091210-1_1.o link, -O2 -flto -flto-partition=1to1 
UNRESOLVED: g++.dg/lto/20091210-1 cp_lto_20091210-1_0.o-cp_lto_20091210-1_1.o execute -O2 -flto -flto-partition=1to1 
FAIL: g++.dg/lto/20091210-1 cp_lto_20091210-1_0.o-cp_lto_20091210-1_1.o link, -O0 -flto 
UNRESOLVED: g++.dg/lto/20091210-1 cp_lto_20091210-1_0.o-cp_lto_20091210-1_1.o execute -O0 -flto 
FAIL: g++.dg/lto/20091210-1 cp_lto_20091210-1_0.o-cp_lto_20091210-1_1.o link, -O2 -flto
UNRESOLVED: g++.dg/lto/20091210-1 cp_lto_20091210-1_0.o-cp_lto_20091210-1_1.o execute -O2 -flto
FAIL: g++.dg/lto/20091219 cp_lto_20091219_0.o-cp_lto_20091219_0.o link, -O3 -flto
UNRESOLVED: g++.dg/lto/20091219 cp_lto_20091219_0.o-cp_lto_20091219_0.o execute -O3 -flto
FAIL: g++.dg/lto/20100519-1 cp_lto_20100519-1_0.o-cp_lto_20100519-1_0.o link, -O0 -flto -flto-partition=none 
UNRESOLVED: g++.dg/lto/20100519-1 cp_lto_20100519-1_0.o-cp_lto_20100519-1_0.o execute -O0 -flto -flto-partition=none 
FAIL: g++.dg/lto/20100519-1 cp_lto_20100519-1_0.o-cp_lto_20100519-1_0.o link, -O2 -flto -flto-partition=none 
UNRESOLVED: g++.dg/lto/20100519-1 cp_lto_20100519-1_0.o-cp_lto_20100519-1_0.o execute -O2 -flto -flto-partition=none 
FAIL: g++.dg/lto/20100519-1 cp_lto_20100519-1_0.o-cp_lto_20100519-1_0.o link, -O0 -flto -flto-partition=1to1 
UNRESOLVED: g++.dg/lto/20100519-1 cp_lto_20100519-1_0.o-cp_lto_20100519-1_0.o execute -O0 -flto -flto-partition=1to1 
FAIL: g++.dg/lto/20100519-1 cp_lto_20100519-1_0.o-cp_lto_20100519-1_0.o link, -O2 -flto -flto-partition=1to1 
UNRESOLVED: g++.dg/lto/20100519-1 cp_lto_20100519-1_0.o-cp_lto_20100519-1_0.o execute -O2 -flto -flto-partition=1to1 
FAIL: g++.dg/lto/20100519-1 cp_lto_20100519-1_0.o-cp_lto_20100519-1_0.o link, -O0 -flto 
UNRESOLVED: g++.dg/lto/20100519-1 cp_lto_20100519-1_0.o-cp_lto_20100519-1_0.o execute -O0 -flto 
FAIL: g++.dg/lto/20100519-1 cp_lto_20100519-1_0.o-cp_lto_20100519-1_0.o link, -O2 -flto
UNRESOLVED: g++.dg/lto/20100519-1 cp_lto_20100519-1_0.o-cp_lto_20100519-1_0.o execute -O2 -flto
FAIL: g++.dg/lto/20100603-1 cp_lto_20100603-1_0.o-cp_lto_20100603-1_1.o link, -O0 -flto -flto-partition=none 
UNRESOLVED: g++.dg/lto/20100603-1 cp_lto_20100603-1_0.o-cp_lto_20100603-1_1.o execute -O0 -flto -flto-partition=none 
FAIL: g++.dg/lto/20100603-1 cp_lto_20100603-1_0.o-cp_lto_20100603-1_1.o link, -O2 -flto -flto-partition=none 
UNRESOLVED: g++.dg/lto/20100603-1 cp_lto_20100603-1_0.o-cp_lto_20100603-1_1.o execute -O2 -flto -flto-partition=none 
FAIL: g++.dg/lto/20100603-1 cp_lto_20100603-1_0.o-cp_lto_20100603-1_1.o link, -O0 -flto -flto-partition=1to1 
UNRESOLVED: g++.dg/lto/20100603-1 cp_lto_20100603-1_0.o-cp_lto_20100603-1_1.o execute -O0 -flto -flto-partition=1to1 
FAIL: g++.dg/lto/20100603-1 cp_lto_20100603-1_0.o-cp_lto_20100603-1_1.o link, -O2 -flto -flto-partition=1to1 
UNRESOLVED: g++.dg/lto/20100603-1 cp_lto_20100603-1_0.o-cp_lto_20100603-1_1.o execute -O2 -flto -flto-partition=1to1 
FAIL: g++.dg/lto/20100603-1 cp_lto_20100603-1_0.o-cp_lto_20100603-1_1.o link, -O0 -flto 
UNRESOLVED: g++.dg/lto/20100603-1 cp_lto_20100603-1_0.o-cp_lto_20100603-1_1.o execute -O0 -flto 
FAIL: g++.dg/lto/20100603-1 cp_lto_20100603-1_0.o-cp_lto_20100603-1_1.o link, -O2 -flto
UNRESOLVED: g++.dg/lto/20100603-1 cp_lto_20100603-1_0.o-cp_lto_20100603-1_1.o execute -O2 -flto
FAIL: g++.dg/lto/20100723-1 cp_lto_20100723-1_0.o-cp_lto_20100723-1_0.o link, -fcompare-debug -flto -flto-partition=none
UNRESOLVED: g++.dg/lto/20100723-1 cp_lto_20100723-1_0.o-cp_lto_20100723-1_0.o execute -fcompare-debug -flto -flto-partition=none
FAIL: g++.dg/lto/20100723-1 cp_lto_20100723-1_0.o-cp_lto_20100723-1_0.o link, -fcompare-debug -flto -flto-partition=1to1
UNRESOLVED: g++.dg/lto/20100723-1 cp_lto_20100723-1_0.o-cp_lto_20100723-1_0.o execute -fcompare-debug -flto -flto-partition=1to1
FAIL: g++.dg/lto/20100724-1 cp_lto_20100724-1_0.o-cp_lto_20100724-1_0.o link, -ftoplevel-reorder -flto -flto-partition=none
UNRESOLVED: g++.dg/lto/20100724-1 cp_lto_20100724-1_0.o-cp_lto_20100724-1_0.o execute -ftoplevel-reorder -flto -flto-partition=none
FAIL: g++.dg/lto/20100724-1 cp_lto_20100724-1_0.o-cp_lto_20100724-1_0.o link, -ftoplevel-reorder -flto -flto-partition=1to1
UNRESOLVED: g++.dg/lto/20100724-1 cp_lto_20100724-1_0.o-cp_lto_20100724-1_0.o execute -ftoplevel-reorder -flto -flto-partition=1to1
FAIL: g++.dg/lto/20101009-1 cp_lto_20101009-1_0.o-cp_lto_20101009-1_0.o link, -O0 -flto -flto-partition=none 
UNRESOLVED: g++.dg/lto/20101009-1 cp_lto_20101009-1_0.o-cp_lto_20101009-1_0.o execute -O0 -flto -flto-partition=none 
FAIL: g++.dg/lto/20101009-1 cp_lto_20101009-1_0.o-cp_lto_20101009-1_0.o link, -O2 -flto -flto-partition=none 
UNRESOLVED: g++.dg/lto/20101009-1 cp_lto_20101009-1_0.o-cp_lto_20101009-1_0.o execute -O2 -flto -flto-partition=none 
FAIL: g++.dg/lto/20101009-1 cp_lto_20101009-1_0.o-cp_lto_20101009-1_0.o link, -O0 -flto -flto-partition=1to1 
UNRESOLVED: g++.dg/lto/20101009-1 cp_lto_20101009-1_0.o-cp_lto_20101009-1_0.o execute -O0 -flto -flto-partition=1to1 
FAIL: g++.dg/lto/20101009-1 cp_lto_20101009-1_0.o-cp_lto_20101009-1_0.o link, -O2 -flto -flto-partition=1to1 
UNRESOLVED: g++.dg/lto/20101009-1 cp_lto_20101009-1_0.o-cp_lto_20101009-1_0.o execute -O2 -flto -flto-partition=1to1 
FAIL: g++.dg/lto/20101009-1 cp_lto_20101009-1_0.o-cp_lto_20101009-1_0.o link, -O0 -flto 
UNRESOLVED: g++.dg/lto/20101009-1 cp_lto_20101009-1_0.o-cp_lto_20101009-1_0.o execute -O0 -flto 
FAIL: g++.dg/lto/20101009-1 cp_lto_20101009-1_0.o-cp_lto_20101009-1_0.o link, -O2 -flto
UNRESOLVED: g++.dg/lto/20101009-1 cp_lto_20101009-1_0.o-cp_lto_20101009-1_0.o execute -O2 -flto
FAIL: g++.dg/lto/20101010-1 cp_lto_20101010-1_0.o-cp_lto_20101010-1_0.o link, -O0 -flto -flto-partition=none 
UNRESOLVED: g++.dg/lto/20101010-1 cp_lto_20101010-1_0.o-cp_lto_20101010-1_0.o execute -O0 -flto -flto-partition=none 
FAIL: g++.dg/lto/20101010-1 cp_lto_20101010-1_0.o-cp_lto_20101010-1_0.o link, -O2 -flto -flto-partition=none 
UNRESOLVED: g++.dg/lto/20101010-1 cp_lto_20101010-1_0.o-cp_lto_20101010-1_0.o execute -O2 -flto -flto-partition=none 
FAIL: g++.dg/lto/20101010-1 cp_lto_20101010-1_0.o-cp_lto_20101010-1_0.o link, -O0 -flto -flto-partition=1to1 
UNRESOLVED: g++.dg/lto/20101010-1 cp_lto_20101010-1_0.o-cp_lto_20101010-1_0.o execute -O0 -flto -flto-partition=1to1 
FAIL: g++.dg/lto/20101010-1 cp_lto_20101010-1_0.o-cp_lto_20101010-1_0.o link, -O2 -flto -flto-partition=1to1 
UNRESOLVED: g++.dg/lto/20101010-1 cp_lto_20101010-1_0.o-cp_lto_20101010-1_0.o execute -O2 -flto -flto-partition=1to1 
FAIL: g++.dg/lto/20101010-1 cp_lto_20101010-1_0.o-cp_lto_20101010-1_0.o link, -O0 -flto 
UNRESOLVED: g++.dg/lto/20101010-1 cp_lto_20101010-1_0.o-cp_lto_20101010-1_0.o execute -O0 -flto 
FAIL: g++.dg/lto/20101010-1 cp_lto_20101010-1_0.o-cp_lto_20101010-1_0.o link, -O2 -flto
UNRESOLVED: g++.dg/lto/20101010-1 cp_lto_20101010-1_0.o-cp_lto_20101010-1_0.o execute -O2 -flto
FAIL: g++.dg/lto/20101010-2 cp_lto_20101010-2_0.o-cp_lto_20101010-2_0.o link, -O0 -flto -flto-partition=none 
UNRESOLVED: g++.dg/lto/20101010-2 cp_lto_20101010-2_0.o-cp_lto_20101010-2_0.o execute -O0 -flto -flto-partition=none 
FAIL: g++.dg/lto/20101010-2 cp_lto_20101010-2_0.o-cp_lto_20101010-2_0.o link, -O2 -flto -flto-partition=none 
UNRESOLVED: g++.dg/lto/20101010-2 cp_lto_20101010-2_0.o-cp_lto_20101010-2_0.o execute -O2 -flto -flto-partition=none 
FAIL: g++.dg/lto/20101010-2 cp_lto_20101010-2_0.o-cp_lto_20101010-2_0.o link, -O0 -flto -flto-partition=1to1 
UNRESOLVED: g++.dg/lto/20101010-2 cp_lto_20101010-2_0.o-cp_lto_20101010-2_0.o execute -O0 -flto -flto-partition=1to1 
FAIL: g++.dg/lto/20101010-2 cp_lto_20101010-2_0.o-cp_lto_20101010-2_0.o link, -O2 -flto -flto-partition=1to1 
UNRESOLVED: g++.dg/lto/20101010-2 cp_lto_20101010-2_0.o-cp_lto_20101010-2_0.o execute -O2 -flto -flto-partition=1to1 
FAIL: g++.dg/lto/20101010-2 cp_lto_20101010-2_0.o-cp_lto_20101010-2_0.o link, -O0 -flto 
UNRESOLVED: g++.dg/lto/20101010-2 cp_lto_20101010-2_0.o-cp_lto_20101010-2_0.o execute -O0 -flto 
FAIL: g++.dg/lto/20101010-2 cp_lto_20101010-2_0.o-cp_lto_20101010-2_0.o link, -O2 -flto
UNRESOLVED: g++.dg/lto/20101010-2 cp_lto_20101010-2_0.o-cp_lto_20101010-2_0.o execute -O2 -flto
FAIL: g++.dg/lto/20101010-3 cp_lto_20101010-3_0.o-cp_lto_20101010-3_0.o link, -flto -std=c++0x
UNRESOLVED: g++.dg/lto/20101010-3 cp_lto_20101010-3_0.o-cp_lto_20101010-3_0.o execute -flto -std=c++0x
FAIL: g++.dg/lto/20101010-4 cp_lto_20101010-4_0.o-cp_lto_20101010-4_0.o link,  -std=c++0x -flto -r -nostdlib 
UNRESOLVED: g++.dg/lto/20101010-4 cp_lto_20101010-4_0.o-cp_lto_20101010-4_0.o execute  -std=c++0x -flto -r -nostdlib 
FAIL: g++.dg/lto/20101010-4 cp_lto_20101010-4_0.o-cp_lto_20101010-4_0.o link,  -std=c++0x -flto -g -r -nostdlib 
UNRESOLVED: g++.dg/lto/20101010-4 cp_lto_20101010-4_0.o-cp_lto_20101010-4_0.o execute  -std=c++0x -flto -g -r -nostdlib 
FAIL: g++.dg/lto/20101014-1 cp_lto_20101014-1_0.o-cp_lto_20101014-1_0.o link, -O0 -flto -flto-partition=none 
UNRESOLVED: g++.dg/lto/20101014-1 cp_lto_20101014-1_0.o-cp_lto_20101014-1_0.o execute -O0 -flto -flto-partition=none 
FAIL: g++.dg/lto/20101014-1 cp_lto_20101014-1_0.o-cp_lto_20101014-1_0.o link, -O2 -flto -flto-partition=none 
UNRESOLVED: g++.dg/lto/20101014-1 cp_lto_20101014-1_0.o-cp_lto_20101014-1_0.o execute -O2 -flto -flto-partition=none 
FAIL: g++.dg/lto/20101014-1 cp_lto_20101014-1_0.o-cp_lto_20101014-1_0.o link, -O0 -flto -flto-partition=1to1 
UNRESOLVED: g++.dg/lto/20101014-1 cp_lto_20101014-1_0.o-cp_lto_20101014-1_0.o execute -O0 -flto -flto-partition=1to1 
FAIL: g++.dg/lto/20101014-1 cp_lto_20101014-1_0.o-cp_lto_20101014-1_0.o link, -O2 -flto -flto-partition=1to1 
UNRESOLVED: g++.dg/lto/20101014-1 cp_lto_20101014-1_0.o-cp_lto_20101014-1_0.o execute -O2 -flto -flto-partition=1to1 
FAIL: g++.dg/lto/20101014-1 cp_lto_20101014-1_0.o-cp_lto_20101014-1_0.o link, -O0 -flto 
UNRESOLVED: g++.dg/lto/20101014-1 cp_lto_20101014-1_0.o-cp_lto_20101014-1_0.o execute -O0 -flto 
FAIL: g++.dg/lto/20101014-1 cp_lto_20101014-1_0.o-cp_lto_20101014-1_0.o link, -O2 -flto
UNRESOLVED: g++.dg/lto/20101014-1 cp_lto_20101014-1_0.o-cp_lto_20101014-1_0.o execute -O2 -flto
FAIL: g++.dg/lto/20101015-2 cp_lto_20101015-2_0.o-cp_lto_20101015-2_0.o link,  -flto 
UNRESOLVED: g++.dg/lto/20101015-2 cp_lto_20101015-2_0.o-cp_lto_20101015-2_0.o execute  -flto 
FAIL: g++.dg/lto/20101015-2 cp_lto_20101015-2_0.o-cp_lto_20101015-2_0.o link,  -g -flto 
UNRESOLVED: g++.dg/lto/20101015-2 cp_lto_20101015-2_0.o-cp_lto_20101015-2_0.o execute  -g -flto 
FAIL: g++.dg/lto/20101020-1 cp_lto_20101020-1_0.o-cp_lto_20101020-1_1.o link, -O0 -flto -flto-partition=none 
UNRESOLVED: g++.dg/lto/20101020-1 cp_lto_20101020-1_0.o-cp_lto_20101020-1_1.o execute -O0 -flto -flto-partition=none 
FAIL: g++.dg/lto/20101020-1 cp_lto_20101020-1_0.o-cp_lto_20101020-1_1.o link, -O2 -flto -flto-partition=none 
UNRESOLVED: g++.dg/lto/20101020-1 cp_lto_20101020-1_0.o-cp_lto_20101020-1_1.o execute -O2 -flto -flto-partition=none 
FAIL: g++.dg/lto/20101020-1 cp_lto_20101020-1_0.o-cp_lto_20101020-1_1.o link, -O0 -flto -flto-partition=1to1 
UNRESOLVED: g++.dg/lto/20101020-1 cp_lto_20101020-1_0.o-cp_lto_20101020-1_1.o execute -O0 -flto -flto-partition=1to1 
FAIL: g++.dg/lto/20101020-1 cp_lto_20101020-1_0.o-cp_lto_20101020-1_1.o link, -O2 -flto -flto-partition=1to1 
UNRESOLVED: g++.dg/lto/20101020-1 cp_lto_20101020-1_0.o-cp_lto_20101020-1_1.o execute -O2 -flto -flto-partition=1to1 
FAIL: g++.dg/lto/20101020-1 cp_lto_20101020-1_0.o-cp_lto_20101020-1_1.o link, -O0 -flto 
UNRESOLVED: g++.dg/lto/20101020-1 cp_lto_20101020-1_0.o-cp_lto_20101020-1_1.o execute -O0 -flto 
FAIL: g++.dg/lto/20101020-1 cp_lto_20101020-1_0.o-cp_lto_20101020-1_1.o link, -O2 -flto
UNRESOLVED: g++.dg/lto/20101020-1 cp_lto_20101020-1_0.o-cp_lto_20101020-1_1.o execute -O2 -flto
FAIL: g++.dg/lto/20101126-1 cp_lto_20101126-1_0.o-cp_lto_20101126-1_1.o link, -O0 -flto -flto-partition=none 
UNRESOLVED: g++.dg/lto/20101126-1 cp_lto_20101126-1_0.o-cp_lto_20101126-1_1.o execute -O0 -flto -flto-partition=none 
FAIL: g++.dg/lto/20101126-1 cp_lto_20101126-1_0.o-cp_lto_20101126-1_1.o link, -O2 -flto -flto-partition=none 
UNRESOLVED: g++.dg/lto/20101126-1 cp_lto_20101126-1_0.o-cp_lto_20101126-1_1.o execute -O2 -flto -flto-partition=none 
FAIL: g++.dg/lto/20101126-1 cp_lto_20101126-1_0.o-cp_lto_20101126-1_1.o link, -O0 -flto -flto-partition=1to1 
UNRESOLVED: g++.dg/lto/20101126-1 cp_lto_20101126-1_0.o-cp_lto_20101126-1_1.o execute -O0 -flto -flto-partition=1to1 
FAIL: g++.dg/lto/20101126-1 cp_lto_20101126-1_0.o-cp_lto_20101126-1_1.o link, -O2 -flto -flto-partition=1to1 
UNRESOLVED: g++.dg/lto/20101126-1 cp_lto_20101126-1_0.o-cp_lto_20101126-1_1.o execute -O2 -flto -flto-partition=1to1 
FAIL: g++.dg/lto/20101126-1 cp_lto_20101126-1_0.o-cp_lto_20101126-1_1.o link, -O0 -flto 
UNRESOLVED: g++.dg/lto/20101126-1 cp_lto_20101126-1_0.o-cp_lto_20101126-1_1.o execute -O0 -flto 
FAIL: g++.dg/lto/20101126-1 cp_lto_20101126-1_0.o-cp_lto_20101126-1_1.o link, -O2 -flto
UNRESOLVED: g++.dg/lto/20101126-1 cp_lto_20101126-1_0.o-cp_lto_20101126-1_1.o execute -O2 -flto
FAIL: g++.dg/lto/20110311-1 cp_lto_20110311-1_0.o-cp_lto_20110311-1_0.o link, -O0 -flto -flto-partition=none 
UNRESOLVED: g++.dg/lto/20110311-1 cp_lto_20110311-1_0.o-cp_lto_20110311-1_0.o execute -O0 -flto -flto-partition=none 
FAIL: g++.dg/lto/20110311-1 cp_lto_20110311-1_0.o-cp_lto_20110311-1_0.o link, -O2 -flto -flto-partition=none 
UNRESOLVED: g++.dg/lto/20110311-1 cp_lto_20110311-1_0.o-cp_lto_20110311-1_0.o execute -O2 -flto -flto-partition=none 
FAIL: g++.dg/lto/20110311-1 cp_lto_20110311-1_0.o-cp_lto_20110311-1_0.o link, -O0 -flto -flto-partition=1to1 
UNRESOLVED: g++.dg/lto/20110311-1 cp_lto_20110311-1_0.o-cp_lto_20110311-1_0.o execute -O0 -flto -flto-partition=1to1 
FAIL: g++.dg/lto/20110311-1 cp_lto_20110311-1_0.o-cp_lto_20110311-1_0.o link, -O2 -flto -flto-partition=1to1 
UNRESOLVED: g++.dg/lto/20110311-1 cp_lto_20110311-1_0.o-cp_lto_20110311-1_0.o execute -O2 -flto -flto-partition=1to1 
FAIL: g++.dg/lto/20110311-1 cp_lto_20110311-1_0.o-cp_lto_20110311-1_0.o link, -O0 -flto 
UNRESOLVED: g++.dg/lto/20110311-1 cp_lto_20110311-1_0.o-cp_lto_20110311-1_0.o execute -O0 -flto 
FAIL: g++.dg/lto/20110311-1 cp_lto_20110311-1_0.o-cp_lto_20110311-1_0.o link, -O2 -flto
UNRESOLVED: g++.dg/lto/20110311-1 cp_lto_20110311-1_0.o-cp_lto_20110311-1_0.o execute -O2 -flto
FAIL: g++.dg/lto/pr45983 cp_lto_pr45983_0.o-cp_lto_pr45983_0.o link, -O0 -flto -flto-partition=none 
UNRESOLVED: g++.dg/lto/pr45983 cp_lto_pr45983_0.o-cp_lto_pr45983_0.o execute -O0 -flto -flto-partition=none 
FAIL: g++.dg/lto/pr45983 cp_lto_pr45983_0.o-cp_lto_pr45983_0.o link, -O2 -flto -flto-partition=none 
UNRESOLVED: g++.dg/lto/pr45983 cp_lto_pr45983_0.o-cp_lto_pr45983_0.o execute -O2 -flto -flto-partition=none 
FAIL: g++.dg/lto/pr45983 cp_lto_pr45983_0.o-cp_lto_pr45983_0.o link, -O0 -flto -flto-partition=1to1 
UNRESOLVED: g++.dg/lto/pr45983 cp_lto_pr45983_0.o-cp_lto_pr45983_0.o execute -O0 -flto -flto-partition=1to1 
FAIL: g++.dg/lto/pr45983 cp_lto_pr45983_0.o-cp_lto_pr45983_0.o link, -O2 -flto -flto-partition=1to1 
UNRESOLVED: g++.dg/lto/pr45983 cp_lto_pr45983_0.o-cp_lto_pr45983_0.o execute -O2 -flto -flto-partition=1to1 
FAIL: g++.dg/lto/pr45983 cp_lto_pr45983_0.o-cp_lto_pr45983_0.o link, -O0 -flto 
UNRESOLVED: g++.dg/lto/pr45983 cp_lto_pr45983_0.o-cp_lto_pr45983_0.o execute -O0 -flto 
FAIL: g++.dg/lto/pr45983 cp_lto_pr45983_0.o-cp_lto_pr45983_0.o link, -O2 -flto
UNRESOLVED: g++.dg/lto/pr45983 cp_lto_pr45983_0.o-cp_lto_pr45983_0.o execute -O2 -flto
FAIL: g++.dg/lto/pr48207-2 cp_lto_pr48207-2_0.o-cp_lto_pr48207-2_0.o link,  -flto -g 
UNRESOLVED: g++.dg/lto/pr48207-2 cp_lto_pr48207-2_0.o-cp_lto_pr48207-2_0.o execute  -flto -g 
FAIL: g++.dg/lto/pr48207-3 cp_lto_pr48207-3_0.o-cp_lto_pr48207-3_0.o link,  -flto -g 
UNRESOLVED: g++.dg/lto/pr48207-3 cp_lto_pr48207-3_0.o-cp_lto_pr48207-3_0.o execute  -flto -g 
FAIL: g++.dg/lto/pr48207 cp_lto_pr48207_0.o-cp_lto_pr48207_0.o link,  -flto -g 
UNRESOLVED: g++.dg/lto/pr48207 cp_lto_pr48207_0.o-cp_lto_pr48207_0.o execute  -flto -g 
FAIL: c-c++-common/torture/complex-alias-1.c  -O2 -flto -flto-partition=none  (test for excess errors)
WARNING: c-c++-common/torture/complex-alias-1.c  -O2 -flto -flto-partition=none  compilation failed to produce executable
FAIL: c-c++-common/torture/complex-alias-1.c  -O2 -flto  (test for excess errors)
WARNING: c-c++-common/torture/complex-alias-1.c  -O2 -flto  compilation failed to produce executable
FAIL: c-c++-common/torture/complex-sign-add.c  -O2 -flto -flto-partition=none  (test for excess errors)
WARNING: c-c++-common/torture/complex-sign-add.c  -O2 -flto -flto-partition=none  compilation failed to produce executable
FAIL: c-c++-common/torture/complex-sign-add.c  -O2 -flto  (test for excess errors)
WARNING: c-c++-common/torture/complex-sign-add.c  -O2 -flto  compilation failed to produce executable
FAIL: c-c++-common/torture/complex-sign-mixed-add.c  -O2 -flto -flto-partition=none  (test for excess errors)
WARNING: c-c++-common/torture/complex-sign-mixed-add.c  -O2 -flto -flto-partition=none  compilation failed to produce executable
FAIL: c-c++-common/torture/complex-sign-mixed-add.c  -O2 -flto  (test for excess errors)
WARNING: c-c++-common/torture/complex-sign-mixed-add.c  -O2 -flto  compilation failed to produce executable
FAIL: c-c++-common/torture/complex-sign-mixed-div.c  -O2 -flto -flto-partition=none  (test for excess errors)
WARNING: c-c++-common/torture/complex-sign-mixed-div.c  -O2 -flto -flto-partition=none  compilation failed to produce executable
FAIL: c-c++-common/torture/complex-sign-mixed-div.c  -O2 -flto  (test for excess errors)
WARNING: c-c++-common/torture/complex-sign-mixed-div.c  -O2 -flto  compilation failed to produce executable
FAIL: c-c++-common/torture/complex-sign-mixed-mul.c  -O2 -flto -flto-partition=none  (test for excess errors)
WARNING: c-c++-common/torture/complex-sign-mixed-mul.c  -O2 -flto -flto-partition=none  compilation failed to produce executable
FAIL: c-c++-common/torture/complex-sign-mixed-mul.c  -O2 -flto  (test for excess errors)
WARNING: c-c++-common/torture/complex-sign-mixed-mul.c  -O2 -flto  compilation failed to produce executable
FAIL: c-c++-common/torture/complex-sign-mixed-sub.c  -O2 -flto -flto-partition=none  (test for excess errors)
WARNING: c-c++-common/torture/complex-sign-mixed-sub.c  -O2 -flto -flto-partition=none  compilation failed to produce executable
FAIL: c-c++-common/torture/complex-sign-mixed-sub.c  -O2 -flto  (test for excess errors)
WARNING: c-c++-common/torture/complex-sign-mixed-sub.c  -O2 -flto  compilation failed to produce executable
FAIL: c-c++-common/torture/complex-sign-mul-minus-one.c  -O2 -flto -flto-partition=none  (test for excess errors)
WARNING: c-c++-common/torture/complex-sign-mul-minus-one.c  -O2 -flto -flto-partition=none  compilation failed to produce executable
FAIL: c-c++-common/torture/complex-sign-mul-minus-one.c  -O2 -flto  (test for excess errors)
WARNING: c-c++-common/torture/complex-sign-mul-minus-one.c  -O2 -flto  compilation failed to produce executable
FAIL: c-c++-common/torture/complex-sign-mul-one.c  -O2 -flto -flto-partition=none  (test for excess errors)
WARNING: c-c++-common/torture/complex-sign-mul-one.c  -O2 -flto -flto-partition=none  compilation failed to produce executable
FAIL: c-c++-common/torture/complex-sign-mul-one.c  -O2 -flto  (test for excess errors)
WARNING: c-c++-common/torture/complex-sign-mul-one.c  -O2 -flto  compilation failed to produce executable
FAIL: c-c++-common/torture/complex-sign-mul.c  -O2 -flto -flto-partition=none  (test for excess errors)
WARNING: c-c++-common/torture/complex-sign-mul.c  -O2 -flto -flto-partition=none  compilation failed to produce executable
FAIL: c-c++-common/torture/complex-sign-mul.c  -O2 -flto  (test for excess errors)
WARNING: c-c++-common/torture/complex-sign-mul.c  -O2 -flto  compilation failed to produce executable
FAIL: c-c++-common/torture/complex-sign-sub.c  -O2 -flto -flto-partition=none  (test for excess errors)
WARNING: c-c++-common/torture/complex-sign-sub.c  -O2 -flto -flto-partition=none  compilation failed to produce executable
FAIL: c-c++-common/torture/complex-sign-sub.c  -O2 -flto  (test for excess errors)
WARNING: c-c++-common/torture/complex-sign-sub.c  -O2 -flto  compilation failed to produce executable
FAIL: c-c++-common/torture/pr42834.c  -O2 -flto -flto-partition=none  (test for excess errors)
WARNING: c-c++-common/torture/pr42834.c  -O2 -flto -flto-partition=none  compilation failed to produce executable
FAIL: c-c++-common/torture/pr42834.c  -O2 -flto  (test for excess errors)
WARNING: c-c++-common/torture/pr42834.c  -O2 -flto  compilation failed to produce executable
FAIL: g++.dg/torture/20100825.C  -O2 -flto -flto-partition=none  (test for excess errors)
WARNING: g++.dg/torture/20100825.C  -O2 -flto -flto-partition=none  compilation failed to produce executable
FAIL: g++.dg/torture/20100825.C  -O2 -flto  (test for excess errors)
WARNING: g++.dg/torture/20100825.C  -O2 -flto  compilation failed to produce executable
FAIL: g++.dg/torture/covariant-1.C  -O2 -flto -flto-partition=none  (test for excess errors)
WARNING: g++.dg/torture/covariant-1.C  -O2 -flto -flto-partition=none  compilation failed to produce executable
FAIL: g++.dg/torture/covariant-1.C  -O2 -flto  (test for excess errors)
WARNING: g++.dg/torture/covariant-1.C  -O2 -flto  compilation failed to produce executable
FAIL: g++.dg/torture/pr30252.C  -O2 -flto -flto-partition=none  (test for excess errors)
WARNING: g++.dg/torture/pr30252.C  -O2 -flto -flto-partition=none  compilation failed to produce executable
FAIL: g++.dg/torture/pr30252.C  -O2 -flto  (test for excess errors)
WARNING: g++.dg/torture/pr30252.C  -O2 -flto  compilation failed to produce executable
FAIL: g++.dg/torture/pr30567.C  -O2 -flto -flto-partition=none  (test for excess errors)
WARNING: g++.dg/torture/pr30567.C  -O2 -flto -flto-partition=none  compilation failed to produce executable
FAIL: g++.dg/torture/pr30567.C  -O2 -flto  (test for excess errors)
WARNING: g++.dg/torture/pr30567.C  -O2 -flto  compilation failed to produce executable
FAIL: g++.dg/torture/pr31863.C  -O2 -flto -flto-partition=none  (test for excess errors)
FAIL: g++.dg/torture/pr31863.C  -O2 -flto  (test for excess errors)
FAIL: g++.dg/torture/pr33572.C  -O2 -flto -flto-partition=none  (test for excess errors)
WARNING: g++.dg/torture/pr33572.C  -O2 -flto -flto-partition=none  compilation failed to produce executable
FAIL: g++.dg/torture/pr33572.C  -O2 -flto  (test for excess errors)
WARNING: g++.dg/torture/pr33572.C  -O2 -flto  compilation failed to produce executable
FAIL: g++.dg/torture/pr33819.C  -O2 -flto -flto-partition=none  (test for excess errors)
WARNING: g++.dg/torture/pr33819.C  -O2 -flto -flto-partition=none  compilation failed to produce executable
FAIL: g++.dg/torture/pr33819.C  -O2 -flto  (test for excess errors)
WARNING: g++.dg/torture/pr33819.C  -O2 -flto  compilation failed to produce executable
FAIL: g++.dg/torture/pr33887-1.C  -O2 -flto -flto-partition=none  (test for excess errors)
WARNING: g++.dg/torture/pr33887-1.C  -O2 -flto -flto-partition=none  compilation failed to produce executable
FAIL: g++.dg/torture/pr33887-1.C  -O2 -flto  (test for excess errors)
WARNING: g++.dg/torture/pr33887-1.C  -O2 -flto  compilation failed to produce executable
FAIL: g++.dg/torture/pr33887-2.C  -O2 -flto -flto-partition=none  (test for excess errors)
WARNING: g++.dg/torture/pr33887-2.C  -O2 -flto -flto-partition=none  compilation failed to produce executable
FAIL: g++.dg/torture/pr33887-2.C  -O2 -flto  (test for excess errors)
WARNING: g++.dg/torture/pr33887-2.C  -O2 -flto  compilation failed to produce executable
FAIL: g++.dg/torture/pr33887-3.C  -O2 -flto -flto-partition=none  (test for excess errors)
WARNING: g++.dg/torture/pr33887-3.C  -O2 -flto -flto-partition=none  compilation failed to produce executable
FAIL: g++.dg/torture/pr33887-3.C  -O2 -flto  (test for excess errors)
WARNING: g++.dg/torture/pr33887-3.C  -O2 -flto  compilation failed to produce executable
FAIL: g++.dg/torture/pr34099.C  -O2 -flto -flto-partition=none  (test for excess errors)
WARNING: g++.dg/torture/pr34099.C  -O2 -flto -flto-partition=none  compilation failed to produce executable
FAIL: g++.dg/torture/pr34099.C  -O2 -flto  (test for excess errors)
WARNING: g++.dg/torture/pr34099.C  -O2 -flto  compilation failed to produce executable
FAIL: g++.dg/torture/pr34235.C  -O2 -flto -flto-partition=none  (test for excess errors)
WARNING: g++.dg/torture/pr34235.C  -O2 -flto -flto-partition=none  compilation failed to produce executable
FAIL: g++.dg/torture/pr34235.C  -O2 -flto  (test for excess errors)
WARNING: g++.dg/torture/pr34235.C  -O2 -flto  compilation failed to produce executable
FAIL: g++.dg/torture/pr36960.C  -O2 -flto -flto-partition=none  (test for excess errors)
WARNING: g++.dg/torture/pr36960.C  -O2 -flto -flto-partition=none  compilation failed to produce executable
FAIL: g++.dg/torture/pr36960.C  -O2 -flto  (test for excess errors)
WARNING: g++.dg/torture/pr36960.C  -O2 -flto  compilation failed to produce executable
FAIL: g++.dg/torture/pr37146-1.C  -O2 -flto -flto-partition=none  (test for excess errors)
WARNING: g++.dg/torture/pr37146-1.C  -O2 -flto -flto-partition=none  compilation failed to produce executable
FAIL: g++.dg/torture/pr37146-1.C  -O2 -flto  (test for excess errors)
WARNING: g++.dg/torture/pr37146-1.C  -O2 -flto  compilation failed to produce executable
FAIL: g++.dg/torture/pr37146-2.C  -O2 -flto -flto-partition=none  (test for excess errors)
WARNING: g++.dg/torture/pr37146-2.C  -O2 -flto -flto-partition=none  compilation failed to produce executable
FAIL: g++.dg/torture/pr37146-2.C  -O2 -flto  (test for excess errors)
WARNING: g++.dg/torture/pr37146-2.C  -O2 -flto  compilation failed to produce executable
FAIL: g++.dg/torture/pr37922.C  -O2 -flto -flto-partition=none  (test for excess errors)
WARNING: g++.dg/torture/pr37922.C  -O2 -flto -flto-partition=none  compilation failed to produce executable
FAIL: g++.dg/torture/pr37922.C  -O2 -flto  (test for excess errors)
WARNING: g++.dg/torture/pr37922.C  -O2 -flto  compilation failed to produce executable
FAIL: g++.dg/torture/pr38747.C  -O2 -flto -flto-partition=none  (test for excess errors)
WARNING: g++.dg/torture/pr38747.C  -O2 -flto -flto-partition=none  compilation failed to produce executable
FAIL: g++.dg/torture/pr38747.C  -O2 -flto  (test for excess errors)
WARNING: g++.dg/torture/pr38747.C  -O2 -flto  compilation failed to produce executable
FAIL: g++.dg/torture/pr39002.C  -O2 -flto -flto-partition=none  (test for excess errors)
WARNING: g++.dg/torture/pr39002.C  -O2 -flto -flto-partition=none  compilation failed to produce executable
FAIL: g++.dg/torture/pr39002.C  -O2 -flto  (test for excess errors)
WARNING: g++.dg/torture/pr39002.C  -O2 -flto  compilation failed to produce executable
FAIL: g++.dg/torture/pr39417.C  -O2 -flto -flto-partition=none  (test for excess errors)
WARNING: g++.dg/torture/pr39417.C  -O2 -flto -flto-partition=none  compilation failed to produce executable
FAIL: g++.dg/torture/pr39417.C  -O2 -flto  (test for excess errors)
WARNING: g++.dg/torture/pr39417.C  -O2 -flto  compilation failed to produce executable
FAIL: g++.dg/torture/pr39678.C  -O2 -flto -flto-partition=none  (test for excess errors)
WARNING: g++.dg/torture/pr39678.C  -O2 -flto -flto-partition=none  compilation failed to produce executable
FAIL: g++.dg/torture/pr39678.C  -O2 -flto  (test for excess errors)
WARNING: g++.dg/torture/pr39678.C  -O2 -flto  compilation failed to produce executable
FAIL: g++.dg/torture/pr40335.C  -O2 -flto -flto-partition=none  (test for excess errors)
WARNING: g++.dg/torture/pr40335.C  -O2 -flto -flto-partition=none  compilation failed to produce executable
FAIL: g++.dg/torture/pr40335.C  -O2 -flto  (test for excess errors)
WARNING: g++.dg/torture/pr40335.C  -O2 -flto  compilation failed to produce executable
FAIL: g++.dg/torture/pr40389.C  -O2 -flto -flto-partition=none  (test for excess errors)
WARNING: g++.dg/torture/pr40389.C  -O2 -flto -flto-partition=none  compilation failed to produce executable
FAIL: g++.dg/torture/pr40389.C  -O2 -flto  (test for excess errors)
WARNING: g++.dg/torture/pr40389.C  -O2 -flto  compilation failed to produce executable
FAIL: g++.dg/torture/pr40834.C  -O2 -flto -flto-partition=none  (test for excess errors)
WARNING: g++.dg/torture/pr40834.C  -O2 -flto -flto-partition=none  compilation failed to produce executable
FAIL: g++.dg/torture/pr40834.C  -O2 -flto  (test for excess errors)
WARNING: g++.dg/torture/pr40834.C  -O2 -flto  compilation failed to produce executable
FAIL: g++.dg/torture/pr40924.C  -O2 -flto -flto-partition=none  (test for excess errors)
WARNING: g++.dg/torture/pr40924.C  -O2 -flto -flto-partition=none  compilation failed to produce executable
FAIL: g++.dg/torture/pr40924.C  -O2 -flto  (test for excess errors)
WARNING: g++.dg/torture/pr40924.C  -O2 -flto  compilation failed to produce executable
FAIL: g++.dg/torture/pr41186.C  -O2 -flto -flto-partition=none  (test for excess errors)
WARNING: g++.dg/torture/pr41186.C  -O2 -flto -flto-partition=none  compilation failed to produce executable
FAIL: g++.dg/torture/pr41186.C  -O2 -flto  (test for excess errors)
WARNING: g++.dg/torture/pr41186.C  -O2 -flto  compilation failed to produce executable
FAIL: g++.dg/torture/pr41257-2.C  -O2 -flto -flto-partition=none  (test for excess errors)
FAIL: g++.dg/torture/pr41257-2.C  -O2 -flto  (test for excess errors)
FAIL: g++.dg/torture/pr42462.C  -O2 -flto -flto-partition=none  (test for excess errors)
WARNING: g++.dg/torture/pr42462.C  -O2 -flto -flto-partition=none  compilation failed to produce executable
FAIL: g++.dg/torture/pr42462.C  -O2 -flto  (test for excess errors)
WARNING: g++.dg/torture/pr42462.C  -O2 -flto  compilation failed to produce executable
FAIL: g++.dg/torture/pr43784.C  -O2 -flto -flto-partition=none  (test for excess errors)
WARNING: g++.dg/torture/pr43784.C  -O2 -flto -flto-partition=none  compilation failed to produce executable
FAIL: g++.dg/torture/pr43784.C  -O2 -flto  (test for excess errors)
WARNING: g++.dg/torture/pr43784.C  -O2 -flto  compilation failed to produce executable
FAIL: g++.dg/torture/pr43879-1_1.C  -O2 -flto -flto-partition=none  (test for excess errors)
WARNING: g++.dg/torture/pr43879-1_1.C  -O2 -flto -flto-partition=none  compilation failed to produce executable
FAIL: g++.dg/torture/pr43879-1_1.C  -O2 -flto  (test for excess errors)
WARNING: g++.dg/torture/pr43879-1_1.C  -O2 -flto  compilation failed to produce executable
FAIL: g++.dg/torture/pr44069.C  -O2 -flto -flto-partition=none  (test for excess errors)
WARNING: g++.dg/torture/pr44069.C  -O2 -flto -flto-partition=none  compilation failed to produce executable
FAIL: g++.dg/torture/pr44069.C  -O2 -flto  (test for excess errors)
WARNING: g++.dg/torture/pr44069.C  -O2 -flto  compilation failed to produce executable
FAIL: g++.dg/torture/pr44492.C  -O2 -flto -flto-partition=none  (test for excess errors)
WARNING: g++.dg/torture/pr44492.C  -O2 -flto -flto-partition=none  compilation failed to produce executable
FAIL: g++.dg/torture/pr44492.C  -O2 -flto  (test for excess errors)
WARNING: g++.dg/torture/pr44492.C  -O2 -flto  compilation failed to produce executable
FAIL: g++.dg/torture/pr44535.C  -O2 -flto -flto-partition=none  (test for excess errors)
WARNING: g++.dg/torture/pr44535.C  -O2 -flto -flto-partition=none  compilation failed to produce executable
FAIL: g++.dg/torture/pr44535.C  -O2 -flto  (test for excess errors)
WARNING: g++.dg/torture/pr44535.C  -O2 -flto  compilation failed to produce executable
FAIL: g++.dg/torture/pr45699.C  -O2 -flto -flto-partition=none  (test for excess errors)
WARNING: g++.dg/torture/pr45699.C  -O2 -flto -flto-partition=none  compilation failed to produce executable
FAIL: g++.dg/torture/pr45699.C  -O2 -flto  (test for excess errors)
WARNING: g++.dg/torture/pr45699.C  -O2 -flto  compilation failed to produce executable
FAIL: g++.dg/torture/pr45843.C  -O2 -flto -flto-partition=none  (test for excess errors)
WARNING: g++.dg/torture/pr45843.C  -O2 -flto -flto-partition=none  compilation failed to produce executable
FAIL: g++.dg/torture/pr45843.C  -O2 -flto  (test for excess errors)
WARNING: g++.dg/torture/pr45843.C  -O2 -flto  compilation failed to produce executable
FAIL: g++.dg/torture/pr45934.C  -O2 -flto -flto-partition=none  (test for excess errors)
WARNING: g++.dg/torture/pr45934.C  -O2 -flto -flto-partition=none  compilation failed to produce executable
FAIL: g++.dg/torture/pr45934.C  -O2 -flto  (test for excess errors)
WARNING: g++.dg/torture/pr45934.C  -O2 -flto  compilation failed to produce executable
FAIL: g++.dg/torture/pr46149.C  -O2 -flto -flto-partition=none  (test for excess errors)
WARNING: g++.dg/torture/pr46149.C  -O2 -flto -flto-partition=none  compilation failed to produce executable
FAIL: g++.dg/torture/pr46149.C  -O2 -flto  (test for excess errors)
WARNING: g++.dg/torture/pr46149.C  -O2 -flto  compilation failed to produce executable
FAIL: g++.dg/torture/pr46287.C  -O2 -flto -flto-partition=none  (test for excess errors)
WARNING: g++.dg/torture/pr46287.C  -O2 -flto -flto-partition=none  compilation failed to produce executable
FAIL: g++.dg/torture/pr46287.C  -O2 -flto  (test for excess errors)
WARNING: g++.dg/torture/pr46287.C  -O2 -flto  compilation failed to produce executable
FAIL: g++.dg/torture/pr47382.C  -O2 -flto -flto-partition=none  (test for excess errors)
WARNING: g++.dg/torture/pr47382.C  -O2 -flto -flto-partition=none  compilation failed to produce executable
FAIL: g++.dg/torture/pr47382.C  -O2 -flto  (test for excess errors)
WARNING: g++.dg/torture/pr47382.C  -O2 -flto  compilation failed to produce executable
FAIL: g++.dg/torture/pr47541.C  -O2 -flto -flto-partition=none  (test for excess errors)
WARNING: g++.dg/torture/pr47541.C  -O2 -flto -flto-partition=none  compilation failed to produce executable
FAIL: g++.dg/torture/pr47541.C  -O2 -flto  (test for excess errors)
WARNING: g++.dg/torture/pr47541.C  -O2 -flto  compilation failed to produce executable
FAIL: g++.dg/torture/pr48661.C  -O2 -flto -flto-partition=none  (test for excess errors)
WARNING: g++.dg/torture/pr48661.C  -O2 -flto -flto-partition=none  compilation failed to produce executable
FAIL: g++.dg/torture/pr48661.C  -O2 -flto  (test for excess errors)
WARNING: g++.dg/torture/pr48661.C  -O2 -flto  compilation failed to produce executable
FAIL: g++.dg/torture/pr48695.C  -O2 -flto -flto-partition=none  (test for excess errors)
WARNING: g++.dg/torture/pr48695.C  -O2 -flto -flto-partition=none  compilation failed to produce executable
FAIL: g++.dg/torture/pr48695.C  -O2 -flto  (test for excess errors)
WARNING: g++.dg/torture/pr48695.C  -O2 -flto  compilation failed to produce executable
FAIL: g++.dg/torture/pr49039.C  -O2 -flto -flto-partition=none  (test for excess errors)
WARNING: g++.dg/torture/pr49039.C  -O2 -flto -flto-partition=none  compilation failed to produce executable
FAIL: g++.dg/torture/pr49039.C  -O2 -flto  (test for excess errors)
WARNING: g++.dg/torture/pr49039.C  -O2 -flto  compilation failed to produce executable
FAIL: g++.dg/torture/pr49115.C  -O2 -flto -flto-partition=none  (test for excess errors)
WARNING: g++.dg/torture/pr49115.C  -O2 -flto -flto-partition=none  compilation failed to produce executable
FAIL: g++.dg/torture/pr49115.C  -O2 -flto  (test for excess errors)
WARNING: g++.dg/torture/pr49115.C  -O2 -flto  compilation failed to produce executable
FAIL: g++.dg/torture/pr49394.C  -O2 -flto -flto-partition=none  (test for excess errors)
WARNING: g++.dg/torture/pr49394.C  -O2 -flto -flto-partition=none  compilation failed to produce executable
FAIL: g++.dg/torture/pr49394.C  -O2 -flto  (test for excess errors)
WARNING: g++.dg/torture/pr49394.C  -O2 -flto  compilation failed to produce executable
FAIL: g++.dg/torture/pr49519.C  -O2 -flto -flto-partition=none  (test for excess errors)
WARNING: g++.dg/torture/pr49519.C  -O2 -flto -flto-partition=none  compilation failed to produce executable
FAIL: g++.dg/torture/pr49519.C  -O2 -flto  (test for excess errors)
WARNING: g++.dg/torture/pr49519.C  -O2 -flto  compilation failed to produce executable
FAIL: g++.dg/torture/pr49644.C  -O2 -flto -flto-partition=none  (test for excess errors)
WARNING: g++.dg/torture/pr49644.C  -O2 -flto -flto-partition=none  compilation failed to produce executable
FAIL: g++.dg/torture/pr49644.C  -O2 -flto  (test for excess errors)
WARNING: g++.dg/torture/pr49644.C  -O2 -flto  compilation failed to produce executable
FAIL: g++.dg/torture/pr49770.C  -O2 -flto -flto-partition=none  (test for excess errors)
WARNING: g++.dg/torture/pr49770.C  -O2 -flto -flto-partition=none  compilation failed to produce executable
FAIL: g++.dg/torture/pr49770.C  -O2 -flto  (test for excess errors)
WARNING: g++.dg/torture/pr49770.C  -O2 -flto  compilation failed to produce executable
FAIL: g++.dg/torture/pr50189.C  -O2 -flto -flto-partition=none  (test for excess errors)
WARNING: g++.dg/torture/pr50189.C  -O2 -flto -flto-partition=none  compilation failed to produce executable
FAIL: g++.dg/torture/pr50189.C  -O2 -flto  (test for excess errors)
WARNING: g++.dg/torture/pr50189.C  -O2 -flto  compilation failed to produce executable
FAIL: g++.dg/torture/pushpop_macro.C  -O2 -flto -flto-partition=none  (test for excess errors)
WARNING: g++.dg/torture/pushpop_macro.C  -O2 -flto -flto-partition=none  compilation failed to produce executable
FAIL: g++.dg/torture/pushpop_macro.C  -O2 -flto  (test for excess errors)
WARNING: g++.dg/torture/pushpop_macro.C  -O2 -flto  compilation failed to produce executable
FAIL: g++.dg/torture/type-generic-1.C  -O2 -flto -flto-partition=none  (test for excess errors)
WARNING: g++.dg/torture/type-generic-1.C  -O2 -flto -flto-partition=none  compilation failed to produce executable
FAIL: g++.dg/torture/type-generic-1.C  -O2 -flto  (test for excess errors)
WARNING: g++.dg/torture/type-generic-1.C  -O2 -flto  compilation failed to produce executable
FAIL: g++.dg/torture/stackalign/eh-alloca-1.C  -O2 -flto -flto-partition=none  (test for excess errors)
WARNING: g++.dg/torture/stackalign/eh-alloca-1.C  -O2 -flto -flto-partition=none  compilation failed to produce executable
FAIL: g++.dg/torture/stackalign/eh-alloca-1.C  -O2 -flto  (test for excess errors)
WARNING: g++.dg/torture/stackalign/eh-alloca-1.C  -O2 -flto  compilation failed to produce executable
FAIL: g++.dg/torture/stackalign/eh-global-1.C  -O2 -flto -flto-partition=none  (test for excess errors)
WARNING: g++.dg/torture/stackalign/eh-global-1.C  -O2 -flto -flto-partition=none  compilation failed to produce executable
FAIL: g++.dg/torture/stackalign/eh-global-1.C  -O2 -flto  (test for excess errors)
WARNING: g++.dg/torture/stackalign/eh-global-1.C  -O2 -flto  compilation failed to produce executable
FAIL: g++.dg/torture/stackalign/eh-inline-1.C  -O2 -flto -flto-partition=none  (test for excess errors)
WARNING: g++.dg/torture/stackalign/eh-inline-1.C  -O2 -flto -flto-partition=none  compilation failed to produce executable
FAIL: g++.dg/torture/stackalign/eh-inline-1.C  -O2 -flto  (test for excess errors)
WARNING: g++.dg/torture/stackalign/eh-inline-1.C  -O2 -flto  compilation failed to produce executable
FAIL: g++.dg/torture/stackalign/eh-inline-2.C  -O2 -flto -flto-partition=none  (test for excess errors)
WARNING: g++.dg/torture/stackalign/eh-inline-2.C  -O2 -flto -flto-partition=none  compilation failed to produce executable
FAIL: g++.dg/torture/stackalign/eh-inline-2.C  -O2 -flto  (test for excess errors)
WARNING: g++.dg/torture/stackalign/eh-inline-2.C  -O2 -flto  compilation failed to produce executable
FAIL: g++.dg/torture/stackalign/eh-vararg-1.C  -O2 -flto -flto-partition=none  (test for excess errors)
WARNING: g++.dg/torture/stackalign/eh-vararg-1.C  -O2 -flto -flto-partition=none  compilation failed to produce executable
FAIL: g++.dg/torture/stackalign/eh-vararg-1.C  -O2 -flto  (test for excess errors)
WARNING: g++.dg/torture/stackalign/eh-vararg-1.C  -O2 -flto  compilation failed to produce executable
FAIL: g++.dg/torture/stackalign/eh-vararg-2.C  -O2 -flto -flto-partition=none  (test for excess errors)
WARNING: g++.dg/torture/stackalign/eh-vararg-2.C  -O2 -flto -flto-partition=none  compilation failed to produce executable
FAIL: g++.dg/torture/stackalign/eh-vararg-2.C  -O2 -flto  (test for excess errors)
WARNING: g++.dg/torture/stackalign/eh-vararg-2.C  -O2 -flto  compilation failed to produce executable
FAIL: g++.dg/torture/stackalign/throw-1.C  -O2 -flto -flto-partition=none  (test for excess errors)
WARNING: g++.dg/torture/stackalign/throw-1.C  -O2 -flto -flto-partition=none  compilation failed to produce executable
FAIL: g++.dg/torture/stackalign/throw-1.C  -O2 -flto  (test for excess errors)
WARNING: g++.dg/torture/stackalign/throw-1.C  -O2 -flto  compilation failed to produce executable
FAIL: g++.dg/torture/stackalign/throw-2.C  -O2 -flto -flto-partition=none  (test for excess errors)
WARNING: g++.dg/torture/stackalign/throw-2.C  -O2 -flto -flto-partition=none  compilation failed to produce executable
FAIL: g++.dg/torture/stackalign/throw-2.C  -O2 -flto  (test for excess errors)
WARNING: g++.dg/torture/stackalign/throw-2.C  -O2 -flto  compilation failed to produce executable
FAIL: g++.dg/torture/stackalign/throw-3.C  -O2 -flto -flto-partition=none  (test for excess errors)
WARNING: g++.dg/torture/stackalign/throw-3.C  -O2 -flto -flto-partition=none  compilation failed to produce executable
FAIL: g++.dg/torture/stackalign/throw-3.C  -O2 -flto  (test for excess errors)
WARNING: g++.dg/torture/stackalign/throw-3.C  -O2 -flto  compilation failed to produce executable
FAIL: g++.dg/torture/stackalign/throw-4.C  -O2 -flto -flto-partition=none  (test for excess errors)
WARNING: g++.dg/torture/stackalign/throw-4.C  -O2 -flto -flto-partition=none  compilation failed to produce executable
FAIL: g++.dg/torture/stackalign/throw-4.C  -O2 -flto  (test for excess errors)
WARNING: g++.dg/torture/stackalign/throw-4.C  -O2 -flto  compilation failed to produce executable
FAIL: g++.dg/torture/stackalign/eh-alloca-1.C  -O2 -flto -flto-partition=none  (test for excess errors)
WARNING: g++.dg/torture/stackalign/eh-alloca-1.C  -O2 -flto -flto-partition=none  compilation failed to produce executable
FAIL: g++.dg/torture/stackalign/eh-alloca-1.C  -O2 -flto  (test for excess errors)
WARNING: g++.dg/torture/stackalign/eh-alloca-1.C  -O2 -flto  compilation failed to produce executable
FAIL: g++.dg/torture/stackalign/eh-global-1.C  -O2 -flto -flto-partition=none  (test for excess errors)
WARNING: g++.dg/torture/stackalign/eh-global-1.C  -O2 -flto -flto-partition=none  compilation failed to produce executable
FAIL: g++.dg/torture/stackalign/eh-global-1.C  -O2 -flto  (test for excess errors)
WARNING: g++.dg/torture/stackalign/eh-global-1.C  -O2 -flto  compilation failed to produce executable
FAIL: g++.dg/torture/stackalign/eh-inline-1.C  -O2 -flto -flto-partition=none  (test for excess errors)
WARNING: g++.dg/torture/stackalign/eh-inline-1.C  -O2 -flto -flto-partition=none  compilation failed to produce executable
FAIL: g++.dg/torture/stackalign/eh-inline-1.C  -O2 -flto  (test for excess errors)
WARNING: g++.dg/torture/stackalign/eh-inline-1.C  -O2 -flto  compilation failed to produce executable
FAIL: g++.dg/torture/stackalign/eh-inline-2.C  -O2 -flto -flto-partition=none  (test for excess errors)
WARNING: g++.dg/torture/stackalign/eh-inline-2.C  -O2 -flto -flto-partition=none  compilation failed to produce executable
FAIL: g++.dg/torture/stackalign/eh-inline-2.C  -O2 -flto  (test for excess errors)
WARNING: g++.dg/torture/stackalign/eh-inline-2.C  -O2 -flto  compilation failed to produce executable
FAIL: g++.dg/torture/stackalign/eh-vararg-1.C  -O2 -flto -flto-partition=none  (test for excess errors)
WARNING: g++.dg/torture/stackalign/eh-vararg-1.C  -O2 -flto -flto-partition=none  compilation failed to produce executable
FAIL: g++.dg/torture/stackalign/eh-vararg-1.C  -O2 -flto  (test for excess errors)
WARNING: g++.dg/torture/stackalign/eh-vararg-1.C  -O2 -flto  compilation failed to produce executable
FAIL: g++.dg/torture/stackalign/eh-vararg-2.C  -O2 -flto -flto-partition=none  (test for excess errors)
WARNING: g++.dg/torture/stackalign/eh-vararg-2.C  -O2 -flto -flto-partition=none  compilation failed to produce executable
FAIL: g++.dg/torture/stackalign/eh-vararg-2.C  -O2 -flto  (test for excess errors)
WARNING: g++.dg/torture/stackalign/eh-vararg-2.C  -O2 -flto  compilation failed to produce executable
FAIL: g++.dg/torture/stackalign/throw-1.C  -O2 -flto -flto-partition=none  (test for excess errors)
WARNING: g++.dg/torture/stackalign/throw-1.C  -O2 -flto -flto-partition=none  compilation failed to produce executable
FAIL: g++.dg/torture/stackalign/throw-1.C  -O2 -flto  (test for excess errors)
WARNING: g++.dg/torture/stackalign/throw-1.C  -O2 -flto  compilation failed to produce executable
FAIL: g++.dg/torture/stackalign/throw-2.C  -O2 -flto -flto-partition=none  (test for excess errors)
WARNING: g++.dg/torture/stackalign/throw-2.C  -O2 -flto -flto-partition=none  compilation failed to produce executable
FAIL: g++.dg/torture/stackalign/throw-2.C  -O2 -flto  (test for excess errors)
WARNING: g++.dg/torture/stackalign/throw-2.C  -O2 -flto  compilation failed to produce executable
FAIL: g++.dg/torture/stackalign/throw-3.C  -O2 -flto -flto-partition=none  (test for excess errors)
WARNING: g++.dg/torture/stackalign/throw-3.C  -O2 -flto -flto-partition=none  compilation failed to produce executable
FAIL: g++.dg/torture/stackalign/throw-3.C  -O2 -flto  (test for excess errors)
WARNING: g++.dg/torture/stackalign/throw-3.C  -O2 -flto  compilation failed to produce executable
FAIL: g++.dg/torture/stackalign/throw-4.C  -O2 -flto -flto-partition=none  (test for excess errors)
WARNING: g++.dg/torture/stackalign/throw-4.C  -O2 -flto -flto-partition=none  compilation failed to produce executable
FAIL: g++.dg/torture/stackalign/throw-4.C  -O2 -flto  (test for excess errors)
WARNING: g++.dg/torture/stackalign/throw-4.C  -O2 -flto  compilation failed to produce executable

		=== g++ Summary ===

# of expected passes		26906
# of unexpected failures	401
# of expected failures		154
# of unresolved testcases	234
# of unsupported tests		396
/Users/regress/tbox/native/build/gcc/testsuite/g++/../../g++  version 4.7.0 20111027 (experimental) (GCC) 

		=== gcc tests ===


Running target unix
FAIL: gcc.c-torture/compile/pr44707.c  -O1  (test for excess errors)
FAIL: gcc.c-torture/compile/pr44707.c  -O2  (test for excess errors)
FAIL: gcc.c-torture/compile/pr44707.c  -O3 -fomit-frame-pointer  (test for excess errors)
FAIL: gcc.c-torture/compile/pr44707.c  -O3 -g  (test for excess errors)
FAIL: gcc.c-torture/compile/pr44707.c  -Os  (test for excess errors)
FAIL: gcc.c-torture/compile/pr44707.c  -O2 -flto -flto-partition=none  (test for excess errors)
FAIL: gcc.c-torture/compile/pr44707.c  -O2 -flto  (test for excess errors)
FAIL: gcc.c-torture/execute/20040811-1.c compilation,  -O3 -g 
UNRESOLVED: gcc.c-torture/execute/20040811-1.c execution,  -O3 -g 
FAIL: gcc.c-torture/execute/pr22061-4.c compilation,  -O3 -g 
UNRESOLVED: gcc.c-torture/execute/pr22061-4.c execution,  -O3 -g 
FAIL: gcc.c-torture/execute/pr43220.c compilation,  -O3 -g 
UNRESOLVED: gcc.c-torture/execute/pr43220.c execution,  -O3 -g 
FAIL: gcc.dg/20020103-1.c scan-assembler-not LC[0-9]
FAIL: gcc.dg/and-1.c scan-assembler-not nand
FAIL: gcc.dg/sms-2.c scan-rtl-dump-times sms "SMS succeeded" 1
FAIL: gcc.dg/sms-4.c scan-rtl-dump-times sms "SMS succeeded" 1
FAIL: gcc.dg/sms-5.c scan-rtl-dump-times sms "SMS succeeded" 1
FAIL: gcc.dg/sms-7.c scan-rtl-dump-times sms "SMS succeeded" 3
FAIL: gcc.dg/sms-8.c scan-rtl-dump-times sms "SMS succeeded" 1
FAIL: gcc.dg/ipa/pr48195.c (test for excess errors)
FAIL: gcc.dg/lto/20090120 c_lto_20090120_0.o-c_lto_20090120_0.o execute -flto -funsigned-char
FAIL: gcc.dg/lto/20100720-4 c_lto_20100720-4_0.o-c_lto_20100720-4_0.o link, -flto -funsigned-char (internal compiler error)
UNRESOLVED: gcc.dg/lto/20100720-4 c_lto_20100720-4_0.o-c_lto_20100720-4_0.o execute -flto -funsigned-char
FAIL: gcc.dg/torture/builtin-noret-1.c  -O2 -flto -flto-partition=none  (test for excess errors)
FAIL: gcc.dg/torture/builtin-noret-1.c  -O2 -flto  (test for excess errors)
FAIL: gcc.dg/torture/builtin-noret-2.c  -O2 -flto -flto-partition=none  (test for excess errors)
FAIL: gcc.dg/torture/builtin-noret-2.c  -O2 -flto  (test for excess errors)
FAIL: gcc.dg/tree-ssa/sra-12.c scan-tree-dump-times release_ssa "l;" 0
FAIL: gcc.dg/tree-ssa/ssa-dom-thread-4.c scan-tree-dump-times dom1 "Threaded" 3
FAIL: gcc.dg/tree-ssa/vrp47.c scan-tree-dump-times vrp1 "[xy][^ ]* !=" 0
FAIL: gcc.dg/tree-ssa/vrp47.c scan-tree-dump-times dom1 "x[^ ]* & y" 1
XPASS: gcc.dg/vect/no-scevccp-outer-6-global.c scan-tree-dump-times vect "OUTER LOOP VECTORIZED." 1
FAIL: gcc.target/powerpc/405-dlmzb-strlen-1.c scan-assembler dlmzb\\\\. 
FAIL: gcc.target/powerpc/440-dlmzb-strlen-1.c scan-assembler dlmzb\\\\. 
FAIL: gcc.target/powerpc/ppc-vector-memcpy.c scan-assembler lvx

		=== gcc Summary ===

# of expected passes		76249
# of unexpected failures	31
# of unexpected successes	1
# of expected failures		203
# of unresolved testcases	4
# of unsupported tests		1363
/Users/regress/tbox/native/build/gcc/xgcc  version 4.7.0 20111027 (experimental) (GCC) 

		=== gfortran tests ===


Running target unix
FAIL: gfortran.dg/alloc_comp_assign_2.f90  -O3 -fomit-frame-pointer  (internal compiler error)
FAIL: gfortran.dg/alloc_comp_assign_2.f90  -O3 -fomit-frame-pointer  (test for excess errors)
WARNING: gfortran.dg/alloc_comp_assign_2.f90  -O3 -fomit-frame-pointer  compilation failed to produce executable
FAIL: gfortran.dg/alloc_comp_assign_2.f90  -O3 -fomit-frame-pointer -funroll-loops  (internal compiler error)
FAIL: gfortran.dg/alloc_comp_assign_2.f90  -O3 -fomit-frame-pointer -funroll-loops  (test for excess errors)
WARNING: gfortran.dg/alloc_comp_assign_2.f90  -O3 -fomit-frame-pointer -funroll-loops  compilation failed to produce executable
FAIL: gfortran.dg/alloc_comp_assign_2.f90  -O3 -fomit-frame-pointer -funroll-all-loops -finline-functions  (internal compiler error)
FAIL: gfortran.dg/alloc_comp_assign_2.f90  -O3 -fomit-frame-pointer -funroll-all-loops -finline-functions  (test for excess errors)
WARNING: gfortran.dg/alloc_comp_assign_2.f90  -O3 -fomit-frame-pointer -funroll-all-loops -finline-functions  compilation failed to produce executable
FAIL: gfortran.dg/alloc_comp_assign_2.f90  -O3 -g  (internal compiler error)
FAIL: gfortran.dg/alloc_comp_assign_2.f90  -O3 -g  (test for excess errors)
WARNING: gfortran.dg/alloc_comp_assign_2.f90  -O3 -g  compilation failed to produce executable
FAIL: gfortran.dg/alloc_comp_assign_3.f90  -O3 -fomit-frame-pointer  (internal compiler error)
FAIL: gfortran.dg/alloc_comp_assign_3.f90  -O3 -fomit-frame-pointer  (test for excess errors)
WARNING: gfortran.dg/alloc_comp_assign_3.f90  -O3 -fomit-frame-pointer  compilation failed to produce executable
FAIL: gfortran.dg/alloc_comp_assign_3.f90  -O3 -fomit-frame-pointer -funroll-loops  (internal compiler error)
FAIL: gfortran.dg/alloc_comp_assign_3.f90  -O3 -fomit-frame-pointer -funroll-loops  (test for excess errors)
WARNING: gfortran.dg/alloc_comp_assign_3.f90  -O3 -fomit-frame-pointer -funroll-loops  compilation failed to produce executable
FAIL: gfortran.dg/alloc_comp_assign_3.f90  -O3 -fomit-frame-pointer -funroll-all-loops -finline-functions  (internal compiler error)
FAIL: gfortran.dg/alloc_comp_assign_3.f90  -O3 -fomit-frame-pointer -funroll-all-loops -finline-functions  (test for excess errors)
WARNING: gfortran.dg/alloc_comp_assign_3.f90  -O3 -fomit-frame-pointer -funroll-all-loops -finline-functions  compilation failed to produce executable
FAIL: gfortran.dg/alloc_comp_assign_3.f90  -O3 -g  (internal compiler error)
FAIL: gfortran.dg/alloc_comp_assign_3.f90  -O3 -g  (test for excess errors)
WARNING: gfortran.dg/alloc_comp_assign_3.f90  -O3 -g  compilation failed to produce executable
FAIL: gfortran.dg/large_real_kind_3.F90  -O0  execution test
FAIL: gfortran.dg/maxloc_bounds_5.f90  -O3 -fomit-frame-pointer  (internal compiler error)
FAIL: gfortran.dg/maxloc_bounds_5.f90  -O3 -fomit-frame-pointer  (test for excess errors)
WARNING: gfortran.dg/maxloc_bounds_5.f90  -O3 -fomit-frame-pointer  compilation failed to produce executable
FAIL: gfortran.dg/maxloc_bounds_5.f90  -O3 -fomit-frame-pointer -funroll-loops  (internal compiler error)
FAIL: gfortran.dg/maxloc_bounds_5.f90  -O3 -fomit-frame-pointer -funroll-loops  (test for excess errors)
WARNING: gfortran.dg/maxloc_bounds_5.f90  -O3 -fomit-frame-pointer -funroll-loops  compilation failed to produce executable
FAIL: gfortran.dg/maxloc_bounds_5.f90  -O3 -fomit-frame-pointer -funroll-all-loops -finline-functions  (internal compiler error)
FAIL: gfortran.dg/maxloc_bounds_5.f90  -O3 -fomit-frame-pointer -funroll-all-loops -finline-functions  (test for excess errors)
WARNING: gfortran.dg/maxloc_bounds_5.f90  -O3 -fomit-frame-pointer -funroll-all-loops -finline-functions  compilation failed to produce executable
FAIL: gfortran.dg/maxloc_bounds_5.f90  -O3 -g  (internal compiler error)
FAIL: gfortran.dg/maxloc_bounds_5.f90  -O3 -g  (test for excess errors)
WARNING: gfortran.dg/maxloc_bounds_5.f90  -O3 -g  compilation failed to produce executable
FAIL: gfortran.dg/select_type_12.f03  -O  (internal compiler error)
FAIL: gfortran.dg/select_type_12.f03  -O  (test for excess errors)
FAIL: gfortran.fortran-torture/execute/where_1.f90,  -O3 -g  (internal compiler error)
FAIL: gfortran.fortran-torture/execute/where_6.f90,  -O3 -g  (internal compiler error)

		=== gfortran Summary ===

# of expected passes		39396
# of unexpected failures	29
# of expected failures		73
# of unsupported tests		240
/Users/regress/tbox/native/build/gcc/testsuite/gfortran/../../gfortran  version 4.7.0 20111027 (experimental) (GCC) 

		=== objc tests ===


Running target unix

		=== objc Summary ===

# of expected passes		6105
# of expected failures		4
# of unsupported tests		84
/Users/regress/tbox/native/build/gcc/xgcc  version 4.7.0 20111027 (experimental) (GCC) 

		=== boehm-gc tests ===


Running target unix

		=== boehm-gc Summary ===

# of expected passes		12
# of unsupported tests		1
		=== libffi tests ===


Running target unix
FAIL: libffi.call/nested_struct5.c -O0 -W -Wall execution test
FAIL: libffi.call/nested_struct5.c -O2 execution test
FAIL: libffi.call/nested_struct5.c -O3 execution test
FAIL: libffi.call/nested_struct5.c -Os execution test
FAIL: libffi.call/nested_struct5.c -O2 -fomit-frame-pointer execution test

		=== libffi Summary ===

# of expected passes		1624
# of unexpected failures	5
# of expected failures		10
# of unsupported tests		15
		=== libgomp tests ===


Running target unix
FAIL: libgomp.c++/pr24455.C  -O0  (test for excess errors)
WARNING: libgomp.c++/pr24455.C  -O0  compilation failed to produce executable
FAIL: libgomp.c++/pr24455.C  -O1  (test for excess errors)
WARNING: libgomp.c++/pr24455.C  -O1  compilation failed to produce executable
FAIL: libgomp.c++/pr24455.C  -O2  (test for excess errors)
WARNING: libgomp.c++/pr24455.C  -O2  compilation failed to produce executable
FAIL: libgomp.c++/pr24455.C  -O3 -fomit-frame-pointer  (test for excess errors)
WARNING: libgomp.c++/pr24455.C  -O3 -fomit-frame-pointer  compilation failed to produce executable
FAIL: libgomp.c++/pr24455.C  -O3 -fomit-frame-pointer -funroll-loops  (test for excess errors)
WARNING: libgomp.c++/pr24455.C  -O3 -fomit-frame-pointer -funroll-loops  compilation failed to produce executable
FAIL: libgomp.c++/pr24455.C  -O3 -fomit-frame-pointer -funroll-all-loops -finline-functions  (test for excess errors)
WARNING: libgomp.c++/pr24455.C  -O3 -fomit-frame-pointer -funroll-all-loops -finline-functions  compilation failed to produce executable
FAIL: libgomp.c++/pr24455.C  -O3 -g  (test for excess errors)
WARNING: libgomp.c++/pr24455.C  -O3 -g  compilation failed to produce executable
FAIL: libgomp.c++/pr24455.C  -Os  (test for excess errors)
WARNING: libgomp.c++/pr24455.C  -Os  compilation failed to produce executable
FAIL: libgomp.fortran/threadprivate4.f90  -O0  (test for excess errors)
WARNING: libgomp.fortran/threadprivate4.f90  -O0  compilation failed to produce executable
FAIL: libgomp.fortran/threadprivate4.f90  -O1  (test for excess errors)
WARNING: libgomp.fortran/threadprivate4.f90  -O1  compilation failed to produce executable
FAIL: libgomp.fortran/threadprivate4.f90  -O2  (test for excess errors)
WARNING: libgomp.fortran/threadprivate4.f90  -O2  compilation failed to produce executable
FAIL: libgomp.fortran/threadprivate4.f90  -O3 -fomit-frame-pointer  (test for excess errors)
WARNING: libgomp.fortran/threadprivate4.f90  -O3 -fomit-frame-pointer  compilation failed to produce executable
FAIL: libgomp.fortran/threadprivate4.f90  -O3 -fomit-frame-pointer -funroll-loops  (test for excess errors)
WARNING: libgomp.fortran/threadprivate4.f90  -O3 -fomit-frame-pointer -funroll-loops  compilation failed to produce executable
FAIL: libgomp.fortran/threadprivate4.f90  -O3 -fomit-frame-pointer -funroll-all-loops -finline-functions  (test for excess errors)
WARNING: libgomp.fortran/threadprivate4.f90  -O3 -fomit-frame-pointer -funroll-all-loops -finline-functions  compilation failed to produce executable
FAIL: libgomp.fortran/threadprivate4.f90  -O3 -g  (test for excess errors)
WARNING: libgomp.fortran/threadprivate4.f90  -O3 -g  compilation failed to produce executable
FAIL: libgomp.fortran/threadprivate4.f90  -Os  (test for excess errors)
WARNING: libgomp.fortran/threadprivate4.f90  -Os  compilation failed to produce executable

		=== libgomp Summary ===

# of expected passes		2910
# of unexpected failures	16
# of unsupported tests		3
		=== libjava tests ===


Running target unix
FAIL: Thread_Sleep_2 -O3 output - source compiled test
FAIL: Thread_Sleep_2 -O3 -findirect-dispatch output - source compiled test

		=== libjava Summary ===

# of expected passes		2572
# of unexpected failures	2
		=== libstdc++ tests ===


Running target unix
FAIL: 30_threads/async/42819.cc (test for excess errors)
WARNING: 30_threads/async/42819.cc compilation failed to produce executable
FAIL: 30_threads/async/49668.cc (test for excess errors)
WARNING: 30_threads/async/49668.cc compilation failed to produce executable
FAIL: 30_threads/async/any.cc (test for excess errors)
WARNING: 30_threads/async/any.cc compilation failed to produce executable
FAIL: 30_threads/async/async.cc (test for excess errors)
WARNING: 30_threads/async/async.cc compilation failed to produce executable
FAIL: 30_threads/async/sync.cc (test for excess errors)
WARNING: 30_threads/async/sync.cc compilation failed to produce executable
FAIL: 30_threads/call_once/39909.cc (test for excess errors)
WARNING: 30_threads/call_once/39909.cc compilation failed to produce executable
FAIL: 30_threads/call_once/49668.cc (test for excess errors)
WARNING: 30_threads/call_once/49668.cc compilation failed to produce executable
FAIL: 30_threads/call_once/call_once1.cc (test for excess errors)
WARNING: 30_threads/call_once/call_once1.cc compilation failed to produce executable
FAIL: 30_threads/future/members/45133.cc (test for excess errors)
WARNING: 30_threads/future/members/45133.cc compilation failed to produce executable
FAIL: 30_threads/future/members/get.cc (test for excess errors)
WARNING: 30_threads/future/members/get.cc compilation failed to produce executable
FAIL: 30_threads/future/members/get2.cc (test for excess errors)
WARNING: 30_threads/future/members/get2.cc compilation failed to produce executable
FAIL: 30_threads/future/members/share.cc (test for excess errors)
WARNING: 30_threads/future/members/share.cc compilation failed to produce executable
FAIL: 30_threads/future/members/valid.cc (test for excess errors)
WARNING: 30_threads/future/members/valid.cc compilation failed to produce executable
FAIL: 30_threads/future/members/wait.cc (test for excess errors)
WARNING: 30_threads/future/members/wait.cc compilation failed to produce executable
FAIL: 30_threads/future/members/wait_for.cc (test for excess errors)
WARNING: 30_threads/future/members/wait_for.cc compilation failed to produce executable
FAIL: 30_threads/future/members/wait_until.cc (test for excess errors)
WARNING: 30_threads/future/members/wait_until.cc compilation failed to produce executable
FAIL: 30_threads/packaged_task/49668.cc (test for excess errors)
WARNING: 30_threads/packaged_task/49668.cc compilation failed to produce executable
FAIL: 30_threads/packaged_task/cons/alloc.cc (test for excess errors)
WARNING: 30_threads/packaged_task/cons/alloc.cc compilation failed to produce executable
FAIL: 30_threads/packaged_task/members/get_future.cc (test for excess errors)
WARNING: 30_threads/packaged_task/members/get_future.cc compilation failed to produce executable
FAIL: 30_threads/packaged_task/members/invoke.cc (test for excess errors)
WARNING: 30_threads/packaged_task/members/invoke.cc compilation failed to produce executable
FAIL: 30_threads/packaged_task/members/invoke2.cc (test for excess errors)
WARNING: 30_threads/packaged_task/members/invoke2.cc compilation failed to produce executable
FAIL: 30_threads/packaged_task/members/invoke3.cc (test for excess errors)
WARNING: 30_threads/packaged_task/members/invoke3.cc compilation failed to produce executable
FAIL: 30_threads/packaged_task/members/invoke4.cc (test for excess errors)
WARNING: 30_threads/packaged_task/members/invoke4.cc compilation failed to produce executable
FAIL: 30_threads/packaged_task/members/invoke5.cc (test for excess errors)
WARNING: 30_threads/packaged_task/members/invoke5.cc compilation failed to produce executable
FAIL: 30_threads/packaged_task/members/reset2.cc (test for excess errors)
WARNING: 30_threads/packaged_task/members/reset2.cc compilation failed to produce executable
FAIL: 30_threads/promise/cons/alloc.cc (test for excess errors)
WARNING: 30_threads/promise/cons/alloc.cc compilation failed to produce executable
FAIL: 30_threads/promise/cons/move.cc (test for excess errors)
WARNING: 30_threads/promise/cons/move.cc compilation failed to produce executable
FAIL: 30_threads/promise/cons/move_assign.cc (test for excess errors)
WARNING: 30_threads/promise/cons/move_assign.cc compilation failed to produce executable
FAIL: 30_threads/promise/members/get_future.cc (test for excess errors)
WARNING: 30_threads/promise/members/get_future.cc compilation failed to produce executable
FAIL: 30_threads/promise/members/set_exception.cc (test for excess errors)
WARNING: 30_threads/promise/members/set_exception.cc compilation failed to produce executable
FAIL: 30_threads/promise/members/set_exception2.cc (test for excess errors)
WARNING: 30_threads/promise/members/set_exception2.cc compilation failed to produce executable
FAIL: 30_threads/promise/members/set_value.cc (test for excess errors)
WARNING: 30_threads/promise/members/set_value.cc compilation failed to produce executable
FAIL: 30_threads/promise/members/set_value2.cc (test for excess errors)
WARNING: 30_threads/promise/members/set_value2.cc compilation failed to produce executable
FAIL: 30_threads/promise/members/set_value3.cc (test for excess errors)
WARNING: 30_threads/promise/members/set_value3.cc compilation failed to produce executable
FAIL: 30_threads/promise/members/swap.cc (test for excess errors)
WARNING: 30_threads/promise/members/swap.cc compilation failed to produce executable
FAIL: 30_threads/shared_future/members/get.cc (test for excess errors)
WARNING: 30_threads/shared_future/members/get.cc compilation failed to produce executable
FAIL: 30_threads/shared_future/members/get2.cc (test for excess errors)
WARNING: 30_threads/shared_future/members/get2.cc compilation failed to produce executable
FAIL: 30_threads/shared_future/members/valid.cc (test for excess errors)
WARNING: 30_threads/shared_future/members/valid.cc compilation failed to produce executable
FAIL: 30_threads/shared_future/members/wait.cc (test for excess errors)
WARNING: 30_threads/shared_future/members/wait.cc compilation failed to produce executable
FAIL: 30_threads/shared_future/members/wait_for.cc (test for excess errors)
WARNING: 30_threads/shared_future/members/wait_for.cc compilation failed to produce executable
FAIL: 30_threads/shared_future/members/wait_until.cc (test for excess errors)
WARNING: 30_threads/shared_future/members/wait_until.cc compilation failed to produce executable
FAIL: 30_threads/thread/native_handle/typesizes.cc execution test
FAIL: ext/mt_allocator/deallocate_global_thread-1.cc execution test
FAIL: ext/mt_allocator/deallocate_global_thread-3.cc execution test

		=== libstdc++ Summary ===

# of expected passes		7532
# of unexpected failures	44
# of expected failures		46
# of unsupported tests		558

		=== libstdc++ Summary ===


Compiler version: 4.7.0 20111027 (experimental) (GCC) 
Platform: powerpc-apple-darwin9.8.0
configure flags: --prefix=/Users/regress/tbox/objs --target=powerpc-apple-darwin9.8.0


Index Nav: [Date Index] [Subject Index] [Author Index] [Thread Index]
Message Nav: [Date Prev] [Date Next] [Thread Prev] [Thread Next]