This is the mail archive of the gcc-testresults@gcc.gnu.org mailing list for the GCC project.


Index Nav: [Date Index] [Subject Index] [Author Index] [Thread Index]
Message Nav: [Date Prev] [Date Next] [Thread Prev] [Thread Next]
Other format: [Raw text]

Results for 4.7.0 20111018 (experimental) [trunk revision 180156] (GCC) testsuite on hppa2.0w-hp-hpux11.11


		=== acats tests ===
FAIL:	c761006
FAIL:	c91004b
FAIL:	c94020a
FAIL:	c95040d
FAIL:	c974004
FAIL:	c974005
FAIL:	c974009
FAIL:	c9a007a
FAIL:	c9a011a
FAIL:	c9a011b
FAIL:	ca11d01
FAIL:	ca11d02
FAIL:	cb20001
FAIL:	cb20003
FAIL:	cb20004
FAIL:	cb20006
FAIL:	cb3003a
FAIL:	cb3003b
FAIL:	cb4002a
FAIL:	cb4008a
FAIL:	cb4009a
FAIL:	cb40a02
FAIL:	cb40a03
FAIL:	cc3007a
FAIL:	cd2b11a
FAIL:	cd2b15c
FAIL:	ce2102l
FAIL:	ce2102m
FAIL:	ce2103a
FAIL:	ce2103b
FAIL:	ce3102d
FAIL:	ce3107a
FAIL:	ce3115a
FAIL:	cxa4034
FAIL:	cxa5a02
FAIL:	cxa5a08
FAIL:	cxac003
FAIL:	cxb3011

		=== acats Summary ===
# of expected passes		2283
# of unexpected failures	38
Native configuration is hppa2.0w-hp-hpux11.11

		=== g++ tests ===


Running target unix
WARNING: program timed out.
FAIL: g++.dg/eh/simd-1.C execution test
WARNING: program timed out.
FAIL: g++.dg/eh/simd-2.C execution test
WARNING: g++.dg/ext/label13.C compilation failed to produce executable
FAIL: g++.dg/init/copy7.C execution test
WARNING: program timed out.
FAIL: g++.dg/opt/eh2.C execution test
WARNING: program timed out.
FAIL: c-c++-common/simulate-thread/bitfields-2.c  -Os -g 

		=== g++ Summary ===

# of expected passes		24220
# of unexpected failures	5
# of expected failures		156
# of unsupported tests		611
/test/gnu/gcc/objdir/gcc/testsuite/g++/../../g++  version 4.7.0 20111018 (experimental) [trunk revision 180156] (GCC) 

		=== gcc tests ===


Running target unix
FAIL: gcc.c-torture/execute/arith-rand-ll.c execution,  -O2 
FAIL: gcc.c-torture/execute/arith-rand-ll.c execution,  -Os 
FAIL: gcc.dg/vector-compare-2.c (test for excess errors)
WARNING: program timed out.
FAIL: gcc.dg/ipa/inline-5.c scan-ipa-dump-times inline "Will be eliminated" 4
FAIL: gcc.dg/ipa/ipa-sra-2.c scan-tree-dump eipa_sra "About to replace expr cow_.*D.->red with \\*ISRA"
FAIL: gcc.dg/ipa/ipa-sra-2.c scan-tree-dump eipa_sra "About to replace expr cow_.*D.->green with ISRA"
FAIL: gcc.dg/ipa/ipa-sra-2.c scan-tree-dump eipa_sra "About to replace expr calf_.*D.->red with \\*ISRA"
FAIL: gcc.dg/ipa/ipa-sra-2.c scan-tree-dump eipa_sra "About to replace expr calf_.*D.->green with ISRA"
FAIL: gcc.dg/ipa/ipa-sra-6.c scan-tree-dump-times eipa_sra "foo " 1
FAIL: c-c++-common/simulate-thread/bitfields-2.c  -Os -g 
FAIL: gcc.dg/torture/vshuf-v16hi.c  -O2  (test for excess errors)
FAIL: gcc.dg/torture/vshuf-v16qi.c  -O2  (test for excess errors)
FAIL: gcc.dg/torture/vshuf-v2df.c  -O2  (test for excess errors)
FAIL: gcc.dg/torture/vshuf-v2di.c  -O2  (test for excess errors)
FAIL: gcc.dg/torture/vshuf-v32qi.c  -O2  (test for excess errors)
FAIL: gcc.dg/torture/vshuf-v4df.c  -O2  (test for excess errors)
FAIL: gcc.dg/torture/vshuf-v4di.c  -O2  (test for excess errors)
FAIL: gcc.dg/torture/vshuf-v4sf.c  -O2  (test for excess errors)
FAIL: gcc.dg/torture/vshuf-v4si.c  -O2  (test for excess errors)
FAIL: gcc.dg/torture/vshuf-v8hi.c  -O2  (test for excess errors)
FAIL: gcc.dg/torture/vshuf-v8sf.c  -O2  (test for excess errors)
FAIL: gcc.dg/torture/vshuf-v8si.c  -O2  (test for excess errors)
FAIL: gcc.dg/tree-ssa/builtin-expect-1.c scan-tree-dump-times gimple "builtin_expect[^\\n]*, 0\\);\\n[^\\n]*if" 2
FAIL: gcc.dg/tree-ssa/builtin-expect-2.c scan-tree-dump-times gimple "builtin_expect[^\\n]*, 0\\);\\n[^\\n]*if" 2
FAIL: gcc.dg/tree-ssa/builtin-expect-3.c scan-tree-dump-times gimple "builtin_expect[^\\n]*, 0\\);\\n[^\\n]*if" 2
FAIL: gcc.dg/tree-ssa/builtin-expect-4.c scan-tree-dump-times gimple "builtin_expect[^\\n]*, 0\\);\\n[^\\n]*if" 2
FAIL: gcc.dg/tree-ssa/ssa-fre-33.c (test for excess errors)
FAIL: gcc.dg/tree-ssa/ssa-fre-34.c (test for excess errors)
FAIL: gcc.dg/tree-ssa/vrp47.c scan-tree-dump-times dom1 "x[^ ]* & y" 1

		=== gcc Summary ===

# of expected passes		57723
# of unexpected failures	29
# of expected failures		112
# of unsupported tests		1309
/test/gnu/gcc/objdir/gcc/xgcc  version 4.7.0 20111018 (experimental) [trunk revision 180156] (GCC) 

		=== gfortran tests ===


Running target unix
FAIL: gfortran.dg/pr45636.f90  -O  scan-tree-dump-times forwprop2 "memset" 0
FAIL: gfortran.dg/select_type_12.f03  -O  (internal compiler error)
FAIL: gfortran.dg/select_type_12.f03  -O  (test for excess errors)
FAIL: gfortran.dg/guality/pr41558.f90  -O0  line 7 s == 'foo'
FAIL: gfortran.dg/guality/pr41558.f90  -O1  line 7 s == 'foo'
FAIL: gfortran.dg/guality/pr41558.f90  -O2  line 7 s == 'foo'
FAIL: gfortran.dg/guality/pr41558.f90  -O3 -fomit-frame-pointer  line 7 s == 'foo'
FAIL: gfortran.dg/guality/pr41558.f90  -O3 -fomit-frame-pointer -funroll-loops  line 7 s == 'foo'
FAIL: gfortran.dg/guality/pr41558.f90  -O3 -fomit-frame-pointer -funroll-all-loops -finline-functions  line 7 s == 'foo'
FAIL: gfortran.dg/guality/pr41558.f90  -O3 -g  line 7 s == 'foo'
FAIL: gfortran.dg/guality/pr41558.f90  -Os  line 7 s == 'foo'
FAIL: gfortran.fortran-torture/execute/entry_4.f90 execution,  -O2 
FAIL: gfortran.fortran-torture/execute/entry_4.f90 execution,  -O2 -fomit-frame-pointer -finline-functions 
FAIL: gfortran.fortran-torture/execute/entry_4.f90 execution,  -O2 -fomit-frame-pointer -finline-functions -funroll-loops 
FAIL: gfortran.fortran-torture/execute/entry_4.f90 execution,  -O2 -fbounds-check 
FAIL: gfortran.fortran-torture/execute/entry_4.f90 execution,  -O3 -g 

		=== gfortran Summary ===

# of expected passes		38358
# of unexpected failures	16
# of expected failures		41
# of unsupported tests		376
/test/gnu/gcc/objdir/gcc/testsuite/gfortran/../../gfortran  version 4.7.0 20111018 (experimental) [trunk revision 180156] (GCC) 

		=== gnat tests ===


Running target unix
WARNING: program timed out.
FAIL: gnat.dg/expect1.adb execution test

		=== gnat Summary ===

# of expected passes		924
# of unexpected failures	1
# of expected failures		11
# of unsupported tests		11
/test/gnu/gcc/objdir/gcc/gnatmake version 4.7.0 20111018 (experimental) [trunk revision 180156]

		=== obj-c++ tests ===


Running target unix

		=== obj-c++ Summary ===

# of expected passes		1408
# of expected failures		2
# of unsupported tests		69
/test/gnu/gcc/objdir/gcc/testsuite/obj-c++/../../g++  version 4.7.0 20111018 (experimental) [trunk revision 180156] (GCC) 

		=== objc tests ===


Running target unix

		=== objc Summary ===

# of expected passes		2920
# of unsupported tests		65
/test/gnu/gcc/objdir/gcc/xgcc  version 4.7.0 20111018 (experimental) [trunk revision 180156] (GCC) 

		=== boehm-gc tests ===


Running target unix

		=== boehm-gc Summary ===

# of expected passes		12
# of unsupported tests		1
		=== libffi tests ===


Running target unix

		=== libffi Summary ===

# of expected passes		1634
# of expected failures		10
# of unsupported tests		15
		=== libgomp tests ===


Running target unix
FAIL: libgomp.c++/pr24455.C  -O0  (test for excess errors)
WARNING: libgomp.c++/pr24455.C  -O0  compilation failed to produce executable
FAIL: libgomp.c++/pr24455.C  -O1  (test for excess errors)
WARNING: libgomp.c++/pr24455.C  -O1  compilation failed to produce executable
FAIL: libgomp.c++/pr24455.C  -O2  (test for excess errors)
WARNING: libgomp.c++/pr24455.C  -O2  compilation failed to produce executable
FAIL: libgomp.c++/pr24455.C  -O3 -fomit-frame-pointer  (test for excess errors)
WARNING: libgomp.c++/pr24455.C  -O3 -fomit-frame-pointer  compilation failed to produce executable
FAIL: libgomp.c++/pr24455.C  -O3 -fomit-frame-pointer -funroll-loops  (test for excess errors)
WARNING: libgomp.c++/pr24455.C  -O3 -fomit-frame-pointer -funroll-loops  compilation failed to produce executable
FAIL: libgomp.c++/pr24455.C  -O3 -fomit-frame-pointer -funroll-all-loops -finline-functions  (test for excess errors)
WARNING: libgomp.c++/pr24455.C  -O3 -fomit-frame-pointer -funroll-all-loops -finline-functions  compilation failed to produce executable
FAIL: libgomp.c++/pr24455.C  -O3 -g  (test for excess errors)
WARNING: libgomp.c++/pr24455.C  -O3 -g  compilation failed to produce executable
FAIL: libgomp.c++/pr24455.C  -Os  (test for excess errors)
WARNING: libgomp.c++/pr24455.C  -Os  compilation failed to produce executable
FAIL: libgomp.fortran/threadprivate4.f90  -O0  (test for excess errors)
WARNING: libgomp.fortran/threadprivate4.f90  -O0  compilation failed to produce executable
FAIL: libgomp.fortran/threadprivate4.f90  -O1  (test for excess errors)
WARNING: libgomp.fortran/threadprivate4.f90  -O1  compilation failed to produce executable
FAIL: libgomp.fortran/threadprivate4.f90  -O2  (test for excess errors)
WARNING: libgomp.fortran/threadprivate4.f90  -O2  compilation failed to produce executable
FAIL: libgomp.fortran/threadprivate4.f90  -O3 -fomit-frame-pointer  (test for excess errors)
WARNING: libgomp.fortran/threadprivate4.f90  -O3 -fomit-frame-pointer  compilation failed to produce executable
FAIL: libgomp.fortran/threadprivate4.f90  -O3 -fomit-frame-pointer -funroll-loops  (test for excess errors)
WARNING: libgomp.fortran/threadprivate4.f90  -O3 -fomit-frame-pointer -funroll-loops  compilation failed to produce executable
FAIL: libgomp.fortran/threadprivate4.f90  -O3 -fomit-frame-pointer -funroll-all-loops -finline-functions  (test for excess errors)
WARNING: libgomp.fortran/threadprivate4.f90  -O3 -fomit-frame-pointer -funroll-all-loops -finline-functions  compilation failed to produce executable
FAIL: libgomp.fortran/threadprivate4.f90  -O3 -g  (test for excess errors)
WARNING: libgomp.fortran/threadprivate4.f90  -O3 -g  compilation failed to produce executable
FAIL: libgomp.fortran/threadprivate4.f90  -Os  (test for excess errors)
WARNING: libgomp.fortran/threadprivate4.f90  -Os  compilation failed to produce executable

		=== libgomp Summary ===

# of expected passes		2896
# of unexpected failures	16
# of unsupported tests		10
		=== libjava tests ===


Running target unix
WARNING: program timed out.
FAIL: FileHandleGcTest -O3 -findirect-dispatch execution - source compiled test
FAIL: LargeFile execution - source compiled test
FAIL: LargeFile -findirect-dispatch execution - source compiled test
FAIL: LargeFile -O3 execution - source compiled test
FAIL: LargeFile -O3 -findirect-dispatch execution - source compiled test
WARNING: program timed out.
FAIL: PR19870_2 -O3 -findirect-dispatch execution - source compiled test
WARNING: program timed out.
FAIL: PR19921 -O3 -findirect-dispatch execution - source compiled test
WARNING: program timed out.
FAIL: PR29013 -O3 -findirect-dispatch execution - source compiled test
WARNING: program timed out.
FAIL: PR31264 -O3 -findirect-dispatch execution - source compiled test
WARNING: program timed out.
FAIL: PR7482 -O3 -findirect-dispatch execution - source compiled test
WARNING: program timed out.
FAIL: bclink -O3 execution - source compiled test
WARNING: program timed out.
FAIL: bclink -O3 -findirect-dispatch execution - source compiled test
WARNING: program timed out.
FAIL: initexc -O3 -findirect-dispatch execution - source compiled test
FAIL: pr13107_2 -O3 -findirect-dispatch output - source compiled test
WARNING: program timed out.
FAIL: verify -O3 -findirect-dispatch execution - source compiled test

		=== libjava Summary ===

# of expected passes		2545
# of unexpected failures	15
# of untested testcases		14
		=== libstdc++ tests ===


Running target unix
WARNING: program timed out.
WARNING: program timed out.
FAIL: 23_containers/forward_list/requirements/exception/basic.cc execution test
WARNING: program timed out.
FAIL: 23_containers/forward_list/requirements/exception/propagation_consistent.cc execution test
WARNING: program timed out.
FAIL: 23_containers/map/requirements/exception/basic.cc execution test
WARNING: program timed out.
FAIL: 23_containers/map/requirements/exception/propagation_consistent.cc execution test
WARNING: program timed out.
FAIL: 23_containers/multimap/requirements/exception/basic.cc execution test
WARNING: program timed out.
FAIL: 23_containers/multimap/requirements/exception/propagation_consistent.cc execution test
WARNING: program timed out.
FAIL: 23_containers/multiset/requirements/exception/basic.cc execution test
WARNING: program timed out.
FAIL: 23_containers/multiset/requirements/exception/propagation_consistent.cc execution test
WARNING: program timed out.
FAIL: 23_containers/set/requirements/exception/basic.cc execution test
WARNING: program timed out.
FAIL: 23_containers/set/requirements/exception/propagation_consistent.cc execution test
WARNING: program timed out.
FAIL: 27_io/ios_base/storage/11584.cc execution test
WARNING: program timed out.

		=== libstdc++ Summary ===

# of expected passes		7143
# of unexpected failures	11
# of expected failures		46
# of unsupported tests		808

Compiler version: 4.7.0 20111018 (experimental) [trunk revision 180156] (GCC) 
Platform: hppa2.0w-hp-hpux11.11
configure flags:Test Run By dave on Wed Oct 19 03:00:28 EDT 2011


Index Nav: [Date Index] [Subject Index] [Author Index] [Thread Index]
Message Nav: [Date Prev] [Date Next] [Thread Prev] [Thread Next]