This is the mail archive of the gcc-testresults@gcc.gnu.org mailing list for the GCC project.


Index Nav: [Date Index] [Subject Index] [Author Index] [Thread Index]
Message Nav: [Date Prev] [Date Next] [Thread Prev] [Thread Next]
Other format: [Raw text]

Results for 4.7.0 20111018 (experimental) [trunk revision 180158] (GCC) testsuite on powerpc64-unknown-linux-gnu


Linux 2.6.16.46-0.4-ppc64 ppc64
GNU C Library development release version 2.4 (20080131)
GNU ld (GNU Binutils) 2.21.1
GNU assembler (GNU Binutils) 2.21.1
GNU Make 3.80

DejaGnu:
	Expect version is	5.43.0
	Tcl version is		8.4
	Framework version is	1.4.4

32-bit biarch default32

LAST_UPDATED: Tue Oct 18 17:07:33 UTC 2011 (revision 180158)

Native configuration is powerpc64-unknown-linux-gnu

		=== gcc tests ===


Running target unix/-m32
FAIL: gcc.dg/and-1.c scan-assembler-not nand
FAIL: gcc.dg/cproj-fails-with-broken-glibc.c execution test
FAIL: gcc.dg/scal-to-vec2.c (test for excess errors)
FAIL: gcc.dg/sms-2.c scan-rtl-dump-times sms "SMS succeeded" 1
FAIL: gcc.dg/sms-4.c scan-rtl-dump-times sms "SMS succeeded" 1
FAIL: gcc.dg/sms-5.c scan-rtl-dump-times sms "SMS succeeded" 1
FAIL: gcc.dg/sms-7.c scan-rtl-dump-times sms "SMS succeeded" 3
FAIL: gcc.dg/sms-8.c scan-rtl-dump-times sms "SMS succeeded" 1
FAIL: gcc.dg/vector-compare-1.c (test for excess errors)
FAIL: gcc.dg/vector-compare-2.c (test for excess errors)
FAIL: gcc.dg/tree-ssa/sra-12.c scan-tree-dump-times release_ssa "l;" 0
FAIL: gcc.dg/tree-ssa/ssa-dom-thread-4.c scan-tree-dump-times dom1 "Threaded" 3
FAIL: gcc.dg/tree-ssa/vrp47.c scan-tree-dump-times vrp1 "[xy][^ ]* !=" 0
FAIL: gcc.dg/tree-ssa/vrp47.c scan-tree-dump-times dom1 "x[^ ]* & y" 1
FAIL: gcc.dg/vect/vect-outer-5.c -flto execution test
FAIL: gcc.dg/vect/vect-reduc-2char.c -flto execution test
FAIL: gcc.dg/vect/vect-reduc-2short.c -flto execution test
XPASS: gcc.dg/vect/no-scevccp-outer-6-global.c scan-tree-dump-times vect "OUTER LOOP VECTORIZED." 1
FAIL: gcc.dg/vmx/varargs-2.c  -O0  (test for excess errors)
WARNING: gcc.dg/vmx/varargs-2.c  -O0  compilation failed to produce executable
FAIL: gcc.dg/vmx/varargs-2.c  -O1  (test for excess errors)
WARNING: gcc.dg/vmx/varargs-2.c  -O1  compilation failed to produce executable
FAIL: gcc.dg/vmx/varargs-2.c  -O2  (test for excess errors)
WARNING: gcc.dg/vmx/varargs-2.c  -O2  compilation failed to produce executable
FAIL: gcc.dg/vmx/varargs-2.c  -O3 -fomit-frame-pointer  (test for excess errors)
WARNING: gcc.dg/vmx/varargs-2.c  -O3 -fomit-frame-pointer  compilation failed to produce executable
FAIL: gcc.dg/vmx/varargs-2.c  -O3 -g  (test for excess errors)
WARNING: gcc.dg/vmx/varargs-2.c  -O3 -g  compilation failed to produce executable
FAIL: gcc.dg/vmx/varargs-2.c  -Os  (test for excess errors)
WARNING: gcc.dg/vmx/varargs-2.c  -Os  compilation failed to produce executable
FAIL: gcc.dg/vmx/varargs-2.c  -O2 -flto -flto-partition=none  (test for excess errors)
WARNING: gcc.dg/vmx/varargs-2.c  -O2 -flto -flto-partition=none  compilation failed to produce executable
FAIL: gcc.dg/vmx/varargs-2.c  -O2 -flto  (test for excess errors)
WARNING: gcc.dg/vmx/varargs-2.c  -O2 -flto  compilation failed to produce executable
FAIL: gcc.dg/vmx/varargs-3.c  -O0  (test for excess errors)
WARNING: gcc.dg/vmx/varargs-3.c  -O0  compilation failed to produce executable
FAIL: gcc.dg/vmx/varargs-3.c  -O1  (test for excess errors)
WARNING: gcc.dg/vmx/varargs-3.c  -O1  compilation failed to produce executable
FAIL: gcc.dg/vmx/varargs-3.c  -O2  (test for excess errors)
WARNING: gcc.dg/vmx/varargs-3.c  -O2  compilation failed to produce executable
FAIL: gcc.dg/vmx/varargs-3.c  -O3 -fomit-frame-pointer  (test for excess errors)
WARNING: gcc.dg/vmx/varargs-3.c  -O3 -fomit-frame-pointer  compilation failed to produce executable
FAIL: gcc.dg/vmx/varargs-3.c  -O3 -g  (test for excess errors)
WARNING: gcc.dg/vmx/varargs-3.c  -O3 -g  compilation failed to produce executable
FAIL: gcc.dg/vmx/varargs-3.c  -Os  (test for excess errors)
WARNING: gcc.dg/vmx/varargs-3.c  -Os  compilation failed to produce executable
FAIL: gcc.dg/vmx/varargs-3.c  -O2 -flto -flto-partition=none  (test for excess errors)
WARNING: gcc.dg/vmx/varargs-3.c  -O2 -flto -flto-partition=none  compilation failed to produce executable
FAIL: gcc.dg/vmx/varargs-3.c  -O2 -flto  (test for excess errors)
WARNING: gcc.dg/vmx/varargs-3.c  -O2 -flto  compilation failed to produce executable
FAIL: gcc.dg/vmx/varargs-4.c  -O0  (test for excess errors)
WARNING: gcc.dg/vmx/varargs-4.c  -O0  compilation failed to produce executable
FAIL: gcc.dg/vmx/varargs-4.c  -O1  (test for excess errors)
WARNING: gcc.dg/vmx/varargs-4.c  -O1  compilation failed to produce executable
FAIL: gcc.dg/vmx/varargs-4.c  -O2  (test for excess errors)
WARNING: gcc.dg/vmx/varargs-4.c  -O2  compilation failed to produce executable
FAIL: gcc.dg/vmx/varargs-4.c  -O3 -fomit-frame-pointer  (test for excess errors)
WARNING: gcc.dg/vmx/varargs-4.c  -O3 -fomit-frame-pointer  compilation failed to produce executable
FAIL: gcc.dg/vmx/varargs-4.c  -O3 -fomit-frame-pointer -funroll-loops  (test for excess errors)
WARNING: gcc.dg/vmx/varargs-4.c  -O3 -fomit-frame-pointer -funroll-loops  compilation failed to produce executable
FAIL: gcc.dg/vmx/varargs-4.c  -O3 -fomit-frame-pointer -funroll-all-loops -finline-functions  (test for excess errors)
WARNING: gcc.dg/vmx/varargs-4.c  -O3 -fomit-frame-pointer -funroll-all-loops -finline-functions  compilation failed to produce executable
FAIL: gcc.dg/vmx/varargs-4.c  -O3 -g  (test for excess errors)
WARNING: gcc.dg/vmx/varargs-4.c  -O3 -g  compilation failed to produce executable
FAIL: gcc.dg/vmx/varargs-4.c  -Os  (test for excess errors)
WARNING: gcc.dg/vmx/varargs-4.c  -Os  compilation failed to produce executable
FAIL: gcc.dg/vmx/varargs-4.c  -O2 -flto -flto-partition=none  (test for excess errors)
WARNING: gcc.dg/vmx/varargs-4.c  -O2 -flto -flto-partition=none  compilation failed to produce executable
FAIL: gcc.dg/vmx/varargs-4.c  -O2 -flto  (test for excess errors)
WARNING: gcc.dg/vmx/varargs-4.c  -O2 -flto  compilation failed to produce executable
FAIL: gcc.target/powerpc/405-dlmzb-strlen-1.c scan-assembler dlmzb\\\\. 
FAIL: gcc.target/powerpc/440-dlmzb-strlen-1.c scan-assembler dlmzb\\\\. 
FAIL: gcc.target/powerpc/altivec-16.c (test for excess errors)
FAIL: gcc.target/powerpc/altivec-27.c (internal compiler error)
FAIL: gcc.target/powerpc/altivec-27.c (test for excess errors)
FAIL: gcc.target/powerpc/altivec-28.c (test for excess errors)
FAIL: gcc.target/powerpc/altivec-30.c (internal compiler error)
FAIL: gcc.target/powerpc/altivec-30.c (test for excess errors)
FAIL: gcc.target/powerpc/altivec-31.c (internal compiler error)
FAIL: gcc.target/powerpc/altivec-31.c (test for excess errors)
FAIL: gcc.target/powerpc/ppc-vector-memcpy.c scan-assembler lvx
FAIL: gcc.target/powerpc/vsx-builtin-7.c (test for excess errors)

		=== gcc Summary for unix/-m32 ===

# of expected passes		78171
# of unexpected failures	55
# of unexpected successes	1
# of expected failures		207
# of unsupported tests		1190

Running target unix/-m64
FAIL: gcc.dg/and-1.c scan-assembler-not nand
FAIL: gcc.dg/cproj-fails-with-broken-glibc.c execution test
FAIL: gcc.dg/pr44194-1.c scan-rtl-dump dse1 "global deletions = 2"
FAIL: gcc.dg/sms-2.c scan-rtl-dump-times sms "SMS succeeded" 1
FAIL: gcc.dg/sms-7.c scan-rtl-dump-times sms "SMS succeeded" 3
FAIL: gcc.dg/sms-8.c scan-rtl-dump-times sms "SMS succeeded" 1
FAIL: gcc.dg/lto/20090116 c_lto_20090116_0.o-c_lto_20090116_0.o link, -O1 -flto -flto-partition=1to1 -fPIC (internal compiler error)
UNRESOLVED: gcc.dg/lto/20090116 c_lto_20090116_0.o-c_lto_20090116_0.o execute -O1 -flto -flto-partition=1to1 -fPIC
FAIL: gcc.dg/tree-ssa/ssa-dom-thread-4.c scan-tree-dump-times dom1 "Threaded" 3
FAIL: gcc.dg/tree-ssa/vrp47.c scan-tree-dump-times vrp1 "[xy][^ ]* !=" 0
FAIL: gcc.dg/tree-ssa/vrp47.c scan-tree-dump-times dom1 "x[^ ]* & y" 1
FAIL: gcc.dg/vect/pr44507.c -flto execution test
FAIL: gcc.dg/vect/pr45752.c -flto execution test
FAIL: gcc.dg/vect/vect-reduc-2short.c -flto execution test
FAIL: gcc.dg/vect/vect-reduc-6.c -flto execution test
FAIL: gcc.dg/vect/slp-perm-1.c -flto execution test
FAIL: gcc.dg/vect/slp-perm-2.c -flto execution test
FAIL: gcc.dg/vect/slp-perm-3.c -flto execution test
FAIL: gcc.dg/vect/slp-perm-4.c -flto execution test
FAIL: gcc.dg/vect/slp-perm-5.c -flto execution test
FAIL: gcc.dg/vect/slp-perm-6.c -flto execution test
FAIL: gcc.dg/vect/slp-perm-7.c -flto execution test
XPASS: gcc.dg/vect/no-scevccp-outer-6-global.c scan-tree-dump-times vect "OUTER LOOP VECTORIZED." 1
FAIL: gcc.dg/vmx/varargs-2.c  -O0  (test for excess errors)
WARNING: gcc.dg/vmx/varargs-2.c  -O0  compilation failed to produce executable
FAIL: gcc.dg/vmx/varargs-2.c  -O1  (test for excess errors)
WARNING: gcc.dg/vmx/varargs-2.c  -O1  compilation failed to produce executable
FAIL: gcc.dg/vmx/varargs-2.c  -O2  (test for excess errors)
WARNING: gcc.dg/vmx/varargs-2.c  -O2  compilation failed to produce executable
FAIL: gcc.dg/vmx/varargs-2.c  -O3 -fomit-frame-pointer  (test for excess errors)
WARNING: gcc.dg/vmx/varargs-2.c  -O3 -fomit-frame-pointer  compilation failed to produce executable
FAIL: gcc.dg/vmx/varargs-2.c  -O3 -g  (test for excess errors)
WARNING: gcc.dg/vmx/varargs-2.c  -O3 -g  compilation failed to produce executable
FAIL: gcc.dg/vmx/varargs-2.c  -Os  (test for excess errors)
WARNING: gcc.dg/vmx/varargs-2.c  -Os  compilation failed to produce executable
FAIL: gcc.dg/vmx/varargs-2.c  -O2 -flto -flto-partition=none  (test for excess errors)
WARNING: gcc.dg/vmx/varargs-2.c  -O2 -flto -flto-partition=none  compilation failed to produce executable
FAIL: gcc.dg/vmx/varargs-2.c  -O2 -flto  (test for excess errors)
WARNING: gcc.dg/vmx/varargs-2.c  -O2 -flto  compilation failed to produce executable
FAIL: gcc.dg/vmx/varargs-3.c  -O0  (test for excess errors)
WARNING: gcc.dg/vmx/varargs-3.c  -O0  compilation failed to produce executable
FAIL: gcc.dg/vmx/varargs-3.c  -O1  (test for excess errors)
WARNING: gcc.dg/vmx/varargs-3.c  -O1  compilation failed to produce executable
FAIL: gcc.dg/vmx/varargs-3.c  -O2  (test for excess errors)
WARNING: gcc.dg/vmx/varargs-3.c  -O2  compilation failed to produce executable
FAIL: gcc.dg/vmx/varargs-3.c  -O3 -fomit-frame-pointer  (test for excess errors)
WARNING: gcc.dg/vmx/varargs-3.c  -O3 -fomit-frame-pointer  compilation failed to produce executable
FAIL: gcc.dg/vmx/varargs-3.c  -O3 -g  (test for excess errors)
WARNING: gcc.dg/vmx/varargs-3.c  -O3 -g  compilation failed to produce executable
FAIL: gcc.dg/vmx/varargs-3.c  -Os  (test for excess errors)
WARNING: gcc.dg/vmx/varargs-3.c  -Os  compilation failed to produce executable
FAIL: gcc.dg/vmx/varargs-3.c  -O2 -flto -flto-partition=none  (test for excess errors)
WARNING: gcc.dg/vmx/varargs-3.c  -O2 -flto -flto-partition=none  compilation failed to produce executable
FAIL: gcc.dg/vmx/varargs-3.c  -O2 -flto  (test for excess errors)
WARNING: gcc.dg/vmx/varargs-3.c  -O2 -flto  compilation failed to produce executable
FAIL: gcc.dg/vmx/varargs-4.c  -O0  (test for excess errors)
WARNING: gcc.dg/vmx/varargs-4.c  -O0  compilation failed to produce executable
FAIL: gcc.dg/vmx/varargs-4.c  -O1  (test for excess errors)
WARNING: gcc.dg/vmx/varargs-4.c  -O1  compilation failed to produce executable
FAIL: gcc.dg/vmx/varargs-4.c  -O2  (test for excess errors)
WARNING: gcc.dg/vmx/varargs-4.c  -O2  compilation failed to produce executable
FAIL: gcc.dg/vmx/varargs-4.c  -O3 -fomit-frame-pointer  (test for excess errors)
WARNING: gcc.dg/vmx/varargs-4.c  -O3 -fomit-frame-pointer  compilation failed to produce executable
FAIL: gcc.dg/vmx/varargs-4.c  -O3 -fomit-frame-pointer -funroll-loops  (test for excess errors)
WARNING: gcc.dg/vmx/varargs-4.c  -O3 -fomit-frame-pointer -funroll-loops  compilation failed to produce executable
FAIL: gcc.dg/vmx/varargs-4.c  -O3 -fomit-frame-pointer -funroll-all-loops -finline-functions  (test for excess errors)
WARNING: gcc.dg/vmx/varargs-4.c  -O3 -fomit-frame-pointer -funroll-all-loops -finline-functions  compilation failed to produce executable
FAIL: gcc.dg/vmx/varargs-4.c  -O3 -g  (test for excess errors)
WARNING: gcc.dg/vmx/varargs-4.c  -O3 -g  compilation failed to produce executable
FAIL: gcc.dg/vmx/varargs-4.c  -Os  (test for excess errors)
WARNING: gcc.dg/vmx/varargs-4.c  -Os  compilation failed to produce executable
FAIL: gcc.dg/vmx/varargs-4.c  -O2 -flto -flto-partition=none  (test for excess errors)
WARNING: gcc.dg/vmx/varargs-4.c  -O2 -flto -flto-partition=none  compilation failed to produce executable
FAIL: gcc.dg/vmx/varargs-4.c  -O2 -flto  (test for excess errors)
WARNING: gcc.dg/vmx/varargs-4.c  -O2 -flto  compilation failed to produce executable
FAIL: gcc.target/powerpc/altivec-16.c (test for excess errors)
FAIL: gcc.target/powerpc/altivec-27.c (internal compiler error)
FAIL: gcc.target/powerpc/altivec-27.c (test for excess errors)
FAIL: gcc.target/powerpc/altivec-28.c (test for excess errors)
FAIL: gcc.target/powerpc/altivec-30.c (internal compiler error)
FAIL: gcc.target/powerpc/altivec-30.c (test for excess errors)
FAIL: gcc.target/powerpc/altivec-31.c (internal compiler error)
FAIL: gcc.target/powerpc/altivec-31.c (test for excess errors)
FAIL: gcc.target/powerpc/ppc-vector-memcpy.c scan-assembler lvx
FAIL: gcc.target/powerpc/ppc64-abi-2.c (test for excess errors)
WARNING: gcc.target/powerpc/ppc64-abi-2.c compilation failed to produce executable
FAIL: gcc.target/powerpc/vsx-builtin-7.c (test for excess errors)

		=== gcc Summary for unix/-m64 ===

# of expected passes		78766
# of unexpected failures	58
# of unexpected successes	1
# of expected failures		218
# of unresolved testcases	1
# of unsupported tests		1244

		=== gcc Summary ===

# of expected passes		156937
# of unexpected failures	113
# of unexpected successes	2
# of expected failures		425
# of unresolved testcases	1
# of unsupported tests		2434
/home/gccbuild/build/nightly/build-gcc-trunk/gcc/xgcc  version 4.7.0 20111018 (experimental) [trunk revision 180158] (GCC) 

		=== gfortran tests ===


Running target unix/-m32
XPASS: gfortran.dg/default_format_denormal_2.f90  -O0  execution test
XPASS: gfortran.dg/default_format_denormal_2.f90  -O1  execution test
XPASS: gfortran.dg/default_format_denormal_2.f90  -O2  execution test
XPASS: gfortran.dg/default_format_denormal_2.f90  -O3 -fomit-frame-pointer  execution test
XPASS: gfortran.dg/default_format_denormal_2.f90  -O3 -fomit-frame-pointer -funroll-loops  execution test
XPASS: gfortran.dg/default_format_denormal_2.f90  -O3 -fomit-frame-pointer -funroll-all-loops -finline-functions  execution test
XPASS: gfortran.dg/default_format_denormal_2.f90  -O3 -g  execution test
XPASS: gfortran.dg/default_format_denormal_2.f90  -Os  execution test
FAIL: gfortran.dg/select_type_12.f03  -O  (internal compiler error)
FAIL: gfortran.dg/select_type_12.f03  -O  (test for excess errors)

		=== gfortran Summary for unix/-m32 ===

# of expected passes		39615
# of unexpected failures	2
# of unexpected successes	8
# of expected failures		69
# of unsupported tests		227

Running target unix/-m64
XPASS: gfortran.dg/default_format_denormal_2.f90  -O0  execution test
XPASS: gfortran.dg/default_format_denormal_2.f90  -O1  execution test
XPASS: gfortran.dg/default_format_denormal_2.f90  -O2  execution test
XPASS: gfortran.dg/default_format_denormal_2.f90  -O3 -fomit-frame-pointer  execution test
XPASS: gfortran.dg/default_format_denormal_2.f90  -O3 -fomit-frame-pointer -funroll-loops  execution test
XPASS: gfortran.dg/default_format_denormal_2.f90  -O3 -fomit-frame-pointer -funroll-all-loops -finline-functions  execution test
XPASS: gfortran.dg/default_format_denormal_2.f90  -O3 -g  execution test
XPASS: gfortran.dg/default_format_denormal_2.f90  -Os  execution test
FAIL: gfortran.dg/select_type_12.f03  -O  (internal compiler error)
FAIL: gfortran.dg/select_type_12.f03  -O  (test for excess errors)

		=== gfortran Summary for unix/-m64 ===

# of expected passes		39928
# of unexpected failures	2
# of unexpected successes	8
# of expected failures		69
# of unsupported tests		80

		=== gfortran Summary ===

# of expected passes		79543
# of unexpected failures	4
# of unexpected successes	16
# of expected failures		138
# of unsupported tests		307
/home/gccbuild/build/nightly/build-gcc-trunk/gcc/testsuite/gfortran/../../gfortran  version 4.7.0 20111018 (experimental) [trunk revision 180158] (GCC) 

		=== g++ tests ===


Running target unix/-m32
FAIL: g++.dg/cpp0x/constexpr-rom.C scan-assembler rodata
FAIL: g++.dg/ext/altivec-10.C (test for excess errors)
FAIL: g++.dg/init/copy7.C execution test
FAIL: g++.dg/other/spu2vmx-1.C (test for excess errors)

		=== g++ Summary for unix/-m32 ===

# of expected passes		27828
# of unexpected failures	4
# of expected failures		155
# of unsupported tests		368

Running target unix/-m64
FAIL: g++.dg/ext/altivec-10.C (test for excess errors)
FAIL: g++.dg/init/copy7.C execution test
FAIL: g++.dg/other/spu2vmx-1.C (test for excess errors)

		=== g++ Summary for unix/-m64 ===

# of expected passes		28424
# of unexpected failures	3
# of expected failures		155
# of unsupported tests		384

		=== g++ Summary ===

# of expected passes		56252
# of unexpected failures	7
# of expected failures		310
# of unsupported tests		752
/home/gccbuild/build/nightly/build-gcc-trunk/gcc/testsuite/g++/../../g++  version 4.7.0 20111018 (experimental) [trunk revision 180158] (GCC) 

		=== obj-c++ tests ===


Running target unix/-m32

		=== obj-c++ Summary for unix/-m32 ===

# of expected passes		1450
# of expected failures		2
# of unsupported tests		86

Running target unix/-m64

		=== obj-c++ Summary for unix/-m64 ===

# of expected passes		1442
# of expected failures		10
# of unsupported tests		86

		=== obj-c++ Summary ===

# of expected passes		2892
# of expected failures		12
# of unsupported tests		172
/home/gccbuild/build/nightly/build-gcc-trunk/gcc/testsuite/obj-c++/../../g++  version 4.7.0 20111018 (experimental) [trunk revision 180158] (GCC) 

		=== objc tests ===


Running target unix/-m32

		=== objc Summary for unix/-m32 ===

# of expected passes		2994
# of unsupported tests		74

Running target unix/-m64

		=== objc Summary for unix/-m64 ===

# of expected passes		2994
# of unsupported tests		74

		=== objc Summary ===

# of expected passes		5988
# of unsupported tests		148
/home/gccbuild/build/nightly/build-gcc-trunk/gcc/xgcc  version 4.7.0 20111018 (experimental) [trunk revision 180158] (GCC) 

		=== libgomp tests ===


Running target unix/-m32
FAIL: libgomp.graphite/force-parallel-1.c execution test

		=== libgomp Summary for unix/-m32 ===

# of expected passes		2991
# of unexpected failures	1
# of unsupported tests		1

Running target unix/-m64
FAIL: libgomp.graphite/force-parallel-1.c execution test

		=== libgomp Summary for unix/-m64 ===

# of expected passes		2991
# of unexpected failures	1
# of unsupported tests		1

		=== libgomp Summary ===

# of expected passes		5982
# of unexpected failures	2
# of unsupported tests		2
		=== libmudflap tests ===


Running target unix/-m32

		=== libmudflap Summary for unix/-m32 ===

# of expected passes		1894

Running target unix/-m64

		=== libmudflap Summary for unix/-m64 ===

# of expected passes		1894

		=== libmudflap Summary ===

# of expected passes		3788
		=== libstdc++ tests ===


Running target unix/-m32
FAIL: libstdc++-abi/abi_check

		=== libstdc++ Summary for unix/-m32 ===

# of expected passes		8714
# of unexpected failures	1
# of expected failures		46
# of unsupported tests		142

Running target unix/-m64

		=== libstdc++ Summary for unix/-m64 ===

# of expected passes		8715
# of expected failures		46
# of unsupported tests		142

		=== libstdc++ Summary ===

# of expected passes		17429
# of unexpected failures	1
# of expected failures		92
# of unsupported tests		284

Compiler version: 4.7.0 20111018 (experimental) [trunk revision 180158] (GCC) 
Platform: powerpc64-unknown-linux-gnu
configure flags: --prefix=/opt/gcc-nightly/trunk-20111018 --build=powerpc64-linux --host=powerpc64-linux --target=powerpc64-linux --with-cpu=default32 --with-as=/opt/gcc-nightly/binutils-2.21.1/bin/as --with-ld=/opt/gcc-nightly/binutils-2.21.1/bin/ld --enable-threads=posix --enable-shared --enable-__cxa_atexit --enable-languages=c,c++,fortran,objc,obj-c++ --with-long-double-128 --enable-secureplt --enable-checking --disable-alsa --with-gmp=/opt/gcc-nightly/gcc-host-libs --with-mpfr=/opt/gcc-nightly/gcc-host-libs --with-ppl=/opt/gcc-nightly/gcc-host-libs --with-cloog=/opt/gcc-nightly/gcc-host-libs --with-mpc=/opt/gcc-nightly/gcc-host-libs --with-libelf=/opt/gcc-nightly/gcc-host-libs --with-host-libstdcxx=-Wl,-Bstatic,-L/opt/gcc-nightly/gcc-host-libs/lib,-lstdc++,-Bdynamic,-lm

		=== Test Framework Summary ===

# of expected passes		2531


Index Nav: [Date Index] [Subject Index] [Author Index] [Thread Index]
Message Nav: [Date Prev] [Date Next] [Thread Prev] [Thread Next]