This is the mail archive of the gcc-testresults@gcc.gnu.org mailing list for the GCC project.


Index Nav: [Date Index] [Subject Index] [Author Index] [Thread Index]
Message Nav: [Date Prev] [Date Next] [Thread Prev] [Thread Next]
Other format: [Raw text]

Results for 4.4.7 20111018 (prerelease) [gcc-4_4-branch revision 180138] (GCC) testsuite on alphaev68-unknown-linux-gnu


Native configuration is alphaev68-unknown-linux-gnu

		=== libffi tests ===


Running target unix

		=== libffi Summary ===

# of expected passes		1399
# of unsupported tests		10
		=== libgomp tests ===


Running target unix

		=== libgomp Summary ===

# of expected passes		2540
		=== libjava tests ===


Running target unix

		=== libjava Summary ===

# of expected passes		2574
		=== libmudflap tests ===


Running target unix
FAIL: libmudflap.c++/pass41-frag.cxx execution test
FAIL: libmudflap.c++/pass41-frag.cxx (-static) execution test
FAIL: libmudflap.c++/pass41-frag.cxx ( -O) execution test
FAIL: libmudflap.c++/pass41-frag.cxx (-O2) execution test
FAIL: libmudflap.c++/pass41-frag.cxx (-O3) execution test

		=== libmudflap Summary ===

# of expected passes		1889
# of unexpected failures	5
		=== libstdc++ tests ===


Running target unix

		=== libstdc++ Summary ===

# of expected passes		5883
# of expected failures		80
# of unsupported tests		331
		=== gcc tests ===


Running target unix
FAIL: gcc.c-torture/compile/limits-exprparen.c  -O0  (test for excess errors)
FAIL: gcc.c-torture/compile/limits-exprparen.c  -O1  (test for excess errors)
FAIL: gcc.c-torture/compile/limits-exprparen.c  -O2  (test for excess errors)
FAIL: gcc.c-torture/compile/limits-exprparen.c  -O3 -fomit-frame-pointer  (test for excess errors)
FAIL: gcc.c-torture/compile/limits-exprparen.c  -O3 -g  (test for excess errors)
FAIL: gcc.c-torture/compile/limits-exprparen.c  -Os  (test for excess errors)

		=== gcc Summary ===

# of expected passes		51003
# of unexpected failures	6
# of expected failures		115
# of unsupported tests		544
/space/uros/gcc-build-44/gcc/xgcc  version 4.4.7 20111018 (prerelease) [gcc-4_4-branch revision 180138] (GCC) 

		=== gfortran tests ===


Running target unix

		=== gfortran Summary ===

# of expected passes		30485
# of expected failures		9
# of unsupported tests		49
/space/uros/gcc-build-44/gcc/testsuite/gfortran/../../gfortran  version 4.4.7 20111018 (prerelease) [gcc-4_4-branch revision 180138] (GCC) 

		=== g++ tests ===


Running target unix

		=== g++ Summary ===

# of expected passes		19681
# of expected failures		159
# of unsupported tests		170
/space/uros/gcc-build-44/gcc/testsuite/g++/../../g++  version 4.4.7 20111018 (prerelease) [gcc-4_4-branch revision 180138] (GCC) 

		=== objc tests ===


Running target unix

		=== objc Summary ===

# of expected passes		1864
# of expected failures		15
# of unsupported tests		25
/space/uros/gcc-build-44/gcc/xgcc  version 4.4.7 20111018 (prerelease) [gcc-4_4-branch revision 180138] (GCC) 


Compiler version: 4.4.7 20111018 (prerelease) [gcc-4_4-branch revision 180138] (GCC) 
Platform: alphaev68-unknown-linux-gnu

BOOT_CFLAGS=-g -O2


Index Nav: [Date Index] [Subject Index] [Author Index] [Thread Index]
Message Nav: [Date Prev] [Date Next] [Thread Prev] [Thread Next]