This is the mail archive of the gcc-testresults@gcc.gnu.org mailing list for the GCC project.


Index Nav: [Date Index] [Subject Index] [Author Index] [Thread Index]
Message Nav: [Date Prev] [Date Next] [Thread Prev] [Thread Next]
Other format: [Raw text]

Results for 4.7.0 20111007 (experimental) [trunk revision 179656] (GCC) testsuite on sparc-sun-solaris2.11


LAST_UPDATED: Fri Oct  7 13:48:08 UTC 2011 (revision 179656)

		=== acats tests ===

		=== acats Summary ===
# of expected passes		2321
# of unexpected failures	0
Native configuration is sparc-sun-solaris2.11

		=== g++ tests ===


Running target unix
FAIL: g++.dg/init/copy7.C execution test

		=== g++ Summary for unix ===

# of expected passes		27274
# of unexpected failures	1
# of expected failures		156
# of unsupported tests		439

Running target unix/-m64
FAIL: g++.dg/init/copy7.C execution test

		=== g++ Summary for unix/-m64 ===

# of expected passes		27890
# of unexpected failures	1
# of expected failures		156
# of unsupported tests		434

		=== g++ Summary ===

# of expected passes		55164
# of unexpected failures	2
# of expected failures		312
# of unsupported tests		873
/var/gcc/regression/trunk/11-gcc-gas/build/gcc/testsuite/g++/../../g++  version 4.7.0 20111007 (experimental) [trunk revision 179656] (GCC) 

		=== gcc tests ===


Running target unix
FAIL: gcc.dg/ipa/ipa-sra-2.c scan-tree-dump eipa_sra "About to replace expr cow_.*D.->red with \\*ISRA"
FAIL: gcc.dg/ipa/ipa-sra-2.c scan-tree-dump eipa_sra "About to replace expr cow_.*D.->green with ISRA"
FAIL: gcc.dg/ipa/ipa-sra-2.c scan-tree-dump eipa_sra "About to replace expr calf_.*D.->red with \\*ISRA"
FAIL: gcc.dg/ipa/ipa-sra-2.c scan-tree-dump eipa_sra "About to replace expr calf_.*D.->green with ISRA"
FAIL: gcc.dg/ipa/ipa-sra-6.c scan-tree-dump-times eipa_sra "foo " 1
FAIL: gcc.dg/tree-ssa/vrp47.c scan-tree-dump-times dom1 "x[^ ]* & y" 1
FAIL: gcc.target/sparc/cmask.c scan-assembler cmask8\\t%
FAIL: gcc.target/sparc/cmask.c scan-assembler cmask16\\t%
FAIL: gcc.target/sparc/cmask.c scan-assembler cmask32\\t%
FAIL: gcc.target/sparc/combined-1.c scan-assembler-times fandnot1\\t% 4
FAIL: gcc.target/sparc/combined-1.c scan-assembler-times for\\t% 4
FAIL: gcc.target/sparc/combined-1.c scan-assembler-times fxor\\t% 4
FAIL: gcc.target/sparc/fhalve.c scan-assembler fhadds\\t%
FAIL: gcc.target/sparc/fhalve.c scan-assembler fhaddd\\t%
FAIL: gcc.target/sparc/fhalve.c scan-assembler fhsubs\\t%
FAIL: gcc.target/sparc/fhalve.c scan-assembler fhsubd\\t%
FAIL: gcc.target/sparc/fhalve.c scan-assembler fnhadds\\t%
FAIL: gcc.target/sparc/fhalve.c scan-assembler fnhaddd\\t%
FAIL: gcc.target/sparc/fnegop.c scan-assembler fnadds\\t%
FAIL: gcc.target/sparc/fnegop.c scan-assembler fnaddd\\t%
FAIL: gcc.target/sparc/fnegop.c scan-assembler fnmuls\\t%
FAIL: gcc.target/sparc/fnegop.c scan-assembler fnmuld\\t%
FAIL: gcc.target/sparc/fnegop.c scan-assembler fnsmuld\\t%
FAIL: gcc.target/sparc/fpadds.c (test for excess errors)
UNRESOLVED: gcc.target/sparc/fpadds.c scan-assembler fpadds16\\t%
UNRESOLVED: gcc.target/sparc/fpadds.c scan-assembler fpadds16s\\t%
UNRESOLVED: gcc.target/sparc/fpadds.c scan-assembler fpsubs16\\t%
UNRESOLVED: gcc.target/sparc/fpadds.c scan-assembler fpsubs16s\\t%
UNRESOLVED: gcc.target/sparc/fpadds.c scan-assembler fpadds32\\t%
UNRESOLVED: gcc.target/sparc/fpadds.c scan-assembler fpadds32s\\t%
UNRESOLVED: gcc.target/sparc/fpadds.c scan-assembler fpsubs32\\t%
UNRESOLVED: gcc.target/sparc/fpadds.c scan-assembler fpsubs32s\\t%
FAIL: gcc.target/sparc/fshift.c (test for excess errors)
UNRESOLVED: gcc.target/sparc/fshift.c scan-assembler fsll16\\t%
UNRESOLVED: gcc.target/sparc/fshift.c scan-assembler fslas16\\t%
UNRESOLVED: gcc.target/sparc/fshift.c scan-assembler fsrl16\\t%
UNRESOLVED: gcc.target/sparc/fshift.c scan-assembler fsra16\\t%
UNRESOLVED: gcc.target/sparc/fshift.c scan-assembler fsll32\\t%
UNRESOLVED: gcc.target/sparc/fshift.c scan-assembler fslas32\\t%
UNRESOLVED: gcc.target/sparc/fshift.c scan-assembler fsrl32\\t%
UNRESOLVED: gcc.target/sparc/fshift.c scan-assembler fsra32\\t%
FAIL: gcc.target/sparc/fucmp.c scan-assembler fucmple8\\t%
FAIL: gcc.target/sparc/fucmp.c scan-assembler fucmpne8\\t%
FAIL: gcc.target/sparc/fucmp.c scan-assembler fucmpgt8\\t%
FAIL: gcc.target/sparc/fucmp.c scan-assembler fucmpeq8\\t%
FAIL: gcc.target/sparc/lzd.c scan-assembler-times lzd\\t% 3
FAIL: gcc.target/sparc/vis3misc.c (test for excess errors)
UNRESOLVED: gcc.target/sparc/vis3misc.c scan-assembler fchksm16\\t%
UNRESOLVED: gcc.target/sparc/vis3misc.c scan-assembler pdistn\\t%
UNRESOLVED: gcc.target/sparc/vis3misc.c scan-assembler fmean16\\t%
UNRESOLVED: gcc.target/sparc/vis3misc.c scan-assembler fpadd64\\t%
UNRESOLVED: gcc.target/sparc/vis3misc.c scan-assembler fpsub64\\t%
FAIL: gcc.target/sparc/xmul.c scan-assembler umulxhi\\t%
FAIL: gcc.target/sparc/xmul.c scan-assembler xmulx\\t%
FAIL: gcc.target/sparc/xmul.c scan-assembler xmulxhi\\t%

		=== gcc Summary for unix ===

# of expected passes		73088
# of unexpected failures	34
# of expected failures		298
# of unresolved testcases	21
# of unsupported tests		1359

Running target unix/-m64
FAIL: gcc.dg/pr44194-1.c scan-rtl-dump dse1 "global deletions = 2"
FAIL: gcc.dg/ipa/ipa-sra-2.c scan-tree-dump eipa_sra "About to replace expr cow_.*D.->red with \\*ISRA"
FAIL: gcc.dg/ipa/ipa-sra-2.c scan-tree-dump eipa_sra "About to replace expr cow_.*D.->green with ISRA"
FAIL: gcc.dg/ipa/ipa-sra-2.c scan-tree-dump eipa_sra "About to replace expr calf_.*D.->red with \\*ISRA"
FAIL: gcc.dg/ipa/ipa-sra-2.c scan-tree-dump eipa_sra "About to replace expr calf_.*D.->green with ISRA"
FAIL: gcc.dg/ipa/ipa-sra-6.c scan-tree-dump-times eipa_sra "foo " 1
FAIL: gcc.dg/tree-ssa/vrp47.c scan-tree-dump-times dom1 "x[^ ]* & y" 1
FAIL: gcc.target/sparc/cmask.c scan-assembler cmask8\\t%
FAIL: gcc.target/sparc/cmask.c scan-assembler cmask16\\t%
FAIL: gcc.target/sparc/cmask.c scan-assembler cmask32\\t%
FAIL: gcc.target/sparc/fhalve.c scan-assembler fhadds\\t%
FAIL: gcc.target/sparc/fhalve.c scan-assembler fhaddd\\t%
FAIL: gcc.target/sparc/fhalve.c scan-assembler fhsubs\\t%
FAIL: gcc.target/sparc/fhalve.c scan-assembler fhsubd\\t%
FAIL: gcc.target/sparc/fhalve.c scan-assembler fnhadds\\t%
FAIL: gcc.target/sparc/fhalve.c scan-assembler fnhaddd\\t%
FAIL: gcc.target/sparc/fnegop.c scan-assembler fnadds\\t%
FAIL: gcc.target/sparc/fnegop.c scan-assembler fnaddd\\t%
FAIL: gcc.target/sparc/fnegop.c scan-assembler fnmuls\\t%
FAIL: gcc.target/sparc/fnegop.c scan-assembler fnmuld\\t%
FAIL: gcc.target/sparc/fnegop.c scan-assembler fnsmuld\\t%
FAIL: gcc.target/sparc/fpadds.c (test for excess errors)
UNRESOLVED: gcc.target/sparc/fpadds.c scan-assembler fpadds16\\t%
UNRESOLVED: gcc.target/sparc/fpadds.c scan-assembler fpadds16s\\t%
UNRESOLVED: gcc.target/sparc/fpadds.c scan-assembler fpsubs16\\t%
UNRESOLVED: gcc.target/sparc/fpadds.c scan-assembler fpsubs16s\\t%
UNRESOLVED: gcc.target/sparc/fpadds.c scan-assembler fpadds32\\t%
UNRESOLVED: gcc.target/sparc/fpadds.c scan-assembler fpadds32s\\t%
UNRESOLVED: gcc.target/sparc/fpadds.c scan-assembler fpsubs32\\t%
UNRESOLVED: gcc.target/sparc/fpadds.c scan-assembler fpsubs32s\\t%
FAIL: gcc.target/sparc/fshift.c (test for excess errors)
UNRESOLVED: gcc.target/sparc/fshift.c scan-assembler fsll16\\t%
UNRESOLVED: gcc.target/sparc/fshift.c scan-assembler fslas16\\t%
UNRESOLVED: gcc.target/sparc/fshift.c scan-assembler fsrl16\\t%
UNRESOLVED: gcc.target/sparc/fshift.c scan-assembler fsra16\\t%
UNRESOLVED: gcc.target/sparc/fshift.c scan-assembler fsll32\\t%
UNRESOLVED: gcc.target/sparc/fshift.c scan-assembler fslas32\\t%
UNRESOLVED: gcc.target/sparc/fshift.c scan-assembler fsrl32\\t%
UNRESOLVED: gcc.target/sparc/fshift.c scan-assembler fsra32\\t%
FAIL: gcc.target/sparc/fucmp.c scan-assembler fucmple8\\t%
FAIL: gcc.target/sparc/fucmp.c scan-assembler fucmpne8\\t%
FAIL: gcc.target/sparc/fucmp.c scan-assembler fucmpgt8\\t%
FAIL: gcc.target/sparc/fucmp.c scan-assembler fucmpeq8\\t%
FAIL: gcc.target/sparc/lzd.c scan-assembler-times lzd\\t% 3
FAIL: gcc.target/sparc/vis3misc.c (test for excess errors)
UNRESOLVED: gcc.target/sparc/vis3misc.c scan-assembler fchksm16\\t%
UNRESOLVED: gcc.target/sparc/vis3misc.c scan-assembler pdistn\\t%
UNRESOLVED: gcc.target/sparc/vis3misc.c scan-assembler fmean16\\t%
UNRESOLVED: gcc.target/sparc/vis3misc.c scan-assembler fpadd64\\t%
UNRESOLVED: gcc.target/sparc/vis3misc.c scan-assembler fpsub64\\t%
FAIL: gcc.target/sparc/xmul.c scan-assembler umulxhi\\t%
FAIL: gcc.target/sparc/xmul.c scan-assembler xmulx\\t%
FAIL: gcc.target/sparc/xmul.c scan-assembler xmulxhi\\t%

		=== gcc Summary for unix/-m64 ===

# of expected passes		73733
# of unexpected failures	32
# of expected failures		287
# of unresolved testcases	21
# of unsupported tests		1358

		=== gcc Summary ===

# of expected passes		146821
# of unexpected failures	66
# of expected failures		585
# of unresolved testcases	42
# of unsupported tests		2717
/var/gcc/regression/trunk/11-gcc-gas/build/gcc/xgcc  version 4.7.0 20111007 (experimental) [trunk revision 179656] (GCC) 

		=== gfortran tests ===


Running target unix
FAIL: gfortran.dg/select_type_12.f03  -O  (internal compiler error)
FAIL: gfortran.dg/select_type_12.f03  -O  (test for excess errors)

		=== gfortran Summary for unix ===

# of expected passes		39401
# of unexpected failures	2
# of expected failures		54
# of unsupported tests		263

Running target unix/-m64
FAIL: gfortran.dg/select_type_12.f03  -O  (internal compiler error)
FAIL: gfortran.dg/select_type_12.f03  -O  (test for excess errors)
FAIL: gfortran.fortran-torture/execute/entry_4.f90 execution,  -O2 
FAIL: gfortran.fortran-torture/execute/entry_4.f90 execution,  -O2 -fomit-frame-pointer -finline-functions 
FAIL: gfortran.fortran-torture/execute/entry_4.f90 execution,  -O2 -fomit-frame-pointer -finline-functions -funroll-loops 
FAIL: gfortran.fortran-torture/execute/entry_4.f90 execution,  -O2 -fbounds-check 
FAIL: gfortran.fortran-torture/execute/entry_4.f90 execution,  -O3 -g 
FAIL: gfortran.fortran-torture/execute/entry_4.f90 execution, -O2 -ftree-vectorize -mcpu=ultrasparc -mvis 

		=== gfortran Summary for unix/-m64 ===

# of expected passes		39715
# of unexpected failures	8
# of expected failures		54
# of unsupported tests		109

		=== gfortran Summary ===

# of expected passes		79116
# of unexpected failures	10
# of expected failures		108
# of unsupported tests		372
/var/gcc/regression/trunk/11-gcc-gas/build/gcc/testsuite/gfortran/../../gfortran  version 4.7.0 20111007 (experimental) [trunk revision 179656] (GCC) 

		=== gnat tests ===


Running target unix

		=== gnat Summary for unix ===

# of expected passes		923
# of expected failures		11
# of unsupported tests		6

Running target unix/-m64

		=== gnat Summary for unix/-m64 ===

# of expected passes		923
# of expected failures		11
# of unsupported tests		6

		=== gnat Summary ===

# of expected passes		1846
# of expected failures		22
# of unsupported tests		12
/var/gcc/regression/trunk/11-gcc-gas/build/gcc/gnatmake version 4.7.0 20111007 (experimental) [trunk revision 179656]

		=== go tests ===


Running target unix
FAIL: ./64bit-out.go compilation,  -O2 -g 
FAIL: ./select5-out.go compilation,  -O2 -g 
FAIL: ./tmp.go compilation,  -O2 -g 
FAIL: go.test/test/fixedbugs/bug273.go execution,  -O2 -g 
WARNING: program timed out.
WARNING: program timed out.
WARNING: program timed out.

		=== go Summary for unix ===

# of expected passes		3151
# of unexpected failures	4
# of expected failures		22
# of untested testcases		5
# of unsupported tests		4

Running target unix/-m64
FAIL: ./64bit-out.go compilation,  -O2 -g 
FAIL: ./select5-out.go compilation,  -O2 -g 
FAIL: ./tmp.go compilation,  -O2 -g 
WARNING: program timed out.
WARNING: program timed out.
WARNING: program timed out.

		=== go Summary for unix/-m64 ===

# of expected passes		3152
# of unexpected failures	3
# of expected failures		22
# of untested testcases		5
# of unsupported tests		4

		=== go Summary ===

# of expected passes		6303
# of unexpected failures	7
# of expected failures		44
# of untested testcases		10
# of unsupported tests		8
/var/gcc/regression/trunk/11-gcc-gas/build/gcc/testsuite/go/../../gccgo  version 4.7.0 20111007 (experimental) [trunk revision 179656] (GCC) 

		=== obj-c++ tests ===


Running target unix

		=== obj-c++ Summary for unix ===

# of expected passes		1448
# of expected failures		2
# of unsupported tests		86

Running target unix/-m64

		=== obj-c++ Summary for unix/-m64 ===

# of expected passes		1440
# of expected failures		10
# of unsupported tests		86

		=== obj-c++ Summary ===

# of expected passes		2888
# of expected failures		12
# of unsupported tests		172
/var/gcc/regression/trunk/11-gcc-gas/build/gcc/testsuite/obj-c++/../../g++  version 4.7.0 20111007 (experimental) [trunk revision 179656] (GCC) 

		=== objc tests ===


Running target unix

		=== objc Summary for unix ===

# of expected passes		2982
# of unsupported tests		74

Running target unix/-m64

		=== objc Summary for unix/-m64 ===

# of expected passes		2982
# of unsupported tests		74

		=== objc Summary ===

# of expected passes		5964
# of unsupported tests		148
/var/gcc/regression/trunk/11-gcc-gas/build/gcc/xgcc  version 4.7.0 20111007 (experimental) [trunk revision 179656] (GCC) 

		=== boehm-gc tests ===


Running target unix

		=== boehm-gc Summary for unix ===

# of expected passes		12
# of unsupported tests		1

Running target unix/-m64

		=== boehm-gc Summary for unix/-m64 ===

# of expected passes		12
# of unsupported tests		1

		=== boehm-gc Summary ===

# of expected passes		24
# of unsupported tests		2
		=== libffi tests ===


Running target unix

		=== libffi Summary for unix ===

# of expected passes		1634
# of expected failures		10
# of unsupported tests		15

Running target unix/-m64

		=== libffi Summary for unix/-m64 ===

# of expected passes		1634
# of expected failures		10
# of unsupported tests		15

		=== libffi Summary ===

# of expected passes		3268
# of expected failures		20
# of unsupported tests		30
		=== libgo tests ===


Running target unix
FAIL: big
FAIL: template
FAIL: time
FAIL: try
FAIL: testing/quick

		=== libgo Summary for unix ===

# of expected passes		130
# of unexpected failures	5

Running target unix/-m64
FAIL: big
FAIL: reflect
FAIL: template
FAIL: time
FAIL: try
FAIL: testing/quick

		=== libgo Summary for unix/-m64 ===

# of expected passes		129
# of unexpected failures	6

		=== libgo Summary ===

# of expected passes		259
# of unexpected failures	11
/var/gcc/regression/trunk/11-gcc-gas/build/./gcc/gccgo version 4.7.0 20111007 (experimental) [trunk revision 179656] (GCC)

		=== libgomp tests ===


Running target unix
FAIL: libgomp.c++/reduction-4.C  -O0  execution test
FAIL: libgomp.c++/reduction-4.C  -O1  execution test
FAIL: libgomp.c++/reduction-4.C  -O2  execution test
FAIL: libgomp.c++/reduction-4.C  -O3 -fomit-frame-pointer  execution test
FAIL: libgomp.c++/reduction-4.C  -O3 -fomit-frame-pointer -funroll-loops  execution test
FAIL: libgomp.c++/reduction-4.C  -O3 -fomit-frame-pointer -funroll-all-loops -finline-functions  execution test
FAIL: libgomp.c++/reduction-4.C  -O3 -g  execution test
FAIL: libgomp.c++/reduction-4.C  -Os  execution test
FAIL: libgomp.graphite/force-parallel-1.c execution test

		=== libgomp Summary for unix ===

# of expected passes		2965
# of unexpected failures	9
# of unsupported tests		10

Running target unix/-m64
FAIL: libgomp.c++/reduction-4.C  -O0  execution test
FAIL: libgomp.c++/reduction-4.C  -O1  execution test
FAIL: libgomp.c++/reduction-4.C  -O2  execution test
FAIL: libgomp.c++/reduction-4.C  -O3 -fomit-frame-pointer  execution test
FAIL: libgomp.c++/reduction-4.C  -O3 -fomit-frame-pointer -funroll-loops  execution test
FAIL: libgomp.c++/reduction-4.C  -O3 -fomit-frame-pointer -funroll-all-loops -finline-functions  execution test
FAIL: libgomp.c++/reduction-4.C  -O3 -g  execution test
FAIL: libgomp.c++/reduction-4.C  -Os  execution test
FAIL: libgomp.graphite/force-parallel-1.c execution test

		=== libgomp Summary for unix/-m64 ===

# of expected passes		2965
# of unexpected failures	9
# of unsupported tests		10

		=== libgomp Summary ===

# of expected passes		5930
# of unexpected failures	18
# of unsupported tests		20
		=== libjava tests ===


Running target unix

		=== libjava Summary for unix ===

# of expected passes		2574

Running target unix/-m64

		=== libjava Summary for unix/-m64 ===

# of expected passes		2574

		=== libjava Summary ===

# of expected passes		5148
		=== libmudflap tests ===


Running target unix

		=== libmudflap Summary for unix ===

# of expected passes		1433

Running target unix/-m64
FAIL: libmudflap.c++/pass55-frag.cxx ( -O) execution test

		=== libmudflap Summary for unix/-m64 ===

# of expected passes		1432
# of unexpected failures	1

		=== libmudflap Summary ===

# of expected passes		2865
# of unexpected failures	1
		=== libstdc++ tests ===


Running target unix

		=== libstdc++ Summary for unix ===

# of expected passes		7805
# of expected failures		46
# of unsupported tests		495

Running target unix/-m64

		=== libstdc++ Summary for unix/-m64 ===

# of expected passes		7805
# of expected failures		46
# of unsupported tests		495

		=== libstdc++ Summary ===

# of expected passes		15610
# of expected failures		92
# of unsupported tests		990

Compiler version: 4.7.0 20111007 (experimental) [trunk revision 179656] (GCC) 
Platform: sparc-sun-solaris2.11
configure flags: --prefix=/vol/gcc --target=sparc-sun-solaris2.11 --enable-objc-gc --enable-libmudflap --with-host-libstdcxx='-L/vol/gcc-4.4/lib -Wl,-Bstatic -lstdc++ -Wl,-Bdynamic -lm' --with-boot-ldflags='-static-libstdc++ -static-libgcc -L/vol/gcc-4.4/lib' --with-as=/vol/gcc/bin/gas-2.21.1 --with-gnu-as --with-gmp-include=/vol/gcc/include --with-gmp-lib=/vol/gcc/lib --with-mpfr-include=/vol/gcc/include --with-mpfr-lib=/vol/gcc/lib --with-mpc-include=/vol/gcc/include --with-mpc-lib=/vol/gcc/lib --enable-languages=all,ada,obj-c++,go --with-ppl-include=/vol/gcc/include --with-ppl-lib=/vol/gcc/lib --with-cloog-include=/vol/gcc/include --with-cloog-lib=/vol/gcc/lib --enable-cloog-backend=ppl
BOOT_CFLAGS=-g -O2


Index Nav: [Date Index] [Subject Index] [Author Index] [Thread Index]
Message Nav: [Date Prev] [Date Next] [Thread Prev] [Thread Next]