This is the mail archive of the gcc-testresults@gcc.gnu.org mailing list for the GCC project.


Index Nav: [Date Index] [Subject Index] [Author Index] [Thread Index]
Message Nav: [Date Prev] [Date Next] [Thread Prev] [Thread Next]
Other format: [Raw text]

Results for 4.7.0 20111007 (experimental) [trunk revision 179656] (GCC) testsuite on i386-pc-solaris2.9


LAST_UPDATED: Fri Oct  7 13:48:08 UTC 2011 (revision 179656)

		=== acats tests ===

		=== acats Summary ===
# of expected passes		2321
# of unexpected failures	0
Native configuration is i386-pc-solaris2.9

		=== g++ tests ===


Running target unix
FAIL: g++.dg/lto/20091219 cp_lto_20091219_0.o-cp_lto_20091219_0.o link, -O3 -flto
UNRESOLVED: g++.dg/lto/20091219 cp_lto_20091219_0.o-cp_lto_20091219_0.o execute -O3 -flto
FAIL: g++.dg/lto/20100302 cp_lto_20100302_0.o-cp_lto_20100302_1.o link, -flto -fabi-version=2 (internal compiler error)
UNRESOLVED: g++.dg/lto/20100302 cp_lto_20100302_0.o-cp_lto_20100302_1.o execute -flto -fabi-version=2
FAIL: g++.dg/torture/pr31863.C  -O2 -flto  (test for excess errors)

		=== g++ Summary ===

# of expected passes		27582
# of unexpected failures	3
# of expected failures		156
# of unresolved testcases	2
# of unsupported tests		260
/var/gcc/regression/trunk/9-gcc/build/gcc/testsuite/g++/../../g++  version 4.7.0 20111007 (experimental) [trunk revision 179656] (GCC) 

		=== gcc tests ===


Running target unix
FAIL: gcc.dg/tree-ssa/vrp47.c scan-tree-dump-times dom1 "x[^ ]* & y" 1

		=== gcc Summary ===

# of expected passes		79034
# of unexpected failures	1
# of expected failures		244
# of unsupported tests		1827
/var/gcc/regression/trunk/9-gcc/build/gcc/xgcc  version 4.7.0 20111007 (experimental) [trunk revision 179656] (GCC) 

		=== gfortran tests ===


Running target unix
FAIL: gfortran.dg/select_type_12.f03  -O  (internal compiler error)
FAIL: gfortran.dg/select_type_12.f03  -O  (test for excess errors)

		=== gfortran Summary ===

# of expected passes		39189
# of unexpected failures	2
# of expected failures		52
# of unsupported tests		366
/var/gcc/regression/trunk/9-gcc/build/gcc/testsuite/gfortran/../../gfortran  version 4.7.0 20111007 (experimental) [trunk revision 179656] (GCC) 

		=== gnat tests ===


Running target unix

		=== gnat Summary ===

# of expected passes		924
# of expected failures		11
# of unsupported tests		5
/var/gcc/regression/trunk/9-gcc/build/gcc/gnatmake version 4.7.0 20111007 (experimental) [trunk revision 179656]

		=== go tests ===


Running target unix
FAIL: go.go-torture/execute/array-1.go compilation,  -O0 
FAIL: go.go-torture/execute/array-1.go compilation,  -O1 
FAIL: go.go-torture/execute/array-1.go compilation,  -O2 
FAIL: go.go-torture/execute/array-1.go compilation,  -O2 -fomit-frame-pointer -finline-functions 
FAIL: go.go-torture/execute/array-1.go compilation,  -O2 -fomit-frame-pointer -finline-functions -funroll-loops 
FAIL: go.go-torture/execute/array-1.go compilation,  -O2 -fbounds-check 
FAIL: go.go-torture/execute/array-1.go compilation,  -O3 -g 
FAIL: go.go-torture/execute/array-1.go compilation,  -Os 
FAIL: go.go-torture/execute/array-2.go compilation,  -O0 
FAIL: go.go-torture/execute/array-2.go compilation,  -O1 
FAIL: go.go-torture/execute/array-2.go compilation,  -O2 
FAIL: go.go-torture/execute/array-2.go compilation,  -O2 -fomit-frame-pointer -finline-functions 
FAIL: go.go-torture/execute/array-2.go compilation,  -O2 -fomit-frame-pointer -finline-functions -funroll-loops 
FAIL: go.go-torture/execute/array-2.go compilation,  -O2 -fbounds-check 
FAIL: go.go-torture/execute/array-2.go compilation,  -O3 -g 
FAIL: go.go-torture/execute/array-2.go compilation,  -Os 
FAIL: go.go-torture/execute/chan-1.go compilation,  -O0 
FAIL: go.go-torture/execute/chan-1.go compilation,  -O1 
FAIL: go.go-torture/execute/chan-1.go compilation,  -O2 
FAIL: go.go-torture/execute/chan-1.go compilation,  -O2 -fomit-frame-pointer -finline-functions 
FAIL: go.go-torture/execute/chan-1.go compilation,  -O2 -fomit-frame-pointer -finline-functions -funroll-loops 
FAIL: go.go-torture/execute/chan-1.go compilation,  -O2 -fbounds-check 
FAIL: go.go-torture/execute/chan-1.go compilation,  -O3 -g 
FAIL: go.go-torture/execute/chan-1.go compilation,  -Os 
FAIL: go.go-torture/execute/const-1.go compilation,  -O0 
FAIL: go.go-torture/execute/const-1.go compilation,  -O1 
FAIL: go.go-torture/execute/const-1.go compilation,  -O2 
FAIL: go.go-torture/execute/const-1.go compilation,  -O2 -fomit-frame-pointer -finline-functions 
FAIL: go.go-torture/execute/const-1.go compilation,  -O2 -fomit-frame-pointer -finline-functions -funroll-loops 
FAIL: go.go-torture/execute/const-1.go compilation,  -O2 -fbounds-check 
FAIL: go.go-torture/execute/const-1.go compilation,  -O3 -g 
FAIL: go.go-torture/execute/const-1.go compilation,  -Os 
FAIL: go.go-torture/execute/const-2.go compilation,  -O0 
FAIL: go.go-torture/execute/const-2.go compilation,  -O1 
FAIL: go.go-torture/execute/const-2.go compilation,  -O2 
FAIL: go.go-torture/execute/const-2.go compilation,  -O2 -fomit-frame-pointer -finline-functions 
FAIL: go.go-torture/execute/const-2.go compilation,  -O2 -fomit-frame-pointer -finline-functions -funroll-loops 
FAIL: go.go-torture/execute/const-2.go compilation,  -O2 -fbounds-check 
FAIL: go.go-torture/execute/const-2.go compilation,  -O3 -g 
FAIL: go.go-torture/execute/const-2.go compilation,  -Os 
FAIL: go.go-torture/execute/expr-1.go compilation,  -O0 
FAIL: go.go-torture/execute/expr-1.go compilation,  -O1 
FAIL: go.go-torture/execute/expr-1.go compilation,  -O2 
FAIL: go.go-torture/execute/expr-1.go compilation,  -O2 -fomit-frame-pointer -finline-functions 
FAIL: go.go-torture/execute/expr-1.go compilation,  -O2 -fomit-frame-pointer -finline-functions -funroll-loops 
FAIL: go.go-torture/execute/expr-1.go compilation,  -O2 -fbounds-check 
FAIL: go.go-torture/execute/expr-1.go compilation,  -O3 -g 
FAIL: go.go-torture/execute/expr-1.go compilation,  -Os 
FAIL: go.go-torture/execute/for-1.go compilation,  -O0 
FAIL: go.go-torture/execute/for-1.go compilation,  -O1 
FAIL: go.go-torture/execute/for-1.go compilation,  -O2 
FAIL: go.go-torture/execute/for-1.go compilation,  -O2 -fomit-frame-pointer -finline-functions 
FAIL: go.go-torture/execute/for-1.go compilation,  -O2 -fomit-frame-pointer -finline-functions -funroll-loops 
FAIL: go.go-torture/execute/for-1.go compilation,  -O2 -fbounds-check 
FAIL: go.go-torture/execute/for-1.go compilation,  -O3 -g 
FAIL: go.go-torture/execute/for-1.go compilation,  -Os 
FAIL: go.go-torture/execute/for-2.go compilation,  -O0 
FAIL: go.go-torture/execute/for-2.go compilation,  -O1 
FAIL: go.go-torture/execute/for-2.go compilation,  -O2 
FAIL: go.go-torture/execute/for-2.go compilation,  -O2 -fomit-frame-pointer -finline-functions 
FAIL: go.go-torture/execute/for-2.go compilation,  -O2 -fomit-frame-pointer -finline-functions -funroll-loops 
FAIL: go.go-torture/execute/for-2.go compilation,  -O2 -fbounds-check 
FAIL: go.go-torture/execute/for-2.go compilation,  -O3 -g 
FAIL: go.go-torture/execute/for-2.go compilation,  -Os 
FAIL: go.go-torture/execute/function-1.go compilation,  -O0 
FAIL: go.go-torture/execute/function-1.go compilation,  -O1 
FAIL: go.go-torture/execute/function-1.go compilation,  -O2 
FAIL: go.go-torture/execute/function-1.go compilation,  -O2 -fomit-frame-pointer -finline-functions 
FAIL: go.go-torture/execute/function-1.go compilation,  -O2 -fomit-frame-pointer -finline-functions -funroll-loops 
FAIL: go.go-torture/execute/function-1.go compilation,  -O2 -fbounds-check 
FAIL: go.go-torture/execute/function-1.go compilation,  -O3 -g 
FAIL: go.go-torture/execute/function-1.go compilation,  -Os 
FAIL: go.go-torture/execute/function-2.go compilation,  -O0 
FAIL: go.go-torture/execute/function-2.go compilation,  -O1 
FAIL: go.go-torture/execute/function-2.go compilation,  -O2 
FAIL: go.go-torture/execute/function-2.go compilation,  -O2 -fomit-frame-pointer -finline-functions 
FAIL: go.go-torture/execute/function-2.go compilation,  -O2 -fomit-frame-pointer -finline-functions -funroll-loops 
FAIL: go.go-torture/execute/function-2.go compilation,  -O2 -fbounds-check 
FAIL: go.go-torture/execute/function-2.go compilation,  -O3 -g 
FAIL: go.go-torture/execute/function-2.go compilation,  -Os 
FAIL: go.go-torture/execute/go-1.go compilation,  -O0 
FAIL: go.go-torture/execute/go-1.go compilation,  -O1 
FAIL: go.go-torture/execute/go-1.go compilation,  -O2 
FAIL: go.go-torture/execute/go-1.go compilation,  -O2 -fomit-frame-pointer -finline-functions 
FAIL: go.go-torture/execute/go-1.go compilation,  -O2 -fomit-frame-pointer -finline-functions -funroll-loops 
FAIL: go.go-torture/execute/go-1.go compilation,  -O2 -fbounds-check 
FAIL: go.go-torture/execute/go-1.go compilation,  -O3 -g 
FAIL: go.go-torture/execute/go-1.go compilation,  -Os 
FAIL: go.go-torture/execute/go-2.go compilation,  -O0 
FAIL: go.go-torture/execute/go-2.go compilation,  -O1 
FAIL: go.go-torture/execute/go-2.go compilation,  -O2 
FAIL: go.go-torture/execute/go-2.go compilation,  -O2 -fomit-frame-pointer -finline-functions 
FAIL: go.go-torture/execute/go-2.go compilation,  -O2 -fomit-frame-pointer -finline-functions -funroll-loops 
FAIL: go.go-torture/execute/go-2.go compilation,  -O2 -fbounds-check 
FAIL: go.go-torture/execute/go-2.go compilation,  -O3 -g 
FAIL: go.go-torture/execute/go-2.go compilation,  -Os 
FAIL: go.go-torture/execute/go-3.go compilation,  -O0 
FAIL: go.go-torture/execute/go-3.go compilation,  -O1 
FAIL: go.go-torture/execute/go-3.go compilation,  -O2 
FAIL: go.go-torture/execute/go-3.go compilation,  -O2 -fomit-frame-pointer -finline-functions 
FAIL: go.go-torture/execute/go-3.go compilation,  -O2 -fomit-frame-pointer -finline-functions -funroll-loops 
FAIL: go.go-torture/execute/go-3.go compilation,  -O2 -fbounds-check 
FAIL: go.go-torture/execute/go-3.go compilation,  -O3 -g 
FAIL: go.go-torture/execute/go-3.go compilation,  -Os 
FAIL: go.go-torture/execute/goto-1.go compilation,  -O0 
FAIL: go.go-torture/execute/goto-1.go compilation,  -O1 
FAIL: go.go-torture/execute/goto-1.go compilation,  -O2 
FAIL: go.go-torture/execute/goto-1.go compilation,  -O2 -fomit-frame-pointer -finline-functions 
FAIL: go.go-torture/execute/goto-1.go compilation,  -O2 -fomit-frame-pointer -finline-functions -funroll-loops 
FAIL: go.go-torture/execute/goto-1.go compilation,  -O2 -fbounds-check 
FAIL: go.go-torture/execute/goto-1.go compilation,  -O3 -g 
FAIL: go.go-torture/execute/goto-1.go compilation,  -Os 
FAIL: go.go-torture/execute/map-1.go compilation,  -O0 
FAIL: go.go-torture/execute/map-1.go compilation,  -O1 
FAIL: go.go-torture/execute/map-1.go compilation,  -O2 
FAIL: go.go-torture/execute/map-1.go compilation,  -O2 -fomit-frame-pointer -finline-functions 
FAIL: go.go-torture/execute/map-1.go compilation,  -O2 -fomit-frame-pointer -finline-functions -funroll-loops 
FAIL: go.go-torture/execute/map-1.go compilation,  -O2 -fbounds-check 
FAIL: go.go-torture/execute/map-1.go compilation,  -O3 -g 
FAIL: go.go-torture/execute/map-1.go compilation,  -Os 
FAIL: go.go-torture/execute/method-1.go compilation,  -O0 
FAIL: go.go-torture/execute/method-1.go compilation,  -O1 
FAIL: go.go-torture/execute/method-1.go compilation,  -O2 
FAIL: go.go-torture/execute/method-1.go compilation,  -O2 -fomit-frame-pointer -finline-functions 
FAIL: go.go-torture/execute/method-1.go compilation,  -O2 -fomit-frame-pointer -finline-functions -funroll-loops 
FAIL: go.go-torture/execute/method-1.go compilation,  -O2 -fbounds-check 
FAIL: go.go-torture/execute/method-1.go compilation,  -O3 -g 
FAIL: go.go-torture/execute/method-1.go compilation,  -Os 
FAIL: go.go-torture/execute/nested-1.go compilation,  -O0 
FAIL: go.go-torture/execute/nested-1.go compilation,  -O1 
FAIL: go.go-torture/execute/nested-1.go compilation,  -O2 
FAIL: go.go-torture/execute/nested-1.go compilation,  -O2 -fomit-frame-pointer -finline-functions 
FAIL: go.go-torture/execute/nested-1.go compilation,  -O2 -fomit-frame-pointer -finline-functions -funroll-loops 
FAIL: go.go-torture/execute/nested-1.go compilation,  -O2 -fbounds-check 
FAIL: go.go-torture/execute/nested-1.go compilation,  -O3 -g 
FAIL: go.go-torture/execute/nested-1.go compilation,  -Os 
FAIL: go.go-torture/execute/pointer-1.go compilation,  -O0 
FAIL: go.go-torture/execute/pointer-1.go compilation,  -O1 
FAIL: go.go-torture/execute/pointer-1.go compilation,  -O2 
FAIL: go.go-torture/execute/pointer-1.go compilation,  -O2 -fomit-frame-pointer -finline-functions 
FAIL: go.go-torture/execute/pointer-1.go compilation,  -O2 -fomit-frame-pointer -finline-functions -funroll-loops 
FAIL: go.go-torture/execute/pointer-1.go compilation,  -O2 -fbounds-check 
FAIL: go.go-torture/execute/pointer-1.go compilation,  -O3 -g 
FAIL: go.go-torture/execute/pointer-1.go compilation,  -Os 
FAIL: go.go-torture/execute/return-1.go compilation,  -O0 
FAIL: go.go-torture/execute/return-1.go compilation,  -O1 
FAIL: go.go-torture/execute/return-1.go compilation,  -O2 
FAIL: go.go-torture/execute/return-1.go compilation,  -O2 -fomit-frame-pointer -finline-functions 
FAIL: go.go-torture/execute/return-1.go compilation,  -O2 -fomit-frame-pointer -finline-functions -funroll-loops 
FAIL: go.go-torture/execute/return-1.go compilation,  -O2 -fbounds-check 
FAIL: go.go-torture/execute/return-1.go compilation,  -O3 -g 
FAIL: go.go-torture/execute/return-1.go compilation,  -Os 
FAIL: go.go-torture/execute/return-2.go compilation,  -O0 
FAIL: go.go-torture/execute/return-2.go compilation,  -O1 
FAIL: go.go-torture/execute/return-2.go compilation,  -O2 
FAIL: go.go-torture/execute/return-2.go compilation,  -O2 -fomit-frame-pointer -finline-functions 
FAIL: go.go-torture/execute/return-2.go compilation,  -O2 -fomit-frame-pointer -finline-functions -funroll-loops 
FAIL: go.go-torture/execute/return-2.go compilation,  -O2 -fbounds-check 
FAIL: go.go-torture/execute/return-2.go compilation,  -O3 -g 
FAIL: go.go-torture/execute/return-2.go compilation,  -Os 
FAIL: go.go-torture/execute/return-3.go compilation,  -O0 
FAIL: go.go-torture/execute/return-3.go compilation,  -O1 
FAIL: go.go-torture/execute/return-3.go compilation,  -O2 
FAIL: go.go-torture/execute/return-3.go compilation,  -O2 -fomit-frame-pointer -finline-functions 
FAIL: go.go-torture/execute/return-3.go compilation,  -O2 -fomit-frame-pointer -finline-functions -funroll-loops 
FAIL: go.go-torture/execute/return-3.go compilation,  -O2 -fbounds-check 
FAIL: go.go-torture/execute/return-3.go compilation,  -O3 -g 
FAIL: go.go-torture/execute/return-3.go compilation,  -Os 
FAIL: go.go-torture/execute/select-1.go compilation,  -O0 
FAIL: go.go-torture/execute/select-1.go compilation,  -O1 
FAIL: go.go-torture/execute/select-1.go compilation,  -O2 
FAIL: go.go-torture/execute/select-1.go compilation,  -O2 -fomit-frame-pointer -finline-functions 
FAIL: go.go-torture/execute/select-1.go compilation,  -O2 -fomit-frame-pointer -finline-functions -funroll-loops 
FAIL: go.go-torture/execute/select-1.go compilation,  -O2 -fbounds-check 
FAIL: go.go-torture/execute/select-1.go compilation,  -O3 -g 
FAIL: go.go-torture/execute/select-1.go compilation,  -Os 
FAIL: go.go-torture/execute/string-1.go compilation,  -O0 
FAIL: go.go-torture/execute/string-1.go compilation,  -O1 
FAIL: go.go-torture/execute/string-1.go compilation,  -O2 
FAIL: go.go-torture/execute/string-1.go compilation,  -O2 -fomit-frame-pointer -finline-functions 
FAIL: go.go-torture/execute/string-1.go compilation,  -O2 -fomit-frame-pointer -finline-functions -funroll-loops 
FAIL: go.go-torture/execute/string-1.go compilation,  -O2 -fbounds-check 
FAIL: go.go-torture/execute/string-1.go compilation,  -O3 -g 
FAIL: go.go-torture/execute/string-1.go compilation,  -Os 
FAIL: go.go-torture/execute/string-2.go compilation,  -O0 
FAIL: go.go-torture/execute/string-2.go compilation,  -O1 
FAIL: go.go-torture/execute/string-2.go compilation,  -O2 
FAIL: go.go-torture/execute/string-2.go compilation,  -O2 -fomit-frame-pointer -finline-functions 
FAIL: go.go-torture/execute/string-2.go compilation,  -O2 -fomit-frame-pointer -finline-functions -funroll-loops 
FAIL: go.go-torture/execute/string-2.go compilation,  -O2 -fbounds-check 
FAIL: go.go-torture/execute/string-2.go compilation,  -O3 -g 
FAIL: go.go-torture/execute/string-2.go compilation,  -Os 
FAIL: go.go-torture/execute/struct-1.go compilation,  -O0 
FAIL: go.go-torture/execute/struct-1.go compilation,  -O1 
FAIL: go.go-torture/execute/struct-1.go compilation,  -O2 
FAIL: go.go-torture/execute/struct-1.go compilation,  -O2 -fomit-frame-pointer -finline-functions 
FAIL: go.go-torture/execute/struct-1.go compilation,  -O2 -fomit-frame-pointer -finline-functions -funroll-loops 
FAIL: go.go-torture/execute/struct-1.go compilation,  -O2 -fbounds-check 
FAIL: go.go-torture/execute/struct-1.go compilation,  -O3 -g 
FAIL: go.go-torture/execute/struct-1.go compilation,  -Os 
FAIL: go.go-torture/execute/struct-2.go compilation,  -O0 
FAIL: go.go-torture/execute/struct-2.go compilation,  -O1 
FAIL: go.go-torture/execute/struct-2.go compilation,  -O2 
FAIL: go.go-torture/execute/struct-2.go compilation,  -O2 -fomit-frame-pointer -finline-functions 
FAIL: go.go-torture/execute/struct-2.go compilation,  -O2 -fomit-frame-pointer -finline-functions -funroll-loops 
FAIL: go.go-torture/execute/struct-2.go compilation,  -O2 -fbounds-check 
FAIL: go.go-torture/execute/struct-2.go compilation,  -O3 -g 
FAIL: go.go-torture/execute/struct-2.go compilation,  -Os 
FAIL: go.go-torture/execute/switch-1.go compilation,  -O0 
FAIL: go.go-torture/execute/switch-1.go compilation,  -O1 
FAIL: go.go-torture/execute/switch-1.go compilation,  -O2 
FAIL: go.go-torture/execute/switch-1.go compilation,  -O2 -fomit-frame-pointer -finline-functions 
FAIL: go.go-torture/execute/switch-1.go compilation,  -O2 -fomit-frame-pointer -finline-functions -funroll-loops 
FAIL: go.go-torture/execute/switch-1.go compilation,  -O2 -fbounds-check 
FAIL: go.go-torture/execute/switch-1.go compilation,  -O3 -g 
FAIL: go.go-torture/execute/switch-1.go compilation,  -Os 
FAIL: go.go-torture/execute/var-1.go compilation,  -O0 
FAIL: go.go-torture/execute/var-1.go compilation,  -O1 
FAIL: go.go-torture/execute/var-1.go compilation,  -O2 
FAIL: go.go-torture/execute/var-1.go compilation,  -O2 -fomit-frame-pointer -finline-functions 
FAIL: go.go-torture/execute/var-1.go compilation,  -O2 -fomit-frame-pointer -finline-functions -funroll-loops 
FAIL: go.go-torture/execute/var-1.go compilation,  -O2 -fbounds-check 
FAIL: go.go-torture/execute/var-1.go compilation,  -O3 -g 
FAIL: go.go-torture/execute/var-1.go compilation,  -Os 
FAIL: go.go-torture/execute/var-2.go compilation,  -O0 
FAIL: go.go-torture/execute/var-2.go compilation,  -O1 
FAIL: go.go-torture/execute/var-2.go compilation,  -O2 
FAIL: go.go-torture/execute/var-2.go compilation,  -O2 -fomit-frame-pointer -finline-functions 
FAIL: go.go-torture/execute/var-2.go compilation,  -O2 -fomit-frame-pointer -finline-functions -funroll-loops 
FAIL: go.go-torture/execute/var-2.go compilation,  -O2 -fbounds-check 
FAIL: go.go-torture/execute/var-2.go compilation,  -O3 -g 
FAIL: go.go-torture/execute/var-2.go compilation,  -Os 
FAIL: go.go-torture/execute/var-3.go compilation,  -O0 
FAIL: go.go-torture/execute/var-3.go compilation,  -O1 
FAIL: go.go-torture/execute/var-3.go compilation,  -O2 
FAIL: go.go-torture/execute/var-3.go compilation,  -O2 -fomit-frame-pointer -finline-functions 
FAIL: go.go-torture/execute/var-3.go compilation,  -O2 -fomit-frame-pointer -finline-functions -funroll-loops 
FAIL: go.go-torture/execute/var-3.go compilation,  -O2 -fbounds-check 
FAIL: go.go-torture/execute/var-3.go compilation,  -O3 -g 
FAIL: go.go-torture/execute/var-3.go compilation,  -Os 
ERROR: ./bug160.exe does not exist in unix_load.
FAIL: arrayindex.go  -O2 -g  (test for excess errors)
WARNING: arrayindex.go  -O2 -g  compilation failed to produce executable
FAIL: arrayindex1.go  -O2 -g  (test for excess errors)
WARNING: arrayindex1.go  -O2 -g  compilation failed to produce executable
FAIL: arraytoslice.go  -O2 -g  (test for excess errors)
WARNING: arraytoslice.go  -O2 -g  compilation failed to produce executable
FAIL: arraytoslice1.go  -O2 -g  (test for excess errors)
WARNING: arraytoslice1.go  -O2 -g  compilation failed to produce executable
FAIL: arraytoslice2.go  -O2 -g  (test for excess errors)
WARNING: arraytoslice2.go  -O2 -g  compilation failed to produce executable
FAIL: bug113.go  -O2 -g  (test for excess errors)
WARNING: bug113.go  -O2 -g  compilation failed to produce executable
FAIL: bug148.go  -O2 -g  (test for excess errors)
WARNING: bug148.go  -O2 -g  compilation failed to produce executable
FAIL: cmp2.go  -O2 -g  (test for excess errors)
WARNING: cmp2.go  -O2 -g  compilation failed to produce executable
FAIL: cmp3.go  -O2 -g  (test for excess errors)
WARNING: cmp3.go  -O2 -g  compilation failed to produce executable
FAIL: cmp4.go  -O2 -g  (test for excess errors)
WARNING: cmp4.go  -O2 -g  compilation failed to produce executable
FAIL: cmp5.go  -O2 -g  (test for excess errors)
WARNING: cmp5.go  -O2 -g  compilation failed to produce executable
FAIL: fail.go  -O2 -g  (test for excess errors)
WARNING: fail.go  -O2 -g  compilation failed to produce executable
FAIL: go.test/test/235.go compilation,  -O2 -g 
FAIL: go.test/test/64bit.go -O (test for excess errors)
FAIL: go.test/test/64bit.go execution
FAIL: go.test/test/append.go compilation,  -O2 -g 
FAIL: go.test/test/args.go compilation,  -O2 -g 
FAIL: go.test/test/bigalg.go compilation,  -O2 -g 
FAIL: go.test/test/bigmap.go compilation,  -O2 -g 
FAIL: go.test/test/blank.go compilation,  -O2 -g 
FAIL: go.test/test/chan/doubleselect.go compilation,  -O2 -g 
FAIL: go.test/test/chan/fifo.go compilation,  -O2 -g 
FAIL: go.test/test/chan/goroutines.go compilation,  -O2 -g 
FAIL: go.test/test/chan/nonblock.go compilation,  -O2 -g 
FAIL: go.test/test/chan/powser1.go compilation,  -O2 -g 
FAIL: go.test/test/chan/powser2.go compilation,  -O2 -g 
FAIL: go.test/test/chan/select.go compilation,  -O2 -g 
FAIL: go.test/test/chan/select2.go compilation,  -O2 -g 
FAIL: go.test/test/chan/select3.go compilation,  -O2 -g 
FAIL: go.test/test/chan/select4.go compilation,  -O2 -g 
FAIL: go.test/test/chan/select5.go -O (test for excess errors)
FAIL: go.test/test/chan/select5.go execution
FAIL: go.test/test/chan/select6.go compilation,  -O2 -g 
FAIL: go.test/test/chan/sendstmt.go compilation,  -O2 -g 
FAIL: go.test/test/chan/sieve1.go compilation,  -O2 -g 
FAIL: go.test/test/chan/sieve2.go compilation,  -O2 -g 
FAIL: go.test/test/chan/zerosize.go compilation,  -O2 -g 
FAIL: go.test/test/chancap.go compilation,  -O2 -g 
FAIL: go.test/test/char_lit.go compilation,  -O2 -g 
FAIL: go.test/test/closedchan.go compilation,  -O2 -g 
FAIL: go.test/test/closure.go compilation,  -O2 -g 
FAIL: go.test/test/cmp1.go compilation,  -O2 -g 
FAIL: go.test/test/cmplxdivide.go
FAIL: go.test/test/complit.go compilation,  -O2 -g 
FAIL: go.test/test/compos.go compilation,  -O2 -g 
FAIL: go.test/test/const.go compilation,  -O2 -g 
FAIL: go.test/test/const3.go compilation,  -O2 -g 
FAIL: go.test/test/convert.go compilation,  -O2 -g 
FAIL: go.test/test/copy.go compilation,  -O2 -g 
FAIL: go.test/test/ddd.go compilation,  -O2 -g 
FAIL: go.test/test/ddd3.go
FAIL: go.test/test/decl.go compilation,  -O2 -g 
FAIL: go.test/test/defer.go compilation,  -O2 -g 
FAIL: go.test/test/deferprint.go compilation,  -O2 -g 
FAIL: go.test/test/divide.go compilation,  -O2 -g 
FAIL: go.test/test/env.go compilation,  -O2 -g 
FAIL: go.test/test/escape.go compilation,  -O2 -g 
FAIL: go.test/test/fixedbugs/bug000.go compilation,  -O2 -g 
FAIL: go.test/test/fixedbugs/bug002.go compilation,  -O2 -g 
FAIL: go.test/test/fixedbugs/bug003.go compilation,  -O2 -g 
FAIL: go.test/test/fixedbugs/bug004.go compilation,  -O2 -g 
FAIL: go.test/test/fixedbugs/bug005.go compilation,  -O2 -g 
FAIL: go.test/test/fixedbugs/bug006.go compilation,  -O2 -g 
FAIL: go.test/test/fixedbugs/bug007.go compilation,  -O2 -g 
FAIL: go.test/test/fixedbugs/bug008.go compilation,  -O2 -g 
FAIL: go.test/test/fixedbugs/bug009.go compilation,  -O2 -g 
FAIL: go.test/test/fixedbugs/bug010.go compilation,  -O2 -g 
FAIL: go.test/test/fixedbugs/bug011.go compilation,  -O2 -g 
FAIL: go.test/test/fixedbugs/bug012.go compilation,  -O2 -g 
FAIL: go.test/test/fixedbugs/bug013.go compilation,  -O2 -g 
FAIL: go.test/test/fixedbugs/bug017.go compilation,  -O2 -g 
FAIL: go.test/test/fixedbugs/bug021.go compilation,  -O2 -g 
FAIL: go.test/test/fixedbugs/bug023.go compilation,  -O2 -g 
FAIL: go.test/test/fixedbugs/bug024.go compilation,  -O2 -g 
FAIL: go.test/test/fixedbugs/bug026.go compilation,  -O2 -g 
FAIL: go.test/test/fixedbugs/bug027.go compilation,  -O2 -g 
FAIL: go.test/test/fixedbugs/bug028.go compilation,  -O2 -g 
FAIL: go.test/test/fixedbugs/bug031.go compilation,  -O2 -g 
FAIL: go.test/test/fixedbugs/bug045.go compilation,  -O2 -g 
FAIL: go.test/test/fixedbugs/bug047.go compilation,  -O2 -g 
FAIL: go.test/test/fixedbugs/bug048.go compilation,  -O2 -g 
FAIL: go.test/test/fixedbugs/bug052.go compilation,  -O2 -g 
FAIL: go.test/test/fixedbugs/bug053.go compilation,  -O2 -g 
FAIL: go.test/test/fixedbugs/bug054.go compilation,  -O2 -g 
FAIL: go.test/test/fixedbugs/bug055.go compilation,  -O2 -g 
FAIL: go.test/test/fixedbugs/bug056.go compilation,  -O2 -g 
FAIL: go.test/test/fixedbugs/bug058.go compilation,  -O2 -g 
FAIL: go.test/test/fixedbugs/bug059.go compilation,  -O2 -g 
FAIL: go.test/test/fixedbugs/bug060.go compilation,  -O2 -g 
FAIL: go.test/test/fixedbugs/bug061.go compilation,  -O2 -g 
FAIL: go.test/test/fixedbugs/bug065.go compilation,  -O2 -g 
FAIL: go.test/test/fixedbugs/bug067.go compilation,  -O2 -g 
FAIL: go.test/test/fixedbugs/bug070.go compilation,  -O2 -g 
FAIL: go.test/test/fixedbugs/bug075.go compilation,  -O2 -g 
FAIL: go.test/test/fixedbugs/bug076.go  -O  (test for excess errors)
FAIL: go.test/test/fixedbugs/bug078.go compilation,  -O2 -g 
FAIL: go.test/test/fixedbugs/bug082.go compilation,  -O2 -g 
FAIL: go.test/test/fixedbugs/bug084.go compilation,  -O2 -g 
FAIL: go.test/test/fixedbugs/bug092.go compilation,  -O2 -g 
FAIL: go.test/test/fixedbugs/bug093.go compilation,  -O2 -g 
FAIL: go.test/test/fixedbugs/bug097.go compilation,  -O2 -g 
FAIL: go.test/test/fixedbugs/bug099.go compilation,  -O2 -g 
FAIL: go.test/test/fixedbugs/bug101.go compilation,  -O2 -g 
FAIL: go.test/test/fixedbugs/bug102.go compilation,  -O2 -g 
FAIL: go.test/test/fixedbugs/bug110.go  -O  (test for excess errors)
FAIL: go.test/test/fixedbugs/bug111.go compilation,  -O2 -g 
FAIL: go.test/test/fixedbugs/bug114.go compilation,  -O2 -g 
FAIL: go.test/test/fixedbugs/bug116.go compilation,  -O2 -g 
FAIL: go.test/test/fixedbugs/bug119.go compilation,  -O2 -g 
FAIL: go.test/test/fixedbugs/bug120.go compilation,  -O2 -g 
FAIL: go.test/test/fixedbugs/bug128.go compilation,  -O2 -g 
FAIL: go.test/test/fixedbugs/bug130.go compilation,  -O2 -g 
FAIL: go.test/test/fixedbugs/bug141.go compilation,  -O2 -g 
FAIL: go.test/test/fixedbugs/bug142.go compilation,  -O2 -g 
FAIL: go.test/test/fixedbugs/bug147.go compilation,  -O2 -g 
FAIL: go.test/test/fixedbugs/bug1515.go compilation,  -O2 -g 
FAIL: go.test/test/fixedbugs/bug152.go compilation,  -O2 -g 
FAIL: go.test/test/fixedbugs/bug154.go compilation,  -O2 -g 
FAIL: go.test/test/fixedbugs/bug155.go  -O  (test for excess errors)
FAIL: go.test/test/fixedbugs/bug159.go compilation,  -O2 -g 
UNRESOLVED: go.test/test/fixedbugs/bug160.go
FAIL: go.test/test/fixedbugs/bug167.go  -O  (test for excess errors)
FAIL: go.test/test/fixedbugs/bug168.go compilation,  -O2 -g 
FAIL: go.test/test/fixedbugs/bug177.go compilation,  -O2 -g 
FAIL: go.test/test/fixedbugs/bug178.go compilation,  -O2 -g 
FAIL: go.test/test/fixedbugs/bug180.go compilation,  -O2 -g 
FAIL: go.test/test/fixedbugs/bug184.go compilation,  -O2 -g 
FAIL: go.test/test/fixedbugs/bug185.go compilation,  -O2 -g 
FAIL: go.test/test/fixedbugs/bug187.go compilation,  -O2 -g 
FAIL: go.test/test/fixedbugs/bug191.go
FAIL: go.test/test/fixedbugs/bug194.go compilation,  -O2 -g 
FAIL: go.test/test/fixedbugs/bug196.go compilation,  -O2 -g 
FAIL: go.test/test/fixedbugs/bug199.go compilation,  -O2 -g 
FAIL: go.test/test/fixedbugs/bug201.go compilation,  -O2 -g 
FAIL: go.test/test/fixedbugs/bug202.go compilation,  -O2 -g 
FAIL: go.test/test/fixedbugs/bug203.go compilation,  -O2 -g 
FAIL: go.test/test/fixedbugs/bug204.go compilation,  -O2 -g 
FAIL: go.test/test/fixedbugs/bug206.go compilation,  -O2 -g 
FAIL: go.test/test/fixedbugs/bug207.go compilation,  -O2 -g 
FAIL: go.test/test/fixedbugs/bug221.go compilation,  -O2 -g 
FAIL: go.test/test/fixedbugs/bug225.go compilation,  -O2 -g 
FAIL: go.test/test/fixedbugs/bug227.go compilation,  -O2 -g 
FAIL: go.test/test/fixedbugs/bug230.go compilation,  -O2 -g 
FAIL: go.test/test/fixedbugs/bug234.go compilation,  -O2 -g 
FAIL: go.test/test/fixedbugs/bug236.go compilation,  -O2 -g 
FAIL: go.test/test/fixedbugs/bug237.go compilation,  -O2 -g 
FAIL: go.test/test/fixedbugs/bug242.go compilation,  -O2 -g 
FAIL: go.test/test/fixedbugs/bug243.go compilation,  -O2 -g 
FAIL: go.test/test/fixedbugs/bug244.go compilation,  -O2 -g 
FAIL: go.test/test/fixedbugs/bug246.go compilation,  -O2 -g 
FAIL: go.test/test/fixedbugs/bug247.go compilation,  -O2 -g 
FAIL: go.test/test/fixedbugs/bug248.go
FAIL: go.test/test/fixedbugs/bug253.go compilation,  -O2 -g 
FAIL: go.test/test/fixedbugs/bug254.go compilation,  -O2 -g 
FAIL: go.test/test/fixedbugs/bug257.go compilation,  -O2 -g 
FAIL: go.test/test/fixedbugs/bug258.go compilation,  -O2 -g 
FAIL: go.test/test/fixedbugs/bug259.go compilation,  -O2 -g 
FAIL: go.test/test/fixedbugs/bug260.go compilation,  -O2 -g 
FAIL: go.test/test/fixedbugs/bug261.go compilation,  -O2 -g 
FAIL: go.test/test/fixedbugs/bug262.go compilation,  -O2 -g 
FAIL: go.test/test/fixedbugs/bug263.go compilation,  -O2 -g 
FAIL: go.test/test/fixedbugs/bug264.go compilation,  -O2 -g 
FAIL: go.test/test/fixedbugs/bug265.go compilation,  -O2 -g 
FAIL: go.test/test/fixedbugs/bug266.go compilation,  -O2 -g 
FAIL: go.test/test/fixedbugs/bug268.go compilation,  -O2 -g 
FAIL: go.test/test/fixedbugs/bug269.go compilation,  -O2 -g 
FAIL: go.test/test/fixedbugs/bug271.go compilation,  -O2 -g 
FAIL: go.test/test/fixedbugs/bug272.go compilation,  -O2 -g 
FAIL: go.test/test/fixedbugs/bug273.go compilation,  -O2 -g 
FAIL: go.test/test/fixedbugs/bug276.go compilation,  -O2 -g 
FAIL: go.test/test/fixedbugs/bug279.go compilation,  -O2 -g 
FAIL: go.test/test/fixedbugs/bug281.go compilation,  -O2 -g 
FAIL: go.test/test/fixedbugs/bug285.go compilation,  -O2 -g 
FAIL: go.test/test/fixedbugs/bug286.go compilation,  -O2 -g 
FAIL: go.test/test/fixedbugs/bug290.go compilation,  -O2 -g 
FAIL: go.test/test/fixedbugs/bug291.go compilation,  -O2 -g 
FAIL: go.test/test/fixedbugs/bug292.go compilation,  -O2 -g 
FAIL: go.test/test/fixedbugs/bug293.go compilation,  -O2 -g 
FAIL: go.test/test/fixedbugs/bug294.go compilation,  -O2 -g 
FAIL: go.test/test/fixedbugs/bug295.go compilation,  -O2 -g 
FAIL: go.test/test/fixedbugs/bug296.go compilation,  -O2 -g 
FAIL: go.test/test/fixedbugs/bug303.go compilation,  -O2 -g 
FAIL: go.test/test/fixedbugs/bug311.go compilation,  -O2 -g 
FAIL: go.test/test/fixedbugs/bug312.go compilation,  -O2 -g 
FAIL: go.test/test/fixedbugs/bug314.go compilation,  -O2 -g 
FAIL: go.test/test/fixedbugs/bug317.go compilation,  -O2 -g 
FAIL: go.test/test/fixedbugs/bug320.go compilation,  -O2 -g 
FAIL: go.test/test/fixedbugs/bug321.go compilation,  -O2 -g 
FAIL: go.test/test/fixedbugs/bug322.go
FAIL: go.test/test/fixedbugs/bug327.go compilation,  -O2 -g 
FAIL: go.test/test/fixedbugs/bug328.go compilation,  -O2 -g 
FAIL: go.test/test/fixedbugs/bug329.go compilation,  -O2 -g 
FAIL: go.test/test/fixedbugs/bug331.go compilation,  -O2 -g 
FAIL: go.test/test/fixedbugs/bug333.go compilation,  -O2 -g 
FAIL: go.test/test/fixedbugs/bug336.go compilation,  -O2 -g 
FAIL: go.test/test/fixedbugs/bug339.go compilation,  -O2 -g 
FAIL: go.test/test/fixedbugs/bug341.go compilation,  -O2 -g 
FAIL: go.test/test/fixedbugs/bug343.go compilation,  -O2 -g 
FAIL: go.test/test/fixedbugs/bug346.go compilation,  -O2 -g 
FAIL: go.test/test/fixedbugs/bug352.go compilation,  -O2 -g 
FAIL: go.test/test/fixedbugs/bug355.go compilation,  -O2 -g 
FAIL: go.test/test/fixedbugs/bug356.go compilation,  -O2 -g 
FAIL: go.test/test/float_lit.go compilation,  -O2 -g 
FAIL: go.test/test/floatcmp.go compilation,  -O2 -g 
FAIL: go.test/test/for.go compilation,  -O2 -g 
FAIL: go.test/test/func.go compilation,  -O2 -g 
FAIL: go.test/test/func5.go compilation,  -O2 -g 
FAIL: go.test/test/func7.go compilation,  -O2 -g 
FAIL: go.test/test/gc.go compilation,  -O2 -g 
FAIL: go.test/test/gc1.go compilation,  -O2 -g 
FAIL: go.test/test/gc2.go compilation,  -O2 -g 
FAIL: go.test/test/goprint.go compilation,  -O2 -g 
FAIL: go.test/test/hashmap.go compilation,  -O2 -g 
FAIL: go.test/test/helloworld.go compilation,  -O2 -g 
FAIL: go.test/test/if.go compilation,  -O2 -g 
FAIL: go.test/test/index.go -O (test for excess errors)
FAIL: go.test/test/index.go execution 0
FAIL: go.test/test/index.go execution 1
FAIL: go.test/test/index.go execution 2
FAIL: go.test/test/indirect.go compilation,  -O2 -g 
FAIL: go.test/test/initcomma.go compilation,  -O2 -g 
FAIL: go.test/test/initialize.go compilation,  -O2 -g 
FAIL: go.test/test/initsyscall.go compilation,  -O2 -g 
FAIL: go.test/test/int_lit.go compilation,  -O2 -g 
FAIL: go.test/test/intcvt.go compilation,  -O2 -g 
FAIL: go.test/test/interface/bigdata.go compilation,  -O2 -g 
FAIL: go.test/test/interface/convert.go compilation,  -O2 -g 
FAIL: go.test/test/interface/convert1.go compilation,  -O2 -g 
FAIL: go.test/test/interface/convert2.go compilation,  -O2 -g 
FAIL: go.test/test/interface/embed.go compilation,  -O2 -g 
FAIL: go.test/test/interface/embed1.go
FAIL: go.test/test/interface/fake.go compilation,  -O2 -g 
FAIL: go.test/test/interface/receiver.go compilation,  -O2 -g 
FAIL: go.test/test/interface/struct.go compilation,  -O2 -g 
FAIL: go.test/test/iota.go compilation,  -O2 -g 
FAIL: go.test/test/ken/array.go compilation,  -O2 -g 
FAIL: go.test/test/ken/chan.go compilation,  -O2 -g 
FAIL: go.test/test/ken/chan1.go compilation,  -O2 -g 
FAIL: go.test/test/ken/complit.go compilation,  -O2 -g 
FAIL: go.test/test/ken/convert.go compilation,  -O2 -g 
FAIL: go.test/test/ken/cplx0.go compilation,  -O2 -g 
FAIL: go.test/test/ken/cplx1.go compilation,  -O2 -g 
FAIL: go.test/test/ken/cplx2.go compilation,  -O2 -g 
FAIL: go.test/test/ken/cplx3.go compilation,  -O2 -g 
FAIL: go.test/test/ken/cplx4.go compilation,  -O2 -g 
FAIL: go.test/test/ken/cplx5.go compilation,  -O2 -g 
FAIL: go.test/test/ken/divconst.go compilation,  -O2 -g 
FAIL: go.test/test/ken/divmod.go compilation,  -O2 -g 
FAIL: go.test/test/ken/embed.go compilation,  -O2 -g 
FAIL: go.test/test/ken/for.go compilation,  -O2 -g 
FAIL: go.test/test/ken/interbasic.go compilation,  -O2 -g 
FAIL: go.test/test/ken/interfun.go compilation,  -O2 -g 
FAIL: go.test/test/ken/intervar.go compilation,  -O2 -g 
FAIL: go.test/test/ken/label.go compilation,  -O2 -g 
FAIL: go.test/test/ken/litfun.go compilation,  -O2 -g 
FAIL: go.test/test/ken/mfunc.go compilation,  -O2 -g 
FAIL: go.test/test/ken/modconst.go compilation,  -O2 -g 
FAIL: go.test/test/ken/ptrfun.go compilation,  -O2 -g 
FAIL: go.test/test/ken/ptrvar.go compilation,  -O2 -g 
FAIL: go.test/test/ken/range.go compilation,  -O2 -g 
FAIL: go.test/test/ken/rob1.go compilation,  -O2 -g 
FAIL: go.test/test/ken/rob2.go compilation,  -O2 -g 
FAIL: go.test/test/ken/robfor.go compilation,  -O2 -g 
FAIL: go.test/test/ken/robfunc.go compilation,  -O2 -g 
FAIL: go.test/test/ken/shift.go compilation,  -O2 -g 
FAIL: go.test/test/ken/simparray.go compilation,  -O2 -g 
FAIL: go.test/test/ken/simpbool.go compilation,  -O2 -g 
FAIL: go.test/test/ken/simpconv.go compilation,  -O2 -g 
FAIL: go.test/test/ken/simpfun.go compilation,  -O2 -g 
FAIL: go.test/test/ken/simpprint.go compilation,  -O2 -g 
FAIL: go.test/test/ken/simpswitch.go compilation,  -O2 -g 
FAIL: go.test/test/ken/simpvar.go compilation,  -O2 -g 
FAIL: go.test/test/ken/slicearray.go compilation,  -O2 -g 
FAIL: go.test/test/ken/sliceslice.go compilation,  -O2 -g 
FAIL: go.test/test/ken/string.go compilation,  -O2 -g 
FAIL: go.test/test/ken/strvar.go compilation,  -O2 -g 
FAIL: go.test/test/literal.go compilation,  -O2 -g 
FAIL: go.test/test/malloc1.go compilation,  -O2 -g 
FAIL: go.test/test/mallocfin.go compilation,  -O2 -g 
FAIL: go.test/test/mallocrand.go compilation,  -O2 -g 
FAIL: go.test/test/mallocrep.go compilation,  -O2 -g 
FAIL: go.test/test/mallocrep1.go compilation,  -O2 -g 
FAIL: go.test/test/map.go compilation,  -O2 -g 
FAIL: go.test/test/method.go compilation,  -O2 -g 
FAIL: go.test/test/method3.go compilation,  -O2 -g 
FAIL: go.test/test/named.go compilation,  -O2 -g 
FAIL: go.test/test/nil.go compilation,  -O2 -g 
FAIL: go.test/test/nul1.go -O (test for excess errors)
FAIL: go.test/test/nul1.go execution
FAIL: go.test/test/peano.go compilation,  -O2 -g 
FAIL: go.test/test/printbig.go compilation,  -O2 -g 
FAIL: go.test/test/range.go compilation,  -O2 -g 
FAIL: go.test/test/recover.go compilation,  -O2 -g 
FAIL: go.test/test/recover1.go compilation,  -O2 -g 
FAIL: go.test/test/recover2.go compilation,  -O2 -g 
FAIL: go.test/test/recover3.go compilation,  -O2 -g 
FAIL: go.test/test/rename.go compilation,  -O2 -g 
FAIL: go.test/test/sieve.go  -O  (test for excess errors)
FAIL: go.test/test/sigchld.go compilation,  -O2 -g 
FAIL: go.test/test/simassign.go compilation,  -O2 -g 
FAIL: go.test/test/solitaire.go  -O  (test for excess errors)
FAIL: go.test/test/stack.go compilation,  -O2 -g 
FAIL: go.test/test/string_lit.go compilation,  -O2 -g 
FAIL: go.test/test/stringrange.go compilation,  -O2 -g 
FAIL: go.test/test/switch.go compilation,  -O2 -g 
FAIL: go.test/test/switch1.go compilation,  -O2 -g 
FAIL: go.test/test/test0.go compilation,  -O2 -g 
FAIL: go.test/test/turing.go compilation,  -O2 -g 
FAIL: go.test/test/typeswitch.go compilation,  -O2 -g 
FAIL: go.test/test/typeswitch1.go compilation,  -O2 -g 
FAIL: go.test/test/utf.go compilation,  -O2 -g 
FAIL: go.test/test/varinit.go compilation,  -O2 -g 
FAIL: go.test/test/vectors.go compilation,  -O2 -g 
FAIL: go.test/test/zerodivide.go compilation,  -O2 -g 
FAIL: returntype.go  -O2 -g  (test for excess errors)
WARNING: returntype.go  -O2 -g  compilation failed to produce executable
FAIL: slicearray.go  -O2 -g  (test for excess errors)
WARNING: slicearray.go  -O2 -g  compilation failed to produce executable
FAIL: structfield.go  -O2 -g  (test for excess errors)
WARNING: structfield.go  -O2 -g  compilation failed to produce executable
FAIL: structfield1.go  -O2 -g  (test for excess errors)
WARNING: structfield1.go  -O2 -g  compilation failed to produce executable
FAIL: structfield2.go  -O2 -g  (test for excess errors)
WARNING: structfield2.go  -O2 -g  compilation failed to produce executable
FAIL: structfieldaddr.go  -O2 -g  (test for excess errors)
WARNING: structfieldaddr.go  -O2 -g  compilation failed to produce executable

		=== go Summary ===

# of expected passes		919
# of unexpected failures	559
# of expected failures		4
# of untested testcases		521
# of unresolved testcases	1
# of unsupported tests		4
/var/gcc/regression/trunk/9-gcc/build/gcc/testsuite/go/../../gccgo  version 4.7.0 20111007 (experimental) [trunk revision 179656] (GCC) 

		=== obj-c++ tests ===


Running target unix

		=== obj-c++ Summary ===

# of expected passes		1448
# of expected failures		2
# of unsupported tests		86
/var/gcc/regression/trunk/9-gcc/build/gcc/testsuite/obj-c++/../../g++  version 4.7.0 20111007 (experimental) [trunk revision 179656] (GCC) 

		=== objc tests ===


Running target unix

		=== objc Summary ===

# of expected passes		2976
# of expected failures		6
# of unsupported tests		74
/var/gcc/regression/trunk/9-gcc/build/gcc/xgcc  version 4.7.0 20111007 (experimental) [trunk revision 179656] (GCC) 

		=== boehm-gc tests ===


Running target unix

		=== boehm-gc Summary ===

# of expected passes		12
# of unsupported tests		1
		=== libffi tests ===


Running target unix

		=== libffi Summary ===

# of expected passes		1634
# of expected failures		10
# of unsupported tests		15
		=== libgo tests ===


Running target unix
FAIL: asn1
FAIL: big
FAIL: bufio
FAIL: bytes
FAIL: cmath
FAIL: csv
FAIL: ebnf
FAIL: exec
FAIL: expvar
FAIL: flag
FAIL: fmt
FAIL: gob
FAIL: html
FAIL: http
FAIL: image
FAIL: io
FAIL: json
FAIL: log
FAIL: math
FAIL: mail
FAIL: mime
FAIL: net
FAIL: netchan
FAIL: os
FAIL: patch
FAIL: path
FAIL: rand
FAIL: reflect
FAIL: regexp
FAIL: rpc
FAIL: runtime
FAIL: scanner
FAIL: smtp
FAIL: sort
FAIL: strconv
FAIL: strings
FAIL: sync
FAIL: syslog
FAIL: tabwriter
FAIL: template
FAIL: time
FAIL: try
FAIL: unicode
FAIL: url
FAIL: utf16
FAIL: utf8
FAIL: websocket
FAIL: xml
FAIL: archive/tar
FAIL: archive/zip
FAIL: compress/bzip2
FAIL: compress/flate
FAIL: compress/gzip
FAIL: compress/lzw
FAIL: compress/zlib
FAIL: container/heap
FAIL: container/list
FAIL: container/ring
FAIL: container/vector
FAIL: crypto/aes
FAIL: crypto/blowfish
FAIL: crypto/cast5
FAIL: crypto/cipher
FAIL: crypto/des
FAIL: crypto/dsa
FAIL: crypto/ecdsa
FAIL: crypto/elliptic
FAIL: crypto/hmac
FAIL: crypto/md4
FAIL: crypto/md5
FAIL: crypto/ocsp
FAIL: crypto/openpgp
FAIL: crypto/rand
FAIL: crypto/rc4
FAIL: crypto/ripemd160
FAIL: crypto/rsa
FAIL: crypto/sha1
FAIL: crypto/sha256
FAIL: crypto/sha512
FAIL: crypto/subtle
FAIL: crypto/tls
FAIL: crypto/twofish
FAIL: crypto/x509
FAIL: crypto/xtea
FAIL: crypto/openpgp/armor
FAIL: crypto/openpgp/elgamal
FAIL: crypto/openpgp/packet
FAIL: crypto/openpgp/s2k
FAIL: debug/dwarf
FAIL: debug/elf
FAIL: debug/macho
FAIL: debug/pe
FAIL: encoding/ascii85
FAIL: encoding/base32
FAIL: encoding/base64
FAIL: encoding/binary
FAIL: encoding/git85
FAIL: encoding/hex
FAIL: encoding/pem
FAIL: exp/datafmt
FAIL: exp/norm
FAIL: exp/regexp
FAIL: exp/regexp/syntax
FAIL: exp/template/html
FAIL: go/ast
FAIL: go/parser
FAIL: go/printer
FAIL: go/scanner
FAIL: go/token
FAIL: go/typechecker
FAIL: hash/adler32
FAIL: hash/crc32
FAIL: hash/crc64
FAIL: hash/fnv
FAIL: http/cgi
FAIL: http/fcgi
FAIL: http/spdy
FAIL: image/draw
FAIL: image/jpeg
FAIL: image/png
FAIL: image/tiff
FAIL: image/ycbcr
FAIL: index/suffixarray
FAIL: io/ioutil
FAIL: mime/multipart
FAIL: net/textproto
FAIL: old/template
FAIL: os/user
FAIL: os/signal
FAIL: path/filepath
FAIL: rpc/jsonrpc
FAIL: sync/atomic
FAIL: template/parse
FAIL: testing/quick
FAIL: testing/script

		=== libgo Summary ===

# of unexpected failures	135
		=== libgomp tests ===


Running target unix
FAIL: libgomp.c++/pr24455.C  -O0  (test for excess errors)
WARNING: libgomp.c++/pr24455.C  -O0  compilation failed to produce executable
FAIL: libgomp.c++/pr24455.C  -O1  (test for excess errors)
WARNING: libgomp.c++/pr24455.C  -O1  compilation failed to produce executable
FAIL: libgomp.c++/pr24455.C  -O2  (test for excess errors)
WARNING: libgomp.c++/pr24455.C  -O2  compilation failed to produce executable
FAIL: libgomp.c++/pr24455.C  -O3 -fomit-frame-pointer  (test for excess errors)
WARNING: libgomp.c++/pr24455.C  -O3 -fomit-frame-pointer  compilation failed to produce executable
FAIL: libgomp.c++/pr24455.C  -O3 -fomit-frame-pointer -funroll-loops  (test for excess errors)
WARNING: libgomp.c++/pr24455.C  -O3 -fomit-frame-pointer -funroll-loops  compilation failed to produce executable
FAIL: libgomp.c++/pr24455.C  -O3 -fomit-frame-pointer -funroll-all-loops -finline-functions  (test for excess errors)
WARNING: libgomp.c++/pr24455.C  -O3 -fomit-frame-pointer -funroll-all-loops -finline-functions  compilation failed to produce executable
FAIL: libgomp.c++/pr24455.C  -O3 -g  (test for excess errors)
WARNING: libgomp.c++/pr24455.C  -O3 -g  compilation failed to produce executable
FAIL: libgomp.c++/pr24455.C  -Os  (test for excess errors)
WARNING: libgomp.c++/pr24455.C  -Os  compilation failed to produce executable
FAIL: libgomp.fortran/threadprivate4.f90  -O0  (test for excess errors)
WARNING: libgomp.fortran/threadprivate4.f90  -O0  compilation failed to produce executable
FAIL: libgomp.fortran/threadprivate4.f90  -O1  (test for excess errors)
WARNING: libgomp.fortran/threadprivate4.f90  -O1  compilation failed to produce executable
FAIL: libgomp.fortran/threadprivate4.f90  -O2  (test for excess errors)
WARNING: libgomp.fortran/threadprivate4.f90  -O2  compilation failed to produce executable
FAIL: libgomp.fortran/threadprivate4.f90  -O3 -fomit-frame-pointer  (test for excess errors)
WARNING: libgomp.fortran/threadprivate4.f90  -O3 -fomit-frame-pointer  compilation failed to produce executable
FAIL: libgomp.fortran/threadprivate4.f90  -O3 -fomit-frame-pointer -funroll-loops  (test for excess errors)
WARNING: libgomp.fortran/threadprivate4.f90  -O3 -fomit-frame-pointer -funroll-loops  compilation failed to produce executable
FAIL: libgomp.fortran/threadprivate4.f90  -O3 -fomit-frame-pointer -funroll-all-loops -finline-functions  (test for excess errors)
WARNING: libgomp.fortran/threadprivate4.f90  -O3 -fomit-frame-pointer -funroll-all-loops -finline-functions  compilation failed to produce executable
FAIL: libgomp.fortran/threadprivate4.f90  -O3 -g  (test for excess errors)
WARNING: libgomp.fortran/threadprivate4.f90  -O3 -g  compilation failed to produce executable
FAIL: libgomp.fortran/threadprivate4.f90  -Os  (test for excess errors)
WARNING: libgomp.fortran/threadprivate4.f90  -Os  compilation failed to produce executable
FAIL: libgomp.graphite/force-parallel-1.c execution test

		=== libgomp Summary ===

# of expected passes		2955
# of unexpected failures	17
# of unsupported tests		3
		=== libjava tests ===


Running target unix
FAIL: Divide_1 output - source compiled test
FAIL: Divide_1 -findirect-dispatch output - source compiled test
FAIL: Divide_1 -O3 output - source compiled test
FAIL: Divide_1 -O3 -findirect-dispatch output - source compiled test
FAIL: InvokeInterface execution - source compiled test
FAIL: InvokeInterface -O3 execution - source compiled test

		=== libjava Summary ===

# of expected passes		2566
# of unexpected failures	6
# of untested testcases		2
		=== libstdc++ tests ===


Running target unix

		=== libstdc++ Summary ===

# of expected passes		7190
# of expected failures		50
# of unsupported tests		789

Compiler version: 4.7.0 20111007 (experimental) [trunk revision 179656] (GCC) 
Platform: i386-pc-solaris2.9
configure flags: --prefix=/vol/gcc --target=i386-pc-solaris2.9 --enable-objc-gc --with-host-libstdcxx='-L/vol/gcc-4.4/lib -Wl,-Bstatic -lstdc++ -Wl,-Bdynamic -lm' --with-boot-ldflags='-static-libstdc++ -static-libgcc -L/vol/gcc-4.4/lib' --with-gmp-include=/vol/gcc/include --with-gmp-lib=/vol/gcc/lib --with-mpfr-include=/vol/gcc/include --with-mpfr-lib=/vol/gcc/lib --with-mpc-include=/vol/gcc/include --with-mpc-lib=/vol/gcc/lib --enable-languages=all,ada,obj-c++,go --with-ppl-include=/vol/gcc/include --with-ppl-lib=/vol/gcc/lib --with-cloog-include=/vol/gcc/include --with-cloog-lib=/vol/gcc/lib --enable-cloog-backend=ppl
BOOT_CFLAGS=-g -O2


Index Nav: [Date Index] [Subject Index] [Author Index] [Thread Index]
Message Nav: [Date Prev] [Date Next] [Thread Prev] [Thread Next]