This is the mail archive of the gcc-testresults@gcc.gnu.org mailing list for the GCC project.


Index Nav: [Date Index] [Subject Index] [Author Index] [Thread Index]
Message Nav: [Date Prev] [Date Next] [Thread Prev] [Thread Next]
Other format: [Raw text]

Results for 4.7.0 20111008 (experimental) [trunk revision 179707] (GCC) testsuite on x86_64-apple-darwin10.8.0


\$ uname -a
Darwin homura 10.8.0 Darwin Kernel Version 10.8.0: Tue Jun  7 16:32:41 PDT 2011; root:xnu-1504.15.3~1/RELEASE_X86_64 x86_64

********

LAST_UPDATED: Sat Oct  8 17:19:08 UTC 2011 (revision 179707)

Native configuration is x86_64-apple-darwin10.8.0

		=== g++ tests ===


Running target unix/-m32
UNRESOLVED: g++.dg/ext/label13.C compilation failed to produce executable
FAIL: c-c++-common/cxxbitfields-3.c scan-assembler movl.*, var
FAIL: g++.dg/tls/static-1.C (internal compiler error)
FAIL: g++.dg/tls/static-1.C (test for excess errors)
UNRESOLVED: g++.dg/tls/static-1.C compilation failed to produce executable

		=== g++ Summary for unix/-m32 ===

# of expected passes		26269
# of unexpected failures	3
# of expected failures		154
# of unresolved testcases	2
# of unsupported tests		216

Running target unix/-m64
UNRESOLVED: g++.dg/ext/label13.C compilation failed to produce executable
FAIL: c-c++-common/cxxbitfields-3.c scan-assembler movl.*, var
FAIL: g++.dg/tls/static-1.C (internal compiler error)
FAIL: g++.dg/tls/static-1.C (test for excess errors)
UNRESOLVED: g++.dg/tls/static-1.C compilation failed to produce executable

		=== g++ Summary for unix/-m64 ===

# of expected passes		26582
# of unexpected failures	3
# of expected failures		154
# of unresolved testcases	2
# of unsupported tests		372

		=== g++ Summary ===

# of expected passes		52851
# of unexpected failures	6
# of expected failures		308
# of unresolved testcases	4
# of unsupported tests		588
/BUILD/gcc/obj-179707/gcc/testsuite/g++/../../g++  version 4.7.0 20111008 (experimental) [trunk revision 179707] (GCC) 

		=== gcc tests ===


Running target unix/-m32
FAIL: gcc.dg/debug/tls-1.c -gdwarf-2 -g1 (internal compiler error)
FAIL: gcc.dg/debug/tls-1.c -gdwarf-2 -g1 (test for excess errors)
FAIL: gcc.dg/debug/tls-1.c -gdwarf-2 -g1 -O (internal compiler error)
FAIL: gcc.dg/debug/tls-1.c -gdwarf-2 -g1 -O (test for excess errors)
FAIL: gcc.dg/debug/tls-1.c -gdwarf-2 -g1 -O3 (internal compiler error)
FAIL: gcc.dg/debug/tls-1.c -gdwarf-2 -g1 -O3 (test for excess errors)
FAIL: gcc.dg/debug/tls-1.c -gdwarf-2 (internal compiler error)
FAIL: gcc.dg/debug/tls-1.c -gdwarf-2 (test for excess errors)
FAIL: gcc.dg/debug/tls-1.c -gdwarf-2 -O (internal compiler error)
FAIL: gcc.dg/debug/tls-1.c -gdwarf-2 -O (test for excess errors)
FAIL: gcc.dg/debug/tls-1.c -gdwarf-2 -O3 (internal compiler error)
FAIL: gcc.dg/debug/tls-1.c -gdwarf-2 -O3 (test for excess errors)
FAIL: gcc.dg/debug/tls-1.c -gdwarf-2 -g3 (internal compiler error)
FAIL: gcc.dg/debug/tls-1.c -gdwarf-2 -g3 (test for excess errors)
FAIL: gcc.dg/debug/tls-1.c -gdwarf-2 -g3 -O (internal compiler error)
FAIL: gcc.dg/debug/tls-1.c -gdwarf-2 -g3 -O (test for excess errors)
FAIL: gcc.dg/debug/tls-1.c -gdwarf-2 -g3 -O3 (internal compiler error)
FAIL: gcc.dg/debug/tls-1.c -gdwarf-2 -g3 -O3 (test for excess errors)
FAIL: gcc.dg/debug/tls-1.c -gstabs1 (internal compiler error)
FAIL: gcc.dg/debug/tls-1.c -gstabs1 (test for excess errors)
FAIL: gcc.dg/debug/tls-1.c -gstabs1 -O (internal compiler error)
FAIL: gcc.dg/debug/tls-1.c -gstabs1 -O (test for excess errors)
FAIL: gcc.dg/debug/tls-1.c -gstabs1 -O3 (internal compiler error)
FAIL: gcc.dg/debug/tls-1.c -gstabs1 -O3 (test for excess errors)
FAIL: gcc.dg/debug/tls-1.c -gstabs (internal compiler error)
FAIL: gcc.dg/debug/tls-1.c -gstabs (test for excess errors)
FAIL: gcc.dg/debug/tls-1.c -gstabs -O (internal compiler error)
FAIL: gcc.dg/debug/tls-1.c -gstabs -O (test for excess errors)
FAIL: gcc.dg/debug/tls-1.c -gstabs -O3 (internal compiler error)
FAIL: gcc.dg/debug/tls-1.c -gstabs -O3 (test for excess errors)
FAIL: gcc.dg/debug/tls-1.c -gstabs3 (internal compiler error)
FAIL: gcc.dg/debug/tls-1.c -gstabs3 (test for excess errors)
FAIL: gcc.dg/debug/tls-1.c -gstabs3 -O (internal compiler error)
FAIL: gcc.dg/debug/tls-1.c -gstabs3 -O (test for excess errors)
FAIL: gcc.dg/debug/tls-1.c -gstabs3 -O3 (internal compiler error)
FAIL: gcc.dg/debug/tls-1.c -gstabs3 -O3 (test for excess errors)
FAIL: gcc.dg/debug/tls-1.c -gstabs+1 (internal compiler error)
FAIL: gcc.dg/debug/tls-1.c -gstabs+1 (test for excess errors)
FAIL: gcc.dg/debug/tls-1.c -gstabs+1 -O (internal compiler error)
FAIL: gcc.dg/debug/tls-1.c -gstabs+1 -O (test for excess errors)
FAIL: gcc.dg/debug/tls-1.c -gstabs+1 -O3 (internal compiler error)
FAIL: gcc.dg/debug/tls-1.c -gstabs+1 -O3 (test for excess errors)
FAIL: gcc.dg/debug/tls-1.c -gstabs+ (internal compiler error)
FAIL: gcc.dg/debug/tls-1.c -gstabs+ (test for excess errors)
FAIL: gcc.dg/debug/tls-1.c -gstabs+ -O (internal compiler error)
FAIL: gcc.dg/debug/tls-1.c -gstabs+ -O (test for excess errors)
FAIL: gcc.dg/debug/tls-1.c -gstabs+ -O3 (internal compiler error)
FAIL: gcc.dg/debug/tls-1.c -gstabs+ -O3 (test for excess errors)
FAIL: gcc.dg/debug/tls-1.c -gstabs+3 (internal compiler error)
FAIL: gcc.dg/debug/tls-1.c -gstabs+3 (test for excess errors)
FAIL: gcc.dg/debug/tls-1.c -gstabs+3 -O (internal compiler error)
FAIL: gcc.dg/debug/tls-1.c -gstabs+3 -O (test for excess errors)
FAIL: gcc.dg/debug/tls-1.c -gstabs+3 -O3 (internal compiler error)
FAIL: gcc.dg/debug/tls-1.c -gstabs+3 -O3 (test for excess errors)
FAIL: c-c++-common/cxxbitfields-3.c scan-assembler movl.*, var
FAIL: gcc.dg/tls/nonpic-1.c (internal compiler error)
FAIL: gcc.dg/tls/nonpic-1.c (test for excess errors)
FAIL: gcc.dg/tls/opt-10.c (internal compiler error)
FAIL: gcc.dg/tls/opt-10.c (test for excess errors)
FAIL: gcc.dg/tls/opt-12.c (internal compiler error)
FAIL: gcc.dg/tls/opt-12.c (test for excess errors)
UNRESOLVED: gcc.dg/tls/opt-12.c compilation failed to produce executable
FAIL: gcc.dg/tls/opt-13.c (internal compiler error)
FAIL: gcc.dg/tls/opt-13.c (test for excess errors)
FAIL: gcc.dg/tls/opt-14.c (internal compiler error)
FAIL: gcc.dg/tls/opt-14.c (test for excess errors)
FAIL: gcc.dg/tls/opt-15.c (internal compiler error)
FAIL: gcc.dg/tls/opt-15.c (test for excess errors)
FAIL: gcc.dg/tls/opt-3.c (internal compiler error)
FAIL: gcc.dg/tls/opt-3.c (test for excess errors)
FAIL: gcc.dg/tls/opt-5.c (internal compiler error)
FAIL: gcc.dg/tls/opt-5.c (test for excess errors)
FAIL: gcc.dg/tls/opt-6.c (internal compiler error)
FAIL: gcc.dg/tls/opt-6.c (test for excess errors)
FAIL: gcc.dg/tls/opt-7.c (internal compiler error)
FAIL: gcc.dg/tls/opt-7.c (test for excess errors)
UNRESOLVED: gcc.dg/tls/opt-7.c scan-assembler-not [48]\\\\+baz
FAIL: gcc.dg/tls/opt-8.c (internal compiler error)
FAIL: gcc.dg/tls/opt-8.c (test for excess errors)
FAIL: gcc.dg/tls/opt-9.c (internal compiler error)
FAIL: gcc.dg/tls/opt-9.c (test for excess errors)
FAIL: gcc.dg/tls/pic-1.c (internal compiler error)
FAIL: gcc.dg/tls/pic-1.c (test for excess errors)
FAIL: gcc.dg/tls/pr24428-2.c (internal compiler error)
FAIL: gcc.dg/tls/pr24428-2.c (test for excess errors)
UNRESOLVED: gcc.dg/tls/pr24428-2.c compilation failed to produce executable
FAIL: gcc.dg/tls/pr24428.c (internal compiler error)
FAIL: gcc.dg/tls/pr24428.c (test for excess errors)
UNRESOLVED: gcc.dg/tls/pr24428.c compilation failed to produce executable
FAIL: gcc.dg/tls/pr45870.c (internal compiler error)
FAIL: gcc.dg/tls/pr45870.c (test for excess errors)
FAIL: gcc.dg/tls/pr47715-1.c (internal compiler error)
FAIL: gcc.dg/tls/pr47715-1.c (test for excess errors)
FAIL: gcc.dg/tls/pr47715-2.c (internal compiler error)
FAIL: gcc.dg/tls/pr47715-2.c (test for excess errors)
FAIL: gcc.dg/tls/pr47715-3.c (internal compiler error)
FAIL: gcc.dg/tls/pr47715-3.c (test for excess errors)
FAIL: gcc.dg/tls/pr47715-5.c (internal compiler error)
FAIL: gcc.dg/tls/pr47715-5.c (test for excess errors)
FAIL: gcc.dg/tls/struct-1.c (internal compiler error)
FAIL: gcc.dg/tls/struct-1.c (test for excess errors)
FAIL: gcc.dg/tls/thr-cse-1.c (internal compiler error)
FAIL: gcc.dg/tls/thr-cse-1.c (test for excess errors)
UNRESOLVED: gcc.dg/tls/thr-cse-1.c scan-assembler-not emutls_get_address.*emutls_get_address.*
FAIL: gcc.dg/torture/tls/run-gd.c  -O1  (internal compiler error)
FAIL: gcc.dg/torture/tls/run-gd.c  -O1  (test for excess errors)
UNRESOLVED: gcc.dg/torture/tls/run-gd.c  -O1  compilation failed to produce executable
FAIL: gcc.dg/torture/tls/run-gd.c  -O2  (internal compiler error)
FAIL: gcc.dg/torture/tls/run-gd.c  -O2  (test for excess errors)
UNRESOLVED: gcc.dg/torture/tls/run-gd.c  -O2  compilation failed to produce executable
FAIL: gcc.dg/torture/tls/run-gd.c  -O3 -fomit-frame-pointer  (internal compiler error)
FAIL: gcc.dg/torture/tls/run-gd.c  -O3 -fomit-frame-pointer  (test for excess errors)
UNRESOLVED: gcc.dg/torture/tls/run-gd.c  -O3 -fomit-frame-pointer  compilation failed to produce executable
FAIL: gcc.dg/torture/tls/run-gd.c  -O3 -g  (internal compiler error)
FAIL: gcc.dg/torture/tls/run-gd.c  -O3 -g  (test for excess errors)
UNRESOLVED: gcc.dg/torture/tls/run-gd.c  -O3 -g  compilation failed to produce executable
FAIL: gcc.dg/torture/tls/run-gd.c  -Os  (internal compiler error)
FAIL: gcc.dg/torture/tls/run-gd.c  -Os  (test for excess errors)
UNRESOLVED: gcc.dg/torture/tls/run-gd.c  -Os  compilation failed to produce executable
FAIL: gcc.dg/torture/tls/run-gd.c  -O1  -fpic  (internal compiler error)
FAIL: gcc.dg/torture/tls/run-gd.c  -O1  -fpic  (test for excess errors)
UNRESOLVED: gcc.dg/torture/tls/run-gd.c  -O1  -fpic  compilation failed to produce executable
FAIL: gcc.dg/torture/tls/run-gd.c  -O2  -fpic  (internal compiler error)
FAIL: gcc.dg/torture/tls/run-gd.c  -O2  -fpic  (test for excess errors)
UNRESOLVED: gcc.dg/torture/tls/run-gd.c  -O2  -fpic  compilation failed to produce executable
FAIL: gcc.dg/torture/tls/run-gd.c  -O3 -fomit-frame-pointer  -fpic  (internal compiler error)
FAIL: gcc.dg/torture/tls/run-gd.c  -O3 -fomit-frame-pointer  -fpic  (test for excess errors)
UNRESOLVED: gcc.dg/torture/tls/run-gd.c  -O3 -fomit-frame-pointer  -fpic  compilation failed to produce executable
FAIL: gcc.dg/torture/tls/run-gd.c  -O3 -g  -fpic  (internal compiler error)
FAIL: gcc.dg/torture/tls/run-gd.c  -O3 -g  -fpic  (test for excess errors)
UNRESOLVED: gcc.dg/torture/tls/run-gd.c  -O3 -g  -fpic  compilation failed to produce executable
FAIL: gcc.dg/torture/tls/run-gd.c  -Os  -fpic  (internal compiler error)
FAIL: gcc.dg/torture/tls/run-gd.c  -Os  -fpic  (test for excess errors)
UNRESOLVED: gcc.dg/torture/tls/run-gd.c  -Os  -fpic  compilation failed to produce executable
FAIL: gcc.dg/torture/tls/run-gd.c  -O1  -fPIC  (internal compiler error)
FAIL: gcc.dg/torture/tls/run-gd.c  -O1  -fPIC  (test for excess errors)
UNRESOLVED: gcc.dg/torture/tls/run-gd.c  -O1  -fPIC  compilation failed to produce executable
FAIL: gcc.dg/torture/tls/run-gd.c  -O2  -fPIC  (internal compiler error)
FAIL: gcc.dg/torture/tls/run-gd.c  -O2  -fPIC  (test for excess errors)
UNRESOLVED: gcc.dg/torture/tls/run-gd.c  -O2  -fPIC  compilation failed to produce executable
FAIL: gcc.dg/torture/tls/run-gd.c  -O3 -fomit-frame-pointer  -fPIC  (internal compiler error)
FAIL: gcc.dg/torture/tls/run-gd.c  -O3 -fomit-frame-pointer  -fPIC  (test for excess errors)
UNRESOLVED: gcc.dg/torture/tls/run-gd.c  -O3 -fomit-frame-pointer  -fPIC  compilation failed to produce executable
FAIL: gcc.dg/torture/tls/run-gd.c  -O3 -g  -fPIC  (internal compiler error)
FAIL: gcc.dg/torture/tls/run-gd.c  -O3 -g  -fPIC  (test for excess errors)
UNRESOLVED: gcc.dg/torture/tls/run-gd.c  -O3 -g  -fPIC  compilation failed to produce executable
FAIL: gcc.dg/torture/tls/run-gd.c  -Os  -fPIC  (internal compiler error)
FAIL: gcc.dg/torture/tls/run-gd.c  -Os  -fPIC  (test for excess errors)
UNRESOLVED: gcc.dg/torture/tls/run-gd.c  -Os  -fPIC  compilation failed to produce executable
FAIL: gcc.dg/torture/tls/run-gd.c  -O1  -pie -fpie  (internal compiler error)
FAIL: gcc.dg/torture/tls/run-gd.c  -O1  -pie -fpie  (test for excess errors)
UNRESOLVED: gcc.dg/torture/tls/run-gd.c  -O1  -pie -fpie  compilation failed to produce executable
FAIL: gcc.dg/torture/tls/run-gd.c  -O2  -pie -fpie  (internal compiler error)
FAIL: gcc.dg/torture/tls/run-gd.c  -O2  -pie -fpie  (test for excess errors)
UNRESOLVED: gcc.dg/torture/tls/run-gd.c  -O2  -pie -fpie  compilation failed to produce executable
FAIL: gcc.dg/torture/tls/run-gd.c  -O3 -fomit-frame-pointer  -pie -fpie  (internal compiler error)
FAIL: gcc.dg/torture/tls/run-gd.c  -O3 -fomit-frame-pointer  -pie -fpie  (test for excess errors)
UNRESOLVED: gcc.dg/torture/tls/run-gd.c  -O3 -fomit-frame-pointer  -pie -fpie  compilation failed to produce executable
FAIL: gcc.dg/torture/tls/run-gd.c  -O3 -g  -pie -fpie  (internal compiler error)
FAIL: gcc.dg/torture/tls/run-gd.c  -O3 -g  -pie -fpie  (test for excess errors)
UNRESOLVED: gcc.dg/torture/tls/run-gd.c  -O3 -g  -pie -fpie  compilation failed to produce executable
FAIL: gcc.dg/torture/tls/run-gd.c  -Os  -pie -fpie  (internal compiler error)
FAIL: gcc.dg/torture/tls/run-gd.c  -Os  -pie -fpie  (test for excess errors)
UNRESOLVED: gcc.dg/torture/tls/run-gd.c  -Os  -pie -fpie  compilation failed to produce executable
FAIL: gcc.dg/torture/tls/run-gd.c  -O1  -pie -fPIE  (internal compiler error)
FAIL: gcc.dg/torture/tls/run-gd.c  -O1  -pie -fPIE  (test for excess errors)
UNRESOLVED: gcc.dg/torture/tls/run-gd.c  -O1  -pie -fPIE  compilation failed to produce executable
FAIL: gcc.dg/torture/tls/run-gd.c  -O2  -pie -fPIE  (internal compiler error)
FAIL: gcc.dg/torture/tls/run-gd.c  -O2  -pie -fPIE  (test for excess errors)
UNRESOLVED: gcc.dg/torture/tls/run-gd.c  -O2  -pie -fPIE  compilation failed to produce executable
FAIL: gcc.dg/torture/tls/run-gd.c  -O3 -fomit-frame-pointer  -pie -fPIE  (internal compiler error)
FAIL: gcc.dg/torture/tls/run-gd.c  -O3 -fomit-frame-pointer  -pie -fPIE  (test for excess errors)
UNRESOLVED: gcc.dg/torture/tls/run-gd.c  -O3 -fomit-frame-pointer  -pie -fPIE  compilation failed to produce executable
FAIL: gcc.dg/torture/tls/run-gd.c  -O3 -g  -pie -fPIE  (internal compiler error)
FAIL: gcc.dg/torture/tls/run-gd.c  -O3 -g  -pie -fPIE  (test for excess errors)
UNRESOLVED: gcc.dg/torture/tls/run-gd.c  -O3 -g  -pie -fPIE  compilation failed to produce executable
FAIL: gcc.dg/torture/tls/run-gd.c  -Os  -pie -fPIE  (internal compiler error)
FAIL: gcc.dg/torture/tls/run-gd.c  -Os  -pie -fPIE  (test for excess errors)
UNRESOLVED: gcc.dg/torture/tls/run-gd.c  -Os  -pie -fPIE  compilation failed to produce executable
FAIL: gcc.dg/torture/tls/run-ie.c  -O1  (internal compiler error)
FAIL: gcc.dg/torture/tls/run-ie.c  -O1  (test for excess errors)
UNRESOLVED: gcc.dg/torture/tls/run-ie.c  -O1  compilation failed to produce executable
FAIL: gcc.dg/torture/tls/run-ie.c  -O2  (internal compiler error)
FAIL: gcc.dg/torture/tls/run-ie.c  -O2  (test for excess errors)
UNRESOLVED: gcc.dg/torture/tls/run-ie.c  -O2  compilation failed to produce executable
FAIL: gcc.dg/torture/tls/run-ie.c  -O3 -fomit-frame-pointer  (internal compiler error)
FAIL: gcc.dg/torture/tls/run-ie.c  -O3 -fomit-frame-pointer  (test for excess errors)
UNRESOLVED: gcc.dg/torture/tls/run-ie.c  -O3 -fomit-frame-pointer  compilation failed to produce executable
FAIL: gcc.dg/torture/tls/run-ie.c  -O3 -g  (internal compiler error)
FAIL: gcc.dg/torture/tls/run-ie.c  -O3 -g  (test for excess errors)
UNRESOLVED: gcc.dg/torture/tls/run-ie.c  -O3 -g  compilation failed to produce executable
FAIL: gcc.dg/torture/tls/run-ie.c  -Os  (internal compiler error)
FAIL: gcc.dg/torture/tls/run-ie.c  -Os  (test for excess errors)
UNRESOLVED: gcc.dg/torture/tls/run-ie.c  -Os  compilation failed to produce executable
FAIL: gcc.dg/torture/tls/run-ie.c  -O1  -fpic  (internal compiler error)
FAIL: gcc.dg/torture/tls/run-ie.c  -O1  -fpic  (test for excess errors)
UNRESOLVED: gcc.dg/torture/tls/run-ie.c  -O1  -fpic  compilation failed to produce executable
FAIL: gcc.dg/torture/tls/run-ie.c  -O2  -fpic  (internal compiler error)
FAIL: gcc.dg/torture/tls/run-ie.c  -O2  -fpic  (test for excess errors)
UNRESOLVED: gcc.dg/torture/tls/run-ie.c  -O2  -fpic  compilation failed to produce executable
FAIL: gcc.dg/torture/tls/run-ie.c  -O3 -fomit-frame-pointer  -fpic  (internal compiler error)
FAIL: gcc.dg/torture/tls/run-ie.c  -O3 -fomit-frame-pointer  -fpic  (test for excess errors)
UNRESOLVED: gcc.dg/torture/tls/run-ie.c  -O3 -fomit-frame-pointer  -fpic  compilation failed to produce executable
FAIL: gcc.dg/torture/tls/run-ie.c  -O3 -g  -fpic  (internal compiler error)
FAIL: gcc.dg/torture/tls/run-ie.c  -O3 -g  -fpic  (test for excess errors)
UNRESOLVED: gcc.dg/torture/tls/run-ie.c  -O3 -g  -fpic  compilation failed to produce executable
FAIL: gcc.dg/torture/tls/run-ie.c  -Os  -fpic  (internal compiler error)
FAIL: gcc.dg/torture/tls/run-ie.c  -Os  -fpic  (test for excess errors)
UNRESOLVED: gcc.dg/torture/tls/run-ie.c  -Os  -fpic  compilation failed to produce executable
FAIL: gcc.dg/torture/tls/run-ie.c  -O1  -fPIC  (internal compiler error)
FAIL: gcc.dg/torture/tls/run-ie.c  -O1  -fPIC  (test for excess errors)
UNRESOLVED: gcc.dg/torture/tls/run-ie.c  -O1  -fPIC  compilation failed to produce executable
FAIL: gcc.dg/torture/tls/run-ie.c  -O2  -fPIC  (internal compiler error)
FAIL: gcc.dg/torture/tls/run-ie.c  -O2  -fPIC  (test for excess errors)
UNRESOLVED: gcc.dg/torture/tls/run-ie.c  -O2  -fPIC  compilation failed to produce executable
FAIL: gcc.dg/torture/tls/run-ie.c  -O3 -fomit-frame-pointer  -fPIC  (internal compiler error)
FAIL: gcc.dg/torture/tls/run-ie.c  -O3 -fomit-frame-pointer  -fPIC  (test for excess errors)
UNRESOLVED: gcc.dg/torture/tls/run-ie.c  -O3 -fomit-frame-pointer  -fPIC  compilation failed to produce executable
FAIL: gcc.dg/torture/tls/run-ie.c  -O3 -g  -fPIC  (internal compiler error)
FAIL: gcc.dg/torture/tls/run-ie.c  -O3 -g  -fPIC  (test for excess errors)
UNRESOLVED: gcc.dg/torture/tls/run-ie.c  -O3 -g  -fPIC  compilation failed to produce executable
FAIL: gcc.dg/torture/tls/run-ie.c  -Os  -fPIC  (internal compiler error)
FAIL: gcc.dg/torture/tls/run-ie.c  -Os  -fPIC  (test for excess errors)
UNRESOLVED: gcc.dg/torture/tls/run-ie.c  -Os  -fPIC  compilation failed to produce executable
FAIL: gcc.dg/torture/tls/run-ie.c  -O1  -pie -fpie  (internal compiler error)
FAIL: gcc.dg/torture/tls/run-ie.c  -O1  -pie -fpie  (test for excess errors)
UNRESOLVED: gcc.dg/torture/tls/run-ie.c  -O1  -pie -fpie  compilation failed to produce executable
FAIL: gcc.dg/torture/tls/run-ie.c  -O2  -pie -fpie  (internal compiler error)
FAIL: gcc.dg/torture/tls/run-ie.c  -O2  -pie -fpie  (test for excess errors)
UNRESOLVED: gcc.dg/torture/tls/run-ie.c  -O2  -pie -fpie  compilation failed to produce executable
FAIL: gcc.dg/torture/tls/run-ie.c  -O3 -fomit-frame-pointer  -pie -fpie  (internal compiler error)
FAIL: gcc.dg/torture/tls/run-ie.c  -O3 -fomit-frame-pointer  -pie -fpie  (test for excess errors)
UNRESOLVED: gcc.dg/torture/tls/run-ie.c  -O3 -fomit-frame-pointer  -pie -fpie  compilation failed to produce executable
FAIL: gcc.dg/torture/tls/run-ie.c  -O3 -g  -pie -fpie  (internal compiler error)
FAIL: gcc.dg/torture/tls/run-ie.c  -O3 -g  -pie -fpie  (test for excess errors)
UNRESOLVED: gcc.dg/torture/tls/run-ie.c  -O3 -g  -pie -fpie  compilation failed to produce executable
FAIL: gcc.dg/torture/tls/run-ie.c  -Os  -pie -fpie  (internal compiler error)
FAIL: gcc.dg/torture/tls/run-ie.c  -Os  -pie -fpie  (test for excess errors)
UNRESOLVED: gcc.dg/torture/tls/run-ie.c  -Os  -pie -fpie  compilation failed to produce executable
FAIL: gcc.dg/torture/tls/run-ie.c  -O1  -pie -fPIE  (internal compiler error)
FAIL: gcc.dg/torture/tls/run-ie.c  -O1  -pie -fPIE  (test for excess errors)
UNRESOLVED: gcc.dg/torture/tls/run-ie.c  -O1  -pie -fPIE  compilation failed to produce executable
FAIL: gcc.dg/torture/tls/run-ie.c  -O2  -pie -fPIE  (internal compiler error)
FAIL: gcc.dg/torture/tls/run-ie.c  -O2  -pie -fPIE  (test for excess errors)
UNRESOLVED: gcc.dg/torture/tls/run-ie.c  -O2  -pie -fPIE  compilation failed to produce executable
FAIL: gcc.dg/torture/tls/run-ie.c  -O3 -fomit-frame-pointer  -pie -fPIE  (internal compiler error)
FAIL: gcc.dg/torture/tls/run-ie.c  -O3 -fomit-frame-pointer  -pie -fPIE  (test for excess errors)
UNRESOLVED: gcc.dg/torture/tls/run-ie.c  -O3 -fomit-frame-pointer  -pie -fPIE  compilation failed to produce executable
FAIL: gcc.dg/torture/tls/run-ie.c  -O3 -g  -pie -fPIE  (internal compiler error)
FAIL: gcc.dg/torture/tls/run-ie.c  -O3 -g  -pie -fPIE  (test for excess errors)
UNRESOLVED: gcc.dg/torture/tls/run-ie.c  -O3 -g  -pie -fPIE  compilation failed to produce executable
FAIL: gcc.dg/torture/tls/run-ie.c  -Os  -pie -fPIE  (internal compiler error)
FAIL: gcc.dg/torture/tls/run-ie.c  -Os  -pie -fPIE  (test for excess errors)
UNRESOLVED: gcc.dg/torture/tls/run-ie.c  -Os  -pie -fPIE  compilation failed to produce executable
FAIL: gcc.dg/torture/tls/run-ld.c  -O1  (internal compiler error)
FAIL: gcc.dg/torture/tls/run-ld.c  -O1  (test for excess errors)
UNRESOLVED: gcc.dg/torture/tls/run-ld.c  -O1  compilation failed to produce executable
FAIL: gcc.dg/torture/tls/run-ld.c  -O2  (internal compiler error)
FAIL: gcc.dg/torture/tls/run-ld.c  -O2  (test for excess errors)
UNRESOLVED: gcc.dg/torture/tls/run-ld.c  -O2  compilation failed to produce executable
FAIL: gcc.dg/torture/tls/run-ld.c  -O3 -fomit-frame-pointer  (internal compiler error)
FAIL: gcc.dg/torture/tls/run-ld.c  -O3 -fomit-frame-pointer  (test for excess errors)
UNRESOLVED: gcc.dg/torture/tls/run-ld.c  -O3 -fomit-frame-pointer  compilation failed to produce executable
FAIL: gcc.dg/torture/tls/run-ld.c  -O3 -g  (internal compiler error)
FAIL: gcc.dg/torture/tls/run-ld.c  -O3 -g  (test for excess errors)
UNRESOLVED: gcc.dg/torture/tls/run-ld.c  -O3 -g  compilation failed to produce executable
FAIL: gcc.dg/torture/tls/run-ld.c  -Os  (internal compiler error)
FAIL: gcc.dg/torture/tls/run-ld.c  -Os  (test for excess errors)
UNRESOLVED: gcc.dg/torture/tls/run-ld.c  -Os  compilation failed to produce executable
FAIL: gcc.dg/torture/tls/run-ld.c  -O1  -fpic  (internal compiler error)
FAIL: gcc.dg/torture/tls/run-ld.c  -O1  -fpic  (test for excess errors)
UNRESOLVED: gcc.dg/torture/tls/run-ld.c  -O1  -fpic  compilation failed to produce executable
FAIL: gcc.dg/torture/tls/run-ld.c  -O2  -fpic  (internal compiler error)
FAIL: gcc.dg/torture/tls/run-ld.c  -O2  -fpic  (test for excess errors)
UNRESOLVED: gcc.dg/torture/tls/run-ld.c  -O2  -fpic  compilation failed to produce executable
FAIL: gcc.dg/torture/tls/run-ld.c  -O3 -fomit-frame-pointer  -fpic  (internal compiler error)
FAIL: gcc.dg/torture/tls/run-ld.c  -O3 -fomit-frame-pointer  -fpic  (test for excess errors)
UNRESOLVED: gcc.dg/torture/tls/run-ld.c  -O3 -fomit-frame-pointer  -fpic  compilation failed to produce executable
FAIL: gcc.dg/torture/tls/run-ld.c  -O3 -g  -fpic  (internal compiler error)
FAIL: gcc.dg/torture/tls/run-ld.c  -O3 -g  -fpic  (test for excess errors)
UNRESOLVED: gcc.dg/torture/tls/run-ld.c  -O3 -g  -fpic  compilation failed to produce executable
FAIL: gcc.dg/torture/tls/run-ld.c  -Os  -fpic  (internal compiler error)
FAIL: gcc.dg/torture/tls/run-ld.c  -Os  -fpic  (test for excess errors)
UNRESOLVED: gcc.dg/torture/tls/run-ld.c  -Os  -fpic  compilation failed to produce executable
FAIL: gcc.dg/torture/tls/run-ld.c  -O1  -fPIC  (internal compiler error)
FAIL: gcc.dg/torture/tls/run-ld.c  -O1  -fPIC  (test for excess errors)
UNRESOLVED: gcc.dg/torture/tls/run-ld.c  -O1  -fPIC  compilation failed to produce executable
FAIL: gcc.dg/torture/tls/run-ld.c  -O2  -fPIC  (internal compiler error)
FAIL: gcc.dg/torture/tls/run-ld.c  -O2  -fPIC  (test for excess errors)
UNRESOLVED: gcc.dg/torture/tls/run-ld.c  -O2  -fPIC  compilation failed to produce executable
FAIL: gcc.dg/torture/tls/run-ld.c  -O3 -fomit-frame-pointer  -fPIC  (internal compiler error)
FAIL: gcc.dg/torture/tls/run-ld.c  -O3 -fomit-frame-pointer  -fPIC  (test for excess errors)
UNRESOLVED: gcc.dg/torture/tls/run-ld.c  -O3 -fomit-frame-pointer  -fPIC  compilation failed to produce executable
FAIL: gcc.dg/torture/tls/run-ld.c  -O3 -g  -fPIC  (internal compiler error)
FAIL: gcc.dg/torture/tls/run-ld.c  -O3 -g  -fPIC  (test for excess errors)
UNRESOLVED: gcc.dg/torture/tls/run-ld.c  -O3 -g  -fPIC  compilation failed to produce executable
FAIL: gcc.dg/torture/tls/run-ld.c  -Os  -fPIC  (internal compiler error)
FAIL: gcc.dg/torture/tls/run-ld.c  -Os  -fPIC  (test for excess errors)
UNRESOLVED: gcc.dg/torture/tls/run-ld.c  -Os  -fPIC  compilation failed to produce executable
FAIL: gcc.dg/torture/tls/run-ld.c  -O1  -pie -fpie  (internal compiler error)
FAIL: gcc.dg/torture/tls/run-ld.c  -O1  -pie -fpie  (test for excess errors)
UNRESOLVED: gcc.dg/torture/tls/run-ld.c  -O1  -pie -fpie  compilation failed to produce executable
FAIL: gcc.dg/torture/tls/run-ld.c  -O2  -pie -fpie  (internal compiler error)
FAIL: gcc.dg/torture/tls/run-ld.c  -O2  -pie -fpie  (test for excess errors)
UNRESOLVED: gcc.dg/torture/tls/run-ld.c  -O2  -pie -fpie  compilation failed to produce executable
FAIL: gcc.dg/torture/tls/run-ld.c  -O3 -fomit-frame-pointer  -pie -fpie  (internal compiler error)
FAIL: gcc.dg/torture/tls/run-ld.c  -O3 -fomit-frame-pointer  -pie -fpie  (test for excess errors)
UNRESOLVED: gcc.dg/torture/tls/run-ld.c  -O3 -fomit-frame-pointer  -pie -fpie  compilation failed to produce executable
FAIL: gcc.dg/torture/tls/run-ld.c  -O3 -g  -pie -fpie  (internal compiler error)
FAIL: gcc.dg/torture/tls/run-ld.c  -O3 -g  -pie -fpie  (test for excess errors)
UNRESOLVED: gcc.dg/torture/tls/run-ld.c  -O3 -g  -pie -fpie  compilation failed to produce executable
FAIL: gcc.dg/torture/tls/run-ld.c  -Os  -pie -fpie  (internal compiler error)
FAIL: gcc.dg/torture/tls/run-ld.c  -Os  -pie -fpie  (test for excess errors)
UNRESOLVED: gcc.dg/torture/tls/run-ld.c  -Os  -pie -fpie  compilation failed to produce executable
FAIL: gcc.dg/torture/tls/run-ld.c  -O1  -pie -fPIE  (internal compiler error)
FAIL: gcc.dg/torture/tls/run-ld.c  -O1  -pie -fPIE  (test for excess errors)
UNRESOLVED: gcc.dg/torture/tls/run-ld.c  -O1  -pie -fPIE  compilation failed to produce executable
FAIL: gcc.dg/torture/tls/run-ld.c  -O2  -pie -fPIE  (internal compiler error)
FAIL: gcc.dg/torture/tls/run-ld.c  -O2  -pie -fPIE  (test for excess errors)
UNRESOLVED: gcc.dg/torture/tls/run-ld.c  -O2  -pie -fPIE  compilation failed to produce executable
FAIL: gcc.dg/torture/tls/run-ld.c  -O3 -fomit-frame-pointer  -pie -fPIE  (internal compiler error)
FAIL: gcc.dg/torture/tls/run-ld.c  -O3 -fomit-frame-pointer  -pie -fPIE  (test for excess errors)
UNRESOLVED: gcc.dg/torture/tls/run-ld.c  -O3 -fomit-frame-pointer  -pie -fPIE  compilation failed to produce executable
FAIL: gcc.dg/torture/tls/run-ld.c  -O3 -g  -pie -fPIE  (internal compiler error)
FAIL: gcc.dg/torture/tls/run-ld.c  -O3 -g  -pie -fPIE  (test for excess errors)
UNRESOLVED: gcc.dg/torture/tls/run-ld.c  -O3 -g  -pie -fPIE  compilation failed to produce executable
FAIL: gcc.dg/torture/tls/run-ld.c  -Os  -pie -fPIE  (internal compiler error)
FAIL: gcc.dg/torture/tls/run-ld.c  -Os  -pie -fPIE  (test for excess errors)
UNRESOLVED: gcc.dg/torture/tls/run-ld.c  -Os  -pie -fPIE  compilation failed to produce executable
FAIL: gcc.dg/torture/tls/run-le.c  -O1  (internal compiler error)
FAIL: gcc.dg/torture/tls/run-le.c  -O1  (test for excess errors)
UNRESOLVED: gcc.dg/torture/tls/run-le.c  -O1  compilation failed to produce executable
FAIL: gcc.dg/torture/tls/run-le.c  -O2  (internal compiler error)
FAIL: gcc.dg/torture/tls/run-le.c  -O2  (test for excess errors)
UNRESOLVED: gcc.dg/torture/tls/run-le.c  -O2  compilation failed to produce executable
FAIL: gcc.dg/torture/tls/run-le.c  -O3 -fomit-frame-pointer  (internal compiler error)
FAIL: gcc.dg/torture/tls/run-le.c  -O3 -fomit-frame-pointer  (test for excess errors)
UNRESOLVED: gcc.dg/torture/tls/run-le.c  -O3 -fomit-frame-pointer  compilation failed to produce executable
FAIL: gcc.dg/torture/tls/run-le.c  -O3 -g  (internal compiler error)
FAIL: gcc.dg/torture/tls/run-le.c  -O3 -g  (test for excess errors)
UNRESOLVED: gcc.dg/torture/tls/run-le.c  -O3 -g  compilation failed to produce executable
FAIL: gcc.dg/torture/tls/run-le.c  -Os  (internal compiler error)
FAIL: gcc.dg/torture/tls/run-le.c  -Os  (test for excess errors)
UNRESOLVED: gcc.dg/torture/tls/run-le.c  -Os  compilation failed to produce executable
FAIL: gcc.dg/torture/tls/run-le.c  -O1  -fpic  (internal compiler error)
FAIL: gcc.dg/torture/tls/run-le.c  -O1  -fpic  (test for excess errors)
UNRESOLVED: gcc.dg/torture/tls/run-le.c  -O1  -fpic  compilation failed to produce executable
FAIL: gcc.dg/torture/tls/run-le.c  -O2  -fpic  (internal compiler error)
FAIL: gcc.dg/torture/tls/run-le.c  -O2  -fpic  (test for excess errors)
UNRESOLVED: gcc.dg/torture/tls/run-le.c  -O2  -fpic  compilation failed to produce executable
FAIL: gcc.dg/torture/tls/run-le.c  -O3 -fomit-frame-pointer  -fpic  (internal compiler error)
FAIL: gcc.dg/torture/tls/run-le.c  -O3 -fomit-frame-pointer  -fpic  (test for excess errors)
UNRESOLVED: gcc.dg/torture/tls/run-le.c  -O3 -fomit-frame-pointer  -fpic  compilation failed to produce executable
FAIL: gcc.dg/torture/tls/run-le.c  -O3 -g  -fpic  (internal compiler error)
FAIL: gcc.dg/torture/tls/run-le.c  -O3 -g  -fpic  (test for excess errors)
UNRESOLVED: gcc.dg/torture/tls/run-le.c  -O3 -g  -fpic  compilation failed to produce executable
FAIL: gcc.dg/torture/tls/run-le.c  -Os  -fpic  (internal compiler error)
FAIL: gcc.dg/torture/tls/run-le.c  -Os  -fpic  (test for excess errors)
UNRESOLVED: gcc.dg/torture/tls/run-le.c  -Os  -fpic  compilation failed to produce executable
FAIL: gcc.dg/torture/tls/run-le.c  -O1  -fPIC  (internal compiler error)
FAIL: gcc.dg/torture/tls/run-le.c  -O1  -fPIC  (test for excess errors)
UNRESOLVED: gcc.dg/torture/tls/run-le.c  -O1  -fPIC  compilation failed to produce executable
FAIL: gcc.dg/torture/tls/run-le.c  -O2  -fPIC  (internal compiler error)
FAIL: gcc.dg/torture/tls/run-le.c  -O2  -fPIC  (test for excess errors)
UNRESOLVED: gcc.dg/torture/tls/run-le.c  -O2  -fPIC  compilation failed to produce executable
FAIL: gcc.dg/torture/tls/run-le.c  -O3 -fomit-frame-pointer  -fPIC  (internal compiler error)
FAIL: gcc.dg/torture/tls/run-le.c  -O3 -fomit-frame-pointer  -fPIC  (test for excess errors)
UNRESOLVED: gcc.dg/torture/tls/run-le.c  -O3 -fomit-frame-pointer  -fPIC  compilation failed to produce executable
FAIL: gcc.dg/torture/tls/run-le.c  -O3 -g  -fPIC  (internal compiler error)
FAIL: gcc.dg/torture/tls/run-le.c  -O3 -g  -fPIC  (test for excess errors)
UNRESOLVED: gcc.dg/torture/tls/run-le.c  -O3 -g  -fPIC  compilation failed to produce executable
FAIL: gcc.dg/torture/tls/run-le.c  -Os  -fPIC  (internal compiler error)
FAIL: gcc.dg/torture/tls/run-le.c  -Os  -fPIC  (test for excess errors)
UNRESOLVED: gcc.dg/torture/tls/run-le.c  -Os  -fPIC  compilation failed to produce executable
FAIL: gcc.dg/torture/tls/run-le.c  -O1  -pie -fpie  (internal compiler error)
FAIL: gcc.dg/torture/tls/run-le.c  -O1  -pie -fpie  (test for excess errors)
UNRESOLVED: gcc.dg/torture/tls/run-le.c  -O1  -pie -fpie  compilation failed to produce executable
FAIL: gcc.dg/torture/tls/run-le.c  -O2  -pie -fpie  (internal compiler error)
FAIL: gcc.dg/torture/tls/run-le.c  -O2  -pie -fpie  (test for excess errors)
UNRESOLVED: gcc.dg/torture/tls/run-le.c  -O2  -pie -fpie  compilation failed to produce executable
FAIL: gcc.dg/torture/tls/run-le.c  -O3 -fomit-frame-pointer  -pie -fpie  (internal compiler error)
FAIL: gcc.dg/torture/tls/run-le.c  -O3 -fomit-frame-pointer  -pie -fpie  (test for excess errors)
UNRESOLVED: gcc.dg/torture/tls/run-le.c  -O3 -fomit-frame-pointer  -pie -fpie  compilation failed to produce executable
FAIL: gcc.dg/torture/tls/run-le.c  -O3 -g  -pie -fpie  (internal compiler error)
FAIL: gcc.dg/torture/tls/run-le.c  -O3 -g  -pie -fpie  (test for excess errors)
UNRESOLVED: gcc.dg/torture/tls/run-le.c  -O3 -g  -pie -fpie  compilation failed to produce executable
FAIL: gcc.dg/torture/tls/run-le.c  -Os  -pie -fpie  (internal compiler error)
FAIL: gcc.dg/torture/tls/run-le.c  -Os  -pie -fpie  (test for excess errors)
UNRESOLVED: gcc.dg/torture/tls/run-le.c  -Os  -pie -fpie  compilation failed to produce executable
FAIL: gcc.dg/torture/tls/run-le.c  -O1  -pie -fPIE  (internal compiler error)
FAIL: gcc.dg/torture/tls/run-le.c  -O1  -pie -fPIE  (test for excess errors)
UNRESOLVED: gcc.dg/torture/tls/run-le.c  -O1  -pie -fPIE  compilation failed to produce executable
FAIL: gcc.dg/torture/tls/run-le.c  -O2  -pie -fPIE  (internal compiler error)
FAIL: gcc.dg/torture/tls/run-le.c  -O2  -pie -fPIE  (test for excess errors)
UNRESOLVED: gcc.dg/torture/tls/run-le.c  -O2  -pie -fPIE  compilation failed to produce executable
FAIL: gcc.dg/torture/tls/run-le.c  -O3 -fomit-frame-pointer  -pie -fPIE  (internal compiler error)
FAIL: gcc.dg/torture/tls/run-le.c  -O3 -fomit-frame-pointer  -pie -fPIE  (test for excess errors)
UNRESOLVED: gcc.dg/torture/tls/run-le.c  -O3 -fomit-frame-pointer  -pie -fPIE  compilation failed to produce executable
FAIL: gcc.dg/torture/tls/run-le.c  -O3 -g  -pie -fPIE  (internal compiler error)
FAIL: gcc.dg/torture/tls/run-le.c  -O3 -g  -pie -fPIE  (test for excess errors)
UNRESOLVED: gcc.dg/torture/tls/run-le.c  -O3 -g  -pie -fPIE  compilation failed to produce executable
FAIL: gcc.dg/torture/tls/run-le.c  -Os  -pie -fPIE  (internal compiler error)
FAIL: gcc.dg/torture/tls/run-le.c  -Os  -pie -fPIE  (test for excess errors)
UNRESOLVED: gcc.dg/torture/tls/run-le.c  -Os  -pie -fPIE  compilation failed to produce executable
FAIL: gcc.dg/torture/tls/thr-init-1.c  -O1  (internal compiler error)
FAIL: gcc.dg/torture/tls/thr-init-1.c  -O1  (test for excess errors)
UNRESOLVED: gcc.dg/torture/tls/thr-init-1.c  -O1  compilation failed to produce executable
FAIL: gcc.dg/torture/tls/thr-init-1.c  -O2  (internal compiler error)
FAIL: gcc.dg/torture/tls/thr-init-1.c  -O2  (test for excess errors)
UNRESOLVED: gcc.dg/torture/tls/thr-init-1.c  -O2  compilation failed to produce executable
FAIL: gcc.dg/torture/tls/thr-init-1.c  -O3 -fomit-frame-pointer  (internal compiler error)
FAIL: gcc.dg/torture/tls/thr-init-1.c  -O3 -fomit-frame-pointer  (test for excess errors)
UNRESOLVED: gcc.dg/torture/tls/thr-init-1.c  -O3 -fomit-frame-pointer  compilation failed to produce executable
FAIL: gcc.dg/torture/tls/thr-init-1.c  -O3 -g  (internal compiler error)
FAIL: gcc.dg/torture/tls/thr-init-1.c  -O3 -g  (test for excess errors)
UNRESOLVED: gcc.dg/torture/tls/thr-init-1.c  -O3 -g  compilation failed to produce executable
FAIL: gcc.dg/torture/tls/thr-init-1.c  -Os  (internal compiler error)
FAIL: gcc.dg/torture/tls/thr-init-1.c  -Os  (test for excess errors)
UNRESOLVED: gcc.dg/torture/tls/thr-init-1.c  -Os  compilation failed to produce executable
FAIL: gcc.dg/torture/tls/thr-init-1.c  -O1  -fpic  (internal compiler error)
FAIL: gcc.dg/torture/tls/thr-init-1.c  -O1  -fpic  (test for excess errors)
UNRESOLVED: gcc.dg/torture/tls/thr-init-1.c  -O1  -fpic  compilation failed to produce executable
FAIL: gcc.dg/torture/tls/thr-init-1.c  -O2  -fpic  (internal compiler error)
FAIL: gcc.dg/torture/tls/thr-init-1.c  -O2  -fpic  (test for excess errors)
UNRESOLVED: gcc.dg/torture/tls/thr-init-1.c  -O2  -fpic  compilation failed to produce executable
FAIL: gcc.dg/torture/tls/thr-init-1.c  -O3 -fomit-frame-pointer  -fpic  (internal compiler error)
FAIL: gcc.dg/torture/tls/thr-init-1.c  -O3 -fomit-frame-pointer  -fpic  (test for excess errors)
UNRESOLVED: gcc.dg/torture/tls/thr-init-1.c  -O3 -fomit-frame-pointer  -fpic  compilation failed to produce executable
FAIL: gcc.dg/torture/tls/thr-init-1.c  -O3 -g  -fpic  (internal compiler error)
FAIL: gcc.dg/torture/tls/thr-init-1.c  -O3 -g  -fpic  (test for excess errors)
UNRESOLVED: gcc.dg/torture/tls/thr-init-1.c  -O3 -g  -fpic  compilation failed to produce executable
FAIL: gcc.dg/torture/tls/thr-init-1.c  -Os  -fpic  (internal compiler error)
FAIL: gcc.dg/torture/tls/thr-init-1.c  -Os  -fpic  (test for excess errors)
UNRESOLVED: gcc.dg/torture/tls/thr-init-1.c  -Os  -fpic  compilation failed to produce executable
FAIL: gcc.dg/torture/tls/thr-init-1.c  -O1  -fPIC  (internal compiler error)
FAIL: gcc.dg/torture/tls/thr-init-1.c  -O1  -fPIC  (test for excess errors)
UNRESOLVED: gcc.dg/torture/tls/thr-init-1.c  -O1  -fPIC  compilation failed to produce executable
FAIL: gcc.dg/torture/tls/thr-init-1.c  -O2  -fPIC  (internal compiler error)
FAIL: gcc.dg/torture/tls/thr-init-1.c  -O2  -fPIC  (test for excess errors)
UNRESOLVED: gcc.dg/torture/tls/thr-init-1.c  -O2  -fPIC  compilation failed to produce executable
FAIL: gcc.dg/torture/tls/thr-init-1.c  -O3 -fomit-frame-pointer  -fPIC  (internal compiler error)
FAIL: gcc.dg/torture/tls/thr-init-1.c  -O3 -fomit-frame-pointer  -fPIC  (test for excess errors)
UNRESOLVED: gcc.dg/torture/tls/thr-init-1.c  -O3 -fomit-frame-pointer  -fPIC  compilation failed to produce executable
FAIL: gcc.dg/torture/tls/thr-init-1.c  -O3 -g  -fPIC  (internal compiler error)
FAIL: gcc.dg/torture/tls/thr-init-1.c  -O3 -g  -fPIC  (test for excess errors)
UNRESOLVED: gcc.dg/torture/tls/thr-init-1.c  -O3 -g  -fPIC  compilation failed to produce executable
FAIL: gcc.dg/torture/tls/thr-init-1.c  -Os  -fPIC  (internal compiler error)
FAIL: gcc.dg/torture/tls/thr-init-1.c  -Os  -fPIC  (test for excess errors)
UNRESOLVED: gcc.dg/torture/tls/thr-init-1.c  -Os  -fPIC  compilation failed to produce executable
FAIL: gcc.dg/torture/tls/thr-init-1.c  -O1  -pie -fpie  (internal compiler error)
FAIL: gcc.dg/torture/tls/thr-init-1.c  -O1  -pie -fpie  (test for excess errors)
UNRESOLVED: gcc.dg/torture/tls/thr-init-1.c  -O1  -pie -fpie  compilation failed to produce executable
FAIL: gcc.dg/torture/tls/thr-init-1.c  -O2  -pie -fpie  (internal compiler error)
FAIL: gcc.dg/torture/tls/thr-init-1.c  -O2  -pie -fpie  (test for excess errors)
UNRESOLVED: gcc.dg/torture/tls/thr-init-1.c  -O2  -pie -fpie  compilation failed to produce executable
FAIL: gcc.dg/torture/tls/thr-init-1.c  -O3 -fomit-frame-pointer  -pie -fpie  (internal compiler error)
FAIL: gcc.dg/torture/tls/thr-init-1.c  -O3 -fomit-frame-pointer  -pie -fpie  (test for excess errors)
UNRESOLVED: gcc.dg/torture/tls/thr-init-1.c  -O3 -fomit-frame-pointer  -pie -fpie  compilation failed to produce executable
FAIL: gcc.dg/torture/tls/thr-init-1.c  -O3 -g  -pie -fpie  (internal compiler error)
FAIL: gcc.dg/torture/tls/thr-init-1.c  -O3 -g  -pie -fpie  (test for excess errors)
UNRESOLVED: gcc.dg/torture/tls/thr-init-1.c  -O3 -g  -pie -fpie  compilation failed to produce executable
FAIL: gcc.dg/torture/tls/thr-init-1.c  -Os  -pie -fpie  (internal compiler error)
FAIL: gcc.dg/torture/tls/thr-init-1.c  -Os  -pie -fpie  (test for excess errors)
UNRESOLVED: gcc.dg/torture/tls/thr-init-1.c  -Os  -pie -fpie  compilation failed to produce executable
FAIL: gcc.dg/torture/tls/thr-init-1.c  -O1  -pie -fPIE  (internal compiler error)
FAIL: gcc.dg/torture/tls/thr-init-1.c  -O1  -pie -fPIE  (test for excess errors)
UNRESOLVED: gcc.dg/torture/tls/thr-init-1.c  -O1  -pie -fPIE  compilation failed to produce executable
FAIL: gcc.dg/torture/tls/thr-init-1.c  -O2  -pie -fPIE  (internal compiler error)
FAIL: gcc.dg/torture/tls/thr-init-1.c  -O2  -pie -fPIE  (test for excess errors)
UNRESOLVED: gcc.dg/torture/tls/thr-init-1.c  -O2  -pie -fPIE  compilation failed to produce executable
FAIL: gcc.dg/torture/tls/thr-init-1.c  -O3 -fomit-frame-pointer  -pie -fPIE  (internal compiler error)
FAIL: gcc.dg/torture/tls/thr-init-1.c  -O3 -fomit-frame-pointer  -pie -fPIE  (test for excess errors)
UNRESOLVED: gcc.dg/torture/tls/thr-init-1.c  -O3 -fomit-frame-pointer  -pie -fPIE  compilation failed to produce executable
FAIL: gcc.dg/torture/tls/thr-init-1.c  -O3 -g  -pie -fPIE  (internal compiler error)
FAIL: gcc.dg/torture/tls/thr-init-1.c  -O3 -g  -pie -fPIE  (test for excess errors)
UNRESOLVED: gcc.dg/torture/tls/thr-init-1.c  -O3 -g  -pie -fPIE  compilation failed to produce executable
FAIL: gcc.dg/torture/tls/thr-init-1.c  -Os  -pie -fPIE  (internal compiler error)
FAIL: gcc.dg/torture/tls/thr-init-1.c  -Os  -pie -fPIE  (test for excess errors)
UNRESOLVED: gcc.dg/torture/tls/thr-init-1.c  -Os  -pie -fPIE  compilation failed to produce executable
FAIL: gcc.dg/torture/tls/thr-init-2.c  -O1  (internal compiler error)
FAIL: gcc.dg/torture/tls/thr-init-2.c  -O1  (test for excess errors)
UNRESOLVED: gcc.dg/torture/tls/thr-init-2.c  -O1  compilation failed to produce executable
FAIL: gcc.dg/torture/tls/thr-init-2.c  -O2  (internal compiler error)
FAIL: gcc.dg/torture/tls/thr-init-2.c  -O2  (test for excess errors)
UNRESOLVED: gcc.dg/torture/tls/thr-init-2.c  -O2  compilation failed to produce executable
FAIL: gcc.dg/torture/tls/thr-init-2.c  -O3 -fomit-frame-pointer  (internal compiler error)
FAIL: gcc.dg/torture/tls/thr-init-2.c  -O3 -fomit-frame-pointer  (test for excess errors)
UNRESOLVED: gcc.dg/torture/tls/thr-init-2.c  -O3 -fomit-frame-pointer  compilation failed to produce executable
FAIL: gcc.dg/torture/tls/thr-init-2.c  -O3 -g  (internal compiler error)
FAIL: gcc.dg/torture/tls/thr-init-2.c  -O3 -g  (test for excess errors)
UNRESOLVED: gcc.dg/torture/tls/thr-init-2.c  -O3 -g  compilation failed to produce executable
FAIL: gcc.dg/torture/tls/thr-init-2.c  -Os  (internal compiler error)
FAIL: gcc.dg/torture/tls/thr-init-2.c  -Os  (test for excess errors)
UNRESOLVED: gcc.dg/torture/tls/thr-init-2.c  -Os  compilation failed to produce executable
FAIL: gcc.dg/torture/tls/thr-init-2.c  -O1  -fpic  (internal compiler error)
FAIL: gcc.dg/torture/tls/thr-init-2.c  -O1  -fpic  (test for excess errors)
UNRESOLVED: gcc.dg/torture/tls/thr-init-2.c  -O1  -fpic  compilation failed to produce executable
FAIL: gcc.dg/torture/tls/thr-init-2.c  -O2  -fpic  (internal compiler error)
FAIL: gcc.dg/torture/tls/thr-init-2.c  -O2  -fpic  (test for excess errors)
UNRESOLVED: gcc.dg/torture/tls/thr-init-2.c  -O2  -fpic  compilation failed to produce executable
FAIL: gcc.dg/torture/tls/thr-init-2.c  -O3 -fomit-frame-pointer  -fpic  (internal compiler error)
FAIL: gcc.dg/torture/tls/thr-init-2.c  -O3 -fomit-frame-pointer  -fpic  (test for excess errors)
UNRESOLVED: gcc.dg/torture/tls/thr-init-2.c  -O3 -fomit-frame-pointer  -fpic  compilation failed to produce executable
FAIL: gcc.dg/torture/tls/thr-init-2.c  -O3 -g  -fpic  (internal compiler error)
FAIL: gcc.dg/torture/tls/thr-init-2.c  -O3 -g  -fpic  (test for excess errors)
UNRESOLVED: gcc.dg/torture/tls/thr-init-2.c  -O3 -g  -fpic  compilation failed to produce executable
FAIL: gcc.dg/torture/tls/thr-init-2.c  -Os  -fpic  (internal compiler error)
FAIL: gcc.dg/torture/tls/thr-init-2.c  -Os  -fpic  (test for excess errors)
UNRESOLVED: gcc.dg/torture/tls/thr-init-2.c  -Os  -fpic  compilation failed to produce executable
FAIL: gcc.dg/torture/tls/thr-init-2.c  -O1  -fPIC  (internal compiler error)
FAIL: gcc.dg/torture/tls/thr-init-2.c  -O1  -fPIC  (test for excess errors)
UNRESOLVED: gcc.dg/torture/tls/thr-init-2.c  -O1  -fPIC  compilation failed to produce executable
FAIL: gcc.dg/torture/tls/thr-init-2.c  -O2  -fPIC  (internal compiler error)
FAIL: gcc.dg/torture/tls/thr-init-2.c  -O2  -fPIC  (test for excess errors)
UNRESOLVED: gcc.dg/torture/tls/thr-init-2.c  -O2  -fPIC  compilation failed to produce executable
FAIL: gcc.dg/torture/tls/thr-init-2.c  -O3 -fomit-frame-pointer  -fPIC  (internal compiler error)
FAIL: gcc.dg/torture/tls/thr-init-2.c  -O3 -fomit-frame-pointer  -fPIC  (test for excess errors)
UNRESOLVED: gcc.dg/torture/tls/thr-init-2.c  -O3 -fomit-frame-pointer  -fPIC  compilation failed to produce executable
FAIL: gcc.dg/torture/tls/thr-init-2.c  -O3 -g  -fPIC  (internal compiler error)
FAIL: gcc.dg/torture/tls/thr-init-2.c  -O3 -g  -fPIC  (test for excess errors)
UNRESOLVED: gcc.dg/torture/tls/thr-init-2.c  -O3 -g  -fPIC  compilation failed to produce executable
FAIL: gcc.dg/torture/tls/thr-init-2.c  -Os  -fPIC  (internal compiler error)
FAIL: gcc.dg/torture/tls/thr-init-2.c  -Os  -fPIC  (test for excess errors)
UNRESOLVED: gcc.dg/torture/tls/thr-init-2.c  -Os  -fPIC  compilation failed to produce executable
FAIL: gcc.dg/torture/tls/thr-init-2.c  -O1  -pie -fpie  (internal compiler error)
FAIL: gcc.dg/torture/tls/thr-init-2.c  -O1  -pie -fpie  (test for excess errors)
UNRESOLVED: gcc.dg/torture/tls/thr-init-2.c  -O1  -pie -fpie  compilation failed to produce executable
FAIL: gcc.dg/torture/tls/thr-init-2.c  -O2  -pie -fpie  (internal compiler error)
FAIL: gcc.dg/torture/tls/thr-init-2.c  -O2  -pie -fpie  (test for excess errors)
UNRESOLVED: gcc.dg/torture/tls/thr-init-2.c  -O2  -pie -fpie  compilation failed to produce executable
FAIL: gcc.dg/torture/tls/thr-init-2.c  -O3 -fomit-frame-pointer  -pie -fpie  (internal compiler error)
FAIL: gcc.dg/torture/tls/thr-init-2.c  -O3 -fomit-frame-pointer  -pie -fpie  (test for excess errors)
UNRESOLVED: gcc.dg/torture/tls/thr-init-2.c  -O3 -fomit-frame-pointer  -pie -fpie  compilation failed to produce executable
FAIL: gcc.dg/torture/tls/thr-init-2.c  -O3 -g  -pie -fpie  (internal compiler error)
FAIL: gcc.dg/torture/tls/thr-init-2.c  -O3 -g  -pie -fpie  (test for excess errors)
UNRESOLVED: gcc.dg/torture/tls/thr-init-2.c  -O3 -g  -pie -fpie  compilation failed to produce executable
FAIL: gcc.dg/torture/tls/thr-init-2.c  -Os  -pie -fpie  (internal compiler error)
FAIL: gcc.dg/torture/tls/thr-init-2.c  -Os  -pie -fpie  (test for excess errors)
UNRESOLVED: gcc.dg/torture/tls/thr-init-2.c  -Os  -pie -fpie  compilation failed to produce executable
FAIL: gcc.dg/torture/tls/thr-init-2.c  -O1  -pie -fPIE  (internal compiler error)
FAIL: gcc.dg/torture/tls/thr-init-2.c  -O1  -pie -fPIE  (test for excess errors)
UNRESOLVED: gcc.dg/torture/tls/thr-init-2.c  -O1  -pie -fPIE  compilation failed to produce executable
FAIL: gcc.dg/torture/tls/thr-init-2.c  -O2  -pie -fPIE  (internal compiler error)
FAIL: gcc.dg/torture/tls/thr-init-2.c  -O2  -pie -fPIE  (test for excess errors)
UNRESOLVED: gcc.dg/torture/tls/thr-init-2.c  -O2  -pie -fPIE  compilation failed to produce executable
FAIL: gcc.dg/torture/tls/thr-init-2.c  -O3 -fomit-frame-pointer  -pie -fPIE  (internal compiler error)
FAIL: gcc.dg/torture/tls/thr-init-2.c  -O3 -fomit-frame-pointer  -pie -fPIE  (test for excess errors)
UNRESOLVED: gcc.dg/torture/tls/thr-init-2.c  -O3 -fomit-frame-pointer  -pie -fPIE  compilation failed to produce executable
FAIL: gcc.dg/torture/tls/thr-init-2.c  -O3 -g  -pie -fPIE  (internal compiler error)
FAIL: gcc.dg/torture/tls/thr-init-2.c  -O3 -g  -pie -fPIE  (test for excess errors)
UNRESOLVED: gcc.dg/torture/tls/thr-init-2.c  -O3 -g  -pie -fPIE  compilation failed to produce executable
FAIL: gcc.dg/torture/tls/thr-init-2.c  -Os  -pie -fPIE  (internal compiler error)
FAIL: gcc.dg/torture/tls/thr-init-2.c  -Os  -pie -fPIE  (test for excess errors)
UNRESOLVED: gcc.dg/torture/tls/thr-init-2.c  -Os  -pie -fPIE  compilation failed to produce executable
FAIL: gcc.dg/torture/tls/tls-test.c  -O1  (internal compiler error)
FAIL: gcc.dg/torture/tls/tls-test.c  -O1  (test for excess errors)
UNRESOLVED: gcc.dg/torture/tls/tls-test.c  -O1  compilation failed to produce executable
FAIL: gcc.dg/torture/tls/tls-test.c  -O2  (internal compiler error)
FAIL: gcc.dg/torture/tls/tls-test.c  -O2  (test for excess errors)
UNRESOLVED: gcc.dg/torture/tls/tls-test.c  -O2  compilation failed to produce executable
FAIL: gcc.dg/torture/tls/tls-test.c  -O3 -fomit-frame-pointer  (internal compiler error)
FAIL: gcc.dg/torture/tls/tls-test.c  -O3 -fomit-frame-pointer  (test for excess errors)
UNRESOLVED: gcc.dg/torture/tls/tls-test.c  -O3 -fomit-frame-pointer  compilation failed to produce executable
FAIL: gcc.dg/torture/tls/tls-test.c  -O3 -g  (internal compiler error)
FAIL: gcc.dg/torture/tls/tls-test.c  -O3 -g  (test for excess errors)
UNRESOLVED: gcc.dg/torture/tls/tls-test.c  -O3 -g  compilation failed to produce executable
FAIL: gcc.dg/torture/tls/tls-test.c  -Os  (internal compiler error)
FAIL: gcc.dg/torture/tls/tls-test.c  -Os  (test for excess errors)
UNRESOLVED: gcc.dg/torture/tls/tls-test.c  -Os  compilation failed to produce executable
FAIL: gcc.dg/torture/tls/tls-test.c  -O1  -fpic  (internal compiler error)
FAIL: gcc.dg/torture/tls/tls-test.c  -O1  -fpic  (test for excess errors)
UNRESOLVED: gcc.dg/torture/tls/tls-test.c  -O1  -fpic  compilation failed to produce executable
FAIL: gcc.dg/torture/tls/tls-test.c  -O2  -fpic  (internal compiler error)
FAIL: gcc.dg/torture/tls/tls-test.c  -O2  -fpic  (test for excess errors)
UNRESOLVED: gcc.dg/torture/tls/tls-test.c  -O2  -fpic  compilation failed to produce executable
FAIL: gcc.dg/torture/tls/tls-test.c  -O3 -fomit-frame-pointer  -fpic  (internal compiler error)
FAIL: gcc.dg/torture/tls/tls-test.c  -O3 -fomit-frame-pointer  -fpic  (test for excess errors)
UNRESOLVED: gcc.dg/torture/tls/tls-test.c  -O3 -fomit-frame-pointer  -fpic  compilation failed to produce executable
FAIL: gcc.dg/torture/tls/tls-test.c  -O3 -g  -fpic  (internal compiler error)
FAIL: gcc.dg/torture/tls/tls-test.c  -O3 -g  -fpic  (test for excess errors)
UNRESOLVED: gcc.dg/torture/tls/tls-test.c  -O3 -g  -fpic  compilation failed to produce executable
FAIL: gcc.dg/torture/tls/tls-test.c  -Os  -fpic  (internal compiler error)
FAIL: gcc.dg/torture/tls/tls-test.c  -Os  -fpic  (test for excess errors)
UNRESOLVED: gcc.dg/torture/tls/tls-test.c  -Os  -fpic  compilation failed to produce executable
FAIL: gcc.dg/torture/tls/tls-test.c  -O1  -fPIC  (internal compiler error)
FAIL: gcc.dg/torture/tls/tls-test.c  -O1  -fPIC  (test for excess errors)
UNRESOLVED: gcc.dg/torture/tls/tls-test.c  -O1  -fPIC  compilation failed to produce executable
FAIL: gcc.dg/torture/tls/tls-test.c  -O2  -fPIC  (internal compiler error)
FAIL: gcc.dg/torture/tls/tls-test.c  -O2  -fPIC  (test for excess errors)
UNRESOLVED: gcc.dg/torture/tls/tls-test.c  -O2  -fPIC  compilation failed to produce executable
FAIL: gcc.dg/torture/tls/tls-test.c  -O3 -fomit-frame-pointer  -fPIC  (internal compiler error)
FAIL: gcc.dg/torture/tls/tls-test.c  -O3 -fomit-frame-pointer  -fPIC  (test for excess errors)
UNRESOLVED: gcc.dg/torture/tls/tls-test.c  -O3 -fomit-frame-pointer  -fPIC  compilation failed to produce executable
FAIL: gcc.dg/torture/tls/tls-test.c  -O3 -g  -fPIC  (internal compiler error)
FAIL: gcc.dg/torture/tls/tls-test.c  -O3 -g  -fPIC  (test for excess errors)
UNRESOLVED: gcc.dg/torture/tls/tls-test.c  -O3 -g  -fPIC  compilation failed to produce executable
FAIL: gcc.dg/torture/tls/tls-test.c  -Os  -fPIC  (internal compiler error)
FAIL: gcc.dg/torture/tls/tls-test.c  -Os  -fPIC  (test for excess errors)
UNRESOLVED: gcc.dg/torture/tls/tls-test.c  -Os  -fPIC  compilation failed to produce executable
FAIL: gcc.dg/torture/tls/tls-test.c  -O1  -pie -fpie  (internal compiler error)
FAIL: gcc.dg/torture/tls/tls-test.c  -O1  -pie -fpie  (test for excess errors)
UNRESOLVED: gcc.dg/torture/tls/tls-test.c  -O1  -pie -fpie  compilation failed to produce executable
FAIL: gcc.dg/torture/tls/tls-test.c  -O2  -pie -fpie  (internal compiler error)
FAIL: gcc.dg/torture/tls/tls-test.c  -O2  -pie -fpie  (test for excess errors)
UNRESOLVED: gcc.dg/torture/tls/tls-test.c  -O2  -pie -fpie  compilation failed to produce executable
FAIL: gcc.dg/torture/tls/tls-test.c  -O3 -fomit-frame-pointer  -pie -fpie  (internal compiler error)
FAIL: gcc.dg/torture/tls/tls-test.c  -O3 -fomit-frame-pointer  -pie -fpie  (test for excess errors)
UNRESOLVED: gcc.dg/torture/tls/tls-test.c  -O3 -fomit-frame-pointer  -pie -fpie  compilation failed to produce executable
FAIL: gcc.dg/torture/tls/tls-test.c  -O3 -g  -pie -fpie  (internal compiler error)
FAIL: gcc.dg/torture/tls/tls-test.c  -O3 -g  -pie -fpie  (test for excess errors)
UNRESOLVED: gcc.dg/torture/tls/tls-test.c  -O3 -g  -pie -fpie  compilation failed to produce executable
FAIL: gcc.dg/torture/tls/tls-test.c  -Os  -pie -fpie  (internal compiler error)
FAIL: gcc.dg/torture/tls/tls-test.c  -Os  -pie -fpie  (test for excess errors)
UNRESOLVED: gcc.dg/torture/tls/tls-test.c  -Os  -pie -fpie  compilation failed to produce executable
FAIL: gcc.dg/torture/tls/tls-test.c  -O1  -pie -fPIE  (internal compiler error)
FAIL: gcc.dg/torture/tls/tls-test.c  -O1  -pie -fPIE  (test for excess errors)
UNRESOLVED: gcc.dg/torture/tls/tls-test.c  -O1  -pie -fPIE  compilation failed to produce executable
FAIL: gcc.dg/torture/tls/tls-test.c  -O2  -pie -fPIE  (internal compiler error)
FAIL: gcc.dg/torture/tls/tls-test.c  -O2  -pie -fPIE  (test for excess errors)
UNRESOLVED: gcc.dg/torture/tls/tls-test.c  -O2  -pie -fPIE  compilation failed to produce executable
FAIL: gcc.dg/torture/tls/tls-test.c  -O3 -fomit-frame-pointer  -pie -fPIE  (internal compiler error)
FAIL: gcc.dg/torture/tls/tls-test.c  -O3 -fomit-frame-pointer  -pie -fPIE  (test for excess errors)
UNRESOLVED: gcc.dg/torture/tls/tls-test.c  -O3 -fomit-frame-pointer  -pie -fPIE  compilation failed to produce executable
FAIL: gcc.dg/torture/tls/tls-test.c  -O3 -g  -pie -fPIE  (internal compiler error)
FAIL: gcc.dg/torture/tls/tls-test.c  -O3 -g  -pie -fPIE  (test for excess errors)
UNRESOLVED: gcc.dg/torture/tls/tls-test.c  -O3 -g  -pie -fPIE  compilation failed to produce executable
FAIL: gcc.dg/torture/tls/tls-test.c  -Os  -pie -fPIE  (internal compiler error)
FAIL: gcc.dg/torture/tls/tls-test.c  -Os  -pie -fPIE  (test for excess errors)
UNRESOLVED: gcc.dg/torture/tls/tls-test.c  -Os  -pie -fPIE  compilation failed to produce executable
FAIL: gcc.dg/tree-ssa/vrp47.c scan-tree-dump-times dom1 "x[^ ]* & y" 1

		=== gcc Summary for unix/-m32 ===

# of expected passes		65771
# of unexpected failures	450
# of expected failures		186
# of unresolved testcases	180
# of unsupported tests		1635

Running target unix/-m64
FAIL: gcc.dg/debug/tls-1.c -gdwarf-2 -g1 (internal compiler error)
FAIL: gcc.dg/debug/tls-1.c -gdwarf-2 -g1 (test for excess errors)
FAIL: gcc.dg/debug/tls-1.c -gdwarf-2 -g1 -O (internal compiler error)
FAIL: gcc.dg/debug/tls-1.c -gdwarf-2 -g1 -O (test for excess errors)
FAIL: gcc.dg/debug/tls-1.c -gdwarf-2 -g1 -O3 (internal compiler error)
FAIL: gcc.dg/debug/tls-1.c -gdwarf-2 -g1 -O3 (test for excess errors)
FAIL: gcc.dg/debug/tls-1.c -gdwarf-2 (internal compiler error)
FAIL: gcc.dg/debug/tls-1.c -gdwarf-2 (test for excess errors)
FAIL: gcc.dg/debug/tls-1.c -gdwarf-2 -O (internal compiler error)
FAIL: gcc.dg/debug/tls-1.c -gdwarf-2 -O (test for excess errors)
FAIL: gcc.dg/debug/tls-1.c -gdwarf-2 -O3 (internal compiler error)
FAIL: gcc.dg/debug/tls-1.c -gdwarf-2 -O3 (test for excess errors)
FAIL: gcc.dg/debug/tls-1.c -gdwarf-2 -g3 (internal compiler error)
FAIL: gcc.dg/debug/tls-1.c -gdwarf-2 -g3 (test for excess errors)
FAIL: gcc.dg/debug/tls-1.c -gdwarf-2 -g3 -O (internal compiler error)
FAIL: gcc.dg/debug/tls-1.c -gdwarf-2 -g3 -O (test for excess errors)
FAIL: gcc.dg/debug/tls-1.c -gdwarf-2 -g3 -O3 (internal compiler error)
FAIL: gcc.dg/debug/tls-1.c -gdwarf-2 -g3 -O3 (test for excess errors)
FAIL: gcc.dg/debug/tls-1.c -gstabs1 (internal compiler error)
FAIL: gcc.dg/debug/tls-1.c -gstabs1 (test for excess errors)
FAIL: gcc.dg/debug/tls-1.c -gstabs1 -O (internal compiler error)
FAIL: gcc.dg/debug/tls-1.c -gstabs1 -O (test for excess errors)
FAIL: gcc.dg/debug/tls-1.c -gstabs1 -O3 (internal compiler error)
FAIL: gcc.dg/debug/tls-1.c -gstabs1 -O3 (test for excess errors)
FAIL: gcc.dg/debug/tls-1.c -gstabs (internal compiler error)
FAIL: gcc.dg/debug/tls-1.c -gstabs (test for excess errors)
FAIL: gcc.dg/debug/tls-1.c -gstabs -O (internal compiler error)
FAIL: gcc.dg/debug/tls-1.c -gstabs -O (test for excess errors)
FAIL: gcc.dg/debug/tls-1.c -gstabs -O3 (internal compiler error)
FAIL: gcc.dg/debug/tls-1.c -gstabs -O3 (test for excess errors)
FAIL: gcc.dg/debug/tls-1.c -gstabs3 (internal compiler error)
FAIL: gcc.dg/debug/tls-1.c -gstabs3 (test for excess errors)
FAIL: gcc.dg/debug/tls-1.c -gstabs3 -O (internal compiler error)
FAIL: gcc.dg/debug/tls-1.c -gstabs3 -O (test for excess errors)
FAIL: gcc.dg/debug/tls-1.c -gstabs3 -O3 (internal compiler error)
FAIL: gcc.dg/debug/tls-1.c -gstabs3 -O3 (test for excess errors)
FAIL: gcc.dg/debug/tls-1.c -gstabs+1 (internal compiler error)
FAIL: gcc.dg/debug/tls-1.c -gstabs+1 (test for excess errors)
FAIL: gcc.dg/debug/tls-1.c -gstabs+1 -O (internal compiler error)
FAIL: gcc.dg/debug/tls-1.c -gstabs+1 -O (test for excess errors)
FAIL: gcc.dg/debug/tls-1.c -gstabs+1 -O3 (internal compiler error)
FAIL: gcc.dg/debug/tls-1.c -gstabs+1 -O3 (test for excess errors)
FAIL: gcc.dg/debug/tls-1.c -gstabs+ (internal compiler error)
FAIL: gcc.dg/debug/tls-1.c -gstabs+ (test for excess errors)
FAIL: gcc.dg/debug/tls-1.c -gstabs+ -O (internal compiler error)
FAIL: gcc.dg/debug/tls-1.c -gstabs+ -O (test for excess errors)
FAIL: gcc.dg/debug/tls-1.c -gstabs+ -O3 (internal compiler error)
FAIL: gcc.dg/debug/tls-1.c -gstabs+ -O3 (test for excess errors)
FAIL: gcc.dg/debug/tls-1.c -gstabs+3 (internal compiler error)
FAIL: gcc.dg/debug/tls-1.c -gstabs+3 (test for excess errors)
FAIL: gcc.dg/debug/tls-1.c -gstabs+3 -O (internal compiler error)
FAIL: gcc.dg/debug/tls-1.c -gstabs+3 -O (test for excess errors)
FAIL: gcc.dg/debug/tls-1.c -gstabs+3 -O3 (internal compiler error)
FAIL: gcc.dg/debug/tls-1.c -gstabs+3 -O3 (test for excess errors)
FAIL: gcc.dg/sibcall-6.c execution test
FAIL: c-c++-common/cxxbitfields-3.c scan-assembler movl.*, var
FAIL: gcc.dg/matrix/transpose-3.c execution,    -fprofile-use -fipa-matrix-reorg -fdump-ipa-matrix-reorg -O3 -fwhole-program -fno-tree-fre
FAIL: gcc.dg/tls/nonpic-1.c (internal compiler error)
FAIL: gcc.dg/tls/nonpic-1.c (test for excess errors)
FAIL: gcc.dg/tls/opt-10.c (internal compiler error)
FAIL: gcc.dg/tls/opt-10.c (test for excess errors)
FAIL: gcc.dg/tls/opt-12.c (internal compiler error)
FAIL: gcc.dg/tls/opt-12.c (test for excess errors)
UNRESOLVED: gcc.dg/tls/opt-12.c compilation failed to produce executable
FAIL: gcc.dg/tls/opt-13.c (internal compiler error)
FAIL: gcc.dg/tls/opt-13.c (test for excess errors)
FAIL: gcc.dg/tls/opt-14.c (internal compiler error)
FAIL: gcc.dg/tls/opt-14.c (test for excess errors)
FAIL: gcc.dg/tls/opt-15.c (internal compiler error)
FAIL: gcc.dg/tls/opt-15.c (test for excess errors)
FAIL: gcc.dg/tls/opt-3.c (internal compiler error)
FAIL: gcc.dg/tls/opt-3.c (test for excess errors)
FAIL: gcc.dg/tls/opt-5.c (internal compiler error)
FAIL: gcc.dg/tls/opt-5.c (test for excess errors)
FAIL: gcc.dg/tls/opt-6.c (internal compiler error)
FAIL: gcc.dg/tls/opt-6.c (test for excess errors)
FAIL: gcc.dg/tls/opt-7.c (internal compiler error)
FAIL: gcc.dg/tls/opt-7.c (test for excess errors)
UNRESOLVED: gcc.dg/tls/opt-7.c scan-assembler-not [48]\\\\+baz
FAIL: gcc.dg/tls/opt-8.c (internal compiler error)
FAIL: gcc.dg/tls/opt-8.c (test for excess errors)
FAIL: gcc.dg/tls/opt-9.c (internal compiler error)
FAIL: gcc.dg/tls/opt-9.c (test for excess errors)
FAIL: gcc.dg/tls/pic-1.c (internal compiler error)
FAIL: gcc.dg/tls/pic-1.c (test for excess errors)
FAIL: gcc.dg/tls/pr24428-2.c (internal compiler error)
FAIL: gcc.dg/tls/pr24428-2.c (test for excess errors)
UNRESOLVED: gcc.dg/tls/pr24428-2.c compilation failed to produce executable
FAIL: gcc.dg/tls/pr24428.c (internal compiler error)
FAIL: gcc.dg/tls/pr24428.c (test for excess errors)
UNRESOLVED: gcc.dg/tls/pr24428.c compilation failed to produce executable
FAIL: gcc.dg/tls/pr45870.c (internal compiler error)
FAIL: gcc.dg/tls/pr45870.c (test for excess errors)
FAIL: gcc.dg/tls/pr47715-1.c (internal compiler error)
FAIL: gcc.dg/tls/pr47715-1.c (test for excess errors)
FAIL: gcc.dg/tls/pr47715-2.c (internal compiler error)
FAIL: gcc.dg/tls/pr47715-2.c (test for excess errors)
FAIL: gcc.dg/tls/pr47715-3.c (internal compiler error)
FAIL: gcc.dg/tls/pr47715-3.c (test for excess errors)
FAIL: gcc.dg/tls/pr47715-5.c (internal compiler error)
FAIL: gcc.dg/tls/pr47715-5.c (test for excess errors)
FAIL: gcc.dg/tls/struct-1.c (internal compiler error)
FAIL: gcc.dg/tls/struct-1.c (test for excess errors)
FAIL: gcc.dg/tls/thr-cse-1.c (internal compiler error)
FAIL: gcc.dg/tls/thr-cse-1.c (test for excess errors)
UNRESOLVED: gcc.dg/tls/thr-cse-1.c scan-assembler-not emutls_get_address.*emutls_get_address.*
FAIL: gcc.dg/torture/tls/run-gd.c  -O1  (internal compiler error)
FAIL: gcc.dg/torture/tls/run-gd.c  -O1  (test for excess errors)
UNRESOLVED: gcc.dg/torture/tls/run-gd.c  -O1  compilation failed to produce executable
FAIL: gcc.dg/torture/tls/run-gd.c  -O2  (internal compiler error)
FAIL: gcc.dg/torture/tls/run-gd.c  -O2  (test for excess errors)
UNRESOLVED: gcc.dg/torture/tls/run-gd.c  -O2  compilation failed to produce executable
FAIL: gcc.dg/torture/tls/run-gd.c  -O3 -fomit-frame-pointer  (internal compiler error)
FAIL: gcc.dg/torture/tls/run-gd.c  -O3 -fomit-frame-pointer  (test for excess errors)
UNRESOLVED: gcc.dg/torture/tls/run-gd.c  -O3 -fomit-frame-pointer  compilation failed to produce executable
FAIL: gcc.dg/torture/tls/run-gd.c  -O3 -g  (internal compiler error)
FAIL: gcc.dg/torture/tls/run-gd.c  -O3 -g  (test for excess errors)
UNRESOLVED: gcc.dg/torture/tls/run-gd.c  -O3 -g  compilation failed to produce executable
FAIL: gcc.dg/torture/tls/run-gd.c  -Os  (internal compiler error)
FAIL: gcc.dg/torture/tls/run-gd.c  -Os  (test for excess errors)
UNRESOLVED: gcc.dg/torture/tls/run-gd.c  -Os  compilation failed to produce executable
FAIL: gcc.dg/torture/tls/run-gd.c  -O1  -fpic  (internal compiler error)
FAIL: gcc.dg/torture/tls/run-gd.c  -O1  -fpic  (test for excess errors)
UNRESOLVED: gcc.dg/torture/tls/run-gd.c  -O1  -fpic  compilation failed to produce executable
FAIL: gcc.dg/torture/tls/run-gd.c  -O2  -fpic  (internal compiler error)
FAIL: gcc.dg/torture/tls/run-gd.c  -O2  -fpic  (test for excess errors)
UNRESOLVED: gcc.dg/torture/tls/run-gd.c  -O2  -fpic  compilation failed to produce executable
FAIL: gcc.dg/torture/tls/run-gd.c  -O3 -fomit-frame-pointer  -fpic  (internal compiler error)
FAIL: gcc.dg/torture/tls/run-gd.c  -O3 -fomit-frame-pointer  -fpic  (test for excess errors)
UNRESOLVED: gcc.dg/torture/tls/run-gd.c  -O3 -fomit-frame-pointer  -fpic  compilation failed to produce executable
FAIL: gcc.dg/torture/tls/run-gd.c  -O3 -g  -fpic  (internal compiler error)
FAIL: gcc.dg/torture/tls/run-gd.c  -O3 -g  -fpic  (test for excess errors)
UNRESOLVED: gcc.dg/torture/tls/run-gd.c  -O3 -g  -fpic  compilation failed to produce executable
FAIL: gcc.dg/torture/tls/run-gd.c  -Os  -fpic  (internal compiler error)
FAIL: gcc.dg/torture/tls/run-gd.c  -Os  -fpic  (test for excess errors)
UNRESOLVED: gcc.dg/torture/tls/run-gd.c  -Os  -fpic  compilation failed to produce executable
FAIL: gcc.dg/torture/tls/run-gd.c  -O1  -fPIC  (internal compiler error)
FAIL: gcc.dg/torture/tls/run-gd.c  -O1  -fPIC  (test for excess errors)
UNRESOLVED: gcc.dg/torture/tls/run-gd.c  -O1  -fPIC  compilation failed to produce executable
FAIL: gcc.dg/torture/tls/run-gd.c  -O2  -fPIC  (internal compiler error)
FAIL: gcc.dg/torture/tls/run-gd.c  -O2  -fPIC  (test for excess errors)
UNRESOLVED: gcc.dg/torture/tls/run-gd.c  -O2  -fPIC  compilation failed to produce executable
FAIL: gcc.dg/torture/tls/run-gd.c  -O3 -fomit-frame-pointer  -fPIC  (internal compiler error)
FAIL: gcc.dg/torture/tls/run-gd.c  -O3 -fomit-frame-pointer  -fPIC  (test for excess errors)
UNRESOLVED: gcc.dg/torture/tls/run-gd.c  -O3 -fomit-frame-pointer  -fPIC  compilation failed to produce executable
FAIL: gcc.dg/torture/tls/run-gd.c  -O3 -g  -fPIC  (internal compiler error)
FAIL: gcc.dg/torture/tls/run-gd.c  -O3 -g  -fPIC  (test for excess errors)
UNRESOLVED: gcc.dg/torture/tls/run-gd.c  -O3 -g  -fPIC  compilation failed to produce executable
FAIL: gcc.dg/torture/tls/run-gd.c  -Os  -fPIC  (internal compiler error)
FAIL: gcc.dg/torture/tls/run-gd.c  -Os  -fPIC  (test for excess errors)
UNRESOLVED: gcc.dg/torture/tls/run-gd.c  -Os  -fPIC  compilation failed to produce executable
FAIL: gcc.dg/torture/tls/run-gd.c  -O1  -pie -fpie  (internal compiler error)
FAIL: gcc.dg/torture/tls/run-gd.c  -O1  -pie -fpie  (test for excess errors)
UNRESOLVED: gcc.dg/torture/tls/run-gd.c  -O1  -pie -fpie  compilation failed to produce executable
FAIL: gcc.dg/torture/tls/run-gd.c  -O2  -pie -fpie  (internal compiler error)
FAIL: gcc.dg/torture/tls/run-gd.c  -O2  -pie -fpie  (test for excess errors)
UNRESOLVED: gcc.dg/torture/tls/run-gd.c  -O2  -pie -fpie  compilation failed to produce executable
FAIL: gcc.dg/torture/tls/run-gd.c  -O3 -fomit-frame-pointer  -pie -fpie  (internal compiler error)
FAIL: gcc.dg/torture/tls/run-gd.c  -O3 -fomit-frame-pointer  -pie -fpie  (test for excess errors)
UNRESOLVED: gcc.dg/torture/tls/run-gd.c  -O3 -fomit-frame-pointer  -pie -fpie  compilation failed to produce executable
FAIL: gcc.dg/torture/tls/run-gd.c  -O3 -g  -pie -fpie  (internal compiler error)
FAIL: gcc.dg/torture/tls/run-gd.c  -O3 -g  -pie -fpie  (test for excess errors)
UNRESOLVED: gcc.dg/torture/tls/run-gd.c  -O3 -g  -pie -fpie  compilation failed to produce executable
FAIL: gcc.dg/torture/tls/run-gd.c  -Os  -pie -fpie  (internal compiler error)
FAIL: gcc.dg/torture/tls/run-gd.c  -Os  -pie -fpie  (test for excess errors)
UNRESOLVED: gcc.dg/torture/tls/run-gd.c  -Os  -pie -fpie  compilation failed to produce executable
FAIL: gcc.dg/torture/tls/run-gd.c  -O1  -pie -fPIE  (internal compiler error)
FAIL: gcc.dg/torture/tls/run-gd.c  -O1  -pie -fPIE  (test for excess errors)
UNRESOLVED: gcc.dg/torture/tls/run-gd.c  -O1  -pie -fPIE  compilation failed to produce executable
FAIL: gcc.dg/torture/tls/run-gd.c  -O2  -pie -fPIE  (internal compiler error)
FAIL: gcc.dg/torture/tls/run-gd.c  -O2  -pie -fPIE  (test for excess errors)
UNRESOLVED: gcc.dg/torture/tls/run-gd.c  -O2  -pie -fPIE  compilation failed to produce executable
FAIL: gcc.dg/torture/tls/run-gd.c  -O3 -fomit-frame-pointer  -pie -fPIE  (internal compiler error)
FAIL: gcc.dg/torture/tls/run-gd.c  -O3 -fomit-frame-pointer  -pie -fPIE  (test for excess errors)
UNRESOLVED: gcc.dg/torture/tls/run-gd.c  -O3 -fomit-frame-pointer  -pie -fPIE  compilation failed to produce executable
FAIL: gcc.dg/torture/tls/run-gd.c  -O3 -g  -pie -fPIE  (internal compiler error)
FAIL: gcc.dg/torture/tls/run-gd.c  -O3 -g  -pie -fPIE  (test for excess errors)
UNRESOLVED: gcc.dg/torture/tls/run-gd.c  -O3 -g  -pie -fPIE  compilation failed to produce executable
FAIL: gcc.dg/torture/tls/run-gd.c  -Os  -pie -fPIE  (internal compiler error)
FAIL: gcc.dg/torture/tls/run-gd.c  -Os  -pie -fPIE  (test for excess errors)
UNRESOLVED: gcc.dg/torture/tls/run-gd.c  -Os  -pie -fPIE  compilation failed to produce executable
FAIL: gcc.dg/torture/tls/run-ie.c  -O1  (internal compiler error)
FAIL: gcc.dg/torture/tls/run-ie.c  -O1  (test for excess errors)
UNRESOLVED: gcc.dg/torture/tls/run-ie.c  -O1  compilation failed to produce executable
FAIL: gcc.dg/torture/tls/run-ie.c  -O2  (internal compiler error)
FAIL: gcc.dg/torture/tls/run-ie.c  -O2  (test for excess errors)
UNRESOLVED: gcc.dg/torture/tls/run-ie.c  -O2  compilation failed to produce executable
FAIL: gcc.dg/torture/tls/run-ie.c  -O3 -fomit-frame-pointer  (internal compiler error)
FAIL: gcc.dg/torture/tls/run-ie.c  -O3 -fomit-frame-pointer  (test for excess errors)
UNRESOLVED: gcc.dg/torture/tls/run-ie.c  -O3 -fomit-frame-pointer  compilation failed to produce executable
FAIL: gcc.dg/torture/tls/run-ie.c  -O3 -g  (internal compiler error)
FAIL: gcc.dg/torture/tls/run-ie.c  -O3 -g  (test for excess errors)
UNRESOLVED: gcc.dg/torture/tls/run-ie.c  -O3 -g  compilation failed to produce executable
FAIL: gcc.dg/torture/tls/run-ie.c  -Os  (internal compiler error)
FAIL: gcc.dg/torture/tls/run-ie.c  -Os  (test for excess errors)
UNRESOLVED: gcc.dg/torture/tls/run-ie.c  -Os  compilation failed to produce executable
FAIL: gcc.dg/torture/tls/run-ie.c  -O1  -fpic  (internal compiler error)
FAIL: gcc.dg/torture/tls/run-ie.c  -O1  -fpic  (test for excess errors)
UNRESOLVED: gcc.dg/torture/tls/run-ie.c  -O1  -fpic  compilation failed to produce executable
FAIL: gcc.dg/torture/tls/run-ie.c  -O2  -fpic  (internal compiler error)
FAIL: gcc.dg/torture/tls/run-ie.c  -O2  -fpic  (test for excess errors)
UNRESOLVED: gcc.dg/torture/tls/run-ie.c  -O2  -fpic  compilation failed to produce executable
FAIL: gcc.dg/torture/tls/run-ie.c  -O3 -fomit-frame-pointer  -fpic  (internal compiler error)
FAIL: gcc.dg/torture/tls/run-ie.c  -O3 -fomit-frame-pointer  -fpic  (test for excess errors)
UNRESOLVED: gcc.dg/torture/tls/run-ie.c  -O3 -fomit-frame-pointer  -fpic  compilation failed to produce executable
FAIL: gcc.dg/torture/tls/run-ie.c  -O3 -g  -fpic  (internal compiler error)
FAIL: gcc.dg/torture/tls/run-ie.c  -O3 -g  -fpic  (test for excess errors)
UNRESOLVED: gcc.dg/torture/tls/run-ie.c  -O3 -g  -fpic  compilation failed to produce executable
FAIL: gcc.dg/torture/tls/run-ie.c  -Os  -fpic  (internal compiler error)
FAIL: gcc.dg/torture/tls/run-ie.c  -Os  -fpic  (test for excess errors)
UNRESOLVED: gcc.dg/torture/tls/run-ie.c  -Os  -fpic  compilation failed to produce executable
FAIL: gcc.dg/torture/tls/run-ie.c  -O1  -fPIC  (internal compiler error)
FAIL: gcc.dg/torture/tls/run-ie.c  -O1  -fPIC  (test for excess errors)
UNRESOLVED: gcc.dg/torture/tls/run-ie.c  -O1  -fPIC  compilation failed to produce executable
FAIL: gcc.dg/torture/tls/run-ie.c  -O2  -fPIC  (internal compiler error)
FAIL: gcc.dg/torture/tls/run-ie.c  -O2  -fPIC  (test for excess errors)
UNRESOLVED: gcc.dg/torture/tls/run-ie.c  -O2  -fPIC  compilation failed to produce executable
FAIL: gcc.dg/torture/tls/run-ie.c  -O3 -fomit-frame-pointer  -fPIC  (internal compiler error)
FAIL: gcc.dg/torture/tls/run-ie.c  -O3 -fomit-frame-pointer  -fPIC  (test for excess errors)
UNRESOLVED: gcc.dg/torture/tls/run-ie.c  -O3 -fomit-frame-pointer  -fPIC  compilation failed to produce executable
FAIL: gcc.dg/torture/tls/run-ie.c  -O3 -g  -fPIC  (internal compiler error)
FAIL: gcc.dg/torture/tls/run-ie.c  -O3 -g  -fPIC  (test for excess errors)
UNRESOLVED: gcc.dg/torture/tls/run-ie.c  -O3 -g  -fPIC  compilation failed to produce executable
FAIL: gcc.dg/torture/tls/run-ie.c  -Os  -fPIC  (internal compiler error)
FAIL: gcc.dg/torture/tls/run-ie.c  -Os  -fPIC  (test for excess errors)
UNRESOLVED: gcc.dg/torture/tls/run-ie.c  -Os  -fPIC  compilation failed to produce executable
FAIL: gcc.dg/torture/tls/run-ie.c  -O1  -pie -fpie  (internal compiler error)
FAIL: gcc.dg/torture/tls/run-ie.c  -O1  -pie -fpie  (test for excess errors)
UNRESOLVED: gcc.dg/torture/tls/run-ie.c  -O1  -pie -fpie  compilation failed to produce executable
FAIL: gcc.dg/torture/tls/run-ie.c  -O2  -pie -fpie  (internal compiler error)
FAIL: gcc.dg/torture/tls/run-ie.c  -O2  -pie -fpie  (test for excess errors)
UNRESOLVED: gcc.dg/torture/tls/run-ie.c  -O2  -pie -fpie  compilation failed to produce executable
FAIL: gcc.dg/torture/tls/run-ie.c  -O3 -fomit-frame-pointer  -pie -fpie  (internal compiler error)
FAIL: gcc.dg/torture/tls/run-ie.c  -O3 -fomit-frame-pointer  -pie -fpie  (test for excess errors)
UNRESOLVED: gcc.dg/torture/tls/run-ie.c  -O3 -fomit-frame-pointer  -pie -fpie  compilation failed to produce executable
FAIL: gcc.dg/torture/tls/run-ie.c  -O3 -g  -pie -fpie  (internal compiler error)
FAIL: gcc.dg/torture/tls/run-ie.c  -O3 -g  -pie -fpie  (test for excess errors)
UNRESOLVED: gcc.dg/torture/tls/run-ie.c  -O3 -g  -pie -fpie  compilation failed to produce executable
FAIL: gcc.dg/torture/tls/run-ie.c  -Os  -pie -fpie  (internal compiler error)
FAIL: gcc.dg/torture/tls/run-ie.c  -Os  -pie -fpie  (test for excess errors)
UNRESOLVED: gcc.dg/torture/tls/run-ie.c  -Os  -pie -fpie  compilation failed to produce executable
FAIL: gcc.dg/torture/tls/run-ie.c  -O1  -pie -fPIE  (internal compiler error)
FAIL: gcc.dg/torture/tls/run-ie.c  -O1  -pie -fPIE  (test for excess errors)
UNRESOLVED: gcc.dg/torture/tls/run-ie.c  -O1  -pie -fPIE  compilation failed to produce executable
FAIL: gcc.dg/torture/tls/run-ie.c  -O2  -pie -fPIE  (internal compiler error)
FAIL: gcc.dg/torture/tls/run-ie.c  -O2  -pie -fPIE  (test for excess errors)
UNRESOLVED: gcc.dg/torture/tls/run-ie.c  -O2  -pie -fPIE  compilation failed to produce executable
FAIL: gcc.dg/torture/tls/run-ie.c  -O3 -fomit-frame-pointer  -pie -fPIE  (internal compiler error)
FAIL: gcc.dg/torture/tls/run-ie.c  -O3 -fomit-frame-pointer  -pie -fPIE  (test for excess errors)
UNRESOLVED: gcc.dg/torture/tls/run-ie.c  -O3 -fomit-frame-pointer  -pie -fPIE  compilation failed to produce executable
FAIL: gcc.dg/torture/tls/run-ie.c  -O3 -g  -pie -fPIE  (internal compiler error)
FAIL: gcc.dg/torture/tls/run-ie.c  -O3 -g  -pie -fPIE  (test for excess errors)
UNRESOLVED: gcc.dg/torture/tls/run-ie.c  -O3 -g  -pie -fPIE  compilation failed to produce executable
FAIL: gcc.dg/torture/tls/run-ie.c  -Os  -pie -fPIE  (internal compiler error)
FAIL: gcc.dg/torture/tls/run-ie.c  -Os  -pie -fPIE  (test for excess errors)
UNRESOLVED: gcc.dg/torture/tls/run-ie.c  -Os  -pie -fPIE  compilation failed to produce executable
FAIL: gcc.dg/torture/tls/run-ld.c  -O1  (internal compiler error)
FAIL: gcc.dg/torture/tls/run-ld.c  -O1  (test for excess errors)
UNRESOLVED: gcc.dg/torture/tls/run-ld.c  -O1  compilation failed to produce executable
FAIL: gcc.dg/torture/tls/run-ld.c  -O2  (internal compiler error)
FAIL: gcc.dg/torture/tls/run-ld.c  -O2  (test for excess errors)
UNRESOLVED: gcc.dg/torture/tls/run-ld.c  -O2  compilation failed to produce executable
FAIL: gcc.dg/torture/tls/run-ld.c  -O3 -fomit-frame-pointer  (internal compiler error)
FAIL: gcc.dg/torture/tls/run-ld.c  -O3 -fomit-frame-pointer  (test for excess errors)
UNRESOLVED: gcc.dg/torture/tls/run-ld.c  -O3 -fomit-frame-pointer  compilation failed to produce executable
FAIL: gcc.dg/torture/tls/run-ld.c  -O3 -g  (internal compiler error)
FAIL: gcc.dg/torture/tls/run-ld.c  -O3 -g  (test for excess errors)
UNRESOLVED: gcc.dg/torture/tls/run-ld.c  -O3 -g  compilation failed to produce executable
FAIL: gcc.dg/torture/tls/run-ld.c  -Os  (internal compiler error)
FAIL: gcc.dg/torture/tls/run-ld.c  -Os  (test for excess errors)
UNRESOLVED: gcc.dg/torture/tls/run-ld.c  -Os  compilation failed to produce executable
FAIL: gcc.dg/torture/tls/run-ld.c  -O1  -fpic  (internal compiler error)
FAIL: gcc.dg/torture/tls/run-ld.c  -O1  -fpic  (test for excess errors)
UNRESOLVED: gcc.dg/torture/tls/run-ld.c  -O1  -fpic  compilation failed to produce executable
FAIL: gcc.dg/torture/tls/run-ld.c  -O2  -fpic  (internal compiler error)
FAIL: gcc.dg/torture/tls/run-ld.c  -O2  -fpic  (test for excess errors)
UNRESOLVED: gcc.dg/torture/tls/run-ld.c  -O2  -fpic  compilation failed to produce executable
FAIL: gcc.dg/torture/tls/run-ld.c  -O3 -fomit-frame-pointer  -fpic  (internal compiler error)
FAIL: gcc.dg/torture/tls/run-ld.c  -O3 -fomit-frame-pointer  -fpic  (test for excess errors)
UNRESOLVED: gcc.dg/torture/tls/run-ld.c  -O3 -fomit-frame-pointer  -fpic  compilation failed to produce executable
FAIL: gcc.dg/torture/tls/run-ld.c  -O3 -g  -fpic  (internal compiler error)
FAIL: gcc.dg/torture/tls/run-ld.c  -O3 -g  -fpic  (test for excess errors)
UNRESOLVED: gcc.dg/torture/tls/run-ld.c  -O3 -g  -fpic  compilation failed to produce executable
FAIL: gcc.dg/torture/tls/run-ld.c  -Os  -fpic  (internal compiler error)
FAIL: gcc.dg/torture/tls/run-ld.c  -Os  -fpic  (test for excess errors)
UNRESOLVED: gcc.dg/torture/tls/run-ld.c  -Os  -fpic  compilation failed to produce executable
FAIL: gcc.dg/torture/tls/run-ld.c  -O1  -fPIC  (internal compiler error)
FAIL: gcc.dg/torture/tls/run-ld.c  -O1  -fPIC  (test for excess errors)
UNRESOLVED: gcc.dg/torture/tls/run-ld.c  -O1  -fPIC  compilation failed to produce executable
FAIL: gcc.dg/torture/tls/run-ld.c  -O2  -fPIC  (internal compiler error)
FAIL: gcc.dg/torture/tls/run-ld.c  -O2  -fPIC  (test for excess errors)
UNRESOLVED: gcc.dg/torture/tls/run-ld.c  -O2  -fPIC  compilation failed to produce executable
FAIL: gcc.dg/torture/tls/run-ld.c  -O3 -fomit-frame-pointer  -fPIC  (internal compiler error)
FAIL: gcc.dg/torture/tls/run-ld.c  -O3 -fomit-frame-pointer  -fPIC  (test for excess errors)
UNRESOLVED: gcc.dg/torture/tls/run-ld.c  -O3 -fomit-frame-pointer  -fPIC  compilation failed to produce executable
FAIL: gcc.dg/torture/tls/run-ld.c  -O3 -g  -fPIC  (internal compiler error)
FAIL: gcc.dg/torture/tls/run-ld.c  -O3 -g  -fPIC  (test for excess errors)
UNRESOLVED: gcc.dg/torture/tls/run-ld.c  -O3 -g  -fPIC  compilation failed to produce executable
FAIL: gcc.dg/torture/tls/run-ld.c  -Os  -fPIC  (internal compiler error)
FAIL: gcc.dg/torture/tls/run-ld.c  -Os  -fPIC  (test for excess errors)
UNRESOLVED: gcc.dg/torture/tls/run-ld.c  -Os  -fPIC  compilation failed to produce executable
FAIL: gcc.dg/torture/tls/run-ld.c  -O1  -pie -fpie  (internal compiler error)
FAIL: gcc.dg/torture/tls/run-ld.c  -O1  -pie -fpie  (test for excess errors)
UNRESOLVED: gcc.dg/torture/tls/run-ld.c  -O1  -pie -fpie  compilation failed to produce executable
FAIL: gcc.dg/torture/tls/run-ld.c  -O2  -pie -fpie  (internal compiler error)
FAIL: gcc.dg/torture/tls/run-ld.c  -O2  -pie -fpie  (test for excess errors)
UNRESOLVED: gcc.dg/torture/tls/run-ld.c  -O2  -pie -fpie  compilation failed to produce executable
FAIL: gcc.dg/torture/tls/run-ld.c  -O3 -fomit-frame-pointer  -pie -fpie  (internal compiler error)
FAIL: gcc.dg/torture/tls/run-ld.c  -O3 -fomit-frame-pointer  -pie -fpie  (test for excess errors)
UNRESOLVED: gcc.dg/torture/tls/run-ld.c  -O3 -fomit-frame-pointer  -pie -fpie  compilation failed to produce executable
FAIL: gcc.dg/torture/tls/run-ld.c  -O3 -g  -pie -fpie  (internal compiler error)
FAIL: gcc.dg/torture/tls/run-ld.c  -O3 -g  -pie -fpie  (test for excess errors)
UNRESOLVED: gcc.dg/torture/tls/run-ld.c  -O3 -g  -pie -fpie  compilation failed to produce executable
FAIL: gcc.dg/torture/tls/run-ld.c  -Os  -pie -fpie  (internal compiler error)
FAIL: gcc.dg/torture/tls/run-ld.c  -Os  -pie -fpie  (test for excess errors)
UNRESOLVED: gcc.dg/torture/tls/run-ld.c  -Os  -pie -fpie  compilation failed to produce executable
FAIL: gcc.dg/torture/tls/run-ld.c  -O1  -pie -fPIE  (internal compiler error)
FAIL: gcc.dg/torture/tls/run-ld.c  -O1  -pie -fPIE  (test for excess errors)
UNRESOLVED: gcc.dg/torture/tls/run-ld.c  -O1  -pie -fPIE  compilation failed to produce executable
FAIL: gcc.dg/torture/tls/run-ld.c  -O2  -pie -fPIE  (internal compiler error)
FAIL: gcc.dg/torture/tls/run-ld.c  -O2  -pie -fPIE  (test for excess errors)
UNRESOLVED: gcc.dg/torture/tls/run-ld.c  -O2  -pie -fPIE  compilation failed to produce executable
FAIL: gcc.dg/torture/tls/run-ld.c  -O3 -fomit-frame-pointer  -pie -fPIE  (internal compiler error)
FAIL: gcc.dg/torture/tls/run-ld.c  -O3 -fomit-frame-pointer  -pie -fPIE  (test for excess errors)
UNRESOLVED: gcc.dg/torture/tls/run-ld.c  -O3 -fomit-frame-pointer  -pie -fPIE  compilation failed to produce executable
FAIL: gcc.dg/torture/tls/run-ld.c  -O3 -g  -pie -fPIE  (internal compiler error)
FAIL: gcc.dg/torture/tls/run-ld.c  -O3 -g  -pie -fPIE  (test for excess errors)
UNRESOLVED: gcc.dg/torture/tls/run-ld.c  -O3 -g  -pie -fPIE  compilation failed to produce executable
FAIL: gcc.dg/torture/tls/run-ld.c  -Os  -pie -fPIE  (internal compiler error)
FAIL: gcc.dg/torture/tls/run-ld.c  -Os  -pie -fPIE  (test for excess errors)
UNRESOLVED: gcc.dg/torture/tls/run-ld.c  -Os  -pie -fPIE  compilation failed to produce executable
FAIL: gcc.dg/torture/tls/run-le.c  -O1  (internal compiler error)
FAIL: gcc.dg/torture/tls/run-le.c  -O1  (test for excess errors)
UNRESOLVED: gcc.dg/torture/tls/run-le.c  -O1  compilation failed to produce executable
FAIL: gcc.dg/torture/tls/run-le.c  -O2  (internal compiler error)
FAIL: gcc.dg/torture/tls/run-le.c  -O2  (test for excess errors)
UNRESOLVED: gcc.dg/torture/tls/run-le.c  -O2  compilation failed to produce executable
FAIL: gcc.dg/torture/tls/run-le.c  -O3 -fomit-frame-pointer  (internal compiler error)
FAIL: gcc.dg/torture/tls/run-le.c  -O3 -fomit-frame-pointer  (test for excess errors)
UNRESOLVED: gcc.dg/torture/tls/run-le.c  -O3 -fomit-frame-pointer  compilation failed to produce executable
FAIL: gcc.dg/torture/tls/run-le.c  -O3 -g  (internal compiler error)
FAIL: gcc.dg/torture/tls/run-le.c  -O3 -g  (test for excess errors)
UNRESOLVED: gcc.dg/torture/tls/run-le.c  -O3 -g  compilation failed to produce executable
FAIL: gcc.dg/torture/tls/run-le.c  -Os  (internal compiler error)
FAIL: gcc.dg/torture/tls/run-le.c  -Os  (test for excess errors)
UNRESOLVED: gcc.dg/torture/tls/run-le.c  -Os  compilation failed to produce executable
FAIL: gcc.dg/torture/tls/run-le.c  -O1  -fpic  (internal compiler error)
FAIL: gcc.dg/torture/tls/run-le.c  -O1  -fpic  (test for excess errors)
UNRESOLVED: gcc.dg/torture/tls/run-le.c  -O1  -fpic  compilation failed to produce executable
FAIL: gcc.dg/torture/tls/run-le.c  -O2  -fpic  (internal compiler error)
FAIL: gcc.dg/torture/tls/run-le.c  -O2  -fpic  (test for excess errors)
UNRESOLVED: gcc.dg/torture/tls/run-le.c  -O2  -fpic  compilation failed to produce executable
FAIL: gcc.dg/torture/tls/run-le.c  -O3 -fomit-frame-pointer  -fpic  (internal compiler error)
FAIL: gcc.dg/torture/tls/run-le.c  -O3 -fomit-frame-pointer  -fpic  (test for excess errors)
UNRESOLVED: gcc.dg/torture/tls/run-le.c  -O3 -fomit-frame-pointer  -fpic  compilation failed to produce executable
FAIL: gcc.dg/torture/tls/run-le.c  -O3 -g  -fpic  (internal compiler error)
FAIL: gcc.dg/torture/tls/run-le.c  -O3 -g  -fpic  (test for excess errors)
UNRESOLVED: gcc.dg/torture/tls/run-le.c  -O3 -g  -fpic  compilation failed to produce executable
FAIL: gcc.dg/torture/tls/run-le.c  -Os  -fpic  (internal compiler error)
FAIL: gcc.dg/torture/tls/run-le.c  -Os  -fpic  (test for excess errors)
UNRESOLVED: gcc.dg/torture/tls/run-le.c  -Os  -fpic  compilation failed to produce executable
FAIL: gcc.dg/torture/tls/run-le.c  -O1  -fPIC  (internal compiler error)
FAIL: gcc.dg/torture/tls/run-le.c  -O1  -fPIC  (test for excess errors)
UNRESOLVED: gcc.dg/torture/tls/run-le.c  -O1  -fPIC  compilation failed to produce executable
FAIL: gcc.dg/torture/tls/run-le.c  -O2  -fPIC  (internal compiler error)
FAIL: gcc.dg/torture/tls/run-le.c  -O2  -fPIC  (test for excess errors)
UNRESOLVED: gcc.dg/torture/tls/run-le.c  -O2  -fPIC  compilation failed to produce executable
FAIL: gcc.dg/torture/tls/run-le.c  -O3 -fomit-frame-pointer  -fPIC  (internal compiler error)
FAIL: gcc.dg/torture/tls/run-le.c  -O3 -fomit-frame-pointer  -fPIC  (test for excess errors)
UNRESOLVED: gcc.dg/torture/tls/run-le.c  -O3 -fomit-frame-pointer  -fPIC  compilation failed to produce executable
FAIL: gcc.dg/torture/tls/run-le.c  -O3 -g  -fPIC  (internal compiler error)
FAIL: gcc.dg/torture/tls/run-le.c  -O3 -g  -fPIC  (test for excess errors)
UNRESOLVED: gcc.dg/torture/tls/run-le.c  -O3 -g  -fPIC  compilation failed to produce executable
FAIL: gcc.dg/torture/tls/run-le.c  -Os  -fPIC  (internal compiler error)
FAIL: gcc.dg/torture/tls/run-le.c  -Os  -fPIC  (test for excess errors)
UNRESOLVED: gcc.dg/torture/tls/run-le.c  -Os  -fPIC  compilation failed to produce executable
FAIL: gcc.dg/torture/tls/run-le.c  -O1  -pie -fpie  (internal compiler error)
FAIL: gcc.dg/torture/tls/run-le.c  -O1  -pie -fpie  (test for excess errors)
UNRESOLVED: gcc.dg/torture/tls/run-le.c  -O1  -pie -fpie  compilation failed to produce executable
FAIL: gcc.dg/torture/tls/run-le.c  -O2  -pie -fpie  (internal compiler error)
FAIL: gcc.dg/torture/tls/run-le.c  -O2  -pie -fpie  (test for excess errors)
UNRESOLVED: gcc.dg/torture/tls/run-le.c  -O2  -pie -fpie  compilation failed to produce executable
FAIL: gcc.dg/torture/tls/run-le.c  -O3 -fomit-frame-pointer  -pie -fpie  (internal compiler error)
FAIL: gcc.dg/torture/tls/run-le.c  -O3 -fomit-frame-pointer  -pie -fpie  (test for excess errors)
UNRESOLVED: gcc.dg/torture/tls/run-le.c  -O3 -fomit-frame-pointer  -pie -fpie  compilation failed to produce executable
FAIL: gcc.dg/torture/tls/run-le.c  -O3 -g  -pie -fpie  (internal compiler error)
FAIL: gcc.dg/torture/tls/run-le.c  -O3 -g  -pie -fpie  (test for excess errors)
UNRESOLVED: gcc.dg/torture/tls/run-le.c  -O3 -g  -pie -fpie  compilation failed to produce executable
FAIL: gcc.dg/torture/tls/run-le.c  -Os  -pie -fpie  (internal compiler error)
FAIL: gcc.dg/torture/tls/run-le.c  -Os  -pie -fpie  (test for excess errors)
UNRESOLVED: gcc.dg/torture/tls/run-le.c  -Os  -pie -fpie  compilation failed to produce executable
FAIL: gcc.dg/torture/tls/run-le.c  -O1  -pie -fPIE  (internal compiler error)
FAIL: gcc.dg/torture/tls/run-le.c  -O1  -pie -fPIE  (test for excess errors)
UNRESOLVED: gcc.dg/torture/tls/run-le.c  -O1  -pie -fPIE  compilation failed to produce executable
FAIL: gcc.dg/torture/tls/run-le.c  -O2  -pie -fPIE  (internal compiler error)
FAIL: gcc.dg/torture/tls/run-le.c  -O2  -pie -fPIE  (test for excess errors)
UNRESOLVED: gcc.dg/torture/tls/run-le.c  -O2  -pie -fPIE  compilation failed to produce executable
FAIL: gcc.dg/torture/tls/run-le.c  -O3 -fomit-frame-pointer  -pie -fPIE  (internal compiler error)
FAIL: gcc.dg/torture/tls/run-le.c  -O3 -fomit-frame-pointer  -pie -fPIE  (test for excess errors)
UNRESOLVED: gcc.dg/torture/tls/run-le.c  -O3 -fomit-frame-pointer  -pie -fPIE  compilation failed to produce executable
FAIL: gcc.dg/torture/tls/run-le.c  -O3 -g  -pie -fPIE  (internal compiler error)
FAIL: gcc.dg/torture/tls/run-le.c  -O3 -g  -pie -fPIE  (test for excess errors)
UNRESOLVED: gcc.dg/torture/tls/run-le.c  -O3 -g  -pie -fPIE  compilation failed to produce executable
FAIL: gcc.dg/torture/tls/run-le.c  -Os  -pie -fPIE  (internal compiler error)
FAIL: gcc.dg/torture/tls/run-le.c  -Os  -pie -fPIE  (test for excess errors)
UNRESOLVED: gcc.dg/torture/tls/run-le.c  -Os  -pie -fPIE  compilation failed to produce executable
FAIL: gcc.dg/torture/tls/thr-init-1.c  -O1  (internal compiler error)
FAIL: gcc.dg/torture/tls/thr-init-1.c  -O1  (test for excess errors)
UNRESOLVED: gcc.dg/torture/tls/thr-init-1.c  -O1  compilation failed to produce executable
FAIL: gcc.dg/torture/tls/thr-init-1.c  -O2  (internal compiler error)
FAIL: gcc.dg/torture/tls/thr-init-1.c  -O2  (test for excess errors)
UNRESOLVED: gcc.dg/torture/tls/thr-init-1.c  -O2  compilation failed to produce executable
FAIL: gcc.dg/torture/tls/thr-init-1.c  -O3 -fomit-frame-pointer  (internal compiler error)
FAIL: gcc.dg/torture/tls/thr-init-1.c  -O3 -fomit-frame-pointer  (test for excess errors)
UNRESOLVED: gcc.dg/torture/tls/thr-init-1.c  -O3 -fomit-frame-pointer  compilation failed to produce executable
FAIL: gcc.dg/torture/tls/thr-init-1.c  -O3 -g  (internal compiler error)
FAIL: gcc.dg/torture/tls/thr-init-1.c  -O3 -g  (test for excess errors)
UNRESOLVED: gcc.dg/torture/tls/thr-init-1.c  -O3 -g  compilation failed to produce executable
FAIL: gcc.dg/torture/tls/thr-init-1.c  -Os  (internal compiler error)
FAIL: gcc.dg/torture/tls/thr-init-1.c  -Os  (test for excess errors)
UNRESOLVED: gcc.dg/torture/tls/thr-init-1.c  -Os  compilation failed to produce executable
FAIL: gcc.dg/torture/tls/thr-init-1.c  -O1  -fpic  (internal compiler error)
FAIL: gcc.dg/torture/tls/thr-init-1.c  -O1  -fpic  (test for excess errors)
UNRESOLVED: gcc.dg/torture/tls/thr-init-1.c  -O1  -fpic  compilation failed to produce executable
FAIL: gcc.dg/torture/tls/thr-init-1.c  -O2  -fpic  (internal compiler error)
FAIL: gcc.dg/torture/tls/thr-init-1.c  -O2  -fpic  (test for excess errors)
UNRESOLVED: gcc.dg/torture/tls/thr-init-1.c  -O2  -fpic  compilation failed to produce executable
FAIL: gcc.dg/torture/tls/thr-init-1.c  -O3 -fomit-frame-pointer  -fpic  (internal compiler error)
FAIL: gcc.dg/torture/tls/thr-init-1.c  -O3 -fomit-frame-pointer  -fpic  (test for excess errors)
UNRESOLVED: gcc.dg/torture/tls/thr-init-1.c  -O3 -fomit-frame-pointer  -fpic  compilation failed to produce executable
FAIL: gcc.dg/torture/tls/thr-init-1.c  -O3 -g  -fpic  (internal compiler error)
FAIL: gcc.dg/torture/tls/thr-init-1.c  -O3 -g  -fpic  (test for excess errors)
UNRESOLVED: gcc.dg/torture/tls/thr-init-1.c  -O3 -g  -fpic  compilation failed to produce executable
FAIL: gcc.dg/torture/tls/thr-init-1.c  -Os  -fpic  (internal compiler error)
FAIL: gcc.dg/torture/tls/thr-init-1.c  -Os  -fpic  (test for excess errors)
UNRESOLVED: gcc.dg/torture/tls/thr-init-1.c  -Os  -fpic  compilation failed to produce executable
FAIL: gcc.dg/torture/tls/thr-init-1.c  -O1  -fPIC  (internal compiler error)
FAIL: gcc.dg/torture/tls/thr-init-1.c  -O1  -fPIC  (test for excess errors)
UNRESOLVED: gcc.dg/torture/tls/thr-init-1.c  -O1  -fPIC  compilation failed to produce executable
FAIL: gcc.dg/torture/tls/thr-init-1.c  -O2  -fPIC  (internal compiler error)
FAIL: gcc.dg/torture/tls/thr-init-1.c  -O2  -fPIC  (test for excess errors)
UNRESOLVED: gcc.dg/torture/tls/thr-init-1.c  -O2  -fPIC  compilation failed to produce executable
FAIL: gcc.dg/torture/tls/thr-init-1.c  -O3 -fomit-frame-pointer  -fPIC  (internal compiler error)
FAIL: gcc.dg/torture/tls/thr-init-1.c  -O3 -fomit-frame-pointer  -fPIC  (test for excess errors)
UNRESOLVED: gcc.dg/torture/tls/thr-init-1.c  -O3 -fomit-frame-pointer  -fPIC  compilation failed to produce executable
FAIL: gcc.dg/torture/tls/thr-init-1.c  -O3 -g  -fPIC  (internal compiler error)
FAIL: gcc.dg/torture/tls/thr-init-1.c  -O3 -g  -fPIC  (test for excess errors)
UNRESOLVED: gcc.dg/torture/tls/thr-init-1.c  -O3 -g  -fPIC  compilation failed to produce executable
FAIL: gcc.dg/torture/tls/thr-init-1.c  -Os  -fPIC  (internal compiler error)
FAIL: gcc.dg/torture/tls/thr-init-1.c  -Os  -fPIC  (test for excess errors)
UNRESOLVED: gcc.dg/torture/tls/thr-init-1.c  -Os  -fPIC  compilation failed to produce executable
FAIL: gcc.dg/torture/tls/thr-init-1.c  -O1  -pie -fpie  (internal compiler error)
FAIL: gcc.dg/torture/tls/thr-init-1.c  -O1  -pie -fpie  (test for excess errors)
UNRESOLVED: gcc.dg/torture/tls/thr-init-1.c  -O1  -pie -fpie  compilation failed to produce executable
FAIL: gcc.dg/torture/tls/thr-init-1.c  -O2  -pie -fpie  (internal compiler error)
FAIL: gcc.dg/torture/tls/thr-init-1.c  -O2  -pie -fpie  (test for excess errors)
UNRESOLVED: gcc.dg/torture/tls/thr-init-1.c  -O2  -pie -fpie  compilation failed to produce executable
FAIL: gcc.dg/torture/tls/thr-init-1.c  -O3 -fomit-frame-pointer  -pie -fpie  (internal compiler error)
FAIL: gcc.dg/torture/tls/thr-init-1.c  -O3 -fomit-frame-pointer  -pie -fpie  (test for excess errors)
UNRESOLVED: gcc.dg/torture/tls/thr-init-1.c  -O3 -fomit-frame-pointer  -pie -fpie  compilation failed to produce executable
FAIL: gcc.dg/torture/tls/thr-init-1.c  -O3 -g  -pie -fpie  (internal compiler error)
FAIL: gcc.dg/torture/tls/thr-init-1.c  -O3 -g  -pie -fpie  (test for excess errors)
UNRESOLVED: gcc.dg/torture/tls/thr-init-1.c  -O3 -g  -pie -fpie  compilation failed to produce executable
FAIL: gcc.dg/torture/tls/thr-init-1.c  -Os  -pie -fpie  (internal compiler error)
FAIL: gcc.dg/torture/tls/thr-init-1.c  -Os  -pie -fpie  (test for excess errors)
UNRESOLVED: gcc.dg/torture/tls/thr-init-1.c  -Os  -pie -fpie  compilation failed to produce executable
FAIL: gcc.dg/torture/tls/thr-init-1.c  -O1  -pie -fPIE  (internal compiler error)
FAIL: gcc.dg/torture/tls/thr-init-1.c  -O1  -pie -fPIE  (test for excess errors)
UNRESOLVED: gcc.dg/torture/tls/thr-init-1.c  -O1  -pie -fPIE  compilation failed to produce executable
FAIL: gcc.dg/torture/tls/thr-init-1.c  -O2  -pie -fPIE  (internal compiler error)
FAIL: gcc.dg/torture/tls/thr-init-1.c  -O2  -pie -fPIE  (test for excess errors)
UNRESOLVED: gcc.dg/torture/tls/thr-init-1.c  -O2  -pie -fPIE  compilation failed to produce executable
FAIL: gcc.dg/torture/tls/thr-init-1.c  -O3 -fomit-frame-pointer  -pie -fPIE  (internal compiler error)
FAIL: gcc.dg/torture/tls/thr-init-1.c  -O3 -fomit-frame-pointer  -pie -fPIE  (test for excess errors)
UNRESOLVED: gcc.dg/torture/tls/thr-init-1.c  -O3 -fomit-frame-pointer  -pie -fPIE  compilation failed to produce executable
FAIL: gcc.dg/torture/tls/thr-init-1.c  -O3 -g  -pie -fPIE  (internal compiler error)
FAIL: gcc.dg/torture/tls/thr-init-1.c  -O3 -g  -pie -fPIE  (test for excess errors)
UNRESOLVED: gcc.dg/torture/tls/thr-init-1.c  -O3 -g  -pie -fPIE  compilation failed to produce executable
FAIL: gcc.dg/torture/tls/thr-init-1.c  -Os  -pie -fPIE  (internal compiler error)
FAIL: gcc.dg/torture/tls/thr-init-1.c  -Os  -pie -fPIE  (test for excess errors)
UNRESOLVED: gcc.dg/torture/tls/thr-init-1.c  -Os  -pie -fPIE  compilation failed to produce executable
FAIL: gcc.dg/torture/tls/thr-init-2.c  -O1  (internal compiler error)
FAIL: gcc.dg/torture/tls/thr-init-2.c  -O1  (test for excess errors)
UNRESOLVED: gcc.dg/torture/tls/thr-init-2.c  -O1  compilation failed to produce executable
FAIL: gcc.dg/torture/tls/thr-init-2.c  -O2  (internal compiler error)
FAIL: gcc.dg/torture/tls/thr-init-2.c  -O2  (test for excess errors)
UNRESOLVED: gcc.dg/torture/tls/thr-init-2.c  -O2  compilation failed to produce executable
FAIL: gcc.dg/torture/tls/thr-init-2.c  -O3 -fomit-frame-pointer  (internal compiler error)
FAIL: gcc.dg/torture/tls/thr-init-2.c  -O3 -fomit-frame-pointer  (test for excess errors)
UNRESOLVED: gcc.dg/torture/tls/thr-init-2.c  -O3 -fomit-frame-pointer  compilation failed to produce executable
FAIL: gcc.dg/torture/tls/thr-init-2.c  -O3 -g  (internal compiler error)
FAIL: gcc.dg/torture/tls/thr-init-2.c  -O3 -g  (test for excess errors)
UNRESOLVED: gcc.dg/torture/tls/thr-init-2.c  -O3 -g  compilation failed to produce executable
FAIL: gcc.dg/torture/tls/thr-init-2.c  -Os  (internal compiler error)
FAIL: gcc.dg/torture/tls/thr-init-2.c  -Os  (test for excess errors)
UNRESOLVED: gcc.dg/torture/tls/thr-init-2.c  -Os  compilation failed to produce executable
FAIL: gcc.dg/torture/tls/thr-init-2.c  -O1  -fpic  (internal compiler error)
FAIL: gcc.dg/torture/tls/thr-init-2.c  -O1  -fpic  (test for excess errors)
UNRESOLVED: gcc.dg/torture/tls/thr-init-2.c  -O1  -fpic  compilation failed to produce executable
FAIL: gcc.dg/torture/tls/thr-init-2.c  -O2  -fpic  (internal compiler error)
FAIL: gcc.dg/torture/tls/thr-init-2.c  -O2  -fpic  (test for excess errors)
UNRESOLVED: gcc.dg/torture/tls/thr-init-2.c  -O2  -fpic  compilation failed to produce executable
FAIL: gcc.dg/torture/tls/thr-init-2.c  -O3 -fomit-frame-pointer  -fpic  (internal compiler error)
FAIL: gcc.dg/torture/tls/thr-init-2.c  -O3 -fomit-frame-pointer  -fpic  (test for excess errors)
UNRESOLVED: gcc.dg/torture/tls/thr-init-2.c  -O3 -fomit-frame-pointer  -fpic  compilation failed to produce executable
FAIL: gcc.dg/torture/tls/thr-init-2.c  -O3 -g  -fpic  (internal compiler error)
FAIL: gcc.dg/torture/tls/thr-init-2.c  -O3 -g  -fpic  (test for excess errors)
UNRESOLVED: gcc.dg/torture/tls/thr-init-2.c  -O3 -g  -fpic  compilation failed to produce executable
FAIL: gcc.dg/torture/tls/thr-init-2.c  -Os  -fpic  (internal compiler error)
FAIL: gcc.dg/torture/tls/thr-init-2.c  -Os  -fpic  (test for excess errors)
UNRESOLVED: gcc.dg/torture/tls/thr-init-2.c  -Os  -fpic  compilation failed to produce executable
FAIL: gcc.dg/torture/tls/thr-init-2.c  -O1  -fPIC  (internal compiler error)
FAIL: gcc.dg/torture/tls/thr-init-2.c  -O1  -fPIC  (test for excess errors)
UNRESOLVED: gcc.dg/torture/tls/thr-init-2.c  -O1  -fPIC  compilation failed to produce executable
FAIL: gcc.dg/torture/tls/thr-init-2.c  -O2  -fPIC  (internal compiler error)
FAIL: gcc.dg/torture/tls/thr-init-2.c  -O2  -fPIC  (test for excess errors)
UNRESOLVED: gcc.dg/torture/tls/thr-init-2.c  -O2  -fPIC  compilation failed to produce executable
FAIL: gcc.dg/torture/tls/thr-init-2.c  -O3 -fomit-frame-pointer  -fPIC  (internal compiler error)
FAIL: gcc.dg/torture/tls/thr-init-2.c  -O3 -fomit-frame-pointer  -fPIC  (test for excess errors)
UNRESOLVED: gcc.dg/torture/tls/thr-init-2.c  -O3 -fomit-frame-pointer  -fPIC  compilation failed to produce executable
FAIL: gcc.dg/torture/tls/thr-init-2.c  -O3 -g  -fPIC  (internal compiler error)
FAIL: gcc.dg/torture/tls/thr-init-2.c  -O3 -g  -fPIC  (test for excess errors)
UNRESOLVED: gcc.dg/torture/tls/thr-init-2.c  -O3 -g  -fPIC  compilation failed to produce executable
FAIL: gcc.dg/torture/tls/thr-init-2.c  -Os  -fPIC  (internal compiler error)
FAIL: gcc.dg/torture/tls/thr-init-2.c  -Os  -fPIC  (test for excess errors)
UNRESOLVED: gcc.dg/torture/tls/thr-init-2.c  -Os  -fPIC  compilation failed to produce executable
FAIL: gcc.dg/torture/tls/thr-init-2.c  -O1  -pie -fpie  (internal compiler error)
FAIL: gcc.dg/torture/tls/thr-init-2.c  -O1  -pie -fpie  (test for excess errors)
UNRESOLVED: gcc.dg/torture/tls/thr-init-2.c  -O1  -pie -fpie  compilation failed to produce executable
FAIL: gcc.dg/torture/tls/thr-init-2.c  -O2  -pie -fpie  (internal compiler error)
FAIL: gcc.dg/torture/tls/thr-init-2.c  -O2  -pie -fpie  (test for excess errors)
UNRESOLVED: gcc.dg/torture/tls/thr-init-2.c  -O2  -pie -fpie  compilation failed to produce executable
FAIL: gcc.dg/torture/tls/thr-init-2.c  -O3 -fomit-frame-pointer  -pie -fpie  (internal compiler error)
FAIL: gcc.dg/torture/tls/thr-init-2.c  -O3 -fomit-frame-pointer  -pie -fpie  (test for excess errors)
UNRESOLVED: gcc.dg/torture/tls/thr-init-2.c  -O3 -fomit-frame-pointer  -pie -fpie  compilation failed to produce executable
FAIL: gcc.dg/torture/tls/thr-init-2.c  -O3 -g  -pie -fpie  (internal compiler error)
FAIL: gcc.dg/torture/tls/thr-init-2.c  -O3 -g  -pie -fpie  (test for excess errors)
UNRESOLVED: gcc.dg/torture/tls/thr-init-2.c  -O3 -g  -pie -fpie  compilation failed to produce executable
FAIL: gcc.dg/torture/tls/thr-init-2.c  -Os  -pie -fpie  (internal compiler error)
FAIL: gcc.dg/torture/tls/thr-init-2.c  -Os  -pie -fpie  (test for excess errors)
UNRESOLVED: gcc.dg/torture/tls/thr-init-2.c  -Os  -pie -fpie  compilation failed to produce executable
FAIL: gcc.dg/torture/tls/thr-init-2.c  -O1  -pie -fPIE  (internal compiler error)
FAIL: gcc.dg/torture/tls/thr-init-2.c  -O1  -pie -fPIE  (test for excess errors)
UNRESOLVED: gcc.dg/torture/tls/thr-init-2.c  -O1  -pie -fPIE  compilation failed to produce executable
FAIL: gcc.dg/torture/tls/thr-init-2.c  -O2  -pie -fPIE  (internal compiler error)
FAIL: gcc.dg/torture/tls/thr-init-2.c  -O2  -pie -fPIE  (test for excess errors)
UNRESOLVED: gcc.dg/torture/tls/thr-init-2.c  -O2  -pie -fPIE  compilation failed to produce executable
FAIL: gcc.dg/torture/tls/thr-init-2.c  -O3 -fomit-frame-pointer  -pie -fPIE  (internal compiler error)
FAIL: gcc.dg/torture/tls/thr-init-2.c  -O3 -fomit-frame-pointer  -pie -fPIE  (test for excess errors)
UNRESOLVED: gcc.dg/torture/tls/thr-init-2.c  -O3 -fomit-frame-pointer  -pie -fPIE  compilation failed to produce executable
FAIL: gcc.dg/torture/tls/thr-init-2.c  -O3 -g  -pie -fPIE  (internal compiler error)
FAIL: gcc.dg/torture/tls/thr-init-2.c  -O3 -g  -pie -fPIE  (test for excess errors)
UNRESOLVED: gcc.dg/torture/tls/thr-init-2.c  -O3 -g  -pie -fPIE  compilation failed to produce executable
FAIL: gcc.dg/torture/tls/thr-init-2.c  -Os  -pie -fPIE  (internal compiler error)
FAIL: gcc.dg/torture/tls/thr-init-2.c  -Os  -pie -fPIE  (test for excess errors)
UNRESOLVED: gcc.dg/torture/tls/thr-init-2.c  -Os  -pie -fPIE  compilation failed to produce executable
FAIL: gcc.dg/torture/tls/tls-test.c  -O1  (internal compiler error)
FAIL: gcc.dg/torture/tls/tls-test.c  -O1  (test for excess errors)
UNRESOLVED: gcc.dg/torture/tls/tls-test.c  -O1  compilation failed to produce executable
FAIL: gcc.dg/torture/tls/tls-test.c  -O2  (internal compiler error)
FAIL: gcc.dg/torture/tls/tls-test.c  -O2  (test for excess errors)
UNRESOLVED: gcc.dg/torture/tls/tls-test.c  -O2  compilation failed to produce executable
FAIL: gcc.dg/torture/tls/tls-test.c  -O3 -fomit-frame-pointer  (internal compiler error)
FAIL: gcc.dg/torture/tls/tls-test.c  -O3 -fomit-frame-pointer  (test for excess errors)
UNRESOLVED: gcc.dg/torture/tls/tls-test.c  -O3 -fomit-frame-pointer  compilation failed to produce executable
FAIL: gcc.dg/torture/tls/tls-test.c  -O3 -g  (internal compiler error)
FAIL: gcc.dg/torture/tls/tls-test.c  -O3 -g  (test for excess errors)
UNRESOLVED: gcc.dg/torture/tls/tls-test.c  -O3 -g  compilation failed to produce executable
FAIL: gcc.dg/torture/tls/tls-test.c  -Os  (internal compiler error)
FAIL: gcc.dg/torture/tls/tls-test.c  -Os  (test for excess errors)
UNRESOLVED: gcc.dg/torture/tls/tls-test.c  -Os  compilation failed to produce executable
FAIL: gcc.dg/torture/tls/tls-test.c  -O1  -fpic  (internal compiler error)
FAIL: gcc.dg/torture/tls/tls-test.c  -O1  -fpic  (test for excess errors)
UNRESOLVED: gcc.dg/torture/tls/tls-test.c  -O1  -fpic  compilation failed to produce executable
FAIL: gcc.dg/torture/tls/tls-test.c  -O2  -fpic  (internal compiler error)
FAIL: gcc.dg/torture/tls/tls-test.c  -O2  -fpic  (test for excess errors)
UNRESOLVED: gcc.dg/torture/tls/tls-test.c  -O2  -fpic  compilation failed to produce executable
FAIL: gcc.dg/torture/tls/tls-test.c  -O3 -fomit-frame-pointer  -fpic  (internal compiler error)
FAIL: gcc.dg/torture/tls/tls-test.c  -O3 -fomit-frame-pointer  -fpic  (test for excess errors)
UNRESOLVED: gcc.dg/torture/tls/tls-test.c  -O3 -fomit-frame-pointer  -fpic  compilation failed to produce executable
FAIL: gcc.dg/torture/tls/tls-test.c  -O3 -g  -fpic  (internal compiler error)
FAIL: gcc.dg/torture/tls/tls-test.c  -O3 -g  -fpic  (test for excess errors)
UNRESOLVED: gcc.dg/torture/tls/tls-test.c  -O3 -g  -fpic  compilation failed to produce executable
FAIL: gcc.dg/torture/tls/tls-test.c  -Os  -fpic  (internal compiler error)
FAIL: gcc.dg/torture/tls/tls-test.c  -Os  -fpic  (test for excess errors)
UNRESOLVED: gcc.dg/torture/tls/tls-test.c  -Os  -fpic  compilation failed to produce executable
FAIL: gcc.dg/torture/tls/tls-test.c  -O1  -fPIC  (internal compiler error)
FAIL: gcc.dg/torture/tls/tls-test.c  -O1  -fPIC  (test for excess errors)
UNRESOLVED: gcc.dg/torture/tls/tls-test.c  -O1  -fPIC  compilation failed to produce executable
FAIL: gcc.dg/torture/tls/tls-test.c  -O2  -fPIC  (internal compiler error)
FAIL: gcc.dg/torture/tls/tls-test.c  -O2  -fPIC  (test for excess errors)
UNRESOLVED: gcc.dg/torture/tls/tls-test.c  -O2  -fPIC  compilation failed to produce executable
FAIL: gcc.dg/torture/tls/tls-test.c  -O3 -fomit-frame-pointer  -fPIC  (internal compiler error)
FAIL: gcc.dg/torture/tls/tls-test.c  -O3 -fomit-frame-pointer  -fPIC  (test for excess errors)
UNRESOLVED: gcc.dg/torture/tls/tls-test.c  -O3 -fomit-frame-pointer  -fPIC  compilation failed to produce executable
FAIL: gcc.dg/torture/tls/tls-test.c  -O3 -g  -fPIC  (internal compiler error)
FAIL: gcc.dg/torture/tls/tls-test.c  -O3 -g  -fPIC  (test for excess errors)
UNRESOLVED: gcc.dg/torture/tls/tls-test.c  -O3 -g  -fPIC  compilation failed to produce executable
FAIL: gcc.dg/torture/tls/tls-test.c  -Os  -fPIC  (internal compiler error)
FAIL: gcc.dg/torture/tls/tls-test.c  -Os  -fPIC  (test for excess errors)
UNRESOLVED: gcc.dg/torture/tls/tls-test.c  -Os  -fPIC  compilation failed to produce executable
FAIL: gcc.dg/torture/tls/tls-test.c  -O1  -pie -fpie  (internal compiler error)
FAIL: gcc.dg/torture/tls/tls-test.c  -O1  -pie -fpie  (test for excess errors)
UNRESOLVED: gcc.dg/torture/tls/tls-test.c  -O1  -pie -fpie  compilation failed to produce executable
FAIL: gcc.dg/torture/tls/tls-test.c  -O2  -pie -fpie  (internal compiler error)
FAIL: gcc.dg/torture/tls/tls-test.c  -O2  -pie -fpie  (test for excess errors)
UNRESOLVED: gcc.dg/torture/tls/tls-test.c  -O2  -pie -fpie  compilation failed to produce executable
FAIL: gcc.dg/torture/tls/tls-test.c  -O3 -fomit-frame-pointer  -pie -fpie  (internal compiler error)
FAIL: gcc.dg/torture/tls/tls-test.c  -O3 -fomit-frame-pointer  -pie -fpie  (test for excess errors)
UNRESOLVED: gcc.dg/torture/tls/tls-test.c  -O3 -fomit-frame-pointer  -pie -fpie  compilation failed to produce executable
FAIL: gcc.dg/torture/tls/tls-test.c  -O3 -g  -pie -fpie  (internal compiler error)
FAIL: gcc.dg/torture/tls/tls-test.c  -O3 -g  -pie -fpie  (test for excess errors)
UNRESOLVED: gcc.dg/torture/tls/tls-test.c  -O3 -g  -pie -fpie  compilation failed to produce executable
FAIL: gcc.dg/torture/tls/tls-test.c  -Os  -pie -fpie  (internal compiler error)
FAIL: gcc.dg/torture/tls/tls-test.c  -Os  -pie -fpie  (test for excess errors)
UNRESOLVED: gcc.dg/torture/tls/tls-test.c  -Os  -pie -fpie  compilation failed to produce executable
FAIL: gcc.dg/torture/tls/tls-test.c  -O1  -pie -fPIE  (internal compiler error)
FAIL: gcc.dg/torture/tls/tls-test.c  -O1  -pie -fPIE  (test for excess errors)
UNRESOLVED: gcc.dg/torture/tls/tls-test.c  -O1  -pie -fPIE  compilation failed to produce executable
FAIL: gcc.dg/torture/tls/tls-test.c  -O2  -pie -fPIE  (internal compiler error)
FAIL: gcc.dg/torture/tls/tls-test.c  -O2  -pie -fPIE  (test for excess errors)
UNRESOLVED: gcc.dg/torture/tls/tls-test.c  -O2  -pie -fPIE  compilation failed to produce executable
FAIL: gcc.dg/torture/tls/tls-test.c  -O3 -fomit-frame-pointer  -pie -fPIE  (internal compiler error)
FAIL: gcc.dg/torture/tls/tls-test.c  -O3 -fomit-frame-pointer  -pie -fPIE  (test for excess errors)
UNRESOLVED: gcc.dg/torture/tls/tls-test.c  -O3 -fomit-frame-pointer  -pie -fPIE  compilation failed to produce executable
FAIL: gcc.dg/torture/tls/tls-test.c  -O3 -g  -pie -fPIE  (internal compiler error)
FAIL: gcc.dg/torture/tls/tls-test.c  -O3 -g  -pie -fPIE  (test for excess errors)
UNRESOLVED: gcc.dg/torture/tls/tls-test.c  -O3 -g  -pie -fPIE  compilation failed to produce executable
FAIL: gcc.dg/torture/tls/tls-test.c  -Os  -pie -fPIE  (internal compiler error)
FAIL: gcc.dg/torture/tls/tls-test.c  -Os  -pie -fPIE  (test for excess errors)
UNRESOLVED: gcc.dg/torture/tls/tls-test.c  -Os  -pie -fPIE  compilation failed to produce executable
FAIL: gcc.dg/tree-ssa/vrp47.c scan-tree-dump-times dom1 "x[^ ]* & y" 1
FAIL: gcc.target/i386/pr49866.c (test for excess errors)

		=== gcc Summary for unix/-m64 ===

# of expected passes		66095
# of unexpected failures	453
# of expected failures		187
# of unresolved testcases	180
# of unsupported tests		1911

		=== gcc Summary ===

# of expected passes		131866
# of unexpected failures	903
# of expected failures		373
# of unresolved testcases	360
# of unsupported tests		3546
/BUILD/gcc/obj-179707/gcc/xgcc  version 4.7.0 20111008 (experimental) [trunk revision 179707] (GCC) 

		=== libgomp tests ===


Running target unix/-m64
FAIL: libgomp.c/copyin-1.c (internal compiler error)
FAIL: libgomp.c/copyin-1.c (test for excess errors)
UNRESOLVED: libgomp.c/copyin-1.c compilation failed to produce executable
FAIL: libgomp.c/copyin-2.c (internal compiler error)
FAIL: libgomp.c/copyin-2.c (test for excess errors)
UNRESOLVED: libgomp.c/copyin-2.c compilation failed to produce executable
FAIL: libgomp.c++/copyin-1.C  -O1  (internal compiler error)
FAIL: libgomp.c++/copyin-1.C  -O1  (test for excess errors)
UNRESOLVED: libgomp.c++/copyin-1.C  -O1  compilation failed to produce executable
FAIL: libgomp.c++/copyin-1.C  -O2  (internal compiler error)
FAIL: libgomp.c++/copyin-1.C  -O2  (test for excess errors)
UNRESOLVED: libgomp.c++/copyin-1.C  -O2  compilation failed to produce executable
FAIL: libgomp.c++/copyin-1.C  -O3 -fomit-frame-pointer  (internal compiler error)
FAIL: libgomp.c++/copyin-1.C  -O3 -fomit-frame-pointer  (test for excess errors)
UNRESOLVED: libgomp.c++/copyin-1.C  -O3 -fomit-frame-pointer  compilation failed to produce executable
FAIL: libgomp.c++/copyin-1.C  -O3 -fomit-frame-pointer -funroll-loops  (internal compiler error)
FAIL: libgomp.c++/copyin-1.C  -O3 -fomit-frame-pointer -funroll-loops  (test for excess errors)
UNRESOLVED: libgomp.c++/copyin-1.C  -O3 -fomit-frame-pointer -funroll-loops  compilation failed to produce executable
FAIL: libgomp.c++/copyin-1.C  -O3 -fomit-frame-pointer -funroll-all-loops -finline-functions  (internal compiler error)
FAIL: libgomp.c++/copyin-1.C  -O3 -fomit-frame-pointer -funroll-all-loops -finline-functions  (test for excess errors)
UNRESOLVED: libgomp.c++/copyin-1.C  -O3 -fomit-frame-pointer -funroll-all-loops -finline-functions  compilation failed to produce executable
FAIL: libgomp.c++/copyin-1.C  -O3 -g  (internal compiler error)
FAIL: libgomp.c++/copyin-1.C  -O3 -g  (test for excess errors)
UNRESOLVED: libgomp.c++/copyin-1.C  -O3 -g  compilation failed to produce executable
FAIL: libgomp.c++/copyin-1.C  -Os  (internal compiler error)
FAIL: libgomp.c++/copyin-1.C  -Os  (test for excess errors)
UNRESOLVED: libgomp.c++/copyin-1.C  -Os  compilation failed to produce executable
FAIL: libgomp.c++/copyin-2.C  -O1  (internal compiler error)
FAIL: libgomp.c++/copyin-2.C  -O1  (test for excess errors)
UNRESOLVED: libgomp.c++/copyin-2.C  -O1  compilation failed to produce executable
FAIL: libgomp.c++/copyin-2.C  -O2  (internal compiler error)
FAIL: libgomp.c++/copyin-2.C  -O2  (test for excess errors)
UNRESOLVED: libgomp.c++/copyin-2.C  -O2  compilation failed to produce executable
FAIL: libgomp.c++/copyin-2.C  -O3 -fomit-frame-pointer  (internal compiler error)
FAIL: libgomp.c++/copyin-2.C  -O3 -fomit-frame-pointer  (test for excess errors)
UNRESOLVED: libgomp.c++/copyin-2.C  -O3 -fomit-frame-pointer  compilation failed to produce executable
FAIL: libgomp.c++/copyin-2.C  -O3 -fomit-frame-pointer -funroll-loops  (internal compiler error)
FAIL: libgomp.c++/copyin-2.C  -O3 -fomit-frame-pointer -funroll-loops  (test for excess errors)
UNRESOLVED: libgomp.c++/copyin-2.C  -O3 -fomit-frame-pointer -funroll-loops  compilation failed to produce executable
FAIL: libgomp.c++/copyin-2.C  -O3 -fomit-frame-pointer -funroll-all-loops -finline-functions  (internal compiler error)
FAIL: libgomp.c++/copyin-2.C  -O3 -fomit-frame-pointer -funroll-all-loops -finline-functions  (test for excess errors)
UNRESOLVED: libgomp.c++/copyin-2.C  -O3 -fomit-frame-pointer -funroll-all-loops -finline-functions  compilation failed to produce executable
FAIL: libgomp.c++/copyin-2.C  -O3 -g  (internal compiler error)
FAIL: libgomp.c++/copyin-2.C  -O3 -g  (test for excess errors)
UNRESOLVED: libgomp.c++/copyin-2.C  -O3 -g  compilation failed to produce executable
FAIL: libgomp.c++/copyin-2.C  -Os  (internal compiler error)
FAIL: libgomp.c++/copyin-2.C  -Os  (test for excess errors)
UNRESOLVED: libgomp.c++/copyin-2.C  -Os  compilation failed to produce executable
FAIL: libgomp.c++/ctor-10.C  -O1  (internal compiler error)
FAIL: libgomp.c++/ctor-10.C  -O1  (test for excess errors)
UNRESOLVED: libgomp.c++/ctor-10.C  -O1  compilation failed to produce executable
FAIL: libgomp.c++/ctor-10.C  -O2  (internal compiler error)
FAIL: libgomp.c++/ctor-10.C  -O2  (test for excess errors)
UNRESOLVED: libgomp.c++/ctor-10.C  -O2  compilation failed to produce executable
FAIL: libgomp.c++/ctor-10.C  -Os  (internal compiler error)
FAIL: libgomp.c++/ctor-10.C  -Os  (test for excess errors)
UNRESOLVED: libgomp.c++/ctor-10.C  -Os  compilation failed to produce executable
FAIL: libgomp.c++/ctor-5.C  -O1  (internal compiler error)
FAIL: libgomp.c++/ctor-5.C  -O1  (test for excess errors)
UNRESOLVED: libgomp.c++/ctor-5.C  -O1  compilation failed to produce executable
FAIL: libgomp.c++/ctor-5.C  -O2  (internal compiler error)
FAIL: libgomp.c++/ctor-5.C  -O2  (test for excess errors)
UNRESOLVED: libgomp.c++/ctor-5.C  -O2  compilation failed to produce executable
FAIL: libgomp.c++/ctor-5.C  -O3 -fomit-frame-pointer  (internal compiler error)
FAIL: libgomp.c++/ctor-5.C  -O3 -fomit-frame-pointer  (test for excess errors)
UNRESOLVED: libgomp.c++/ctor-5.C  -O3 -fomit-frame-pointer  compilation failed to produce executable
FAIL: libgomp.c++/ctor-5.C  -O3 -fomit-frame-pointer -funroll-loops  (internal compiler error)
FAIL: libgomp.c++/ctor-5.C  -O3 -fomit-frame-pointer -funroll-loops  (test for excess errors)
UNRESOLVED: libgomp.c++/ctor-5.C  -O3 -fomit-frame-pointer -funroll-loops  compilation failed to produce executable
FAIL: libgomp.c++/ctor-5.C  -O3 -fomit-frame-pointer -funroll-all-loops -finline-functions  (internal compiler error)
FAIL: libgomp.c++/ctor-5.C  -O3 -fomit-frame-pointer -funroll-all-loops -finline-functions  (test for excess errors)
UNRESOLVED: libgomp.c++/ctor-5.C  -O3 -fomit-frame-pointer -funroll-all-loops -finline-functions  compilation failed to produce executable
FAIL: libgomp.c++/ctor-5.C  -O3 -g  (internal compiler error)
FAIL: libgomp.c++/ctor-5.C  -O3 -g  (test for excess errors)
UNRESOLVED: libgomp.c++/ctor-5.C  -O3 -g  compilation failed to produce executable
FAIL: libgomp.c++/ctor-5.C  -Os  (internal compiler error)
FAIL: libgomp.c++/ctor-5.C  -Os  (test for excess errors)
UNRESOLVED: libgomp.c++/ctor-5.C  -Os  compilation failed to produce executable
FAIL: libgomp.c++/ctor-8.C  -O1  (internal compiler error)
FAIL: libgomp.c++/ctor-8.C  -O1  (test for excess errors)
UNRESOLVED: libgomp.c++/ctor-8.C  -O1  compilation failed to produce executable
FAIL: libgomp.c++/ctor-8.C  -O2  (internal compiler error)
FAIL: libgomp.c++/ctor-8.C  -O2  (test for excess errors)
UNRESOLVED: libgomp.c++/ctor-8.C  -O2  compilation failed to produce executable
FAIL: libgomp.c++/ctor-8.C  -Os  (internal compiler error)
FAIL: libgomp.c++/ctor-8.C  -Os  (test for excess errors)
UNRESOLVED: libgomp.c++/ctor-8.C  -Os  compilation failed to produce executable
FAIL: libgomp.c++/ctor-9.C  -O1  (internal compiler error)
FAIL: libgomp.c++/ctor-9.C  -O1  (test for excess errors)
UNRESOLVED: libgomp.c++/ctor-9.C  -O1  compilation failed to produce executable
FAIL: libgomp.c++/ctor-9.C  -O2  (internal compiler error)
FAIL: libgomp.c++/ctor-9.C  -O2  (test for excess errors)
UNRESOLVED: libgomp.c++/ctor-9.C  -O2  compilation failed to produce executable
FAIL: libgomp.c++/ctor-9.C  -Os  (internal compiler error)
FAIL: libgomp.c++/ctor-9.C  -Os  (test for excess errors)
UNRESOLVED: libgomp.c++/ctor-9.C  -Os  compilation failed to produce executable
FAIL: libgomp.c++/pr24455.C  -O0  (test for excess errors)
UNRESOLVED: libgomp.c++/pr24455.C  -O0  compilation failed to produce executable
FAIL: libgomp.c++/pr24455.C  -O1  (internal compiler error)
FAIL: libgomp.c++/pr24455.C  -O1  (test for excess errors)
UNRESOLVED: libgomp.c++/pr24455.C  -O1  compilation failed to produce executable
FAIL: libgomp.c++/pr24455.C  -O2  (internal compiler error)
FAIL: libgomp.c++/pr24455.C  -O2  (test for excess errors)
UNRESOLVED: libgomp.c++/pr24455.C  -O2  compilation failed to produce executable
FAIL: libgomp.c++/pr24455.C  -O3 -fomit-frame-pointer  (internal compiler error)
FAIL: libgomp.c++/pr24455.C  -O3 -fomit-frame-pointer  (test for excess errors)
UNRESOLVED: libgomp.c++/pr24455.C  -O3 -fomit-frame-pointer  compilation failed to produce executable
FAIL: libgomp.c++/pr24455.C  -O3 -fomit-frame-pointer -funroll-loops  (internal compiler error)
FAIL: libgomp.c++/pr24455.C  -O3 -fomit-frame-pointer -funroll-loops  (test for excess errors)
UNRESOLVED: libgomp.c++/pr24455.C  -O3 -fomit-frame-pointer -funroll-loops  compilation failed to produce executable
FAIL: libgomp.c++/pr24455.C  -O3 -fomit-frame-pointer -funroll-all-loops -finline-functions  (internal compiler error)
FAIL: libgomp.c++/pr24455.C  -O3 -fomit-frame-pointer -funroll-all-loops -finline-functions  (test for excess errors)
UNRESOLVED: libgomp.c++/pr24455.C  -O3 -fomit-frame-pointer -funroll-all-loops -finline-functions  compilation failed to produce executable
FAIL: libgomp.c++/pr24455.C  -O3 -g  (internal compiler error)
FAIL: libgomp.c++/pr24455.C  -O3 -g  (test for excess errors)
UNRESOLVED: libgomp.c++/pr24455.C  -O3 -g  compilation failed to produce executable
FAIL: libgomp.c++/pr24455.C  -Os  (internal compiler error)
FAIL: libgomp.c++/pr24455.C  -Os  (test for excess errors)
UNRESOLVED: libgomp.c++/pr24455.C  -Os  compilation failed to produce executable

		=== libgomp Summary for unix/-m64 ===

# of expected passes		1203
# of unexpected failures	79
# of unresolved testcases	40
# of unsupported tests		3

Running target unix/-m32
FAIL: libgomp.c/copyin-1.c (internal compiler error)
FAIL: libgomp.c/copyin-1.c (test for excess errors)
UNRESOLVED: libgomp.c/copyin-1.c compilation failed to produce executable
FAIL: libgomp.c/copyin-2.c (internal compiler error)
FAIL: libgomp.c/copyin-2.c (test for excess errors)
UNRESOLVED: libgomp.c/copyin-2.c compilation failed to produce executable
FAIL: libgomp.c++/copyin-1.C  -O1  (internal compiler error)
FAIL: libgomp.c++/copyin-1.C  -O1  (test for excess errors)
UNRESOLVED: libgomp.c++/copyin-1.C  -O1  compilation failed to produce executable
FAIL: libgomp.c++/copyin-1.C  -O2  (internal compiler error)
FAIL: libgomp.c++/copyin-1.C  -O2  (test for excess errors)
UNRESOLVED: libgomp.c++/copyin-1.C  -O2  compilation failed to produce executable
FAIL: libgomp.c++/copyin-1.C  -O3 -fomit-frame-pointer  (internal compiler error)
FAIL: libgomp.c++/copyin-1.C  -O3 -fomit-frame-pointer  (test for excess errors)
UNRESOLVED: libgomp.c++/copyin-1.C  -O3 -fomit-frame-pointer  compilation failed to produce executable
FAIL: libgomp.c++/copyin-1.C  -O3 -fomit-frame-pointer -funroll-loops  (internal compiler error)
FAIL: libgomp.c++/copyin-1.C  -O3 -fomit-frame-pointer -funroll-loops  (test for excess errors)
UNRESOLVED: libgomp.c++/copyin-1.C  -O3 -fomit-frame-pointer -funroll-loops  compilation failed to produce executable
FAIL: libgomp.c++/copyin-1.C  -O3 -fomit-frame-pointer -funroll-all-loops -finline-functions  (internal compiler error)
FAIL: libgomp.c++/copyin-1.C  -O3 -fomit-frame-pointer -funroll-all-loops -finline-functions  (test for excess errors)
UNRESOLVED: libgomp.c++/copyin-1.C  -O3 -fomit-frame-pointer -funroll-all-loops -finline-functions  compilation failed to produce executable
FAIL: libgomp.c++/copyin-1.C  -O3 -g  (internal compiler error)
FAIL: libgomp.c++/copyin-1.C  -O3 -g  (test for excess errors)
UNRESOLVED: libgomp.c++/copyin-1.C  -O3 -g  compilation failed to produce executable
FAIL: libgomp.c++/copyin-1.C  -Os  (internal compiler error)
FAIL: libgomp.c++/copyin-1.C  -Os  (test for excess errors)
UNRESOLVED: libgomp.c++/copyin-1.C  -Os  compilation failed to produce executable
FAIL: libgomp.c++/copyin-2.C  -O1  (internal compiler error)
FAIL: libgomp.c++/copyin-2.C  -O1  (test for excess errors)
UNRESOLVED: libgomp.c++/copyin-2.C  -O1  compilation failed to produce executable
FAIL: libgomp.c++/copyin-2.C  -O2  (internal compiler error)
FAIL: libgomp.c++/copyin-2.C  -O2  (test for excess errors)
UNRESOLVED: libgomp.c++/copyin-2.C  -O2  compilation failed to produce executable
FAIL: libgomp.c++/copyin-2.C  -O3 -fomit-frame-pointer  (internal compiler error)
FAIL: libgomp.c++/copyin-2.C  -O3 -fomit-frame-pointer  (test for excess errors)
UNRESOLVED: libgomp.c++/copyin-2.C  -O3 -fomit-frame-pointer  compilation failed to produce executable
FAIL: libgomp.c++/copyin-2.C  -O3 -fomit-frame-pointer -funroll-loops  (internal compiler error)
FAIL: libgomp.c++/copyin-2.C  -O3 -fomit-frame-pointer -funroll-loops  (test for excess errors)
UNRESOLVED: libgomp.c++/copyin-2.C  -O3 -fomit-frame-pointer -funroll-loops  compilation failed to produce executable
FAIL: libgomp.c++/copyin-2.C  -O3 -fomit-frame-pointer -funroll-all-loops -finline-functions  (internal compiler error)
FAIL: libgomp.c++/copyin-2.C  -O3 -fomit-frame-pointer -funroll-all-loops -finline-functions  (test for excess errors)
UNRESOLVED: libgomp.c++/copyin-2.C  -O3 -fomit-frame-pointer -funroll-all-loops -finline-functions  compilation failed to produce executable
FAIL: libgomp.c++/copyin-2.C  -O3 -g  (internal compiler error)
FAIL: libgomp.c++/copyin-2.C  -O3 -g  (test for excess errors)
UNRESOLVED: libgomp.c++/copyin-2.C  -O3 -g  compilation failed to produce executable
FAIL: libgomp.c++/copyin-2.C  -Os  (internal compiler error)
FAIL: libgomp.c++/copyin-2.C  -Os  (test for excess errors)
UNRESOLVED: libgomp.c++/copyin-2.C  -Os  compilation failed to produce executable
FAIL: libgomp.c++/ctor-10.C  -O1  (internal compiler error)
FAIL: libgomp.c++/ctor-10.C  -O1  (test for excess errors)
UNRESOLVED: libgomp.c++/ctor-10.C  -O1  compilation failed to produce executable
FAIL: libgomp.c++/ctor-10.C  -O2  (internal compiler error)
FAIL: libgomp.c++/ctor-10.C  -O2  (test for excess errors)
UNRESOLVED: libgomp.c++/ctor-10.C  -O2  compilation failed to produce executable
FAIL: libgomp.c++/ctor-10.C  -Os  (internal compiler error)
FAIL: libgomp.c++/ctor-10.C  -Os  (test for excess errors)
UNRESOLVED: libgomp.c++/ctor-10.C  -Os  compilation failed to produce executable
FAIL: libgomp.c++/ctor-5.C  -O1  (internal compiler error)
FAIL: libgomp.c++/ctor-5.C  -O1  (test for excess errors)
UNRESOLVED: libgomp.c++/ctor-5.C  -O1  compilation failed to produce executable
FAIL: libgomp.c++/ctor-5.C  -O2  (internal compiler error)
FAIL: libgomp.c++/ctor-5.C  -O2  (test for excess errors)
UNRESOLVED: libgomp.c++/ctor-5.C  -O2  compilation failed to produce executable
FAIL: libgomp.c++/ctor-5.C  -O3 -fomit-frame-pointer  (internal compiler error)
FAIL: libgomp.c++/ctor-5.C  -O3 -fomit-frame-pointer  (test for excess errors)
UNRESOLVED: libgomp.c++/ctor-5.C  -O3 -fomit-frame-pointer  compilation failed to produce executable
FAIL: libgomp.c++/ctor-5.C  -O3 -fomit-frame-pointer -funroll-loops  (internal compiler error)
FAIL: libgomp.c++/ctor-5.C  -O3 -fomit-frame-pointer -funroll-loops  (test for excess errors)
UNRESOLVED: libgomp.c++/ctor-5.C  -O3 -fomit-frame-pointer -funroll-loops  compilation failed to produce executable
FAIL: libgomp.c++/ctor-5.C  -O3 -fomit-frame-pointer -funroll-all-loops -finline-functions  (internal compiler error)
FAIL: libgomp.c++/ctor-5.C  -O3 -fomit-frame-pointer -funroll-all-loops -finline-functions  (test for excess errors)
UNRESOLVED: libgomp.c++/ctor-5.C  -O3 -fomit-frame-pointer -funroll-all-loops -finline-functions  compilation failed to produce executable
FAIL: libgomp.c++/ctor-5.C  -O3 -g  (internal compiler error)
FAIL: libgomp.c++/ctor-5.C  -O3 -g  (test for excess errors)
UNRESOLVED: libgomp.c++/ctor-5.C  -O3 -g  compilation failed to produce executable
FAIL: libgomp.c++/ctor-5.C  -Os  (internal compiler error)
FAIL: libgomp.c++/ctor-5.C  -Os  (test for excess errors)
UNRESOLVED: libgomp.c++/ctor-5.C  -Os  compilation failed to produce executable
FAIL: libgomp.c++/ctor-8.C  -O1  (internal compiler error)
FAIL: libgomp.c++/ctor-8.C  -O1  (test for excess errors)
UNRESOLVED: libgomp.c++/ctor-8.C  -O1  compilation failed to produce executable
FAIL: libgomp.c++/ctor-8.C  -O2  (internal compiler error)
FAIL: libgomp.c++/ctor-8.C  -O2  (test for excess errors)
UNRESOLVED: libgomp.c++/ctor-8.C  -O2  compilation failed to produce executable
FAIL: libgomp.c++/ctor-8.C  -Os  (internal compiler error)
FAIL: libgomp.c++/ctor-8.C  -Os  (test for excess errors)
UNRESOLVED: libgomp.c++/ctor-8.C  -Os  compilation failed to produce executable
FAIL: libgomp.c++/ctor-9.C  -O1  (internal compiler error)
FAIL: libgomp.c++/ctor-9.C  -O1  (test for excess errors)
UNRESOLVED: libgomp.c++/ctor-9.C  -O1  compilation failed to produce executable
FAIL: libgomp.c++/ctor-9.C  -O2  (internal compiler error)
FAIL: libgomp.c++/ctor-9.C  -O2  (test for excess errors)
UNRESOLVED: libgomp.c++/ctor-9.C  -O2  compilation failed to produce executable
FAIL: libgomp.c++/ctor-9.C  -Os  (internal compiler error)
FAIL: libgomp.c++/ctor-9.C  -Os  (test for excess errors)
UNRESOLVED: libgomp.c++/ctor-9.C  -Os  compilation failed to produce executable
FAIL: libgomp.c++/pr24455.C  -O0  (test for excess errors)
UNRESOLVED: libgomp.c++/pr24455.C  -O0  compilation failed to produce executable
FAIL: libgomp.c++/pr24455.C  -O1  (internal compiler error)
FAIL: libgomp.c++/pr24455.C  -O1  (test for excess errors)
UNRESOLVED: libgomp.c++/pr24455.C  -O1  compilation failed to produce executable
FAIL: libgomp.c++/pr24455.C  -O2  (internal compiler error)
FAIL: libgomp.c++/pr24455.C  -O2  (test for excess errors)
UNRESOLVED: libgomp.c++/pr24455.C  -O2  compilation failed to produce executable
FAIL: libgomp.c++/pr24455.C  -O3 -fomit-frame-pointer  (internal compiler error)
FAIL: libgomp.c++/pr24455.C  -O3 -fomit-frame-pointer  (test for excess errors)
UNRESOLVED: libgomp.c++/pr24455.C  -O3 -fomit-frame-pointer  compilation failed to produce executable
FAIL: libgomp.c++/pr24455.C  -O3 -fomit-frame-pointer -funroll-loops  (internal compiler error)
FAIL: libgomp.c++/pr24455.C  -O3 -fomit-frame-pointer -funroll-loops  (test for excess errors)
UNRESOLVED: libgomp.c++/pr24455.C  -O3 -fomit-frame-pointer -funroll-loops  compilation failed to produce executable
FAIL: libgomp.c++/pr24455.C  -O3 -fomit-frame-pointer -funroll-all-loops -finline-functions  (internal compiler error)
FAIL: libgomp.c++/pr24455.C  -O3 -fomit-frame-pointer -funroll-all-loops -finline-functions  (test for excess errors)
UNRESOLVED: libgomp.c++/pr24455.C  -O3 -fomit-frame-pointer -funroll-all-loops -finline-functions  compilation failed to produce executable
FAIL: libgomp.c++/pr24455.C  -O3 -g  (internal compiler error)
FAIL: libgomp.c++/pr24455.C  -O3 -g  (test for excess errors)
UNRESOLVED: libgomp.c++/pr24455.C  -O3 -g  compilation failed to produce executable
FAIL: libgomp.c++/pr24455.C  -Os  (internal compiler error)
FAIL: libgomp.c++/pr24455.C  -Os  (test for excess errors)
UNRESOLVED: libgomp.c++/pr24455.C  -Os  compilation failed to produce executable

		=== libgomp Summary for unix/-m32 ===

# of expected passes		1203
# of unexpected failures	79
# of unresolved testcases	40
# of unsupported tests		3

		=== libgomp Summary ===

# of expected passes		2406
# of unexpected failures	158
# of unresolved testcases	80
# of unsupported tests		6
		=== libstdc++ tests ===


Running target unix/-m32

		=== libstdc++ Summary for unix/-m32 ===

# of expected passes		7311
# of expected failures		46
# of unsupported tests		722

Running target unix/-m64

		=== libstdc++ Summary for unix/-m64 ===

# of expected passes		7309
# of expected failures		46
# of unsupported tests		723

		=== libstdc++ Summary ===

# of expected passes		14620
# of expected failures		92
# of unsupported tests		1445

		=== libstdc++ Summary ===


Compiler version: 4.7.0 20111008 (experimental) [trunk revision 179707] (GCC) 
Platform: x86_64-apple-darwin10.8.0
configure flags: --prefix=/BUILD/gcc/179707 --target=x86_64-apple-darwin10.8.0 --host=x86_64-apple-darwin10.8.0 --build=x86_64-apple-darwin10.8.0 --with-tune=core2 --with-gmp=/opt/gnu --with-mpfr=/opt/gnu --with-mpc=/opt/gnu --with-ppl=/opt/gnu --with-cloog=/opt/gnu --enable-cloog-backend=isl --disable-libmudflap --disable-libssp --enable-languages=c,c++ --program-suffix=-trunk
BOOT_CFLAGS=-g -O2


Index Nav: [Date Index] [Subject Index] [Author Index] [Thread Index]
Message Nav: [Date Prev] [Date Next] [Thread Prev] [Thread Next]