This is the mail archive of the gcc-testresults@gcc.gnu.org mailing list for the GCC project.


Index Nav: [Date Index] [Subject Index] [Author Index] [Thread Index]
Message Nav: [Date Prev] [Date Next] [Thread Prev] [Thread Next]
Other format: [Raw text]

Results for 4.7.0 20111006 (experimental) [trunk revision 179636] (GCC) gcc testsuite on m32r-unknown-elf


Debian 5 on x86_64
cross tool versions:
GNU assembler (GNU Binutils) 2.18.50.20080330
GNU gdb 6.8.50.20080329-cvs
GNU ld (GNU Binutils) 2.18.50.20080330

GNU Make 3.81
expect version 5.43.0
host gcc version: gcc (GCC) 4.7.0 20111006 (experimental) [trunk revision 179636]
LAST_UPDATED: Thu Oct  6 22:06:12 UTC 2011 (revision 179636)

Target is m32r-unknown-elf
Host   is x86_64-unknown-linux-gnu

		=== gcc tests ===


Running target m32r-sim
FAIL: gcc.c-torture/execute/20101011-1.c execution,  -O0 
FAIL: gcc.c-torture/execute/20101011-1.c execution,  -O1 
FAIL: gcc.c-torture/execute/20101011-1.c execution,  -O2 
FAIL: gcc.c-torture/execute/20101011-1.c execution,  -O3 -fomit-frame-pointer 
FAIL: gcc.c-torture/execute/20101011-1.c execution,  -O3 -g 
FAIL: gcc.c-torture/execute/20101011-1.c execution,  -Os 
FAIL: gcc.c-torture/execute/20101011-1.c execution,  -O2 -flto -flto-partition=none 
FAIL: gcc.c-torture/execute/20101011-1.c execution,  -O2 -flto 
XPASS: gcc.c-torture/execute/981130-1.c execution,  -O0 
XPASS: gcc.c-torture/execute/981130-1.c execution,  -O1 
XPASS: gcc.c-torture/execute/981130-1.c execution,  -O2 
XPASS: gcc.c-torture/execute/981130-1.c execution,  -Os 
XPASS: gcc.c-torture/execute/981130-1.c execution,  -O2 -flto -flto-partition=none 
XPASS: gcc.c-torture/execute/981130-1.c execution,  -O2 -flto 
FAIL: gcc.dg/debug/tls-1.c -gdwarf-2 -g1 (internal compiler error)
FAIL: gcc.dg/debug/tls-1.c -gdwarf-2 -g1 (test for excess errors)
FAIL: gcc.dg/debug/tls-1.c -gdwarf-2 -g1 -O (internal compiler error)
FAIL: gcc.dg/debug/tls-1.c -gdwarf-2 -g1 -O (test for excess errors)
FAIL: gcc.dg/debug/tls-1.c -gdwarf-2 -g1 -O3 (internal compiler error)
FAIL: gcc.dg/debug/tls-1.c -gdwarf-2 -g1 -O3 (test for excess errors)
FAIL: gcc.dg/debug/tls-1.c -gdwarf-2 (internal compiler error)
FAIL: gcc.dg/debug/tls-1.c -gdwarf-2 (test for excess errors)
FAIL: gcc.dg/debug/tls-1.c -gdwarf-2 -O (internal compiler error)
FAIL: gcc.dg/debug/tls-1.c -gdwarf-2 -O (test for excess errors)
FAIL: gcc.dg/debug/tls-1.c -gdwarf-2 -O3 (internal compiler error)
FAIL: gcc.dg/debug/tls-1.c -gdwarf-2 -O3 (test for excess errors)
FAIL: gcc.dg/debug/tls-1.c -gdwarf-2 -g3 (internal compiler error)
FAIL: gcc.dg/debug/tls-1.c -gdwarf-2 -g3 (test for excess errors)
FAIL: gcc.dg/debug/tls-1.c -gdwarf-2 -g3 -O (internal compiler error)
FAIL: gcc.dg/debug/tls-1.c -gdwarf-2 -g3 -O (test for excess errors)
FAIL: gcc.dg/debug/tls-1.c -gdwarf-2 -g3 -O3 (internal compiler error)
FAIL: gcc.dg/debug/tls-1.c -gdwarf-2 -g3 -O3 (test for excess errors)
FAIL: gcc.dg/debug/tls-1.c -gstabs1 (internal compiler error)
FAIL: gcc.dg/debug/tls-1.c -gstabs1 (test for excess errors)
FAIL: gcc.dg/debug/tls-1.c -gstabs1 -O (internal compiler error)
FAIL: gcc.dg/debug/tls-1.c -gstabs1 -O (test for excess errors)
FAIL: gcc.dg/debug/tls-1.c -gstabs1 -O3 (internal compiler error)
FAIL: gcc.dg/debug/tls-1.c -gstabs1 -O3 (test for excess errors)
FAIL: gcc.dg/debug/tls-1.c -gstabs (internal compiler error)
FAIL: gcc.dg/debug/tls-1.c -gstabs (test for excess errors)
FAIL: gcc.dg/debug/tls-1.c -gstabs -O (internal compiler error)
FAIL: gcc.dg/debug/tls-1.c -gstabs -O (test for excess errors)
FAIL: gcc.dg/debug/tls-1.c -gstabs -O3 (internal compiler error)
FAIL: gcc.dg/debug/tls-1.c -gstabs -O3 (test for excess errors)
FAIL: gcc.dg/debug/tls-1.c -gstabs3 (internal compiler error)
FAIL: gcc.dg/debug/tls-1.c -gstabs3 (test for excess errors)
FAIL: gcc.dg/debug/tls-1.c -gstabs3 -O (internal compiler error)
FAIL: gcc.dg/debug/tls-1.c -gstabs3 -O (test for excess errors)
FAIL: gcc.dg/debug/tls-1.c -gstabs3 -O3 (internal compiler error)
FAIL: gcc.dg/debug/tls-1.c -gstabs3 -O3 (test for excess errors)
FAIL: gcc.dg/debug/tls-1.c -gstabs+1 (internal compiler error)
FAIL: gcc.dg/debug/tls-1.c -gstabs+1 (test for excess errors)
FAIL: gcc.dg/debug/tls-1.c -gstabs+1 -O (internal compiler error)
FAIL: gcc.dg/debug/tls-1.c -gstabs+1 -O (test for excess errors)
FAIL: gcc.dg/debug/tls-1.c -gstabs+1 -O3 (internal compiler error)
FAIL: gcc.dg/debug/tls-1.c -gstabs+1 -O3 (test for excess errors)
FAIL: gcc.dg/debug/tls-1.c -gstabs+ (internal compiler error)
FAIL: gcc.dg/debug/tls-1.c -gstabs+ (test for excess errors)
FAIL: gcc.dg/debug/tls-1.c -gstabs+ -O (internal compiler error)
FAIL: gcc.dg/debug/tls-1.c -gstabs+ -O (test for excess errors)
FAIL: gcc.dg/debug/tls-1.c -gstabs+ -O3 (internal compiler error)
FAIL: gcc.dg/debug/tls-1.c -gstabs+ -O3 (test for excess errors)
FAIL: gcc.dg/debug/tls-1.c -gstabs+3 (internal compiler error)
FAIL: gcc.dg/debug/tls-1.c -gstabs+3 (test for excess errors)
FAIL: gcc.dg/debug/tls-1.c -gstabs+3 -O (internal compiler error)
FAIL: gcc.dg/debug/tls-1.c -gstabs+3 -O (test for excess errors)
FAIL: gcc.dg/debug/tls-1.c -gstabs+3 -O3 (internal compiler error)
FAIL: gcc.dg/debug/tls-1.c -gstabs+3 -O3 (test for excess errors)
FAIL: gcc.dg/20021014-1.c (test for excess errors)
UNRESOLVED: gcc.dg/20021014-1.c compilation failed to produce executable
FAIL: gcc.dg/20040123-1.c scan-assembler abort
FAIL: gcc.dg/builtin-apply2.c execution test
FAIL: gcc.dg/c99-stdint-7.c (test for excess errors)
FAIL: gcc.dg/initpri1.c execution test
FAIL: gcc.dg/initpri3.c execution test
FAIL: gcc.dg/nest.c (test for excess errors)
UNRESOLVED: gcc.dg/nest.c compilation failed to produce executable
FAIL: gcc.dg/nested-func-4.c (test for excess errors)
UNRESOLVED: gcc.dg/nested-func-4.c compilation failed to produce executable
FAIL: gcc.dg/pr32450.c (test for excess errors)
UNRESOLVED: gcc.dg/pr32450.c compilation failed to produce executable
FAIL: gcc.dg/pr43643.c (test for excess errors)
UNRESOLVED: gcc.dg/pr43643.c compilation failed to produce executable
FAIL: gcc.dg/pr46309.c scan-tree-dump-times reassoc1 "Optimizing range tests a_[0-9]*.D. -.1, 1. and -.2, 2. and -.3, 3. and -.4, 4.[
FAIL: gcc.dg/pr46309.c scan-tree-dump-times reassoc1 "Optimizing range tests a_[0-9]*.D. -.1, 1. and -.3, 3.[
FAIL: gcc.dg/pr46309.c scan-tree-dump-times reassoc1 "Optimizing range tests a_[0-9]*.D. -.1, 1. and -.2, 2.[
FAIL: gcc.dg/pr46309.c scan-tree-dump-times reassoc1 "Optimizing range tests a_[0-9]*.D. -.0, 31. and -.64, 95.[
FAIL: gcc.dg/pr46309.c scan-tree-dump-times reassoc1 "Optimizing range tests a_[0-9]*.D. -.128, 159. and -.192, 223.[
FAIL: gcc.dg/pr46309.c scan-tree-dump-times reassoc2 "Optimizing range tests D.[0-9]*_[0-9]* -.0, 31. and -.128, 159.[
FAIL: gcc.dg/stack-usage-1.c (test for excess errors)
FAIL: gcc.dg/stack-usage-1.c scan-file foo\\t(256|264)\\tstatic
FAIL: gcc.dg/stack-usage-2.c  (test for bogus messages, line 9)
FAIL: gcc.dg/stack-usage-2.c  (test for warnings, line 16)
FAIL: gcc.dg/stack-usage-2.c  (test for warnings, line 26)
FAIL: gcc.dg/stack-usage-2.c  (test for warnings, line 33)
XPASS: gcc.dg/uninit-B.c uninit i warning (test for warnings, line 12)
XPASS: gcc.dg/uninit-pr19430.c  (test for warnings, line 32)
XPASS: gcc.dg/uninit-pr19430.c uninitialized (test for warnings, line 41)
FAIL: gcc.dg/ipa/ipa-sra-2.c scan-tree-dump eipa_sra "About to replace expr cow_.*D.->red with \\*ISRA"
FAIL: gcc.dg/ipa/ipa-sra-2.c scan-tree-dump eipa_sra "About to replace expr cow_.*D.->green with ISRA"
FAIL: gcc.dg/ipa/ipa-sra-2.c scan-tree-dump eipa_sra "About to replace expr calf_.*D.->red with \\*ISRA"
FAIL: gcc.dg/ipa/ipa-sra-2.c scan-tree-dump eipa_sra "About to replace expr calf_.*D.->green with ISRA"
FAIL: gcc.dg/ipa/ipa-sra-6.c scan-tree-dump-times eipa_sra "foo " 1
FAIL: gcc.dg/lto/20090210 c_lto_20090210_1.o assemble, -O2 -flto -flto-partition=none  (internal compiler error)
UNRESOLVED: gcc.dg/lto/20090210 c_lto_20090210_0.o-c_lto_20090210_1.o link -O2 -flto -flto-partition=none 
UNRESOLVED: gcc.dg/lto/20090210 c_lto_20090210_0.o-c_lto_20090210_1.o execute -O2 -flto -flto-partition=none 
FAIL: gcc.dg/lto/20090210 c_lto_20090210_1.o assemble, -O2 -flto -flto-partition=1to1  (internal compiler error)
UNRESOLVED: gcc.dg/lto/20090210 c_lto_20090210_0.o-c_lto_20090210_1.o link -O2 -flto -flto-partition=1to1 
UNRESOLVED: gcc.dg/lto/20090210 c_lto_20090210_0.o-c_lto_20090210_1.o execute -O2 -flto -flto-partition=1to1 
FAIL: gcc.dg/lto/20090210 c_lto_20090210_1.o assemble, -O2 -flto (internal compiler error)
UNRESOLVED: gcc.dg/lto/20090210 c_lto_20090210_0.o-c_lto_20090210_1.o link -O2 -flto
UNRESOLVED: gcc.dg/lto/20090210 c_lto_20090210_0.o-c_lto_20090210_1.o execute -O2 -flto
FAIL: gcc.dg/tls/nonpic-1.c (internal compiler error)
FAIL: gcc.dg/tls/nonpic-1.c (test for excess errors)
FAIL: gcc.dg/tls/opt-10.c (internal compiler error)
FAIL: gcc.dg/tls/opt-10.c (test for excess errors)
FAIL: gcc.dg/tls/opt-12.c (internal compiler error)
FAIL: gcc.dg/tls/opt-12.c (test for excess errors)
UNRESOLVED: gcc.dg/tls/opt-12.c compilation failed to produce executable
FAIL: gcc.dg/tls/opt-13.c (internal compiler error)
FAIL: gcc.dg/tls/opt-13.c (test for excess errors)
FAIL: gcc.dg/tls/opt-14.c (internal compiler error)
FAIL: gcc.dg/tls/opt-14.c (test for excess errors)
FAIL: gcc.dg/tls/opt-15.c (internal compiler error)
FAIL: gcc.dg/tls/opt-15.c (test for excess errors)
FAIL: gcc.dg/tls/opt-3.c (internal compiler error)
FAIL: gcc.dg/tls/opt-3.c (test for excess errors)
FAIL: gcc.dg/tls/opt-5.c (internal compiler error)
FAIL: gcc.dg/tls/opt-5.c (test for excess errors)
FAIL: gcc.dg/tls/opt-6.c (internal compiler error)
FAIL: gcc.dg/tls/opt-6.c (test for excess errors)
FAIL: gcc.dg/tls/opt-7.c (internal compiler error)
FAIL: gcc.dg/tls/opt-7.c (test for excess errors)
FAIL: gcc.dg/tls/opt-8.c (internal compiler error)
FAIL: gcc.dg/tls/opt-8.c (test for excess errors)
FAIL: gcc.dg/tls/opt-9.c (internal compiler error)
FAIL: gcc.dg/tls/opt-9.c (test for excess errors)
FAIL: gcc.dg/tls/pic-1.c (internal compiler error)
FAIL: gcc.dg/tls/pic-1.c (test for excess errors)
FAIL: gcc.dg/tls/pr24428-2.c (internal compiler error)
FAIL: gcc.dg/tls/pr24428-2.c (test for excess errors)
UNRESOLVED: gcc.dg/tls/pr24428-2.c compilation failed to produce executable
FAIL: gcc.dg/tls/pr24428.c (internal compiler error)
FAIL: gcc.dg/tls/pr24428.c (test for excess errors)
UNRESOLVED: gcc.dg/tls/pr24428.c compilation failed to produce executable
FAIL: gcc.dg/tls/pr45870.c (internal compiler error)
FAIL: gcc.dg/tls/pr45870.c (test for excess errors)
FAIL: gcc.dg/tls/pr47715-1.c (internal compiler error)
FAIL: gcc.dg/tls/pr47715-1.c (test for excess errors)
FAIL: gcc.dg/tls/pr47715-2.c (internal compiler error)
FAIL: gcc.dg/tls/pr47715-2.c (test for excess errors)
FAIL: gcc.dg/tls/pr47715-3.c (internal compiler error)
FAIL: gcc.dg/tls/pr47715-3.c (test for excess errors)
FAIL: gcc.dg/tls/pr47715-5.c (internal compiler error)
FAIL: gcc.dg/tls/pr47715-5.c (test for excess errors)
FAIL: gcc.dg/tls/struct-1.c (internal compiler error)
FAIL: gcc.dg/tls/struct-1.c (test for excess errors)
FAIL: gcc.dg/tls/thr-cse-1.c (internal compiler error)
FAIL: gcc.dg/tls/thr-cse-1.c (test for excess errors)
UNRESOLVED: gcc.dg/tls/thr-cse-1.c scan-assembler-not emutls_get_address.*emutls_get_address.*
FAIL: gcc.dg/torture/pr47917.c  -O0  (test for excess errors)
FAIL: gcc.dg/torture/pr47917.c  -O1  (test for excess errors)
FAIL: gcc.dg/torture/pr47917.c  -O2  (test for excess errors)
FAIL: gcc.dg/torture/pr47917.c  -O3 -fomit-frame-pointer  (test for excess errors)
FAIL: gcc.dg/torture/pr47917.c  -O3 -g  (test for excess errors)
FAIL: gcc.dg/torture/pr47917.c  -Os  (test for excess errors)
FAIL: gcc.dg/torture/pr47917.c  -O2 -flto -flto-partition=none  (test for excess errors)
FAIL: gcc.dg/torture/pr47917.c  -O2 -flto  (test for excess errors)
FAIL: gcc.dg/torture/stackalign/builtin-apply-2.c  -O0  execution test
FAIL: gcc.dg/torture/stackalign/builtin-apply-2.c  -O0  execution test
FAIL: gcc.dg/torture/stackalign/builtin-apply-2.c  -O1  execution test
FAIL: gcc.dg/torture/stackalign/builtin-apply-2.c  -O2  execution test
FAIL: gcc.dg/torture/stackalign/builtin-apply-2.c  -O3 -fomit-frame-pointer  execution test
FAIL: gcc.dg/torture/stackalign/builtin-apply-2.c  -O3 -g  execution test
FAIL: gcc.dg/torture/stackalign/builtin-apply-2.c  -Os  execution test
FAIL: gcc.dg/torture/stackalign/builtin-apply-2.c  -O2 -flto -flto-partition=none  execution test
FAIL: gcc.dg/torture/stackalign/builtin-apply-2.c  -O2 -flto  execution test
FAIL: gcc.dg/torture/tls/run-gd.c  -O1  (internal compiler error)
FAIL: gcc.dg/torture/tls/run-gd.c  -O1  (test for excess errors)
UNRESOLVED: gcc.dg/torture/tls/run-gd.c  -O1  compilation failed to produce executable
FAIL: gcc.dg/torture/tls/run-gd.c  -O2  (internal compiler error)
FAIL: gcc.dg/torture/tls/run-gd.c  -O2  (test for excess errors)
UNRESOLVED: gcc.dg/torture/tls/run-gd.c  -O2  compilation failed to produce executable
FAIL: gcc.dg/torture/tls/run-gd.c  -O3 -fomit-frame-pointer  (internal compiler error)
FAIL: gcc.dg/torture/tls/run-gd.c  -O3 -fomit-frame-pointer  (test for excess errors)
UNRESOLVED: gcc.dg/torture/tls/run-gd.c  -O3 -fomit-frame-pointer  compilation failed to produce executable
FAIL: gcc.dg/torture/tls/run-gd.c  -O3 -g  (internal compiler error)
FAIL: gcc.dg/torture/tls/run-gd.c  -O3 -g  (test for excess errors)
UNRESOLVED: gcc.dg/torture/tls/run-gd.c  -O3 -g  compilation failed to produce executable
FAIL: gcc.dg/torture/tls/run-gd.c  -Os  (internal compiler error)
FAIL: gcc.dg/torture/tls/run-gd.c  -Os  (test for excess errors)
UNRESOLVED: gcc.dg/torture/tls/run-gd.c  -Os  compilation failed to produce executable
FAIL: gcc.dg/torture/tls/run-gd.c  -O1  -fpic  (internal compiler error)
FAIL: gcc.dg/torture/tls/run-gd.c  -O1  -fpic  (test for excess errors)
UNRESOLVED: gcc.dg/torture/tls/run-gd.c  -O1  -fpic  compilation failed to produce executable
FAIL: gcc.dg/torture/tls/run-gd.c  -O2  -fpic  (internal compiler error)
FAIL: gcc.dg/torture/tls/run-gd.c  -O2  -fpic  (test for excess errors)
UNRESOLVED: gcc.dg/torture/tls/run-gd.c  -O2  -fpic  compilation failed to produce executable
FAIL: gcc.dg/torture/tls/run-gd.c  -O3 -fomit-frame-pointer  -fpic  (internal compiler error)
FAIL: gcc.dg/torture/tls/run-gd.c  -O3 -fomit-frame-pointer  -fpic  (test for excess errors)
UNRESOLVED: gcc.dg/torture/tls/run-gd.c  -O3 -fomit-frame-pointer  -fpic  compilation failed to produce executable
FAIL: gcc.dg/torture/tls/run-gd.c  -O3 -g  -fpic  (internal compiler error)
FAIL: gcc.dg/torture/tls/run-gd.c  -O3 -g  -fpic  (test for excess errors)
UNRESOLVED: gcc.dg/torture/tls/run-gd.c  -O3 -g  -fpic  compilation failed to produce executable
FAIL: gcc.dg/torture/tls/run-gd.c  -Os  -fpic  (internal compiler error)
FAIL: gcc.dg/torture/tls/run-gd.c  -Os  -fpic  (test for excess errors)
UNRESOLVED: gcc.dg/torture/tls/run-gd.c  -Os  -fpic  compilation failed to produce executable
FAIL: gcc.dg/torture/tls/run-gd.c  -O1  -fPIC  (internal compiler error)
FAIL: gcc.dg/torture/tls/run-gd.c  -O1  -fPIC  (test for excess errors)
UNRESOLVED: gcc.dg/torture/tls/run-gd.c  -O1  -fPIC  compilation failed to produce executable
FAIL: gcc.dg/torture/tls/run-gd.c  -O2  -fPIC  (internal compiler error)
FAIL: gcc.dg/torture/tls/run-gd.c  -O2  -fPIC  (test for excess errors)
UNRESOLVED: gcc.dg/torture/tls/run-gd.c  -O2  -fPIC  compilation failed to produce executable
FAIL: gcc.dg/torture/tls/run-gd.c  -O3 -fomit-frame-pointer  -fPIC  (internal compiler error)
FAIL: gcc.dg/torture/tls/run-gd.c  -O3 -fomit-frame-pointer  -fPIC  (test for excess errors)
UNRESOLVED: gcc.dg/torture/tls/run-gd.c  -O3 -fomit-frame-pointer  -fPIC  compilation failed to produce executable
FAIL: gcc.dg/torture/tls/run-gd.c  -O3 -g  -fPIC  (internal compiler error)
FAIL: gcc.dg/torture/tls/run-gd.c  -O3 -g  -fPIC  (test for excess errors)
UNRESOLVED: gcc.dg/torture/tls/run-gd.c  -O3 -g  -fPIC  compilation failed to produce executable
FAIL: gcc.dg/torture/tls/run-gd.c  -Os  -fPIC  (internal compiler error)
FAIL: gcc.dg/torture/tls/run-gd.c  -Os  -fPIC  (test for excess errors)
UNRESOLVED: gcc.dg/torture/tls/run-gd.c  -Os  -fPIC  compilation failed to produce executable
FAIL: gcc.dg/torture/tls/run-gd.c  -O2 -flto -flto-partition=none  (internal compiler error)
FAIL: gcc.dg/torture/tls/run-gd.c  -O2 -flto -flto-partition=none  (test for excess errors)
UNRESOLVED: gcc.dg/torture/tls/run-gd.c  -O2 -flto -flto-partition=none  compilation failed to produce executable
FAIL: gcc.dg/torture/tls/run-gd.c  -O2 -flto  (internal compiler error)
FAIL: gcc.dg/torture/tls/run-gd.c  -O2 -flto  (test for excess errors)
UNRESOLVED: gcc.dg/torture/tls/run-gd.c  -O2 -flto  compilation failed to produce executable
FAIL: gcc.dg/torture/tls/run-ie.c  -O1  (internal compiler error)
FAIL: gcc.dg/torture/tls/run-ie.c  -O1  (test for excess errors)
UNRESOLVED: gcc.dg/torture/tls/run-ie.c  -O1  compilation failed to produce executable
FAIL: gcc.dg/torture/tls/run-ie.c  -O2  (internal compiler error)
FAIL: gcc.dg/torture/tls/run-ie.c  -O2  (test for excess errors)
UNRESOLVED: gcc.dg/torture/tls/run-ie.c  -O2  compilation failed to produce executable
FAIL: gcc.dg/torture/tls/run-ie.c  -O3 -fomit-frame-pointer  (internal compiler error)
FAIL: gcc.dg/torture/tls/run-ie.c  -O3 -fomit-frame-pointer  (test for excess errors)
UNRESOLVED: gcc.dg/torture/tls/run-ie.c  -O3 -fomit-frame-pointer  compilation failed to produce executable
FAIL: gcc.dg/torture/tls/run-ie.c  -O3 -g  (internal compiler error)
FAIL: gcc.dg/torture/tls/run-ie.c  -O3 -g  (test for excess errors)
UNRESOLVED: gcc.dg/torture/tls/run-ie.c  -O3 -g  compilation failed to produce executable
FAIL: gcc.dg/torture/tls/run-ie.c  -Os  (internal compiler error)
FAIL: gcc.dg/torture/tls/run-ie.c  -Os  (test for excess errors)
UNRESOLVED: gcc.dg/torture/tls/run-ie.c  -Os  compilation failed to produce executable
FAIL: gcc.dg/torture/tls/run-ie.c  -O1  -fpic  (internal compiler error)
FAIL: gcc.dg/torture/tls/run-ie.c  -O1  -fpic  (test for excess errors)
UNRESOLVED: gcc.dg/torture/tls/run-ie.c  -O1  -fpic  compilation failed to produce executable
FAIL: gcc.dg/torture/tls/run-ie.c  -O2  -fpic  (internal compiler error)
FAIL: gcc.dg/torture/tls/run-ie.c  -O2  -fpic  (test for excess errors)
UNRESOLVED: gcc.dg/torture/tls/run-ie.c  -O2  -fpic  compilation failed to produce executable
FAIL: gcc.dg/torture/tls/run-ie.c  -O3 -fomit-frame-pointer  -fpic  (internal compiler error)
FAIL: gcc.dg/torture/tls/run-ie.c  -O3 -fomit-frame-pointer  -fpic  (test for excess errors)
UNRESOLVED: gcc.dg/torture/tls/run-ie.c  -O3 -fomit-frame-pointer  -fpic  compilation failed to produce executable
FAIL: gcc.dg/torture/tls/run-ie.c  -O3 -g  -fpic  (internal compiler error)
FAIL: gcc.dg/torture/tls/run-ie.c  -O3 -g  -fpic  (test for excess errors)
UNRESOLVED: gcc.dg/torture/tls/run-ie.c  -O3 -g  -fpic  compilation failed to produce executable
FAIL: gcc.dg/torture/tls/run-ie.c  -Os  -fpic  (internal compiler error)
FAIL: gcc.dg/torture/tls/run-ie.c  -Os  -fpic  (test for excess errors)
UNRESOLVED: gcc.dg/torture/tls/run-ie.c  -Os  -fpic  compilation failed to produce executable
FAIL: gcc.dg/torture/tls/run-ie.c  -O1  -fPIC  (internal compiler error)
FAIL: gcc.dg/torture/tls/run-ie.c  -O1  -fPIC  (test for excess errors)
UNRESOLVED: gcc.dg/torture/tls/run-ie.c  -O1  -fPIC  compilation failed to produce executable
FAIL: gcc.dg/torture/tls/run-ie.c  -O2  -fPIC  (internal compiler error)
FAIL: gcc.dg/torture/tls/run-ie.c  -O2  -fPIC  (test for excess errors)
UNRESOLVED: gcc.dg/torture/tls/run-ie.c  -O2  -fPIC  compilation failed to produce executable
FAIL: gcc.dg/torture/tls/run-ie.c  -O3 -fomit-frame-pointer  -fPIC  (internal compiler error)
FAIL: gcc.dg/torture/tls/run-ie.c  -O3 -fomit-frame-pointer  -fPIC  (test for excess errors)
UNRESOLVED: gcc.dg/torture/tls/run-ie.c  -O3 -fomit-frame-pointer  -fPIC  compilation failed to produce executable
FAIL: gcc.dg/torture/tls/run-ie.c  -O3 -g  -fPIC  (internal compiler error)
FAIL: gcc.dg/torture/tls/run-ie.c  -O3 -g  -fPIC  (test for excess errors)
UNRESOLVED: gcc.dg/torture/tls/run-ie.c  -O3 -g  -fPIC  compilation failed to produce executable
FAIL: gcc.dg/torture/tls/run-ie.c  -Os  -fPIC  (internal compiler error)
FAIL: gcc.dg/torture/tls/run-ie.c  -Os  -fPIC  (test for excess errors)
UNRESOLVED: gcc.dg/torture/tls/run-ie.c  -Os  -fPIC  compilation failed to produce executable
FAIL: gcc.dg/torture/tls/run-ie.c  -O2 -flto -flto-partition=none  (internal compiler error)
FAIL: gcc.dg/torture/tls/run-ie.c  -O2 -flto -flto-partition=none  (test for excess errors)
UNRESOLVED: gcc.dg/torture/tls/run-ie.c  -O2 -flto -flto-partition=none  compilation failed to produce executable
FAIL: gcc.dg/torture/tls/run-ie.c  -O2 -flto  (internal compiler error)
FAIL: gcc.dg/torture/tls/run-ie.c  -O2 -flto  (test for excess errors)
UNRESOLVED: gcc.dg/torture/tls/run-ie.c  -O2 -flto  compilation failed to produce executable
FAIL: gcc.dg/torture/tls/run-ld.c  -O1  (internal compiler error)
FAIL: gcc.dg/torture/tls/run-ld.c  -O1  (test for excess errors)
UNRESOLVED: gcc.dg/torture/tls/run-ld.c  -O1  compilation failed to produce executable
FAIL: gcc.dg/torture/tls/run-ld.c  -O2  (internal compiler error)
FAIL: gcc.dg/torture/tls/run-ld.c  -O2  (test for excess errors)
UNRESOLVED: gcc.dg/torture/tls/run-ld.c  -O2  compilation failed to produce executable
FAIL: gcc.dg/torture/tls/run-ld.c  -O3 -fomit-frame-pointer  (internal compiler error)
FAIL: gcc.dg/torture/tls/run-ld.c  -O3 -fomit-frame-pointer  (test for excess errors)
UNRESOLVED: gcc.dg/torture/tls/run-ld.c  -O3 -fomit-frame-pointer  compilation failed to produce executable
FAIL: gcc.dg/torture/tls/run-ld.c  -O3 -g  (internal compiler error)
FAIL: gcc.dg/torture/tls/run-ld.c  -O3 -g  (test for excess errors)
UNRESOLVED: gcc.dg/torture/tls/run-ld.c  -O3 -g  compilation failed to produce executable
FAIL: gcc.dg/torture/tls/run-ld.c  -Os  (internal compiler error)
FAIL: gcc.dg/torture/tls/run-ld.c  -Os  (test for excess errors)
UNRESOLVED: gcc.dg/torture/tls/run-ld.c  -Os  compilation failed to produce executable
FAIL: gcc.dg/torture/tls/run-ld.c  -O1  -fpic  (internal compiler error)
FAIL: gcc.dg/torture/tls/run-ld.c  -O1  -fpic  (test for excess errors)
UNRESOLVED: gcc.dg/torture/tls/run-ld.c  -O1  -fpic  compilation failed to produce executable
FAIL: gcc.dg/torture/tls/run-ld.c  -O2  -fpic  (internal compiler error)
FAIL: gcc.dg/torture/tls/run-ld.c  -O2  -fpic  (test for excess errors)
UNRESOLVED: gcc.dg/torture/tls/run-ld.c  -O2  -fpic  compilation failed to produce executable
FAIL: gcc.dg/torture/tls/run-ld.c  -O3 -fomit-frame-pointer  -fpic  (internal compiler error)
FAIL: gcc.dg/torture/tls/run-ld.c  -O3 -fomit-frame-pointer  -fpic  (test for excess errors)
UNRESOLVED: gcc.dg/torture/tls/run-ld.c  -O3 -fomit-frame-pointer  -fpic  compilation failed to produce executable
FAIL: gcc.dg/torture/tls/run-ld.c  -O3 -g  -fpic  (internal compiler error)
FAIL: gcc.dg/torture/tls/run-ld.c  -O3 -g  -fpic  (test for excess errors)
UNRESOLVED: gcc.dg/torture/tls/run-ld.c  -O3 -g  -fpic  compilation failed to produce executable
FAIL: gcc.dg/torture/tls/run-ld.c  -Os  -fpic  (internal compiler error)
FAIL: gcc.dg/torture/tls/run-ld.c  -Os  -fpic  (test for excess errors)
UNRESOLVED: gcc.dg/torture/tls/run-ld.c  -Os  -fpic  compilation failed to produce executable
FAIL: gcc.dg/torture/tls/run-ld.c  -O1  -fPIC  (internal compiler error)
FAIL: gcc.dg/torture/tls/run-ld.c  -O1  -fPIC  (test for excess errors)
UNRESOLVED: gcc.dg/torture/tls/run-ld.c  -O1  -fPIC  compilation failed to produce executable
FAIL: gcc.dg/torture/tls/run-ld.c  -O2  -fPIC  (internal compiler error)
FAIL: gcc.dg/torture/tls/run-ld.c  -O2  -fPIC  (test for excess errors)
UNRESOLVED: gcc.dg/torture/tls/run-ld.c  -O2  -fPIC  compilation failed to produce executable
FAIL: gcc.dg/torture/tls/run-ld.c  -O3 -fomit-frame-pointer  -fPIC  (internal compiler error)
FAIL: gcc.dg/torture/tls/run-ld.c  -O3 -fomit-frame-pointer  -fPIC  (test for excess errors)
UNRESOLVED: gcc.dg/torture/tls/run-ld.c  -O3 -fomit-frame-pointer  -fPIC  compilation failed to produce executable
FAIL: gcc.dg/torture/tls/run-ld.c  -O3 -g  -fPIC  (internal compiler error)
FAIL: gcc.dg/torture/tls/run-ld.c  -O3 -g  -fPIC  (test for excess errors)
UNRESOLVED: gcc.dg/torture/tls/run-ld.c  -O3 -g  -fPIC  compilation failed to produce executable
FAIL: gcc.dg/torture/tls/run-ld.c  -Os  -fPIC  (internal compiler error)
FAIL: gcc.dg/torture/tls/run-ld.c  -Os  -fPIC  (test for excess errors)
UNRESOLVED: gcc.dg/torture/tls/run-ld.c  -Os  -fPIC  compilation failed to produce executable
FAIL: gcc.dg/torture/tls/run-ld.c  -O2 -flto -flto-partition=none  (internal compiler error)
FAIL: gcc.dg/torture/tls/run-ld.c  -O2 -flto -flto-partition=none  (test for excess errors)
UNRESOLVED: gcc.dg/torture/tls/run-ld.c  -O2 -flto -flto-partition=none  compilation failed to produce executable
FAIL: gcc.dg/torture/tls/run-ld.c  -O2 -flto  (internal compiler error)
FAIL: gcc.dg/torture/tls/run-ld.c  -O2 -flto  (test for excess errors)
UNRESOLVED: gcc.dg/torture/tls/run-ld.c  -O2 -flto  compilation failed to produce executable
FAIL: gcc.dg/torture/tls/run-le.c  -O1  (internal compiler error)
FAIL: gcc.dg/torture/tls/run-le.c  -O1  (test for excess errors)
UNRESOLVED: gcc.dg/torture/tls/run-le.c  -O1  compilation failed to produce executable
FAIL: gcc.dg/torture/tls/run-le.c  -O2  (internal compiler error)
FAIL: gcc.dg/torture/tls/run-le.c  -O2  (test for excess errors)
UNRESOLVED: gcc.dg/torture/tls/run-le.c  -O2  compilation failed to produce executable
FAIL: gcc.dg/torture/tls/run-le.c  -O3 -fomit-frame-pointer  (internal compiler error)
FAIL: gcc.dg/torture/tls/run-le.c  -O3 -fomit-frame-pointer  (test for excess errors)
UNRESOLVED: gcc.dg/torture/tls/run-le.c  -O3 -fomit-frame-pointer  compilation failed to produce executable
FAIL: gcc.dg/torture/tls/run-le.c  -O3 -g  (internal compiler error)
FAIL: gcc.dg/torture/tls/run-le.c  -O3 -g  (test for excess errors)
UNRESOLVED: gcc.dg/torture/tls/run-le.c  -O3 -g  compilation failed to produce executable
FAIL: gcc.dg/torture/tls/run-le.c  -Os  (internal compiler error)
FAIL: gcc.dg/torture/tls/run-le.c  -Os  (test for excess errors)
UNRESOLVED: gcc.dg/torture/tls/run-le.c  -Os  compilation failed to produce executable
FAIL: gcc.dg/torture/tls/run-le.c  -O1  -fpic  (internal compiler error)
FAIL: gcc.dg/torture/tls/run-le.c  -O1  -fpic  (test for excess errors)
UNRESOLVED: gcc.dg/torture/tls/run-le.c  -O1  -fpic  compilation failed to produce executable
FAIL: gcc.dg/torture/tls/run-le.c  -O2  -fpic  (internal compiler error)
FAIL: gcc.dg/torture/tls/run-le.c  -O2  -fpic  (test for excess errors)
UNRESOLVED: gcc.dg/torture/tls/run-le.c  -O2  -fpic  compilation failed to produce executable
FAIL: gcc.dg/torture/tls/run-le.c  -O3 -fomit-frame-pointer  -fpic  (internal compiler error)
FAIL: gcc.dg/torture/tls/run-le.c  -O3 -fomit-frame-pointer  -fpic  (test for excess errors)
UNRESOLVED: gcc.dg/torture/tls/run-le.c  -O3 -fomit-frame-pointer  -fpic  compilation failed to produce executable
FAIL: gcc.dg/torture/tls/run-le.c  -O3 -g  -fpic  (internal compiler error)
FAIL: gcc.dg/torture/tls/run-le.c  -O3 -g  -fpic  (test for excess errors)
UNRESOLVED: gcc.dg/torture/tls/run-le.c  -O3 -g  -fpic  compilation failed to produce executable
FAIL: gcc.dg/torture/tls/run-le.c  -Os  -fpic  (internal compiler error)
FAIL: gcc.dg/torture/tls/run-le.c  -Os  -fpic  (test for excess errors)
UNRESOLVED: gcc.dg/torture/tls/run-le.c  -Os  -fpic  compilation failed to produce executable
FAIL: gcc.dg/torture/tls/run-le.c  -O1  -fPIC  (internal compiler error)
FAIL: gcc.dg/torture/tls/run-le.c  -O1  -fPIC  (test for excess errors)
UNRESOLVED: gcc.dg/torture/tls/run-le.c  -O1  -fPIC  compilation failed to produce executable
FAIL: gcc.dg/torture/tls/run-le.c  -O2  -fPIC  (internal compiler error)
FAIL: gcc.dg/torture/tls/run-le.c  -O2  -fPIC  (test for excess errors)
UNRESOLVED: gcc.dg/torture/tls/run-le.c  -O2  -fPIC  compilation failed to produce executable
FAIL: gcc.dg/torture/tls/run-le.c  -O3 -fomit-frame-pointer  -fPIC  (internal compiler error)
FAIL: gcc.dg/torture/tls/run-le.c  -O3 -fomit-frame-pointer  -fPIC  (test for excess errors)
UNRESOLVED: gcc.dg/torture/tls/run-le.c  -O3 -fomit-frame-pointer  -fPIC  compilation failed to produce executable
FAIL: gcc.dg/torture/tls/run-le.c  -O3 -g  -fPIC  (internal compiler error)
FAIL: gcc.dg/torture/tls/run-le.c  -O3 -g  -fPIC  (test for excess errors)
UNRESOLVED: gcc.dg/torture/tls/run-le.c  -O3 -g  -fPIC  compilation failed to produce executable
FAIL: gcc.dg/torture/tls/run-le.c  -Os  -fPIC  (internal compiler error)
FAIL: gcc.dg/torture/tls/run-le.c  -Os  -fPIC  (test for excess errors)
UNRESOLVED: gcc.dg/torture/tls/run-le.c  -Os  -fPIC  compilation failed to produce executable
FAIL: gcc.dg/torture/tls/run-le.c  -O2 -flto -flto-partition=none  (internal compiler error)
FAIL: gcc.dg/torture/tls/run-le.c  -O2 -flto -flto-partition=none  (test for excess errors)
UNRESOLVED: gcc.dg/torture/tls/run-le.c  -O2 -flto -flto-partition=none  compilation failed to produce executable
FAIL: gcc.dg/torture/tls/run-le.c  -O2 -flto  (internal compiler error)
FAIL: gcc.dg/torture/tls/run-le.c  -O2 -flto  (test for excess errors)
UNRESOLVED: gcc.dg/torture/tls/run-le.c  -O2 -flto  compilation failed to produce executable
FAIL: gcc.dg/torture/tls/thr-init-1.c  -O1  (internal compiler error)
FAIL: gcc.dg/torture/tls/thr-init-1.c  -O1  (test for excess errors)
UNRESOLVED: gcc.dg/torture/tls/thr-init-1.c  -O1  compilation failed to produce executable
FAIL: gcc.dg/torture/tls/thr-init-1.c  -O2  (internal compiler error)
FAIL: gcc.dg/torture/tls/thr-init-1.c  -O2  (test for excess errors)
UNRESOLVED: gcc.dg/torture/tls/thr-init-1.c  -O2  compilation failed to produce executable
FAIL: gcc.dg/torture/tls/thr-init-1.c  -O3 -fomit-frame-pointer  (internal compiler error)
FAIL: gcc.dg/torture/tls/thr-init-1.c  -O3 -fomit-frame-pointer  (test for excess errors)
UNRESOLVED: gcc.dg/torture/tls/thr-init-1.c  -O3 -fomit-frame-pointer  compilation failed to produce executable
FAIL: gcc.dg/torture/tls/thr-init-1.c  -O3 -g  (internal compiler error)
FAIL: gcc.dg/torture/tls/thr-init-1.c  -O3 -g  (test for excess errors)
UNRESOLVED: gcc.dg/torture/tls/thr-init-1.c  -O3 -g  compilation failed to produce executable
FAIL: gcc.dg/torture/tls/thr-init-1.c  -Os  (internal compiler error)
FAIL: gcc.dg/torture/tls/thr-init-1.c  -Os  (test for excess errors)
UNRESOLVED: gcc.dg/torture/tls/thr-init-1.c  -Os  compilation failed to produce executable
FAIL: gcc.dg/torture/tls/thr-init-1.c  -O1  -fpic  (internal compiler error)
FAIL: gcc.dg/torture/tls/thr-init-1.c  -O1  -fpic  (test for excess errors)
UNRESOLVED: gcc.dg/torture/tls/thr-init-1.c  -O1  -fpic  compilation failed to produce executable
FAIL: gcc.dg/torture/tls/thr-init-1.c  -O2  -fpic  (internal compiler error)
FAIL: gcc.dg/torture/tls/thr-init-1.c  -O2  -fpic  (test for excess errors)
UNRESOLVED: gcc.dg/torture/tls/thr-init-1.c  -O2  -fpic  compilation failed to produce executable
FAIL: gcc.dg/torture/tls/thr-init-1.c  -O3 -fomit-frame-pointer  -fpic  (internal compiler error)
FAIL: gcc.dg/torture/tls/thr-init-1.c  -O3 -fomit-frame-pointer  -fpic  (test for excess errors)
UNRESOLVED: gcc.dg/torture/tls/thr-init-1.c  -O3 -fomit-frame-pointer  -fpic  compilation failed to produce executable
FAIL: gcc.dg/torture/tls/thr-init-1.c  -O3 -g  -fpic  (internal compiler error)
FAIL: gcc.dg/torture/tls/thr-init-1.c  -O3 -g  -fpic  (test for excess errors)
UNRESOLVED: gcc.dg/torture/tls/thr-init-1.c  -O3 -g  -fpic  compilation failed to produce executable
FAIL: gcc.dg/torture/tls/thr-init-1.c  -Os  -fpic  (internal compiler error)
FAIL: gcc.dg/torture/tls/thr-init-1.c  -Os  -fpic  (test for excess errors)
UNRESOLVED: gcc.dg/torture/tls/thr-init-1.c  -Os  -fpic  compilation failed to produce executable
FAIL: gcc.dg/torture/tls/thr-init-1.c  -O1  -fPIC  (internal compiler error)
FAIL: gcc.dg/torture/tls/thr-init-1.c  -O1  -fPIC  (test for excess errors)
UNRESOLVED: gcc.dg/torture/tls/thr-init-1.c  -O1  -fPIC  compilation failed to produce executable
FAIL: gcc.dg/torture/tls/thr-init-1.c  -O2  -fPIC  (internal compiler error)
FAIL: gcc.dg/torture/tls/thr-init-1.c  -O2  -fPIC  (test for excess errors)
UNRESOLVED: gcc.dg/torture/tls/thr-init-1.c  -O2  -fPIC  compilation failed to produce executable
FAIL: gcc.dg/torture/tls/thr-init-1.c  -O3 -fomit-frame-pointer  -fPIC  (internal compiler error)
FAIL: gcc.dg/torture/tls/thr-init-1.c  -O3 -fomit-frame-pointer  -fPIC  (test for excess errors)
UNRESOLVED: gcc.dg/torture/tls/thr-init-1.c  -O3 -fomit-frame-pointer  -fPIC  compilation failed to produce executable
FAIL: gcc.dg/torture/tls/thr-init-1.c  -O3 -g  -fPIC  (internal compiler error)
FAIL: gcc.dg/torture/tls/thr-init-1.c  -O3 -g  -fPIC  (test for excess errors)
UNRESOLVED: gcc.dg/torture/tls/thr-init-1.c  -O3 -g  -fPIC  compilation failed to produce executable
FAIL: gcc.dg/torture/tls/thr-init-1.c  -Os  -fPIC  (internal compiler error)
FAIL: gcc.dg/torture/tls/thr-init-1.c  -Os  -fPIC  (test for excess errors)
UNRESOLVED: gcc.dg/torture/tls/thr-init-1.c  -Os  -fPIC  compilation failed to produce executable
FAIL: gcc.dg/torture/tls/thr-init-1.c  -O2 -flto -flto-partition=none  (internal compiler error)
FAIL: gcc.dg/torture/tls/thr-init-1.c  -O2 -flto -flto-partition=none  (test for excess errors)
UNRESOLVED: gcc.dg/torture/tls/thr-init-1.c  -O2 -flto -flto-partition=none  compilation failed to produce executable
FAIL: gcc.dg/torture/tls/thr-init-1.c  -O2 -flto  (internal compiler error)
FAIL: gcc.dg/torture/tls/thr-init-1.c  -O2 -flto  (test for excess errors)
UNRESOLVED: gcc.dg/torture/tls/thr-init-1.c  -O2 -flto  compilation failed to produce executable
FAIL: gcc.dg/torture/tls/thr-init-2.c  -O1  (internal compiler error)
FAIL: gcc.dg/torture/tls/thr-init-2.c  -O1  (test for excess errors)
UNRESOLVED: gcc.dg/torture/tls/thr-init-2.c  -O1  compilation failed to produce executable
FAIL: gcc.dg/torture/tls/thr-init-2.c  -O2  (internal compiler error)
FAIL: gcc.dg/torture/tls/thr-init-2.c  -O2  (test for excess errors)
UNRESOLVED: gcc.dg/torture/tls/thr-init-2.c  -O2  compilation failed to produce executable
FAIL: gcc.dg/torture/tls/thr-init-2.c  -O3 -fomit-frame-pointer  (internal compiler error)
FAIL: gcc.dg/torture/tls/thr-init-2.c  -O3 -fomit-frame-pointer  (test for excess errors)
UNRESOLVED: gcc.dg/torture/tls/thr-init-2.c  -O3 -fomit-frame-pointer  compilation failed to produce executable
FAIL: gcc.dg/torture/tls/thr-init-2.c  -O3 -g  (internal compiler error)
FAIL: gcc.dg/torture/tls/thr-init-2.c  -O3 -g  (test for excess errors)
UNRESOLVED: gcc.dg/torture/tls/thr-init-2.c  -O3 -g  compilation failed to produce executable
FAIL: gcc.dg/torture/tls/thr-init-2.c  -Os  (internal compiler error)
FAIL: gcc.dg/torture/tls/thr-init-2.c  -Os  (test for excess errors)
UNRESOLVED: gcc.dg/torture/tls/thr-init-2.c  -Os  compilation failed to produce executable
FAIL: gcc.dg/torture/tls/thr-init-2.c  -O1  -fpic  (internal compiler error)
FAIL: gcc.dg/torture/tls/thr-init-2.c  -O1  -fpic  (test for excess errors)
UNRESOLVED: gcc.dg/torture/tls/thr-init-2.c  -O1  -fpic  compilation failed to produce executable
FAIL: gcc.dg/torture/tls/thr-init-2.c  -O2  -fpic  (internal compiler error)
FAIL: gcc.dg/torture/tls/thr-init-2.c  -O2  -fpic  (test for excess errors)
UNRESOLVED: gcc.dg/torture/tls/thr-init-2.c  -O2  -fpic  compilation failed to produce executable
FAIL: gcc.dg/torture/tls/thr-init-2.c  -O3 -fomit-frame-pointer  -fpic  (internal compiler error)
FAIL: gcc.dg/torture/tls/thr-init-2.c  -O3 -fomit-frame-pointer  -fpic  (test for excess errors)
UNRESOLVED: gcc.dg/torture/tls/thr-init-2.c  -O3 -fomit-frame-pointer  -fpic  compilation failed to produce executable
FAIL: gcc.dg/torture/tls/thr-init-2.c  -O3 -g  -fpic  (internal compiler error)
FAIL: gcc.dg/torture/tls/thr-init-2.c  -O3 -g  -fpic  (test for excess errors)
UNRESOLVED: gcc.dg/torture/tls/thr-init-2.c  -O3 -g  -fpic  compilation failed to produce executable
FAIL: gcc.dg/torture/tls/thr-init-2.c  -Os  -fpic  (internal compiler error)
FAIL: gcc.dg/torture/tls/thr-init-2.c  -Os  -fpic  (test for excess errors)
UNRESOLVED: gcc.dg/torture/tls/thr-init-2.c  -Os  -fpic  compilation failed to produce executable
FAIL: gcc.dg/torture/tls/thr-init-2.c  -O1  -fPIC  (internal compiler error)
FAIL: gcc.dg/torture/tls/thr-init-2.c  -O1  -fPIC  (test for excess errors)
UNRESOLVED: gcc.dg/torture/tls/thr-init-2.c  -O1  -fPIC  compilation failed to produce executable
FAIL: gcc.dg/torture/tls/thr-init-2.c  -O2  -fPIC  (internal compiler error)
FAIL: gcc.dg/torture/tls/thr-init-2.c  -O2  -fPIC  (test for excess errors)
UNRESOLVED: gcc.dg/torture/tls/thr-init-2.c  -O2  -fPIC  compilation failed to produce executable
FAIL: gcc.dg/torture/tls/thr-init-2.c  -O3 -fomit-frame-pointer  -fPIC  (internal compiler error)
FAIL: gcc.dg/torture/tls/thr-init-2.c  -O3 -fomit-frame-pointer  -fPIC  (test for excess errors)
UNRESOLVED: gcc.dg/torture/tls/thr-init-2.c  -O3 -fomit-frame-pointer  -fPIC  compilation failed to produce executable
FAIL: gcc.dg/torture/tls/thr-init-2.c  -O3 -g  -fPIC  (internal compiler error)
FAIL: gcc.dg/torture/tls/thr-init-2.c  -O3 -g  -fPIC  (test for excess errors)
UNRESOLVED: gcc.dg/torture/tls/thr-init-2.c  -O3 -g  -fPIC  compilation failed to produce executable
FAIL: gcc.dg/torture/tls/thr-init-2.c  -Os  -fPIC  (internal compiler error)
FAIL: gcc.dg/torture/tls/thr-init-2.c  -Os  -fPIC  (test for excess errors)
UNRESOLVED: gcc.dg/torture/tls/thr-init-2.c  -Os  -fPIC  compilation failed to produce executable
FAIL: gcc.dg/torture/tls/thr-init-2.c  -O2 -flto -flto-partition=none  (internal compiler error)
FAIL: gcc.dg/torture/tls/thr-init-2.c  -O2 -flto -flto-partition=none  (test for excess errors)
UNRESOLVED: gcc.dg/torture/tls/thr-init-2.c  -O2 -flto -flto-partition=none  compilation failed to produce executable
FAIL: gcc.dg/torture/tls/thr-init-2.c  -O2 -flto  (internal compiler error)
FAIL: gcc.dg/torture/tls/thr-init-2.c  -O2 -flto  (test for excess errors)
UNRESOLVED: gcc.dg/torture/tls/thr-init-2.c  -O2 -flto  compilation failed to produce executable
FAIL: gcc.dg/tree-prof/pr34999.c execution,    -fprofile-generate -D_PROFILE_GENERATE
UNRESOLVED: gcc.dg/tree-prof/pr34999.c compilation,  -fprofile-use -D_PROFILE_USE
UNRESOLVED: gcc.dg/tree-prof/pr34999.c execution,    -fprofile-use -D_PROFILE_USE
XPASS: gcc.dg/tree-ssa/20040204-1.c scan-tree-dump-times optimized "link_error" 0
FAIL: gcc.dg/tree-ssa/pr42585.c scan-tree-dump-times optimized "struct _fat_ptr _ans" 0
FAIL: gcc.dg/tree-ssa/pr42585.c scan-tree-dump-times optimized "struct _fat_ptr _T2" 0
FAIL: gcc.dg/tree-ssa/sra-12.c scan-tree-dump-times release_ssa "l;" 0
FAIL: gcc.dg/tree-ssa/ssa-dom-thread-4.c scan-tree-dump-times dom1 "Threaded" 3
FAIL: gcc.dg/tree-ssa/vrp47.c scan-tree-dump-times vrp1 "[xy][^ ]* !=" 0
FAIL: gcc.dg/tree-ssa/vrp47.c scan-tree-dump-times dom1 "x[^ ]* & y" 1
FAIL: gcc.dg/tree-ssa/vrp47.c scan-tree-dump-times vrp1 "x[^ ]* [|] y" 1

		=== gcc Summary ===

# of expected passes		69508
# of unexpected failures	365
# of unexpected successes	10
# of expected failures		98
# of unresolved testcases	119
# of unsupported tests		1140
/home/mstein/sim/trunk/m32r-elf/build/gcc/xgcc  version 4.7.0 20111006 (experimental) [trunk revision 179636] (GCC) 


Compiler version: 4.7.0 20111006 (experimental) [trunk revision 179636] (GCC) gcc 
Platform: m32r-unknown-elf
configure flags: --target=m32r-elf --prefix=/home/mstein/cross-local/m32r-elf --enable-languages=c --disable-nls --disable-build-warnings --with-sysroot=/home/mstein/cross-local/m32r-elf --with-build-sysroot=/home/mstein/cross-local/m32r-elf --with-ld=/home/mstein/cross-local/m32r-elf/usr/bin/ld --with-as=/home/mstein/cross-local/m32r-elf/usr/bin/as --disable-libssp --with-mpfr=/opt/cfarm/mpfr-2.4.1 --with-gmp=/opt/cfarm/gmp-4.2.4 --with-libelf=/opt/cfarm/libelf-0.8.12 --with-mpc=/opt/cfarm/mpc-0.8


Index Nav: [Date Index] [Subject Index] [Author Index] [Thread Index]
Message Nav: [Date Prev] [Date Next] [Thread Prev] [Thread Next]