This is the mail archive of the gcc-testresults@gcc.gnu.org mailing list for the GCC project.


Index Nav: [Date Index] [Subject Index] [Author Index] [Thread Index]
Message Nav: [Date Prev] [Date Next] [Thread Prev] [Thread Next]
Other format: [Raw text]

Results for 4.7.0 20111004 (experimental) [trunk revision 179496] (GCC) testsuite on x86_64-unknown-linux-gnu


LAST_UPDATED: Tue Oct  4 10:10:56 UTC 2011 (revision 179496)

Native configuration is x86_64-unknown-linux-gnu

		=== g++ tests ===


Running target unix/-mx32
FAIL: g++.dg/lto/20100302 cp_lto_20100302_0.o-cp_lto_20100302_1.o link, -flto -fabi-version=2 (internal compiler error)
UNRESOLVED: g++.dg/lto/20100302 cp_lto_20100302_0.o-cp_lto_20100302_1.o execute -flto -fabi-version=2

		=== g++ Summary ===

# of expected passes		28480
# of unexpected failures	1
# of expected failures		155
# of unresolved testcases	1
# of unsupported tests		333
/export/gnu/import/svn/gcc-test-x32/bld/gcc/testsuite/g++/../../g++  version 4.7.0 20111004 (experimental) [trunk revision 179496] (GCC) 

		=== gcc tests ===


Running target unix/-mx32
FAIL: gcc.c-torture/execute/pr23135.c compilation,  -O2 -flto -flto-partition=none  (internal compiler error)
UNRESOLVED: gcc.c-torture/execute/pr23135.c execution,  -O2 -flto -flto-partition=none 
FAIL: gcc.c-torture/execute/pr23135.c compilation,  -O2 -flto  (internal compiler error)
UNRESOLVED: gcc.c-torture/execute/pr23135.c execution,  -O2 -flto 
FAIL: gcc.c-torture/execute/vect-shuffle-1.c execution,  -O0 
FAIL: gcc.c-torture/execute/vect-shuffle-2.c compilation,  -O0  (internal compiler error)
UNRESOLVED: gcc.c-torture/execute/vect-shuffle-2.c execution,  -O0 
FAIL: gcc.c-torture/execute/vect-shuffle-2.c compilation,  -O1  (internal compiler error)
UNRESOLVED: gcc.c-torture/execute/vect-shuffle-2.c execution,  -O1 
FAIL: gcc.c-torture/execute/vect-shuffle-2.c compilation,  -O2  (internal compiler error)
UNRESOLVED: gcc.c-torture/execute/vect-shuffle-2.c execution,  -O2 
FAIL: gcc.c-torture/execute/vect-shuffle-2.c compilation,  -O3 -fomit-frame-pointer  (internal compiler error)
UNRESOLVED: gcc.c-torture/execute/vect-shuffle-2.c execution,  -O3 -fomit-frame-pointer 
FAIL: gcc.c-torture/execute/vect-shuffle-2.c compilation,  -O3 -fomit-frame-pointer -funroll-loops  (internal compiler error)
UNRESOLVED: gcc.c-torture/execute/vect-shuffle-2.c execution,  -O3 -fomit-frame-pointer -funroll-loops 
FAIL: gcc.c-torture/execute/vect-shuffle-2.c compilation,  -O3 -fomit-frame-pointer -funroll-all-loops -finline-functions  (internal compiler error)
UNRESOLVED: gcc.c-torture/execute/vect-shuffle-2.c execution,  -O3 -fomit-frame-pointer -funroll-all-loops -finline-functions 
FAIL: gcc.c-torture/execute/vect-shuffle-2.c compilation,  -O3 -g  (internal compiler error)
UNRESOLVED: gcc.c-torture/execute/vect-shuffle-2.c execution,  -O3 -g 
FAIL: gcc.c-torture/execute/vect-shuffle-2.c compilation,  -Os  (internal compiler error)
UNRESOLVED: gcc.c-torture/execute/vect-shuffle-2.c execution,  -Os 
FAIL: gcc.c-torture/execute/vect-shuffle-2.c compilation,  -O2 -flto -flto-partition=none  (internal compiler error)
UNRESOLVED: gcc.c-torture/execute/vect-shuffle-2.c execution,  -O2 -flto -flto-partition=none 
FAIL: gcc.c-torture/execute/vect-shuffle-2.c compilation,  -O2 -flto  (internal compiler error)
UNRESOLVED: gcc.c-torture/execute/vect-shuffle-2.c execution,  -O2 -flto 
FAIL: gcc.c-torture/execute/vect-shuffle-3.c compilation,  -O0  (internal compiler error)
UNRESOLVED: gcc.c-torture/execute/vect-shuffle-3.c execution,  -O0 
FAIL: gcc.c-torture/execute/vect-shuffle-3.c compilation,  -O1  (internal compiler error)
UNRESOLVED: gcc.c-torture/execute/vect-shuffle-3.c execution,  -O1 
FAIL: gcc.c-torture/execute/vect-shuffle-3.c compilation,  -O2  (internal compiler error)
UNRESOLVED: gcc.c-torture/execute/vect-shuffle-3.c execution,  -O2 
FAIL: gcc.c-torture/execute/vect-shuffle-3.c compilation,  -O3 -fomit-frame-pointer  (internal compiler error)
UNRESOLVED: gcc.c-torture/execute/vect-shuffle-3.c execution,  -O3 -fomit-frame-pointer 
FAIL: gcc.c-torture/execute/vect-shuffle-3.c compilation,  -O3 -fomit-frame-pointer -funroll-loops  (internal compiler error)
UNRESOLVED: gcc.c-torture/execute/vect-shuffle-3.c execution,  -O3 -fomit-frame-pointer -funroll-loops 
FAIL: gcc.c-torture/execute/vect-shuffle-3.c compilation,  -O3 -fomit-frame-pointer -funroll-all-loops -finline-functions  (internal compiler error)
UNRESOLVED: gcc.c-torture/execute/vect-shuffle-3.c execution,  -O3 -fomit-frame-pointer -funroll-all-loops -finline-functions 
FAIL: gcc.c-torture/execute/vect-shuffle-3.c compilation,  -O3 -g  (internal compiler error)
UNRESOLVED: gcc.c-torture/execute/vect-shuffle-3.c execution,  -O3 -g 
FAIL: gcc.c-torture/execute/vect-shuffle-3.c compilation,  -Os  (internal compiler error)
UNRESOLVED: gcc.c-torture/execute/vect-shuffle-3.c execution,  -Os 
FAIL: gcc.c-torture/execute/vect-shuffle-3.c compilation,  -O2 -flto -flto-partition=none  (internal compiler error)
UNRESOLVED: gcc.c-torture/execute/vect-shuffle-3.c execution,  -O2 -flto -flto-partition=none 
FAIL: gcc.c-torture/execute/vect-shuffle-3.c compilation,  -O2 -flto  (internal compiler error)
UNRESOLVED: gcc.c-torture/execute/vect-shuffle-3.c execution,  -O2 -flto 
FAIL: gcc.c-torture/execute/vect-shuffle-4.c compilation,  -O0  (internal compiler error)
UNRESOLVED: gcc.c-torture/execute/vect-shuffle-4.c execution,  -O0 
FAIL: gcc.c-torture/execute/vect-shuffle-4.c compilation,  -O1  (internal compiler error)
UNRESOLVED: gcc.c-torture/execute/vect-shuffle-4.c execution,  -O1 
FAIL: gcc.c-torture/execute/vect-shuffle-4.c compilation,  -O2  (internal compiler error)
UNRESOLVED: gcc.c-torture/execute/vect-shuffle-4.c execution,  -O2 
FAIL: gcc.c-torture/execute/vect-shuffle-4.c compilation,  -O3 -fomit-frame-pointer  (internal compiler error)
UNRESOLVED: gcc.c-torture/execute/vect-shuffle-4.c execution,  -O3 -fomit-frame-pointer 
FAIL: gcc.c-torture/execute/vect-shuffle-4.c compilation,  -O3 -fomit-frame-pointer -funroll-loops  (internal compiler error)
UNRESOLVED: gcc.c-torture/execute/vect-shuffle-4.c execution,  -O3 -fomit-frame-pointer -funroll-loops 
FAIL: gcc.c-torture/execute/vect-shuffle-4.c compilation,  -O3 -fomit-frame-pointer -funroll-all-loops -finline-functions  (internal compiler error)
UNRESOLVED: gcc.c-torture/execute/vect-shuffle-4.c execution,  -O3 -fomit-frame-pointer -funroll-all-loops -finline-functions 
FAIL: gcc.c-torture/execute/vect-shuffle-4.c compilation,  -O3 -g  (internal compiler error)
UNRESOLVED: gcc.c-torture/execute/vect-shuffle-4.c execution,  -O3 -g 
FAIL: gcc.c-torture/execute/vect-shuffle-4.c compilation,  -Os  (internal compiler error)
UNRESOLVED: gcc.c-torture/execute/vect-shuffle-4.c execution,  -Os 
FAIL: gcc.c-torture/execute/vect-shuffle-4.c compilation,  -O2 -flto -flto-partition=none  (internal compiler error)
UNRESOLVED: gcc.c-torture/execute/vect-shuffle-4.c execution,  -O2 -flto -flto-partition=none 
FAIL: gcc.c-torture/execute/vect-shuffle-4.c compilation,  -O2 -flto  (internal compiler error)
UNRESOLVED: gcc.c-torture/execute/vect-shuffle-4.c execution,  -O2 -flto 
FAIL: gcc.c-torture/execute/vect-shuffle-5.c execution,  -O0 
FAIL: gcc.dg/bconstp-3.c (test for excess errors)
XPASS: gcc.dg/inline_3.c (test for excess errors)
XPASS: gcc.dg/inline_4.c (test for excess errors)
XPASS: gcc.dg/uninit-B.c uninit i warning (test for warnings, line 12)
XPASS: gcc.dg/uninit-pr19430.c  (test for warnings, line 32)
XPASS: gcc.dg/uninit-pr19430.c uninitialized (test for warnings, line 41)
XPASS: gcc.dg/unroll_2.c (test for excess errors)
XPASS: gcc.dg/unroll_3.c (test for excess errors)
XPASS: gcc.dg/unroll_4.c (test for excess errors)
XPASS: gcc.dg/graphite/interchange-14.c scan-tree-dump-times graphite "will be interchanged" 1
XPASS: gcc.dg/graphite/interchange-15.c scan-tree-dump-times graphite "will be interchanged" 1
XPASS: gcc.dg/graphite/interchange-mvt.c scan-tree-dump-times graphite "will be interchanged" 1
XPASS: gcc.dg/guality/example.c  -O0  execution test
XPASS: gcc.dg/guality/guality.c  -O0  execution test
FAIL: gcc.dg/guality/inline-params.c  -O1  execution test
XPASS: gcc.dg/guality/pr41353-1.c  -O0  line 28 j == 28 + 37
XPASS: gcc.dg/guality/pr41353-1.c  -O1  line 28 j == 28 + 37
XPASS: gcc.dg/guality/pr41353-1.c  -O2  line 28 j == 28 + 37
XPASS: gcc.dg/guality/pr41353-1.c  -O3 -fomit-frame-pointer  line 28 j == 28 + 37
XPASS: gcc.dg/guality/pr41353-1.c  -O3 -g  line 28 j == 28 + 37
XPASS: gcc.dg/guality/pr41353-1.c  -Os  line 28 j == 28 + 37
XPASS: gcc.dg/guality/pr41353-1.c  -O2 -flto -flto-partition=none  line 28 j == 28 + 37
XPASS: gcc.dg/guality/pr41353-1.c  -O2 -flto  line 28 j == 28 + 37
XPASS: gcc.dg/guality/pr41447-1.c  -O0  execution test
XPASS: gcc.dg/guality/pr41447-1.c  -O1  execution test
XPASS: gcc.dg/guality/pr41447-1.c  -O2  execution test
XPASS: gcc.dg/guality/pr41447-1.c  -O3 -fomit-frame-pointer  execution test
XPASS: gcc.dg/guality/pr41447-1.c  -O3 -g  execution test
XPASS: gcc.dg/guality/pr41447-1.c  -Os  execution test
XPASS: gcc.dg/guality/pr41447-1.c  -O2 -flto -flto-partition=none  execution test
XPASS: gcc.dg/guality/pr41447-1.c  -O2 -flto  execution test
XPASS: gcc.dg/guality/pr41616-1.c  -O0  execution test
XPASS: gcc.dg/guality/pr41616-1.c  -O1  execution test
XPASS: gcc.dg/guality/pr41616-1.c  -O2  execution test
XPASS: gcc.dg/guality/pr41616-1.c  -O3 -fomit-frame-pointer  execution test
XPASS: gcc.dg/guality/pr41616-1.c  -O3 -g  execution test
XPASS: gcc.dg/guality/pr41616-1.c  -Os  execution test
FAIL: gcc.dg/guality/pr43051-1.c  -O1  line 34 c == &a[0]
FAIL: gcc.dg/guality/pr43051-1.c  -O1  line 36 e == &a[1]
FAIL: gcc.dg/guality/pr43051-1.c  -O1  line 39 c == &a[0]
FAIL: gcc.dg/guality/pr43051-1.c  -O1  line 41 e == &a[1]
FAIL: gcc.dg/guality/pr43051-1.c  -O2  line 34 c == &a[0]
FAIL: gcc.dg/guality/pr43051-1.c  -O2  line 36 e == &a[1]
FAIL: gcc.dg/guality/pr43051-1.c  -O2  line 39 c == &a[0]
FAIL: gcc.dg/guality/pr43051-1.c  -O2  line 41 e == &a[1]
FAIL: gcc.dg/guality/pr43051-1.c  -O3 -fomit-frame-pointer  line 34 c == &a[0]
FAIL: gcc.dg/guality/pr43051-1.c  -O3 -fomit-frame-pointer  line 36 e == &a[1]
FAIL: gcc.dg/guality/pr43051-1.c  -O3 -fomit-frame-pointer  line 39 c == &a[0]
FAIL: gcc.dg/guality/pr43051-1.c  -O3 -fomit-frame-pointer  line 41 e == &a[1]
FAIL: gcc.dg/guality/pr43051-1.c  -O3 -fomit-frame-pointer -funroll-loops  line 36 e == &a[1]
FAIL: gcc.dg/guality/pr43051-1.c  -O3 -fomit-frame-pointer -funroll-loops  line 41 e == &a[1]
FAIL: gcc.dg/guality/pr43051-1.c  -O3 -fomit-frame-pointer -funroll-all-loops -finline-functions  line 36 e == &a[1]
FAIL: gcc.dg/guality/pr43051-1.c  -O3 -fomit-frame-pointer -funroll-all-loops -finline-functions  line 41 e == &a[1]
FAIL: gcc.dg/guality/pr43051-1.c  -O3 -g  line 34 c == &a[0]
FAIL: gcc.dg/guality/pr43051-1.c  -O3 -g  line 36 e == &a[1]
FAIL: gcc.dg/guality/pr43051-1.c  -O3 -g  line 39 c == &a[0]
FAIL: gcc.dg/guality/pr43051-1.c  -O3 -g  line 41 e == &a[1]
FAIL: gcc.dg/guality/pr43051-1.c  -Os  line 36 e == &a[1]
FAIL: gcc.dg/guality/pr43051-1.c  -Os  line 41 e == &a[1]
FAIL: gcc.dg/guality/pr43051-1.c  -O2 -flto -flto-partition=none  line 34 c == &a[0]
FAIL: gcc.dg/guality/pr43051-1.c  -O2 -flto -flto-partition=none  line 36 e == &a[1]
FAIL: gcc.dg/guality/pr43051-1.c  -O2 -flto -flto-partition=none  line 39 c == &a[0]
FAIL: gcc.dg/guality/pr43051-1.c  -O2 -flto -flto-partition=none  line 41 e == &a[1]
FAIL: gcc.dg/guality/pr43051-1.c  -O2 -flto  line 34 c == &a[0]
FAIL: gcc.dg/guality/pr43051-1.c  -O2 -flto  line 36 e == &a[1]
FAIL: gcc.dg/guality/pr43051-1.c  -O2 -flto  line 39 c == &a[0]
FAIL: gcc.dg/guality/pr43051-1.c  -O2 -flto  line 41 e == &a[1]
FAIL: gcc.dg/guality/sra-1.c  -O1  line 43 a.i == 4
FAIL: gcc.dg/guality/sra-1.c  -O1  line 43 a.j == 14
FAIL: gcc.dg/guality/vla-1.c  -O0  line 17 sizeof (a) == 6
FAIL: gcc.dg/guality/vla-1.c  -O0  line 24 sizeof (a) == 17 * sizeof (short)
FAIL: gcc.dg/guality/vla-1.c  -O1  line 17 sizeof (a) == 6
FAIL: gcc.dg/guality/vla-1.c  -O1  line 24 sizeof (a) == 17 * sizeof (short)
FAIL: gcc.dg/guality/vla-1.c  -O2  line 17 sizeof (a) == 6
FAIL: gcc.dg/guality/vla-1.c  -O2  line 24 sizeof (a) == 17 * sizeof (short)
FAIL: gcc.dg/guality/vla-1.c  -O3 -fomit-frame-pointer  line 17 sizeof (a) == 6
FAIL: gcc.dg/guality/vla-1.c  -O3 -fomit-frame-pointer  line 24 sizeof (a) == 17 * sizeof (short)
FAIL: gcc.dg/guality/vla-1.c  -O3 -g  line 17 sizeof (a) == 6
FAIL: gcc.dg/guality/vla-1.c  -O3 -g  line 24 sizeof (a) == 17 * sizeof (short)
FAIL: gcc.dg/guality/vla-1.c  -Os  line 17 sizeof (a) == 6
FAIL: gcc.dg/guality/vla-1.c  -Os  line 24 sizeof (a) == 17 * sizeof (short)
FAIL: gcc.dg/guality/vla-1.c  -O2 -flto -flto-partition=none  line 17 sizeof (a) == 6
FAIL: gcc.dg/guality/vla-1.c  -O2 -flto -flto-partition=none  line 24 sizeof (a) == 17 * sizeof (short)
FAIL: gcc.dg/guality/vla-1.c  -O2 -flto  line 17 sizeof (a) == 6
FAIL: gcc.dg/guality/vla-1.c  -O2 -flto  line 24 sizeof (a) == 17 * sizeof (short)
FAIL: gcc.dg/guality/vla-2.c  -O0  line 16 sizeof (a) == 5 * sizeof (int)
FAIL: gcc.dg/guality/vla-2.c  -O0  line 25 sizeof (a) == 6 * sizeof (int)
FAIL: gcc.dg/guality/vla-2.c  -O1  line 16 sizeof (a) == 5 * sizeof (int)
FAIL: gcc.dg/guality/vla-2.c  -O1  line 25 sizeof (a) == 6 * sizeof (int)
FAIL: gcc.dg/guality/vla-2.c  -O2  line 16 sizeof (a) == 5 * sizeof (int)
FAIL: gcc.dg/guality/vla-2.c  -O2  line 25 sizeof (a) == 6 * sizeof (int)
FAIL: gcc.dg/guality/vla-2.c  -O3 -fomit-frame-pointer  line 16 sizeof (a) == 5 * sizeof (int)
FAIL: gcc.dg/guality/vla-2.c  -O3 -fomit-frame-pointer  line 25 sizeof (a) == 6 * sizeof (int)
FAIL: gcc.dg/guality/vla-2.c  -O3 -g  line 16 sizeof (a) == 5 * sizeof (int)
FAIL: gcc.dg/guality/vla-2.c  -O3 -g  line 25 sizeof (a) == 6 * sizeof (int)
FAIL: gcc.dg/guality/vla-2.c  -Os  line 16 sizeof (a) == 5 * sizeof (int)
FAIL: gcc.dg/guality/vla-2.c  -Os  line 25 sizeof (a) == 6 * sizeof (int)
FAIL: gcc.dg/guality/vla-2.c  -O2 -flto -flto-partition=none  line 16 sizeof (a) == 5 * sizeof (int)
FAIL: gcc.dg/guality/vla-2.c  -O2 -flto -flto-partition=none  line 25 sizeof (a) == 6 * sizeof (int)
FAIL: gcc.dg/guality/vla-2.c  -O2 -flto  line 16 sizeof (a) == 5 * sizeof (int)
FAIL: gcc.dg/guality/vla-2.c  -O2 -flto  line 25 sizeof (a) == 6 * sizeof (int)
FAIL: gcc.dg/lto/pr47259 c_lto_pr47259_0.o-c_lto_pr47259_1.o link,  -O2 -flto -w 
UNRESOLVED: gcc.dg/lto/pr47259 c_lto_pr47259_0.o-c_lto_pr47259_1.o execute  -O2 -flto -w 
FAIL: gcc.dg/tree-ssa/vrp47.c scan-tree-dump-times dom1 "x[^ ]* & y" 1
UNRESOLVED: gcc.dg/vect/vec-scal-opt.c scan-tree-dump-times veclower ">> k.[0-9_]*" 1
UNRESOLVED: gcc.dg/vect/vec-scal-opt1.c scan-tree-dump-times veclower ">> 2" 1
UNRESOLVED: gcc.dg/vect/vec-scal-opt2.c scan-tree-dump-times veclower ">> 2" 1
FAIL: gcc.target/i386/avx256-unaligned-load-3.c scan-assembler \\\\*sse2_movupd/1
FAIL: gcc.target/i386/avx256-unaligned-load-3.c scan-assembler vinsertf128
FAIL: gcc.target/i386/avx256-unaligned-store-3.c scan-assembler vmovupd.*\\\\*movv2df_internal/3
FAIL: gcc.target/i386/avx256-unaligned-store-3.c scan-assembler vextractf128
FAIL: gcc.target/i386/pr45670.c scan-assembler-not lea[lq]

		=== gcc Summary ===

# of expected passes		83212
# of unexpected failures	107
# of unexpected successes	35
# of expected failures		267
# of unresolved testcases	36
# of unsupported tests		1198
/export/gnu/import/svn/gcc-test-x32/bld/gcc/xgcc  version 4.7.0 20111004 (experimental) [trunk revision 179496] (GCC) 

		=== gfortran tests ===


Running target unix/-mx32

		=== gfortran Summary ===

# of expected passes		39807
# of expected failures		52
# of unsupported tests		62
/export/gnu/import/svn/gcc-test-x32/bld/gcc/testsuite/gfortran/../../gfortran  version 4.7.0 20111004 (experimental) [trunk revision 179496] (GCC) 

		=== objc tests ===


Running target unix/-mx32

		=== objc Summary ===

# of expected passes		2976
# of expected failures		6
# of unsupported tests		74
/export/gnu/import/svn/gcc-test-x32/bld/gcc/xgcc  version 4.7.0 20111004 (experimental) [trunk revision 179496] (GCC) 

		=== libgomp tests ===


Running target unix/-mx32
FAIL: libgomp.graphite/force-parallel-1.c execution test

		=== libgomp Summary ===

# of expected passes		2993
# of unexpected failures	1
		=== libmudflap tests ===


Running target unix/-mx32
FAIL: libmudflap.c++/pass55-frag.cxx ( -O) execution test

		=== libmudflap Summary ===

# of expected passes		1426
# of unexpected failures	1
		=== libstdc++ tests ===


Running target unix/-mx32

		=== libstdc++ Summary ===

# of expected passes		8718
# of expected failures		46
# of unsupported tests		140

Compiler version: 4.7.0 20111004 (experimental) [trunk revision 179496] (GCC) 
Platform: x86_64-unknown-linux-gnu
configure flags: --with-arch=core2 --with-cpu=atom --prefix=/usr/local --enable-clocale=gnu --with-system-zlib --enable-shared --with-demangler-in-ld --with-multilib-list=m32,m64,mx32 --with-fpmath=sse --enable-languages=c,c++,fortran,objc


Index Nav: [Date Index] [Subject Index] [Author Index] [Thread Index]
Message Nav: [Date Prev] [Date Next] [Thread Prev] [Thread Next]