This is the mail archive of the gcc-testresults@gcc.gnu.org mailing list for the GCC project.


Index Nav: [Date Index] [Subject Index] [Author Index] [Thread Index]
Message Nav: [Date Prev] [Date Next] [Thread Prev] [Thread Next]
Other format: [Raw text]

Results for 4.6.2 20110722 (prerelease) [gcc-4_6-branch revision 176643] (GCC) testsuite on sparc-sun-solaris2.8


LAST_UPDATED: Fri Jul 22 19:11:46 UTC 2011 (revision 176643)

		=== acats tests ===

		=== acats Summary ===
# of expected passes		2321
# of unexpected failures	0
Native configuration is sparc-sun-solaris2.8

		=== g++ tests ===


Running target unix
FAIL: g++.dg/cpp0x/lambda/lambda-eh2.C execution test
FAIL: g++.dg/tree-ssa/fwprop-align.C scan-tree-dump-times forwprop2 "& 1" 0
FAIL: g++.dg/tree-ssa/pr8781.C scan-tree-dump fre "Replacing call target with f"
WARNING: program timed out.

		=== g++ Summary for unix ===

# of expected passes		26488
# of unexpected failures	3
# of expected failures		166
# of unsupported tests		431

Running target unix/-m64
FAIL: g++.dg/cpp0x/lambda/lambda-eh2.C execution test
FAIL: g++.dg/tree-ssa/fwprop-align.C scan-tree-dump-times forwprop2 "& 1" 0

		=== g++ Summary for unix/-m64 ===

# of expected passes		27101
# of unexpected failures	2
# of expected failures		166
# of unsupported tests		428

		=== g++ Summary ===

# of expected passes		53589
# of unexpected failures	5
# of expected failures		332
# of unsupported tests		859
/var/gcc/regression/gcc-4.6-branch/8-gcc-gas/build/gcc/testsuite/g++/../../g++  version 4.6.2 20110722 (prerelease) [gcc-4_6-branch revision 176643] (GCC) 

		=== gcc tests ===


Running target unix
FAIL: gcc.dg/lto/20110201-1 c_lto_20110201-1_0.o-c_lto_20110201-1_0.o link,  -O0 -flto 
UNRESOLVED: gcc.dg/lto/20110201-1 c_lto_20110201-1_0.o-c_lto_20110201-1_0.o execute  -O0 -flto 

		=== gcc Summary for unix ===

# of expected passes		69973
# of unexpected failures	1
# of expected failures		237
# of unresolved testcases	1
# of unsupported tests		1195

Running target unix/-m64

		=== gcc Summary for unix/-m64 ===

# of expected passes		70555
# of expected failures		228
# of unsupported tests		1205

		=== gcc Summary ===

# of expected passes		140528
# of unexpected failures	1
# of expected failures		465
# of unresolved testcases	1
# of unsupported tests		2400
/var/gcc/regression/gcc-4.6-branch/8-gcc-gas/build/gcc/xgcc  version 4.6.2 20110722 (prerelease) [gcc-4_6-branch revision 176643] (GCC) 

		=== gfortran tests ===


Running target unix

		=== gfortran Summary for unix ===

# of expected passes		38083
# of expected failures		43
# of unsupported tests		402

Running target unix/-m64

		=== gfortran Summary for unix/-m64 ===

# of expected passes		38362
# of expected failures		43
# of unsupported tests		265

		=== gfortran Summary ===

# of expected passes		76445
# of expected failures		86
# of unsupported tests		667
/var/gcc/regression/gcc-4.6-branch/8-gcc-gas/build/gcc/testsuite/gfortran/../../gfortran  version 4.6.2 20110722 (prerelease) [gcc-4_6-branch revision 176643] (GCC) 

		=== gnat tests ===


Running target unix

		=== gnat Summary for unix ===

# of expected passes		870
# of expected failures		10
# of unsupported tests		4

Running target unix/-m64

		=== gnat Summary for unix/-m64 ===

# of expected passes		870
# of expected failures		10
# of unsupported tests		4

		=== gnat Summary ===

# of expected passes		1740
# of expected failures		20
# of unsupported tests		8
/var/gcc/regression/gcc-4.6-branch/8-gcc-gas/build/gcc/gnatmake version 4.6.2 20110722 (prerelease) [gcc-4_6-branch revision 176643]

		=== objc tests ===


Running target unix

		=== objc Summary for unix ===

# of expected passes		2868
# of expected failures		10
# of unsupported tests		98

Running target unix/-m64

		=== objc Summary for unix/-m64 ===

# of expected passes		2868
# of expected failures		10
# of unsupported tests		98

		=== objc Summary ===

# of expected passes		5736
# of expected failures		20
# of unsupported tests		196
/var/gcc/regression/gcc-4.6-branch/8-gcc-gas/build/gcc/xgcc  version 4.6.2 20110722 (prerelease) [gcc-4_6-branch revision 176643] (GCC) 

		=== libffi tests ===


Running target unix

		=== libffi Summary for unix ===

# of expected passes		1634
# of expected failures		10
# of unsupported tests		15

Running target unix/-m64

		=== libffi Summary for unix/-m64 ===

# of expected passes		1634
# of expected failures		10
# of unsupported tests		15

		=== libffi Summary ===

# of expected passes		3268
# of expected failures		20
# of unsupported tests		30
		=== libgomp tests ===


Running target unix

		=== libgomp Summary for unix ===

# of expected passes		2572
# of unsupported tests		10

Running target unix/-m64

		=== libgomp Summary for unix/-m64 ===

# of expected passes		2572
# of unsupported tests		10

		=== libgomp Summary ===

# of expected passes		5144
# of unsupported tests		20
		=== libjava tests ===


Running target unix

		=== libjava Summary for unix ===

# of expected passes		2574

Running target unix/-m64

		=== libjava Summary for unix/-m64 ===

# of expected passes		2574

		=== libjava Summary ===

# of expected passes		5148
		=== libstdc++ tests ===


Running target unix

		=== libstdc++ Summary for unix ===

# of expected passes		6871
# of expected failures		84
# of unsupported tests		742

Running target unix/-m64

		=== libstdc++ Summary for unix/-m64 ===

# of expected passes		6871
# of expected failures		84
# of unsupported tests		742

		=== libstdc++ Summary ===

# of expected passes		13742
# of expected failures		168
# of unsupported tests		1484

Compiler version: 4.6.2 20110722 (prerelease) [gcc-4_6-branch revision 176643] (GCC) 
Platform: sparc-sun-solaris2.8
configure flags: --prefix=/vol/gcc --target=sparc-sun-solaris2.8 --with-as=/vol/gcc/bin/gas-2.21.1 --with-gnu-as --with-gmp-include=/vol/gcc/include --with-gmp-lib=/vol/gcc/lib --with-mpfr-include=/vol/gcc/include --with-mpfr-lib=/vol/gcc/lib --with-mpc-include=/vol/gcc/include --with-mpc-lib=/vol/gcc/lib --enable-languages=all,ada --without-ppl --without-cloog
BOOT_CFLAGS=-g -O2


Index Nav: [Date Index] [Subject Index] [Author Index] [Thread Index]
Message Nav: [Date Prev] [Date Next] [Thread Prev] [Thread Next]