This is the mail archive of the gcc-testresults@gcc.gnu.org mailing list for the GCC project.


Index Nav: [Date Index] [Subject Index] [Author Index] [Thread Index]
Message Nav: [Date Prev] [Date Next] [Thread Prev] [Thread Next]
Other format: [Raw text]

Results for 4.7.0 20110722 (experimental) [trunk revision 176647] (GCC) testsuite on sparc-sun-solaris2.9


LAST_UPDATED: Fri Jul 22 19:10:41 UTC 2011 (revision 176647)

		=== acats tests ===

		=== acats Summary ===
# of expected passes		2321
# of unexpected failures	0
Native configuration is sparc-sun-solaris2.9

		=== g++ tests ===


Running target unix
WARNING: program timed out.

		=== g++ Summary for unix ===

# of expected passes		26995
# of expected failures		158
# of unsupported tests		431

Running target unix/-m64
WARNING: program timed out.
FAIL: tmpdir-g++.dg-struct-layout-1/t018 cp_compat_y_tst.o compile

		=== g++ Summary for unix/-m64 ===

# of expected passes		27606
# of unexpected failures	1
# of expected failures		158
# of unsupported tests		428

		=== g++ Summary ===

# of expected passes		54601
# of unexpected failures	1
# of expected failures		316
# of unsupported tests		859
/var/gcc/regression/trunk/9-gcc-gas/build/gcc/testsuite/g++/../../g++  version 4.7.0 20110722 (experimental) [trunk revision 176647] (GCC) 

		=== gcc tests ===


Running target unix
FAIL: gcc.c-torture/compile/limits-fndefn.c  -O3 -g  (test for excess errors)
WARNING: program timed out.
WARNING: program timed out.
FAIL: gcc.dg/pr48141.c (test for excess errors)
WARNING: program timed out.
FAIL: gcc.dg/graphite/interchange-8.c (test for excess errors)
WARNING: gcc.dg/graphite/interchange-8.c compilation failed to produce executable
FAIL: gcc.dg/graphite/interchange-8.c scan-tree-dump-times graphite "will be interchanged" 2
WARNING: program timed out.
FAIL: gcc.dg/tree-ssa/vrp47.c scan-tree-dump-times dom1 "x[^ ]* & y" 1
FAIL: gcc.dg/tree-ssa/vrp47.c scan-tree-dump-times vrp1 "x[^ ]* \\^ 1" 1

		=== gcc Summary for unix ===

# of expected passes		71851
# of unexpected failures	6
# of expected failures		299
# of unsupported tests		1332

Running target unix/-m64
FAIL: gcc.c-torture/compile/limits-fndefn.c  -O3 -g  (test for excess errors)
WARNING: program timed out.
WARNING: program timed out.
FAIL: gcc.c-torture/execute/builtins/20010124-1.c compilation,  -O2 
UNRESOLVED: gcc.c-torture/execute/builtins/20010124-1.c execution,  -O2 
FAIL: gcc.c-torture/execute/20090219-1.c compilation,  -O2 -flto 
UNRESOLVED: gcc.c-torture/execute/20090219-1.c execution,  -O2 -flto 
FAIL: gcc.c-torture/execute/loop-7.c compilation,  -O2 -flto 
UNRESOLVED: gcc.c-torture/execute/loop-7.c execution,  -O2 -flto 
WARNING: program timed out.
WARNING: program timed out.
FAIL: gcc.dg/pr44194-1.c scan-rtl-dump dse1 "global deletions = 2"
WARNING: program timed out.
FAIL: gcc.dg/graphite/interchange-8.c (test for excess errors)
WARNING: gcc.dg/graphite/interchange-8.c compilation failed to produce executable
FAIL: gcc.dg/graphite/interchange-8.c scan-tree-dump-times graphite "will be interchanged" 2
WARNING: program timed out.
WARNING: program timed out.
FAIL: gcc.dg/torture/builtin-math-3.c  -O0  (test for excess errors)
WARNING: program timed out.
FAIL: gcc.dg/torture/stackalign/pr16660-3.c  -O1  (test for excess errors)
FAIL: gcc.dg/tree-ssa/vrp47.c scan-tree-dump-times dom1 "x[^ ]* & y" 1
FAIL: gcc.dg/tree-ssa/vrp47.c scan-tree-dump-times vrp1 "x[^ ]* \\^ 1" 1

		=== gcc Summary for unix/-m64 ===

# of expected passes		72470
# of unexpected failures	11
# of expected failures		288
# of unresolved testcases	3
# of unsupported tests		1347

		=== gcc Summary ===

# of expected passes		144321
# of unexpected failures	17
# of expected failures		587
# of unresolved testcases	3
# of unsupported tests		2679
/var/gcc/regression/trunk/9-gcc-gas/build/gcc/xgcc  version 4.7.0 20110722 (experimental) [trunk revision 176647] (GCC) 

		=== gfortran tests ===


Running target unix

		=== gfortran Summary for unix ===

# of expected passes		38723
# of expected failures		55
# of unsupported tests		399

Running target unix/-m64
WARNING: gfortran.dg/Wall.f90  -O3 -fomit-frame-pointer  compilation failed to produce executable
FAIL: gfortran.dg/fmt_t_1.f90  -Os  (test for excess errors)
WARNING: gfortran.dg/fmt_t_1.f90  -Os  compilation failed to produce executable
FAIL: gfortran.dg/intrinsic_std_4.f90  -O1  (test for excess errors)
WARNING: gfortran.dg/intrinsic_std_4.f90  -O1  compilation failed to produce executable
WARNING: program timed out.
WARNING: program timed out.
WARNING: program timed out.

		=== gfortran Summary for unix/-m64 ===

# of expected passes		38989
# of unexpected failures	2
# of expected failures		55
# of unsupported tests		269

		=== gfortran Summary ===

# of expected passes		77712
# of unexpected failures	2
# of expected failures		110
# of unsupported tests		668
/var/gcc/regression/trunk/9-gcc-gas/build/gcc/testsuite/gfortran/../../gfortran  version 4.7.0 20110722 (experimental) [trunk revision 176647] (GCC) 

		=== gnat tests ===


Running target unix

		=== gnat Summary for unix ===

# of expected passes		909
# of expected failures		11
# of unsupported tests		6

Running target unix/-m64

		=== gnat Summary for unix/-m64 ===

# of expected passes		909
# of expected failures		11
# of unsupported tests		6

		=== gnat Summary ===

# of expected passes		1818
# of expected failures		22
# of unsupported tests		12
/var/gcc/regression/trunk/9-gcc-gas/build/gcc/gnatmake version 4.7.0 20110722 (experimental) [trunk revision 176647]

		=== go tests ===


Running target unix
FAIL: ./64bit-out.go compilation,  -O2 -g 
FAIL: ./select5-out.go compilation,  -O2 -g 
FAIL: ./tmp.go compilation,  -O2 -g 
FAIL: go.test/test/cmplxdivide.go
FAIL: go.test/test/fixedbugs/bug273.go execution,  -O2 -g 
WARNING: program timed out.
WARNING: program timed out.
WARNING: program timed out.
WARNING: program timed out.

		=== go Summary for unix ===

# of expected passes		2979
# of unexpected failures	5
# of expected failures		23
# of untested testcases		3

Running target unix/-m64
FAIL: ./64bit-out.go compilation,  -O2 -g 
FAIL: ./select5-out.go compilation,  -O2 -g 
FAIL: ./tmp.go compilation,  -O2 -g 
FAIL: go.test/test/cmplxdivide.go
WARNING: program timed out.
WARNING: program timed out.
WARNING: program timed out.
WARNING: program timed out.

		=== go Summary for unix/-m64 ===

# of expected passes		2980
# of unexpected failures	4
# of expected failures		23
# of untested testcases		3

		=== go Summary ===

# of expected passes		5959
# of unexpected failures	9
# of expected failures		46
# of untested testcases		6
/var/gcc/regression/trunk/9-gcc-gas/build/gcc/testsuite/go/../../gccgo  version 4.7.0 20110722 (experimental) [trunk revision 176647] (GCC) 

		=== obj-c++ tests ===


Running target unix

		=== obj-c++ Summary for unix ===

# of expected passes		1446
# of expected failures		2
# of unsupported tests		86

Running target unix/-m64

		=== obj-c++ Summary for unix/-m64 ===

# of expected passes		1438
# of expected failures		10
# of unsupported tests		86

		=== obj-c++ Summary ===

# of expected passes		2884
# of expected failures		12
# of unsupported tests		172
/var/gcc/regression/trunk/9-gcc-gas/build/gcc/testsuite/obj-c++/../../g++  version 4.7.0 20110722 (experimental) [trunk revision 176647] (GCC) 

		=== objc tests ===


Running target unix

		=== objc Summary for unix ===

# of expected passes		2980
# of unsupported tests		74

Running target unix/-m64

		=== objc Summary for unix/-m64 ===

# of expected passes		2980
# of unsupported tests		74

		=== objc Summary ===

# of expected passes		5960
# of unsupported tests		148
/var/gcc/regression/trunk/9-gcc-gas/build/gcc/xgcc  version 4.7.0 20110722 (experimental) [trunk revision 176647] (GCC) 

		=== boehm-gc tests ===


Running target unix

		=== boehm-gc Summary for unix ===

# of expected passes		12
# of unsupported tests		1

Running target unix/-m64

		=== boehm-gc Summary for unix/-m64 ===

# of expected passes		12
# of unsupported tests		1

		=== boehm-gc Summary ===

# of expected passes		24
# of unsupported tests		2
		=== libffi tests ===


Running target unix

		=== libffi Summary for unix ===

# of expected passes		1634
# of expected failures		10
# of unsupported tests		15

Running target unix/-m64

		=== libffi Summary for unix/-m64 ===

# of expected passes		1634
# of expected failures		10
# of unsupported tests		15

		=== libffi Summary ===

# of expected passes		3268
# of expected failures		20
# of unsupported tests		30
		=== libgo tests ===


Running target unix
FAIL: big
FAIL: exec
FAIL: http
FAIL: rand
FAIL: time
FAIL: try
FAIL: crypto/rand
FAIL: http/spdy
FAIL: testing/quick

		=== libgo Summary for unix ===

# of expected passes		115
# of unexpected failures	9
# of untested testcases		2

Running target unix/-m64
FAIL: big
FAIL: exec
FAIL: http
FAIL: rand
FAIL: reflect
FAIL: time
FAIL: try
FAIL: crypto/rand
FAIL: testing/quick

		=== libgo Summary for unix/-m64 ===

# of expected passes		115
# of unexpected failures	9
# of untested testcases		2

		=== libgo Summary ===

# of expected passes		230
# of unexpected failures	18
# of untested testcases		4
		=== libgomp tests ===


Running target unix
WARNING: program timed out.
WARNING: libgomp.fortran/vla4.f90  -O3 -g  compilation failed to produce executable
WARNING: program timed out.
WARNING: libgomp.fortran/vla5.f90  -O3 -g  compilation failed to produce executable
FAIL: libgomp.graphite/force-parallel-1.c execution test

		=== libgomp Summary for unix ===

# of expected passes		2615
# of unexpected failures	1
# of unsupported tests		10

Running target unix/-m64
WARNING: program timed out.
FAIL: libgomp.fortran/reduction3.f90  -O3 -g  (test for excess errors)
WARNING: libgomp.fortran/reduction3.f90  -O3 -g  compilation failed to produce executable
FAIL: libgomp.graphite/force-parallel-1.c execution test

		=== libgomp Summary for unix/-m64 ===

# of expected passes		2615
# of unexpected failures	2
# of unsupported tests		10

		=== libgomp Summary ===

# of expected passes		5230
# of unexpected failures	3
# of unsupported tests		20
		=== libjava tests ===


Running target unix

		=== libjava Summary for unix ===

# of expected passes		2574

Running target unix/-m64
WARNING: program timed out.
FAIL: inner3 -O3 compilation from source

		=== libjava Summary for unix/-m64 ===

# of expected passes		2571
# of unexpected failures	1
# of untested testcases		2

		=== libjava Summary ===

# of expected passes		5145
# of unexpected failures	1
# of untested testcases		2
		=== libstdc++ tests ===


Running target unix
FAIL: ext/pb_ds/regression/tree_map_rand.cc (test for excess errors)
WARNING: ext/pb_ds/regression/tree_map_rand.cc compilation failed to produce executable
FAIL: ext/pb_ds/regression/tree_set_rand.cc (test for excess errors)
WARNING: ext/pb_ds/regression/tree_set_rand.cc compilation failed to produce executable
WARNING: program timed out.
WARNING: program timed out.

		=== libstdc++ Summary for unix ===

# of expected passes		7099
# of unexpected failures	2
# of expected failures		47
# of unsupported tests		789

Running target unix/-m64
FAIL: 23_containers/vector/requirements/exception/basic.cc (test for excess errors)
WARNING: 23_containers/vector/requirements/exception/basic.cc compilation failed to produce executable
FAIL: 28_regex/algorithms/02_match/basic/string_range_02_03.cc (test for excess errors)
WARNING: 28_regex/algorithms/02_match/basic/string_range_02_03.cc compilation failed to produce executable
WARNING: program timed out.
WARNING: program timed out.

		=== libstdc++ Summary for unix/-m64 ===

# of expected passes		7100
# of unexpected failures	2
# of expected failures		46
# of unsupported tests		789

		=== libstdc++ Summary ===

# of expected passes		14199
# of unexpected failures	4
# of expected failures		93
# of unsupported tests		1578

Compiler version: 4.7.0 20110722 (experimental) [trunk revision 176647] (GCC) 
Platform: sparc-sun-solaris2.9
configure flags: --prefix=/vol/gcc --target=sparc-sun-solaris2.9 --enable-objc-gc --with-host-libstdcxx='-L/vol/gcc-4.4/lib -Wl,-Bstatic -lstdc++ -Wl,-Bdynamic -lm' --with-boot-ldflags='-static-libstdc++ -static-libgcc -L/vol/gcc-4.4/lib' --with-as=/vol/gcc/bin/gas-2.21.1 --with-gnu-as --with-gmp-include=/vol/gcc/include --with-gmp-lib=/vol/gcc/lib --with-mpfr-include=/vol/gcc/include --with-mpfr-lib=/vol/gcc/lib --with-mpc-include=/vol/gcc/include --with-mpc-lib=/vol/gcc/lib --enable-languages=all,ada,obj-c++,go --with-ppl-include=/vol/gcc/include --with-ppl-lib=/vol/gcc/lib --with-cloog-include=/vol/gcc/include --with-cloog-lib=/vol/gcc/lib --enable-cloog-backend=ppl
BOOT_CFLAGS=-g -O2


Index Nav: [Date Index] [Subject Index] [Author Index] [Thread Index]
Message Nav: [Date Prev] [Date Next] [Thread Prev] [Thread Next]