This is the mail archive of the gcc-testresults@gcc.gnu.org mailing list for the GCC project.


Index Nav: [Date Index] [Subject Index] [Author Index] [Thread Index]
Message Nav: [Date Prev] [Date Next] [Thread Prev] [Thread Next]
Other format: [Raw text]

Results for 4.7.0 20110715 (experimental) [trunk revision 176317] (GCC) testsuite on i386-pc-solaris2.11


LAST_UPDATED: Fri Jul 15 17:21:49 UTC 2011 (revision 176317)

		=== acats tests ===

		=== acats Summary ===
# of expected passes		2321
# of unexpected failures	0
Native configuration is i386-pc-solaris2.11

		=== g++ tests ===


Running target unix
FAIL: g++.dg/lto/20091219 cp_lto_20091219_0.o-cp_lto_20091219_0.o link, -O3 -flto
UNRESOLVED: g++.dg/lto/20091219 cp_lto_20091219_0.o-cp_lto_20091219_0.o execute -O3 -flto

		=== g++ Summary for unix ===

# of expected passes		27425
# of unexpected failures	1
# of expected failures		157
# of unresolved testcases	1
# of unsupported tests		190

Running target unix/-m64
FAIL: g++.dg/lto/20091219 cp_lto_20091219_0.o-cp_lto_20091219_0.o link, -O3 -flto
UNRESOLVED: g++.dg/lto/20091219 cp_lto_20091219_0.o-cp_lto_20091219_0.o execute -O3 -flto

		=== g++ Summary for unix/-m64 ===

# of expected passes		27654
# of unexpected failures	1
# of expected failures		157
# of unresolved testcases	1
# of unsupported tests		391

		=== g++ Summary ===

# of expected passes		55079
# of unexpected failures	2
# of expected failures		314
# of unresolved testcases	2
# of unsupported tests		581
/var/gcc/regression/trunk/11-gcc/build/gcc/testsuite/g++/../../g++  version 4.7.0 20110715 (experimental) [trunk revision 176317] (GCC) 

		=== gcc tests ===


Running target unix
FAIL: gcc.dg/tree-ssa/vrp47.c scan-tree-dump-times dom1 "x[^ ]* & y" 1

		=== gcc Summary for unix ===

# of expected passes		78676
# of unexpected failures	1
# of expected failures		246
# of unsupported tests		859

Running target unix/-m64
FAIL: gcc.dg/tree-ssa/vrp47.c scan-tree-dump-times dom1 "x[^ ]* & y" 1

		=== gcc Summary for unix/-m64 ===

# of expected passes		78812
# of unexpected failures	1
# of expected failures		246
# of unsupported tests		1276

		=== gcc Summary ===

# of expected passes		157488
# of unexpected failures	2
# of expected failures		492
# of unsupported tests		2135
/var/gcc/regression/trunk/11-gcc/build/gcc/xgcc  version 4.7.0 20110715 (experimental) [trunk revision 176317] (GCC) 

		=== gfortran tests ===


Running target unix

		=== gfortran Summary for unix ===

# of expected passes		39049
# of expected failures		53
# of unsupported tests		228

Running target unix/-m64

		=== gfortran Summary for unix/-m64 ===

# of expected passes		39344
# of expected failures		53
# of unsupported tests		90

		=== gfortran Summary ===

# of expected passes		78393
# of expected failures		106
# of unsupported tests		318
/var/gcc/regression/trunk/11-gcc/build/gcc/testsuite/gfortran/../../gfortran  version 4.7.0 20110715 (experimental) [trunk revision 176317] (GCC) 

		=== gnat tests ===


Running target unix

		=== gnat Summary for unix ===

# of expected passes		909
# of expected failures		11
# of unsupported tests		5

Running target unix/-m64

		=== gnat Summary for unix/-m64 ===

# of expected passes		909
# of expected failures		11
# of unsupported tests		5

		=== gnat Summary ===

# of expected passes		1818
# of expected failures		22
# of unsupported tests		10
/var/gcc/regression/trunk/11-gcc/build/gcc/gnatmake version 4.7.0 20110715 (experimental) [trunk revision 176317]

		=== go tests ===


Running target unix
FAIL: go.test/test/fixedbugs/bug273.go execution,  -O2 -g 

		=== go Summary for unix ===

# of expected passes		2986
# of unexpected failures	1
# of expected failures		23

Running target unix/-m64

		=== go Summary for unix/-m64 ===

# of expected passes		2987
# of expected failures		23

		=== go Summary ===

# of expected passes		5973
# of unexpected failures	1
# of expected failures		46
/var/gcc/regression/trunk/11-gcc/build/gcc/testsuite/go/../../gccgo  version 4.7.0 20110715 (experimental) [trunk revision 176317] (GCC) 

		=== obj-c++ tests ===


Running target unix

		=== obj-c++ Summary for unix ===

# of expected passes		1446
# of expected failures		2
# of unsupported tests		86

Running target unix/-m64

		=== obj-c++ Summary for unix/-m64 ===

# of expected passes		1438
# of expected failures		10
# of unsupported tests		86

		=== obj-c++ Summary ===

# of expected passes		2884
# of expected failures		12
# of unsupported tests		172
/var/gcc/regression/trunk/11-gcc/build/gcc/testsuite/obj-c++/../../g++  version 4.7.0 20110715 (experimental) [trunk revision 176317] (GCC) 

		=== objc tests ===


Running target unix

		=== objc Summary for unix ===

# of expected passes		2974
# of expected failures		6
# of unsupported tests		74

Running target unix/-m64

		=== objc Summary for unix/-m64 ===

# of expected passes		2974
# of expected failures		6
# of unsupported tests		74

		=== objc Summary ===

# of expected passes		5948
# of expected failures		12
# of unsupported tests		148
/var/gcc/regression/trunk/11-gcc/build/gcc/xgcc  version 4.7.0 20110715 (experimental) [trunk revision 176317] (GCC) 

		=== boehm-gc tests ===


Running target unix

		=== boehm-gc Summary for unix ===

# of expected passes		12
# of unsupported tests		1

Running target unix/-m64

		=== boehm-gc Summary for unix/-m64 ===

# of expected passes		12
# of unsupported tests		1

		=== boehm-gc Summary ===

# of expected passes		24
# of unsupported tests		2
		=== libffi tests ===


Running target unix

		=== libffi Summary for unix ===

# of expected passes		1634
# of expected failures		10
# of unsupported tests		15

Running target unix/-m64

		=== libffi Summary for unix/-m64 ===

# of expected passes		1634
# of expected failures		10
# of unsupported tests		15

		=== libffi Summary ===

# of expected passes		3268
# of expected failures		20
# of unsupported tests		30
		=== libgo tests ===


Running target unix

		=== libgo Summary for unix ===

# of expected passes		124
# of untested testcases		2

Running target unix/-m64

		=== libgo Summary for unix/-m64 ===

# of expected passes		124
# of untested testcases		2

		=== libgo Summary ===

# of expected passes		248
# of untested testcases		4
/var/gcc/regression/trunk/11-gcc/build/./gcc/gccgo version 4.7.0 20110715 (experimental) [trunk revision 176317] (GCC)

		=== libgomp tests ===


Running target unix
FAIL: libgomp.graphite/force-parallel-1.c scan-tree-dump-times graphite "1 loops carried no dependency" 2
FAIL: libgomp.graphite/force-parallel-1.c scan-tree-dump-times optimized "loopfn" 5

		=== libgomp Summary for unix ===

# of expected passes		2630
# of unexpected failures	2
# of unsupported tests		3

Running target unix/-m64
FAIL: libgomp.graphite/force-parallel-1.c scan-tree-dump-times graphite "1 loops carried no dependency" 2

		=== libgomp Summary for unix/-m64 ===

# of expected passes		2631
# of unexpected failures	1
# of unsupported tests		3

		=== libgomp Summary ===

# of expected passes		5261
# of unexpected failures	3
# of unsupported tests		6
		=== libjava tests ===


Running target unix

		=== libjava Summary for unix ===

# of expected passes		2574

Running target unix/-m64

		=== libjava Summary for unix/-m64 ===

# of expected passes		2574

		=== libjava Summary ===

# of expected passes		5148
		=== libmudflap tests ===


Running target unix

		=== libmudflap Summary for unix ===

# of expected passes		1433

Running target unix/-m64
FAIL: libmudflap.c++/pass55-frag.cxx ( -O) execution test

		=== libmudflap Summary for unix/-m64 ===

# of expected passes		1432
# of unexpected failures	1

		=== libmudflap Summary ===

# of expected passes		2865
# of unexpected failures	1
		=== libstdc++ tests ===


Running target unix

		=== libstdc++ Summary for unix ===

# of expected passes		7713
# of expected failures		45
# of unsupported tests		474

Running target unix/-m64
FAIL: libstdc++-abi/abi_check

		=== libstdc++ Summary for unix/-m64 ===

# of expected passes		7712
# of unexpected failures	1
# of expected failures		45
# of unsupported tests		474

		=== libstdc++ Summary ===

# of expected passes		15425
# of unexpected failures	1
# of expected failures		90
# of unsupported tests		948

Compiler version: 4.7.0 20110715 (experimental) [trunk revision 176317] (GCC) 
Platform: i386-pc-solaris2.11
configure flags: --prefix=/vol/gcc --target=i386-pc-solaris2.11 --enable-objc-gc --enable-libmudflap --with-host-libstdcxx='-L/vol/gcc-4.4/lib -Wl,-Bstatic -lstdc++ -Wl,-Bdynamic -lm' --with-boot-ldflags='-static-libstdc++ -static-libgcc -L/vol/gcc-4.4/lib' --with-gmp-include=/vol/gcc/include --with-gmp-lib=/vol/gcc/lib --with-mpfr-include=/vol/gcc/include --with-mpfr-lib=/vol/gcc/lib --with-mpc-include=/vol/gcc/include --with-mpc-lib=/vol/gcc/lib --enable-languages=all,ada,obj-c++,go --with-ppl-include=/vol/gcc/include --with-ppl-lib=/vol/gcc/lib --with-cloog-include=/vol/gcc/include --with-cloog-lib=/vol/gcc/lib --enable-cloog-backend=ppl
BOOT_CFLAGS=-g -O2


Index Nav: [Date Index] [Subject Index] [Author Index] [Thread Index]
Message Nav: [Date Prev] [Date Next] [Thread Prev] [Thread Next]