This is the mail archive of the gcc-testresults@gcc.gnu.org mailing list for the GCC project.


Index Nav: [Date Index] [Subject Index] [Author Index] [Thread Index]
Message Nav: [Date Prev] [Date Next] [Thread Prev] [Thread Next]
Other format: [Raw text]

Results for 4.6.2 20110711 (prerelease) [gcc-4_6-branch revision 176165] testsuite on hppa2.0w-hp-hpux11.11


		=== acats tests ===

		=== acats Summary ===
# of expected passes		2321
# of unexpected failures	0
Native configuration is hppa2.0w-hp-hpux11.11

		=== gnat tests ===


Running target unix
FAIL: gnat.dg/socket1.adb execution test

		=== gnat Summary ===

# of expected passes		870
# of unexpected failures	1
# of expected failures		10
# of unsupported tests		3
/mnt/gnu/gcc/objdir-test/gcc/gnatmake version 4.6.2 20110711 (prerelease) [gcc-4_6-branch revision 176165]


Compiler version: 4.6.2 20110711 (prerelease) [gcc-4_6-branch revision 176165] 
Platform: hppa2.0w-hp-hpux11.11
configure flags:Test Run By dave on Wed Jul 13 17:03:13 EDT 2011


Index Nav: [Date Index] [Subject Index] [Author Index] [Thread Index]
Message Nav: [Date Prev] [Date Next] [Thread Prev] [Thread Next]