This is the mail archive of the gcc-testresults@gcc.gnu.org mailing list for the GCC project.


Index Nav: [Date Index] [Subject Index] [Author Index] [Thread Index]
Message Nav: [Date Prev] [Date Next] [Thread Prev] [Thread Next]
Other format: [Raw text]

Results for 4.6.2 20110708 (prerelease) [gcc-4_6-branch revision 176024] (GCC) testsuite on alpha-dec-osf5.1b


LAST_UPDATED: Fri Jul  8 15:59:02 UTC 2011 (revision 176024)

Native configuration is alpha-dec-osf5.1b

		=== libffi tests ===


Running target unix
FAIL: libffi.call/huge_struct.c -O0 -W -Wall execution test
FAIL: libffi.call/huge_struct.c -O2 execution test
FAIL: libffi.call/huge_struct.c -O3 execution test
FAIL: libffi.call/huge_struct.c -Os execution test
FAIL: libffi.call/huge_struct.c -O2 -fomit-frame-pointer execution test

		=== libffi Summary ===

# of expected passes		1624
# of unexpected failures	5
# of expected failures		10
# of unsupported tests		15
		=== libgomp tests ===


Running target unix

		=== libgomp Summary ===

# of expected passes		2586
# of unsupported tests		3
		=== libjava tests ===


Running target unix
FAIL: Throw_2 execution - source compiled test
FAIL: Throw_2 -findirect-dispatch execution - source compiled test
FAIL: Throw_2 -O3 execution - source compiled test
FAIL: Throw_2 -O3 -findirect-dispatch execution - source compiled test
FAIL: md5test output - source compiled test
FAIL: md5test -findirect-dispatch output - source compiled test
FAIL: md5test -O3 output - source compiled test
FAIL: md5test -O3 -findirect-dispatch output - source compiled test
FAIL: shatest execution - source compiled test
FAIL: shatest -findirect-dispatch execution - source compiled test
FAIL: shatest -O3 execution - source compiled test
FAIL: shatest -O3 -findirect-dispatch execution - source compiled test

		=== libjava Summary ===

# of expected passes		2554
# of unexpected failures	12
# of untested testcases		8
		=== libstdc++ tests ===


Running target unix

		=== libstdc++ Summary ===

# of expected passes		6857
# of expected failures		81
# of unsupported tests		750

		=== libstdc++ Summary ===

		=== acats tests ===
FAIL:	c250002
FAIL:	cd5011m
FAIL:	cxa5a03
FAIL:	cxg2017
FAIL:	cxg2020

		=== acats Summary ===
# of expected passes		2316
# of unexpected failures	5

		=== g++ tests ===


Running target unix
FAIL: tmpdir-g++.dg-struct-layout-1/t027 cp_compat_x_tst.o-cp_compat_y_tst.o execute 
FAIL: g++.dg/abi/local1.C execution test
FAIL: g++.dg/cpp0x/lambda/lambda-eh2.C execution test
WARNING: g++.dg/ext/label13.C compilation failed to produce executable
FAIL: g++.dg/other/unused1.C scan-assembler (string|ascii?)z?[\\t ]"printer("|\\\\\\\\0)
FAIL: g++.dg/tls/diag-1.C (internal compiler error)
FAIL: g++.dg/tls/diag-1.C (test for excess errors)

		=== g++ Summary ===

# of expected passes		24781
# of unexpected failures	6
# of expected failures		167
# of unsupported tests		478
/var/gcc/regression/gcc-4.6-branch/5.1b-gcc/build/gcc/testsuite/g++/../../g++  version 4.6.2 20110708 (prerelease) [gcc-4_6-branch revision 176024] (GCC) 

		=== gcc tests ===


Running target unix
FAIL: tmpdir-gcc.dg-struct-layout-1/t001 c_compat_x_tst.o-c_compat_y_tst.o execute 
FAIL: tmpdir-gcc.dg-struct-layout-1/t002 c_compat_x_tst.o-c_compat_y_tst.o execute 
FAIL: tmpdir-gcc.dg-struct-layout-1/t003 c_compat_x_tst.o-c_compat_y_tst.o execute 
FAIL: tmpdir-gcc.dg-struct-layout-1/t004 c_compat_x_tst.o-c_compat_y_tst.o execute 
FAIL: tmpdir-gcc.dg-struct-layout-1/t005 c_compat_x_tst.o-c_compat_y_tst.o execute 
FAIL: tmpdir-gcc.dg-struct-layout-1/t006 c_compat_x_tst.o-c_compat_y_tst.o execute 
FAIL: tmpdir-gcc.dg-struct-layout-1/t007 c_compat_x_tst.o-c_compat_y_tst.o execute 
FAIL: tmpdir-gcc.dg-struct-layout-1/t008 c_compat_x_tst.o-c_compat_y_tst.o execute 
FAIL: tmpdir-gcc.dg-struct-layout-1/t009 c_compat_x_tst.o-c_compat_y_tst.o execute 
FAIL: tmpdir-gcc.dg-struct-layout-1/t010 c_compat_x_tst.o-c_compat_y_tst.o execute 
FAIL: tmpdir-gcc.dg-struct-layout-1/t011 c_compat_x_tst.o-c_compat_y_tst.o execute 
FAIL: tmpdir-gcc.dg-struct-layout-1/t012 c_compat_x_tst.o-c_compat_y_tst.o execute 
FAIL: tmpdir-gcc.dg-struct-layout-1/t013 c_compat_x_tst.o-c_compat_y_tst.o execute 
FAIL: tmpdir-gcc.dg-struct-layout-1/t014 c_compat_x_tst.o-c_compat_y_tst.o execute 
FAIL: tmpdir-gcc.dg-struct-layout-1/t015 c_compat_x_tst.o-c_compat_y_tst.o execute 
FAIL: tmpdir-gcc.dg-struct-layout-1/t017 c_compat_x_tst.o-c_compat_y_tst.o execute 
FAIL: tmpdir-gcc.dg-struct-layout-1/t018 c_compat_x_tst.o-c_compat_y_tst.o execute 
FAIL: tmpdir-gcc.dg-struct-layout-1/t024 c_compat_x_tst.o-c_compat_y_tst.o execute 
FAIL: tmpdir-gcc.dg-struct-layout-1/t025 c_compat_x_tst.o-c_compat_y_tst.o execute 
FAIL: tmpdir-gcc.dg-struct-layout-1/t026 c_compat_x_tst.o-c_compat_y_tst.o execute 
FAIL: tmpdir-gcc.dg-struct-layout-1/t027 c_compat_x_tst.o-c_compat_y_tst.o execute 
FAIL: tmpdir-gcc.dg-struct-layout-1/t028 c_compat_x_tst.o-c_compat_y_tst.o execute 
FAIL: gcc.dg/debug/pr49032.c -gcoff1 -O (test for excess errors)
FAIL: gcc.dg/debug/pr49032.c -gcoff1 -O3 (test for excess errors)
FAIL: gcc.dg/debug/pr49032.c -gcoff -O (test for excess errors)
FAIL: gcc.dg/debug/pr49032.c -gcoff -O3 (test for excess errors)
FAIL: gcc.dg/debug/pr49032.c -gcoff3 -O (test for excess errors)
FAIL: gcc.dg/debug/pr49032.c -gcoff3 -O3 (test for excess errors)
FAIL: gcc.dg/array-quals-1.c scan-assembler-not \\\\.data(?!\\\\.rel\\\\.ro)
FAIL: gcc.dg/pr48616.c (test for excess errors)
FAIL: gcc.dg/ipa/pr48195.c (test for excess errors)
FAIL: gcc.dg/tree-ssa/pr42585.c scan-tree-dump-times optimized "struct _fat_ptr _ans" 0
FAIL: gcc.dg/tree-ssa/pr42585.c scan-tree-dump-times optimized "struct _fat_ptr _T2" 0

		=== gcc Summary ===

# of expected passes		57581
# of unexpected failures	33
# of expected failures		133
# of unsupported tests		1027
/var/gcc/regression/gcc-4.6-branch/5.1b-gcc/build/gcc/xgcc  version 4.6.2 20110708 (prerelease) [gcc-4_6-branch revision 176024] (GCC) 

		=== gfortran tests ===


Running target unix
FAIL: gfortran.dg/bessel_6.f90  -O0  execution test
FAIL: gfortran.dg/bessel_6.f90  -O1  execution test
FAIL: gfortran.dg/bessel_6.f90  -O2  execution test
FAIL: gfortran.dg/bessel_6.f90  -O3 -fomit-frame-pointer  execution test
FAIL: gfortran.dg/bessel_6.f90  -O3 -fomit-frame-pointer -funroll-loops  execution test
FAIL: gfortran.dg/bessel_6.f90  -O3 -fomit-frame-pointer -funroll-all-loops -finline-functions  execution test
FAIL: gfortran.dg/bessel_6.f90  -O3 -g  execution test
FAIL: gfortran.dg/bessel_6.f90  -Os  execution test
FAIL: gfortran.dg/large_real_kind_2.F90  -O0  execution test
FAIL: gfortran.dg/large_real_kind_2.F90  -O1  execution test
FAIL: gfortran.dg/large_real_kind_2.F90  -O2  execution test
FAIL: gfortran.dg/large_real_kind_2.F90  -O3 -fomit-frame-pointer  execution test
FAIL: gfortran.dg/large_real_kind_2.F90  -O3 -fomit-frame-pointer -funroll-loops  execution test
FAIL: gfortran.dg/large_real_kind_2.F90  -O3 -fomit-frame-pointer -funroll-all-loops -finline-functions  execution test
FAIL: gfortran.dg/large_real_kind_2.F90  -O3 -g  execution test
FAIL: gfortran.dg/large_real_kind_2.F90  -Os  execution test
FAIL: gfortran.dg/nan_7.f90  -O0  execution test
FAIL: gfortran.dg/nan_7.f90  -O1  execution test
FAIL: gfortran.dg/nan_7.f90  -O2  execution test
FAIL: gfortran.dg/nan_7.f90  -O3 -fomit-frame-pointer  execution test
FAIL: gfortran.dg/nan_7.f90  -O3 -fomit-frame-pointer -funroll-loops  execution test
FAIL: gfortran.dg/nan_7.f90  -O3 -fomit-frame-pointer -funroll-all-loops -finline-functions  execution test
FAIL: gfortran.dg/nan_7.f90  -O3 -g  execution test
FAIL: gfortran.dg/nan_7.f90  -Os  execution test
FAIL: gfortran.dg/nint_2.f90  -O0  execution test
FAIL: gfortran.dg/pr45636.f90  -O  scan-tree-dump-times forwprop2 "memset" 0
FAIL: gfortran.dg/realloc_on_assign_5.f03  -O0  execution test
FAIL: gfortran.dg/realloc_on_assign_5.f03  -O1  execution test
FAIL: gfortran.dg/realloc_on_assign_5.f03  -O2  execution test
FAIL: gfortran.dg/realloc_on_assign_5.f03  -O3 -fomit-frame-pointer  execution test
FAIL: gfortran.dg/realloc_on_assign_5.f03  -O3 -fomit-frame-pointer -funroll-loops  execution test
FAIL: gfortran.dg/realloc_on_assign_5.f03  -O3 -fomit-frame-pointer -funroll-all-loops -finline-functions  execution test
FAIL: gfortran.dg/realloc_on_assign_5.f03  -O3 -g  execution test
FAIL: gfortran.dg/realloc_on_assign_5.f03  -Os  execution test
FAIL: gfortran.dg/guality/pr41558.f90  -O0  line 7 s == 'foo'
FAIL: gfortran.dg/guality/pr41558.f90  -O1  line 7 s == 'foo'
FAIL: gfortran.dg/guality/pr41558.f90  -O2  line 7 s == 'foo'
FAIL: gfortran.dg/guality/pr41558.f90  -O3 -fomit-frame-pointer  line 7 s == 'foo'
FAIL: gfortran.dg/guality/pr41558.f90  -O3 -fomit-frame-pointer -funroll-loops  line 7 s == 'foo'
FAIL: gfortran.dg/guality/pr41558.f90  -O3 -fomit-frame-pointer -funroll-all-loops -finline-functions  line 7 s == 'foo'
FAIL: gfortran.dg/guality/pr41558.f90  -O3 -g  line 7 s == 'foo'
FAIL: gfortran.dg/guality/pr41558.f90  -Os  line 7 s == 'foo'

		=== gfortran Summary ===

# of expected passes		38379
# of unexpected failures	42
# of expected failures		41
# of unsupported tests		87
/var/gcc/regression/gcc-4.6-branch/5.1b-gcc/build/gcc/testsuite/gfortran/../../gfortran  version 4.6.2 20110708 (prerelease) [gcc-4_6-branch revision 176024] (GCC) 

		=== gnat tests ===


Running target unix

		=== gnat Summary ===

# of expected passes		871
# of expected failures		10
# of unsupported tests		3
/var/gcc/regression/gcc-4.6-branch/5.1b-gcc/build/gcc/gnatmake version 4.6.2 20110708 (prerelease) [gcc-4_6-branch revision 176024]

		=== objc tests ===


Running target unix

		=== objc Summary ===

# of expected passes		2842
# of expected failures		8
# of unsupported tests		66
/var/gcc/regression/gcc-4.6-branch/5.1b-gcc/build/gcc/xgcc  version 4.6.2 20110708 (prerelease) [gcc-4_6-branch revision 176024] (GCC) 


Compiler version: 4.6.2 20110708 (prerelease) [gcc-4_6-branch revision 176024] (GCC) 
Platform: alpha-dec-osf5.1b
configure flags: --prefix=/vol/gcc --target=alpha-dec-osf5.1b --enable-checking=release --with-gmp-include=/vol/gcc/include --with-gmp-lib=/vol/gcc/lib --with-mpfr-include=/vol/gcc/include --with-mpfr-lib=/vol/gcc/lib --with-mpc-include=/vol/gcc/include --with-mpc-lib=/vol/gcc/lib --enable-languages=all,ada --without-ppl --without-cloog --build=alpha-dec-osf5.1b --host=alpha-dec-osf5.1b
BOOT_CFLAGS=-g -O2


Index Nav: [Date Index] [Subject Index] [Author Index] [Thread Index]
Message Nav: [Date Prev] [Date Next] [Thread Prev] [Thread Next]