This is the mail archive of the gcc-testresults@gcc.gnu.org mailing list for the GCC project.


Index Nav: [Date Index] [Subject Index] [Author Index] [Thread Index]
Message Nav: [Date Prev] [Date Next] [Thread Prev] [Thread Next]
Other format: [Raw text]

Results for 4.7.0 20110709 (experimental) [trunk revision 176106] (Debian 20110709-1) testsuite on sparc-unknown-linux-gnu


LAST_UPDATED: Sat Jul  9 21:26:04 UTC 2011 (revision 176106)

Target: sparc-linux-gnu
gcc version 4.7.0 20110709 (experimental) [trunk revision 176106] (Debian 20110709-1) 

		=== acats tests ===

		=== acats Summary ===
# of expected passes		2321
# of unexpected failures	0
Native configuration is sparc-unknown-linux-gnu

		=== g++ tests ===


Running target unix
FAIL: g++.dg/guality/redeclaration1.C  -O2  line 14 i == 42
FAIL: g++.dg/guality/redeclaration1.C  -O3 -fomit-frame-pointer  line 14 i == 42
FAIL: g++.dg/guality/redeclaration1.C  -O3 -g  line 14 i == 42
FAIL: g++.dg/guality/redeclaration1.C  -Os  line 14 i == 42
UNRESOLVED: attribute_plugin.c compilation, -I. -I/home/packages/gcc/snap/gcc-snapshot-20110709/src/gcc/testsuite -I/home/packages/gcc/snap/gcc-snapshot-20110709/src/gcc/testsuite/../../gcc -I/home/packages/gcc/snap/gcc-snapshot-20110709/build/gcc/testsuite/g++/../../../gcc  -I/home/packages/gcc/snap/gcc-snapshot-20110709/src/gcc/testsuite/../../include -I/home/packages/gcc/snap/gcc-snapshot-20110709/src/gcc/testsuite/../../libcpp/include   -I/home/packages/gcc/snap/gcc-snapshot-20110709/build/gcc/testsuite/g++/../../../intl  -DIN_GCC -fPIC -shared
UNRESOLVED: pragma_plugin.c compilation, -I. -I/home/packages/gcc/snap/gcc-snapshot-20110709/src/gcc/testsuite -I/home/packages/gcc/snap/gcc-snapshot-20110709/src/gcc/testsuite/../../gcc -I/home/packages/gcc/snap/gcc-snapshot-20110709/build/gcc/testsuite/g++/../../../gcc  -I/home/packages/gcc/snap/gcc-snapshot-20110709/src/gcc/testsuite/../../include -I/home/packages/gcc/snap/gcc-snapshot-20110709/src/gcc/testsuite/../../libcpp/include   -I/home/packages/gcc/snap/gcc-snapshot-20110709/build/gcc/testsuite/g++/../../../intl  -DIN_GCC -fPIC -shared
UNRESOLVED: selfassign.c compilation, -I. -I/home/packages/gcc/snap/gcc-snapshot-20110709/src/gcc/testsuite -I/home/packages/gcc/snap/gcc-snapshot-20110709/src/gcc/testsuite/../../gcc -I/home/packages/gcc/snap/gcc-snapshot-20110709/build/gcc/testsuite/g++/../../../gcc  -I/home/packages/gcc/snap/gcc-snapshot-20110709/src/gcc/testsuite/../../include -I/home/packages/gcc/snap/gcc-snapshot-20110709/src/gcc/testsuite/../../libcpp/include   -I/home/packages/gcc/snap/gcc-snapshot-20110709/build/gcc/testsuite/g++/../../../intl -O -DIN_GCC -fPIC -shared
UNRESOLVED: dumb_plugin.c compilation, -I. -I/home/packages/gcc/snap/gcc-snapshot-20110709/src/gcc/testsuite -I/home/packages/gcc/snap/gcc-snapshot-20110709/src/gcc/testsuite/../../gcc -I/home/packages/gcc/snap/gcc-snapshot-20110709/build/gcc/testsuite/g++/../../../gcc  -I/home/packages/gcc/snap/gcc-snapshot-20110709/src/gcc/testsuite/../../include -I/home/packages/gcc/snap/gcc-snapshot-20110709/src/gcc/testsuite/../../libcpp/include   -I/home/packages/gcc/snap/gcc-snapshot-20110709/build/gcc/testsuite/g++/../../../intl  -DIN_GCC -fPIC -shared
UNRESOLVED: header_plugin.c compilation, -I. -I/home/packages/gcc/snap/gcc-snapshot-20110709/src/gcc/testsuite -I/home/packages/gcc/snap/gcc-snapshot-20110709/src/gcc/testsuite/../../gcc -I/home/packages/gcc/snap/gcc-snapshot-20110709/build/gcc/testsuite/g++/../../../gcc  -I/home/packages/gcc/snap/gcc-snapshot-20110709/src/gcc/testsuite/../../include -I/home/packages/gcc/snap/gcc-snapshot-20110709/src/gcc/testsuite/../../libcpp/include   -I/home/packages/gcc/snap/gcc-snapshot-20110709/build/gcc/testsuite/g++/../../../intl  -DIN_GCC -fPIC -shared

		=== g++ Summary for unix ===

# of expected passes		27011
# of unexpected failures	4
# of expected failures		156
# of unresolved testcases	5
# of unsupported tests		422

Running target unix/-m64
UNRESOLVED: attribute_plugin.c compilation, -I. -I/home/packages/gcc/snap/gcc-snapshot-20110709/src/gcc/testsuite -I/home/packages/gcc/snap/gcc-snapshot-20110709/src/gcc/testsuite/../../gcc -I/home/packages/gcc/snap/gcc-snapshot-20110709/build/gcc/testsuite/g++/../../../gcc  -I/home/packages/gcc/snap/gcc-snapshot-20110709/src/gcc/testsuite/../../include -I/home/packages/gcc/snap/gcc-snapshot-20110709/src/gcc/testsuite/../../libcpp/include   -I/home/packages/gcc/snap/gcc-snapshot-20110709/build/gcc/testsuite/g++/../../../intl  -DIN_GCC -fPIC -shared
UNRESOLVED: pragma_plugin.c compilation, -I. -I/home/packages/gcc/snap/gcc-snapshot-20110709/src/gcc/testsuite -I/home/packages/gcc/snap/gcc-snapshot-20110709/src/gcc/testsuite/../../gcc -I/home/packages/gcc/snap/gcc-snapshot-20110709/build/gcc/testsuite/g++/../../../gcc  -I/home/packages/gcc/snap/gcc-snapshot-20110709/src/gcc/testsuite/../../include -I/home/packages/gcc/snap/gcc-snapshot-20110709/src/gcc/testsuite/../../libcpp/include   -I/home/packages/gcc/snap/gcc-snapshot-20110709/build/gcc/testsuite/g++/../../../intl  -DIN_GCC -fPIC -shared
UNRESOLVED: selfassign.c compilation, -I. -I/home/packages/gcc/snap/gcc-snapshot-20110709/src/gcc/testsuite -I/home/packages/gcc/snap/gcc-snapshot-20110709/src/gcc/testsuite/../../gcc -I/home/packages/gcc/snap/gcc-snapshot-20110709/build/gcc/testsuite/g++/../../../gcc  -I/home/packages/gcc/snap/gcc-snapshot-20110709/src/gcc/testsuite/../../include -I/home/packages/gcc/snap/gcc-snapshot-20110709/src/gcc/testsuite/../../libcpp/include   -I/home/packages/gcc/snap/gcc-snapshot-20110709/build/gcc/testsuite/g++/../../../intl -O -DIN_GCC -fPIC -shared
UNRESOLVED: dumb_plugin.c compilation, -I. -I/home/packages/gcc/snap/gcc-snapshot-20110709/src/gcc/testsuite -I/home/packages/gcc/snap/gcc-snapshot-20110709/src/gcc/testsuite/../../gcc -I/home/packages/gcc/snap/gcc-snapshot-20110709/build/gcc/testsuite/g++/../../../gcc  -I/home/packages/gcc/snap/gcc-snapshot-20110709/src/gcc/testsuite/../../include -I/home/packages/gcc/snap/gcc-snapshot-20110709/src/gcc/testsuite/../../libcpp/include   -I/home/packages/gcc/snap/gcc-snapshot-20110709/build/gcc/testsuite/g++/../../../intl  -DIN_GCC -fPIC -shared
UNRESOLVED: header_plugin.c compilation, -I. -I/home/packages/gcc/snap/gcc-snapshot-20110709/src/gcc/testsuite -I/home/packages/gcc/snap/gcc-snapshot-20110709/src/gcc/testsuite/../../gcc -I/home/packages/gcc/snap/gcc-snapshot-20110709/build/gcc/testsuite/g++/../../../gcc  -I/home/packages/gcc/snap/gcc-snapshot-20110709/src/gcc/testsuite/../../include -I/home/packages/gcc/snap/gcc-snapshot-20110709/src/gcc/testsuite/../../libcpp/include   -I/home/packages/gcc/snap/gcc-snapshot-20110709/build/gcc/testsuite/g++/../../../intl  -DIN_GCC -fPIC -shared

		=== g++ Summary for unix/-m64 ===

# of expected passes		27587
# of expected failures		156
# of unresolved testcases	5
# of unsupported tests		399

		=== g++ Summary ===

# of expected passes		54598
# of unexpected failures	4
# of expected failures		312
# of unresolved testcases	10
# of unsupported tests		821
/home/packages/gcc/snap/gcc-snapshot-20110709/build/gcc/testsuite/g++/../../g++  version 4.7.0 20110709 (experimental) [trunk revision 176106] (Debian 20110709-1) 

		=== gcc tests ===


Running target unix
FAIL: gcc.c-torture/execute/builtins/strstr-asm.c compilation,  -O2 -flto -flto-partition=none 
UNRESOLVED: gcc.c-torture/execute/builtins/strstr-asm.c execution,  -O2 -flto -flto-partition=none 
FAIL: gcc.c-torture/execute/builtins/strstr-asm.c compilation,  -O2 -flto 
UNRESOLVED: gcc.c-torture/execute/builtins/strstr-asm.c execution,  -O2 -flto 
XPASS: gcc.dg/guality/example.c  -O0  execution test
XPASS: gcc.dg/guality/example.c  -O1  execution test
XPASS: gcc.dg/guality/example.c  -Os  execution test
XPASS: gcc.dg/guality/guality.c  -O0  execution test
XPASS: gcc.dg/guality/guality.c  -O1  execution test
XPASS: gcc.dg/guality/guality.c  -O2  execution test
XPASS: gcc.dg/guality/guality.c  -Os  execution test
XPASS: gcc.dg/guality/guality.c  -O2 -flto -flto-partition=none  execution test
XPASS: gcc.dg/guality/guality.c  -O2 -flto  execution test
XPASS: gcc.dg/guality/inline-params.c  -O2  execution test
XPASS: gcc.dg/guality/inline-params.c  -Os  execution test
XPASS: gcc.dg/guality/pr41353-1.c  -O0  line 28 j == 28 + 37
FAIL: gcc.dg/guality/pr41404-1.c  -O1  line 10 *foo == 'f'
FAIL: gcc.dg/guality/pr41404-1.c  -O2  line 10 *foo == 'f'
FAIL: gcc.dg/guality/pr41404-1.c  -O3 -fomit-frame-pointer  line 10 *foo == 'f'
FAIL: gcc.dg/guality/pr41404-1.c  -O3 -g  line 10 *foo == 'f'
FAIL: gcc.dg/guality/pr41404-1.c  -Os  line 10 *foo == 'f'
XPASS: gcc.dg/guality/pr41447-1.c  -O0  execution test
XPASS: gcc.dg/guality/pr41447-1.c  -O1  execution test
XPASS: gcc.dg/guality/pr41447-1.c  -O2  execution test
XPASS: gcc.dg/guality/pr41447-1.c  -Os  execution test
XPASS: gcc.dg/guality/pr41616-1.c  -O0  execution test
XPASS: gcc.dg/guality/pr41616-1.c  -O1  execution test
XPASS: gcc.dg/guality/pr41616-1.c  -O2  execution test
XPASS: gcc.dg/guality/pr41616-1.c  -Os  execution test
FAIL: gcc.dg/guality/pr43479.c  -O1  line 13 h == 9
FAIL: gcc.dg/guality/pr43479.c  -O2  line 13 h == 9
FAIL: gcc.dg/guality/pr43479.c  -O3 -fomit-frame-pointer  line 13 h == 9
FAIL: gcc.dg/guality/pr43479.c  -O3 -g  line 13 h == 9
FAIL: gcc.dg/guality/pr43479.c  -Os  line 13 h == 9
FAIL: gcc.dg/guality/pr43479.c  -O2 -flto  line 13 h == 9
FAIL: gcc.dg/guality/sra-1.c  -O1  line 43 a.i == 4
FAIL: gcc.dg/guality/sra-1.c  -O1  line 43 a.j == 14
FAIL: gcc.dg/guality/sra-1.c  -O2  line 21 a.i == 4
FAIL: gcc.dg/guality/sra-1.c  -O3 -fomit-frame-pointer  line 21 a.i == 4
FAIL: gcc.dg/guality/sra-1.c  -O3 -g  line 21 a.i == 4
FAIL: gcc.dg/guality/sra-1.c  -Os  line 43 a.i == 4
FAIL: gcc.dg/guality/sra-1.c  -Os  line 43 a.j == 14
FAIL: gcc.dg/guality/sra-1.c  -O2 -flto -flto-partition=none  line 21 a.i == 4
FAIL: gcc.dg/guality/sra-1.c  -O2 -flto  line 21 a.i == 4
FAIL: gcc.dg/guality/vla-1.c  -O0  line 17 sizeof (a) == 6
FAIL: gcc.dg/guality/vla-1.c  -O0  line 24 sizeof (a) == 17 * sizeof (short)
FAIL: gcc.dg/guality/vla-1.c  -O1  line 24 sizeof (a) == 17 * sizeof (short)
FAIL: gcc.dg/guality/vla-2.c  -O0  line 16 sizeof (a) == 5 * sizeof (int)
FAIL: gcc.dg/guality/vla-2.c  -O0  line 25 sizeof (a) == 6 * sizeof (int)
FAIL: gcc.dg/guality/vla-2.c  -O1  line 16 sizeof (a) == 5 * sizeof (int)
FAIL: gcc.dg/guality/vla-2.c  -O1  line 25 sizeof (a) == 6 * sizeof (int)
FAIL: gcc.dg/guality/vla-2.c  -O2  line 16 sizeof (a) == 5 * sizeof (int)
FAIL: gcc.dg/guality/vla-2.c  -O2  line 25 sizeof (a) == 6 * sizeof (int)
FAIL: gcc.dg/guality/vla-2.c  -O3 -fomit-frame-pointer  line 16 sizeof (a) == 5 * sizeof (int)
FAIL: gcc.dg/guality/vla-2.c  -O3 -fomit-frame-pointer  line 25 sizeof (a) == 6 * sizeof (int)
FAIL: gcc.dg/guality/vla-2.c  -O3 -g  line 16 sizeof (a) == 5 * sizeof (int)
FAIL: gcc.dg/guality/vla-2.c  -O3 -g  line 25 sizeof (a) == 6 * sizeof (int)
FAIL: gcc.dg/guality/vla-2.c  -Os  line 16 sizeof (a) == 5 * sizeof (int)
FAIL: gcc.dg/guality/vla-2.c  -Os  line 25 sizeof (a) == 6 * sizeof (int)
FAIL: gcc.dg/guality/vla-2.c  -O2 -flto -flto-partition=none  line 16 sizeof (a) == 5 * sizeof (int)
FAIL: gcc.dg/guality/vla-2.c  -O2 -flto -flto-partition=none  line 25 sizeof (a) == 6 * sizeof (int)
FAIL: gcc.dg/guality/vla-2.c  -O2 -flto  line 16 sizeof (a) == 5 * sizeof (int)
FAIL: gcc.dg/guality/vla-2.c  -O2 -flto  line 25 sizeof (a) == 6 * sizeof (int)
UNRESOLVED: selfassign.c compilation, -I. -I/home/packages/gcc/snap/gcc-snapshot-20110709/src/gcc/testsuite -I/home/packages/gcc/snap/gcc-snapshot-20110709/src/gcc/testsuite/../../gcc -I/home/packages/gcc/snap/gcc-snapshot-20110709/build/gcc/testsuite/gcc/../../../gcc  -I/home/packages/gcc/snap/gcc-snapshot-20110709/src/gcc/testsuite/../../include -I/home/packages/gcc/snap/gcc-snapshot-20110709/src/gcc/testsuite/../../libcpp/include   -I/home/packages/gcc/snap/gcc-snapshot-20110709/build/gcc/testsuite/gcc/../../../intl -O -DIN_GCC -fPIC -shared
UNRESOLVED: ggcplug.c compilation, -I. -I/home/packages/gcc/snap/gcc-snapshot-20110709/src/gcc/testsuite -I/home/packages/gcc/snap/gcc-snapshot-20110709/src/gcc/testsuite/../../gcc -I/home/packages/gcc/snap/gcc-snapshot-20110709/build/gcc/testsuite/gcc/../../../gcc  -I/home/packages/gcc/snap/gcc-snapshot-20110709/src/gcc/testsuite/../../include -I/home/packages/gcc/snap/gcc-snapshot-20110709/src/gcc/testsuite/../../libcpp/include   -I/home/packages/gcc/snap/gcc-snapshot-20110709/build/gcc/testsuite/gcc/../../../intl -O -DIN_GCC -fPIC -shared
UNRESOLVED: one_time_plugin.c compilation, -I. -I/home/packages/gcc/snap/gcc-snapshot-20110709/src/gcc/testsuite -I/home/packages/gcc/snap/gcc-snapshot-20110709/src/gcc/testsuite/../../gcc -I/home/packages/gcc/snap/gcc-snapshot-20110709/build/gcc/testsuite/gcc/../../../gcc  -I/home/packages/gcc/snap/gcc-snapshot-20110709/src/gcc/testsuite/../../include -I/home/packages/gcc/snap/gcc-snapshot-20110709/src/gcc/testsuite/../../libcpp/include   -I/home/packages/gcc/snap/gcc-snapshot-20110709/build/gcc/testsuite/gcc/../../../intl  -DIN_GCC -fPIC -shared
UNRESOLVED: start_unit_plugin.c compilation, -I. -I/home/packages/gcc/snap/gcc-snapshot-20110709/src/gcc/testsuite -I/home/packages/gcc/snap/gcc-snapshot-20110709/src/gcc/testsuite/../../gcc -I/home/packages/gcc/snap/gcc-snapshot-20110709/build/gcc/testsuite/gcc/../../../gcc  -I/home/packages/gcc/snap/gcc-snapshot-20110709/src/gcc/testsuite/../../include -I/home/packages/gcc/snap/gcc-snapshot-20110709/src/gcc/testsuite/../../libcpp/include   -I/home/packages/gcc/snap/gcc-snapshot-20110709/build/gcc/testsuite/gcc/../../../intl  -DIN_GCC -fPIC -shared
UNRESOLVED: finish_unit_plugin.c compilation, -I. -I/home/packages/gcc/snap/gcc-snapshot-20110709/src/gcc/testsuite -I/home/packages/gcc/snap/gcc-snapshot-20110709/src/gcc/testsuite/../../gcc -I/home/packages/gcc/snap/gcc-snapshot-20110709/build/gcc/testsuite/gcc/../../../gcc  -I/home/packages/gcc/snap/gcc-snapshot-20110709/src/gcc/testsuite/../../include -I/home/packages/gcc/snap/gcc-snapshot-20110709/src/gcc/testsuite/../../libcpp/include   -I/home/packages/gcc/snap/gcc-snapshot-20110709/build/gcc/testsuite/gcc/../../../intl  -DIN_GCC -fPIC -shared
FAIL: gcc.dg/tree-ssa/vrp47.c scan-tree-dump-times dom1 "x[^ ]* & y" 1
XPASS: gcc.dg/vect/slp-multitypes-2.c -flto execution test
FAIL: gcc.target/sparc/pdist-3.c execution test

		=== gcc Summary for unix ===

# of expected passes		73080
# of unexpected failures	43
# of unexpected successes	21
# of expected failures		317
# of unresolved testcases	7
# of unsupported tests		1471

Running target unix/-m64
FAIL: gcc.c-torture/execute/builtins/strstr-asm.c compilation,  -O2 -flto -flto-partition=none 
UNRESOLVED: gcc.c-torture/execute/builtins/strstr-asm.c execution,  -O2 -flto -flto-partition=none 
FAIL: gcc.c-torture/execute/builtins/strstr-asm.c compilation,  -O2 -flto 
UNRESOLVED: gcc.c-torture/execute/builtins/strstr-asm.c execution,  -O2 -flto 
FAIL: gcc.dg/pr44194-1.c scan-rtl-dump dse1 "global deletions = 2"
UNRESOLVED: selfassign.c compilation, -I. -I/home/packages/gcc/snap/gcc-snapshot-20110709/src/gcc/testsuite -I/home/packages/gcc/snap/gcc-snapshot-20110709/src/gcc/testsuite/../../gcc -I/home/packages/gcc/snap/gcc-snapshot-20110709/build/gcc/testsuite/gcc/../../../gcc  -I/home/packages/gcc/snap/gcc-snapshot-20110709/src/gcc/testsuite/../../include -I/home/packages/gcc/snap/gcc-snapshot-20110709/src/gcc/testsuite/../../libcpp/include   -I/home/packages/gcc/snap/gcc-snapshot-20110709/build/gcc/testsuite/gcc/../../../intl -O -DIN_GCC -fPIC -shared
UNRESOLVED: ggcplug.c compilation, -I. -I/home/packages/gcc/snap/gcc-snapshot-20110709/src/gcc/testsuite -I/home/packages/gcc/snap/gcc-snapshot-20110709/src/gcc/testsuite/../../gcc -I/home/packages/gcc/snap/gcc-snapshot-20110709/build/gcc/testsuite/gcc/../../../gcc  -I/home/packages/gcc/snap/gcc-snapshot-20110709/src/gcc/testsuite/../../include -I/home/packages/gcc/snap/gcc-snapshot-20110709/src/gcc/testsuite/../../libcpp/include   -I/home/packages/gcc/snap/gcc-snapshot-20110709/build/gcc/testsuite/gcc/../../../intl -O -DIN_GCC -fPIC -shared
UNRESOLVED: one_time_plugin.c compilation, -I. -I/home/packages/gcc/snap/gcc-snapshot-20110709/src/gcc/testsuite -I/home/packages/gcc/snap/gcc-snapshot-20110709/src/gcc/testsuite/../../gcc -I/home/packages/gcc/snap/gcc-snapshot-20110709/build/gcc/testsuite/gcc/../../../gcc  -I/home/packages/gcc/snap/gcc-snapshot-20110709/src/gcc/testsuite/../../include -I/home/packages/gcc/snap/gcc-snapshot-20110709/src/gcc/testsuite/../../libcpp/include   -I/home/packages/gcc/snap/gcc-snapshot-20110709/build/gcc/testsuite/gcc/../../../intl  -DIN_GCC -fPIC -shared
UNRESOLVED: start_unit_plugin.c compilation, -I. -I/home/packages/gcc/snap/gcc-snapshot-20110709/src/gcc/testsuite -I/home/packages/gcc/snap/gcc-snapshot-20110709/src/gcc/testsuite/../../gcc -I/home/packages/gcc/snap/gcc-snapshot-20110709/build/gcc/testsuite/gcc/../../../gcc  -I/home/packages/gcc/snap/gcc-snapshot-20110709/src/gcc/testsuite/../../include -I/home/packages/gcc/snap/gcc-snapshot-20110709/src/gcc/testsuite/../../libcpp/include   -I/home/packages/gcc/snap/gcc-snapshot-20110709/build/gcc/testsuite/gcc/../../../intl  -DIN_GCC -fPIC -shared
UNRESOLVED: finish_unit_plugin.c compilation, -I. -I/home/packages/gcc/snap/gcc-snapshot-20110709/src/gcc/testsuite -I/home/packages/gcc/snap/gcc-snapshot-20110709/src/gcc/testsuite/../../gcc -I/home/packages/gcc/snap/gcc-snapshot-20110709/build/gcc/testsuite/gcc/../../../gcc  -I/home/packages/gcc/snap/gcc-snapshot-20110709/src/gcc/testsuite/../../include -I/home/packages/gcc/snap/gcc-snapshot-20110709/src/gcc/testsuite/../../libcpp/include   -I/home/packages/gcc/snap/gcc-snapshot-20110709/build/gcc/testsuite/gcc/../../../intl  -DIN_GCC -fPIC -shared
FAIL: gcc.dg/tree-ssa/gen-vect-11c.c scan-tree-dump-times vect "vectorized 0 loops" 1
FAIL: gcc.dg/tree-ssa/vrp47.c scan-tree-dump-times dom1 "x[^ ]* & y" 1
FAIL: gcc.target/sparc/pdist-3.c execution test

		=== gcc Summary for unix/-m64 ===

# of expected passes		72689
# of unexpected failures	6
# of expected failures		286
# of unresolved testcases	7
# of unsupported tests		1282

		=== gcc Summary ===

# of expected passes		145769
# of unexpected failures	49
# of unexpected successes	21
# of expected failures		603
# of unresolved testcases	14
# of unsupported tests		2753
/home/packages/gcc/snap/gcc-snapshot-20110709/build/gcc/xgcc  version 4.7.0 20110709 (experimental) [trunk revision 176106] (Debian 20110709-1) 

		=== gfortran tests ===


Running target unix
FAIL: gfortran.dg/coarray_lock_3.f90  -O   (test for errors, line 72)
WARNING: program timed out.
FAIL: gfortran.fortran-torture/execute/forall_7.f90 compilation,  -O3 -g 

		=== gfortran Summary for unix ===

# of expected passes		38993
# of unexpected failures	2
# of expected failures		55
# of untested testcases		1
# of unsupported tests		249

Running target unix/-m64
FAIL: gfortran.dg/coarray_lock_3.f90  -O   (test for errors, line 72)
FAIL: gfortran.dg/forall_7.f90  -O3 -fomit-frame-pointer  execution test
FAIL: gfortran.dg/forall_7.f90  -O3 -fomit-frame-pointer -funroll-loops  execution test
FAIL: gfortran.dg/forall_7.f90  -O3 -fomit-frame-pointer -funroll-all-loops -finline-functions  execution test
FAIL: gfortran.dg/forall_7.f90  -O3 -g  execution test

		=== gfortran Summary for unix/-m64 ===

# of expected passes		39305
# of unexpected failures	5
# of expected failures		55
# of unsupported tests		101

		=== gfortran Summary ===

# of expected passes		78298
# of unexpected failures	7
# of expected failures		110
# of untested testcases		1
# of unsupported tests		350
/home/packages/gcc/snap/gcc-snapshot-20110709/build/gcc/testsuite/gfortran/../../gfortran  version 4.7.0 20110709 (experimental) [trunk revision 176106] (Debian 20110709-1) 

		=== gnat tests ===


Running target unix
FAIL: gnat.dg/specs/debug1.ads scan-assembler-times byte\\t0x1\\t# DW_AT_artificial 4

		=== gnat Summary for unix ===

# of expected passes		913
# of unexpected failures	1
# of expected failures		11
# of unsupported tests		3

Running target unix/-m64
UNRESOLVED: gnat.dg/abstract_with_anonymous_result.adb compilation failed to produce executable
UNRESOLVED: gnat.dg/access4.adb compilation failed to produce executable
UNRESOLVED: gnat.dg/access_discr2.adb compilation failed to produce executable
UNRESOLVED: gnat.dg/access_test.adb compilation failed to produce executable
UNRESOLVED: gnat.dg/addr2.adb compilation failed to produce executable
UNRESOLVED: gnat.dg/address_conversion.adb compilation failed to produce executable
UNRESOLVED: gnat.dg/aggr1.adb compilation failed to produce executable
UNRESOLVED: gnat.dg/aggr12.adb scan-tree-dump-not original "{.i1=0, .i2=2}"
UNRESOLVED: gnat.dg/aggr13.adb scan-tree-dump-not gimple "= {}"
UNRESOLVED: gnat.dg/aggr14.adb compilation failed to produce executable
UNRESOLVED: gnat.dg/aggr3.adb compilation failed to produce executable
UNRESOLVED: gnat.dg/aliased_prefix_accessibility.adb compilation failed to produce executable
UNRESOLVED: gnat.dg/aliasing1.adb scan-tree-dump-not optimized "__gnat_rcheck"
UNRESOLVED: gnat.dg/aliasing2.adb scan-tree-dump-not optimized "gnat_rcheck"
UNRESOLVED: gnat.dg/aliasing3.adb compilation failed to produce executable
UNRESOLVED: gnat.dg/align_check.adb compilation failed to produce executable
UNRESOLVED: gnat.dg/align_max.adb compilation failed to produce executable
UNRESOLVED: gnat.dg/aligned_vla.adb compilation failed to produce executable
UNRESOLVED: gnat.dg/alignment1.adb compilation failed to produce executable
UNRESOLVED: gnat.dg/alignment2.adb compilation failed to produce executable
UNRESOLVED: gnat.dg/alignment4.adb scan-tree-dump-not gimple ".F"
UNRESOLVED: gnat.dg/alignment5.adb scan-tree-dump-not gimple ".F"
UNRESOLVED: gnat.dg/alignment6.adb scan-tree-dump-not gimple "VIEW_CONVERT_EXPR"
UNRESOLVED: gnat.dg/alignment7.adb compilation failed to produce executable
UNRESOLVED: gnat.dg/alignment8.adb compilation failed to produce executable
UNRESOLVED: gnat.dg/alignment9.adb compilation failed to produce executable
UNRESOLVED: gnat.dg/allocator_maxalign1.adb compilation failed to produce executable
FAIL: gnat.dg/ancestor_type.adb  (test for errors, line 8)
UNRESOLVED: gnat.dg/array10.adb compilation failed to produce executable
FAIL: gnat.dg/array11.adb  (test for warnings, line 8)
FAIL: gnat.dg/array11.adb  (test for warnings, line 9)
FAIL: gnat.dg/array11.adb  (test for warnings, line 12)
UNRESOLVED: gnat.dg/array12.adb compilation failed to produce executable
UNRESOLVED: gnat.dg/array3.adb compilation failed to produce executable
UNRESOLVED: gnat.dg/array4.adb compilation failed to produce executable
UNRESOLVED: gnat.dg/array5.adb compilation failed to produce executable
UNRESOLVED: gnat.dg/array6.adb compilation failed to produce executable
UNRESOLVED: gnat.dg/array7.adb scan-tree-dump-not optimized "MAX_EXPR"
UNRESOLVED: gnat.dg/array9.adb compilation failed to produce executable
UNRESOLVED: gnat.dg/array_bounds_test.adb compilation failed to produce executable
UNRESOLVED: gnat.dg/assert1.adb compilation failed to produce executable
UNRESOLVED: gnat.dg/assign_from_packed.adb compilation failed to produce executable
UNRESOLVED: gnat.dg/atomic1.adb scan-tree-dump-times gimple "v_16" 1
UNRESOLVED: gnat.dg/atomic1.adb scan-tree-dump-times gimple "v_32" 1
FAIL: gnat.dg/atomic2.adb  (test for warnings, line 7)
UNRESOLVED: gnat.dg/biased_uc.adb compilation failed to produce executable
UNRESOLVED: gnat.dg/bip_aggregate_bug.adb compilation failed to produce executable
UNRESOLVED: gnat.dg/bit_packed_array3.adb compilation failed to produce executable
UNRESOLVED: gnat.dg/blkextract_from_reg.adb compilation failed to produce executable
UNRESOLVED: gnat.dg/bltins.adb compilation failed to produce executable
UNRESOLVED: gnat.dg/boolean_bitfield.adb compilation failed to produce executable
UNRESOLVED: gnat.dg/boolean_conv.adb compilation failed to produce executable
UNRESOLVED: gnat.dg/boolean_expr2.adb compilation failed to produce executable
UNRESOLVED: gnat.dg/capture_value.adb compilation failed to produce executable
UNRESOLVED: gnat.dg/case_optimization2.adb compilation failed to produce executable
UNRESOLVED: gnat.dg/check_displace_generation.adb compilation failed to produce executable
UNRESOLVED: gnat.dg/check_elaboration_code.adb compilation failed to produce executable
UNRESOLVED: gnat.dg/compose.adb compilation failed to produce executable
UNRESOLVED: gnat.dg/concat1.adb compilation failed to produce executable
UNRESOLVED: gnat.dg/concat_length.adb compilation failed to produce executable
UNRESOLVED: gnat.dg/constant2.adb compilation failed to produce executable
UNRESOLVED: gnat.dg/controlled5.adb compilation failed to produce executable
UNRESOLVED: gnat.dg/conv_bug.adb compilation failed to produce executable
UNRESOLVED: gnat.dg/conv_decimal.adb compilation failed to produce executable
UNRESOLVED: gnat.dg/conv_real.adb compilation failed to produce executable
UNRESOLVED: gnat.dg/curr_task.adb compilation failed to produce executable
FAIL: gnat.dg/deferred_const1.adb  (test for warnings, line 8)
UNRESOLVED: gnat.dg/deferred_const2.adb compilation failed to produce executable
UNRESOLVED: gnat.dg/deferred_const3.adb compilation failed to produce executable
UNRESOLVED: gnat.dg/derived_aggregate.adb compilation failed to produce executable
UNRESOLVED: gnat.dg/derived_type1.adb scan-tree-dump-not original "VIEW_CONVERT_EXPR<struct derived_type1__root>"
UNRESOLVED: gnat.dg/derived_type1.adb scan-tree-dump-not original "VIEW_CONVERT_EXPR<struct derived_type1__derived1>"
UNRESOLVED: gnat.dg/derived_type2.adb compilation failed to produce executable
UNRESOLVED: gnat.dg/discr24.adb compilation failed to produce executable
UNRESOLVED: gnat.dg/discr4.adb compilation failed to produce executable
UNRESOLVED: gnat.dg/dispatch1.adb compilation failed to produce executable
UNRESOLVED: gnat.dg/dispatch2.adb compilation failed to produce executable
UNRESOLVED: gnat.dg/elim2.adb compilation failed to produce executable
UNRESOLVED: gnat.dg/empty_vector_length.adb compilation failed to produce executable
UNRESOLVED: gnat.dg/entry_queues.adb compilation failed to produce executable
UNRESOLVED: gnat.dg/enum1.adb compilation failed to produce executable
UNRESOLVED: gnat.dg/enum2.adb compilation failed to produce executable
UNRESOLVED: gnat.dg/exp0_eval.adb compilation failed to produce executable
UNRESOLVED: gnat.dg/expect1.adb compilation failed to produce executable
UNRESOLVED: gnat.dg/fixce.adb compilation failed to produce executable
UNRESOLVED: gnat.dg/fixedpnt.adb compilation failed to produce executable
FAIL: gnat.dg/frame_overflow.adb  (test for errors, line 17)
FAIL: gnat.dg/frame_overflow.adb  (test for errors, line 24)
UNRESOLVED: gnat.dg/generic_dispatch.adb compilation failed to produce executable
UNRESOLVED: gnat.dg/gnat_malloc.adb compilation failed to produce executable
UNRESOLVED: gnat.dg/handle_and_return.adb compilation failed to produce executable
UNRESOLVED: gnat.dg/handle_raise_from_pure.adb compilation failed to produce executable
UNRESOLVED: gnat.dg/hyper_flat.adb compilation failed to produce executable
UNRESOLVED: gnat.dg/in_out_parameter.adb compilation failed to produce executable
UNRESOLVED: gnat.dg/in_out_parameter2.adb compilation failed to produce executable
UNRESOLVED: gnat.dg/in_out_parameter3.adb compilation failed to produce executable
FAIL: gnat.dg/include.adb  (test for errors, line )
XPASS: gnat.dg/incomplete2.adb (test for excess errors)
UNRESOLVED: gnat.dg/init_scalar1.adb compilation failed to produce executable
UNRESOLVED: gnat.dg/inline_tagged.adb compilation failed to produce executable
UNRESOLVED: gnat.dg/interface1.adb compilation failed to produce executable
UNRESOLVED: gnat.dg/interface2.adb compilation failed to produce executable
UNRESOLVED: gnat.dg/interface3.adb compilation failed to produce executable
UNRESOLVED: gnat.dg/interface_conv.adb compilation failed to produce executable
UNRESOLVED: gnat.dg/invalid1.adb compilation failed to produce executable
UNRESOLVED: gnat.dg/iprot_test.adb compilation failed to produce executable
UNRESOLVED: gnat.dg/kill_value.adb compilation failed to produce executable
UNRESOLVED: gnat.dg/lhs_view_convert.adb compilation failed to produce executable
UNRESOLVED: gnat.dg/loop_boolean.adb compilation failed to produce executable
UNRESOLVED: gnat.dg/loop_optimization3.adb compilation failed to produce executable
UNRESOLVED: gnat.dg/loop_optimization4.adb compilation failed to produce executable
UNRESOLVED: gnat.dg/loop_optimization6.adb scan-tree-dump-not optimized "goto"
UNRESOLVED: gnat.dg/loop_optimization8.adb compilation failed to produce executable
UNRESOLVED: gnat.dg/lto1.adb compilation failed to produce executable
UNRESOLVED: gnat.dg/lto10.adb compilation failed to produce executable
UNRESOLVED: gnat.dg/lto5.adb compilation failed to produce executable
UNRESOLVED: gnat.dg/lto6.adb compilation failed to produce executable
UNRESOLVED: gnat.dg/lto7.adb compilation failed to produce executable
UNRESOLVED: gnat.dg/lto8.adb compilation failed to produce executable
UNRESOLVED: gnat.dg/lto9.adb compilation failed to produce executable
UNRESOLVED: gnat.dg/md5_test.adb compilation failed to produce executable
UNRESOLVED: gnat.dg/memtrap.adb scan-assembler __gnat_begin_handler|__gnat_raise_nodefer
UNRESOLVED: gnat.dg/misaligned_nest.adb compilation failed to produce executable
UNRESOLVED: gnat.dg/misaligned_param.adb compilation failed to produce executable
UNRESOLVED: gnat.dg/missing_acc_check.adb compilation failed to produce executable
UNRESOLVED: gnat.dg/modular1.adb compilation failed to produce executable
UNRESOLVED: gnat.dg/modular2.adb compilation failed to produce executable
UNRESOLVED: gnat.dg/modular3.adb compilation failed to produce executable
UNRESOLVED: gnat.dg/mutable1.adb compilation failed to produce executable
UNRESOLVED: gnat.dg/named_test.adb compilation failed to produce executable
UNRESOLVED: gnat.dg/nat1r.adb compilation failed to produce executable
UNRESOLVED: gnat.dg/nested_controlled_alloc.adb compilation failed to produce executable
UNRESOLVED: gnat.dg/nested_proc1.adb compilation failed to produce executable
UNRESOLVED: gnat.dg/nested_return_test.adb compilation failed to produce executable
UNRESOLVED: gnat.dg/no_final.adb compilation failed to produce executable
UNRESOLVED: gnat.dg/not_null.adb compilation failed to produce executable
FAIL: gnat.dg/notnot.adb  (test for warnings, line 6)
UNRESOLVED: gnat.dg/null_pointer_deref1.adb compilation failed to produce executable
UNRESOLVED: gnat.dg/null_pointer_deref2.adb compilation failed to produce executable
FAIL: gnat.dg/object_overflow.adb  (test for warnings, line 8)
UNRESOLVED: gnat.dg/oconst1.adb scan-assembler-not elabs
UNRESOLVED: gnat.dg/oconst2.adb scan-assembler-not elabs
UNRESOLVED: gnat.dg/oconst3.adb scan-assembler-not elabs
UNRESOLVED: gnat.dg/oconst4.adb scan-assembler-not elabs
UNRESOLVED: gnat.dg/oconst5.adb scan-assembler-not elabs
FAIL: gnat.dg/old_errors.adb  (test for errors, line 7)
FAIL: gnat.dg/old_errors.adb  (test for errors, line 16)
FAIL: gnat.dg/old_errors.adb  (test for errors, line 28)
FAIL: gnat.dg/old_errors.adb  (test for errors, line 34)
FAIL: gnat.dg/old_errors.adb  (test for errors, line 38)
FAIL: gnat.dg/old_errors.adb  (test for warnings, line 40)
FAIL: gnat.dg/old_errors.adb  (test for errors, line 44)
UNRESOLVED: gnat.dg/opt12.adb compilation failed to produce executable
UNRESOLVED: gnat.dg/opt13.adb compilation failed to produce executable
UNRESOLVED: gnat.dg/opt14.adb compilation failed to produce executable
UNRESOLVED: gnat.dg/opt15.adb scan-tree-dump-not optimized "trace_inlined"
UNRESOLVED: gnat.dg/opt2.adb compilation failed to produce executable
UNRESOLVED: gnat.dg/opt4.adb compilation failed to produce executable
UNRESOLVED: gnat.dg/opt5.adb compilation failed to produce executable
UNRESOLVED: gnat.dg/outer_agg_bitfield_constructor.adb compilation failed to produce executable
UNRESOLVED: gnat.dg/overflow_sum.adb compilation failed to produce executable
UNRESOLVED: gnat.dg/pack10.adb compilation failed to produce executable
UNRESOLVED: gnat.dg/pack11.adb compilation failed to produce executable
UNRESOLVED: gnat.dg/pack12.adb compilation failed to produce executable
UNRESOLVED: gnat.dg/pack3.adb compilation failed to produce executable
UNRESOLVED: gnat.dg/pack4.adb compilation failed to produce executable
FAIL: gnat.dg/pack8.adb  (test for errors, line 19)
UNRESOLVED: gnat.dg/pack9.adb scan-tree-dump-not optimized "gnat_rcheck"
UNRESOLVED: gnat.dg/packed_subtype.adb compilation failed to produce executable
UNRESOLVED: gnat.dg/pointer_conversion.adb compilation failed to produce executable
UNRESOLVED: gnat.dg/prot_def.adb compilation failed to produce executable
UNRESOLVED: gnat.dg/protected_self_ref1.adb compilation failed to produce executable
FAIL: gnat.dg/protected_self_ref2.adb  (test for errors, line 12)
UNRESOLVED: gnat.dg/quote.adb compilation failed to produce executable
UNRESOLVED: gnat.dg/range_check.adb compilation failed to produce executable
UNRESOLVED: gnat.dg/regpat1.adb compilation failed to produce executable
UNRESOLVED: gnat.dg/release_unc_maxalign.adb compilation failed to produce executable
UNRESOLVED: gnat.dg/renaming2.adb compilation failed to produce executable
UNRESOLVED: gnat.dg/renaming3.adb compilation failed to produce executable
UNRESOLVED: gnat.dg/rep_clause4.adb compilation failed to produce executable
UNRESOLVED: gnat.dg/requeue1.adb compilation failed to produce executable
UNRESOLVED: gnat.dg/return3.adb scan-assembler loc 1 6
UNRESOLVED: gnat.dg/scalar_mode_agg_compare.adb compilation failed to produce executable
UNRESOLVED: gnat.dg/self_aggregate_with_array.adb compilation failed to produce executable
UNRESOLVED: gnat.dg/self_aggregate_with_call.adb compilation failed to produce executable
UNRESOLVED: gnat.dg/self_aggregate_with_pointer.adb compilation failed to produce executable
UNRESOLVED: gnat.dg/self_aggregate_with_zeros.adb compilation failed to produce executable
UNRESOLVED: gnat.dg/sizetype1.adb compilation failed to produce executable
UNRESOLVED: gnat.dg/sizetype2.adb compilation failed to produce executable
UNRESOLVED: gnat.dg/sizetype4.adb compilation failed to produce executable
UNRESOLVED: gnat.dg/slice3.adb compilation failed to produce executable
UNRESOLVED: gnat.dg/slice4.adb compilation failed to produce executable
FAIL: gnat.dg/slice5.adb  (test for warnings, line 15)
FAIL: gnat.dg/slice5.adb  (test for warnings, line 21)
UNRESOLVED: gnat.dg/small_alignment.adb compilation failed to produce executable
UNRESOLVED: gnat.dg/socket1.adb compilation failed to produce executable
UNRESOLVED: gnat.dg/sort2.adb compilation failed to produce executable
UNRESOLVED: gnat.dg/spipaterr.adb compilation failed to produce executable
UNRESOLVED: gnat.dg/stack_check1.adb compilation failed to produce executable
UNRESOLVED: gnat.dg/stack_check2.adb compilation failed to produce executable
UNRESOLVED: gnat.dg/string_slice.adb compilation failed to produce executable
FAIL: gnat.dg/subp_elim_errors.adb  (test for errors, line 25)
FAIL: gnat.dg/subp_elim_errors.adb  (test for errors, line 27)
FAIL: gnat.dg/subp_elim_errors.adb  (test for errors, line 29)
FAIL: gnat.dg/subp_elim_errors.adb  (test for errors, line 31)
UNRESOLVED: gnat.dg/taft_type1.adb compilation failed to produce executable
UNRESOLVED: gnat.dg/tag1.adb compilation failed to produce executable
UNRESOLVED: gnat.dg/tagged_alloc_free.adb compilation failed to produce executable
UNRESOLVED: gnat.dg/tail_call.adb compilation failed to produce executable
UNRESOLVED: gnat.dg/task_stack_align.adb compilation failed to produce executable
UNRESOLVED: gnat.dg/test_8bitlong_overflow.adb compilation failed to produce executable
UNRESOLVED: gnat.dg/test_address_null_init.adb compilation failed to produce executable
UNRESOLVED: gnat.dg/test_allocator_maxalign2.adb compilation failed to produce executable
UNRESOLVED: gnat.dg/test_bounded.adb compilation failed to produce executable
UNRESOLVED: gnat.dg/test_delay.adb compilation failed to produce executable
UNRESOLVED: gnat.dg/test_direct_io.adb compilation failed to produce executable
UNRESOLVED: gnat.dg/test_enum_io.adb compilation failed to produce executable
UNRESOLVED: gnat.dg/test_fixed_io.adb compilation failed to produce executable
UNRESOLVED: gnat.dg/test_iface_aggr.adb compilation failed to produce executable
UNRESOLVED: gnat.dg/test_ifaces.adb compilation failed to produce executable
UNRESOLVED: gnat.dg/test_image.adb compilation failed to produce executable
UNRESOLVED: gnat.dg/test_nested_subtype_byref.adb compilation failed to produce executable
UNRESOLVED: gnat.dg/test_oalign.adb compilation failed to produce executable
UNRESOLVED: gnat.dg/test_oconst.adb compilation failed to produce executable
UNRESOLVED: gnat.dg/test_prefix1.adb compilation failed to produce executable
UNRESOLVED: gnat.dg/test_prio.adb compilation failed to produce executable
UNRESOLVED: gnat.dg/test_raise_from_pure.adb compilation failed to produce executable
UNRESOLVED: gnat.dg/test_self.adb compilation failed to produce executable
UNRESOLVED: gnat.dg/test_self_ref.adb compilation failed to produce executable
UNRESOLVED: gnat.dg/test_table1.adb compilation failed to produce executable
UNRESOLVED: gnat.dg/test_time_stamp.adb compilation failed to produce executable
UNRESOLVED: gnat.dg/test_version.adb compilation failed to produce executable
UNRESOLVED: gnat.dg/testint.adb compilation failed to produce executable
UNRESOLVED: gnat.dg/tfren.adb compilation failed to produce executable
UNRESOLVED: gnat.dg/thin_pointer2.adb compilation failed to produce executable
UNRESOLVED: gnat.dg/timer_cancel.adb compilation failed to produce executable
UNRESOLVED: gnat.dg/timing_events.adb compilation failed to produce executable
UNRESOLVED: gnat.dg/trampoline1.adb scan-assembler-not GNU-stack.*x
UNRESOLVED: gnat.dg/trampoline2.adb compilation failed to produce executable
UNRESOLVED: gnat.dg/tree_static_use.adb compilation failed to produce executable
UNRESOLVED: gnat.dg/unc_memfree.adb compilation failed to produce executable
UNRESOLVED: gnat.dg/unchecked_convert1.adb compilation failed to produce executable
UNRESOLVED: gnat.dg/unchecked_convert2.adb compilation failed to produce executable
UNRESOLVED: gnat.dg/unchecked_convert3.adb compilation failed to produce executable
FAIL: gnat.dg/unchecked_convert5.adb  (test for warnings, line 9)
UNRESOLVED: gnat.dg/unchecked_convert5.adb compilation failed to produce executable
FAIL: gnat.dg/unchecked_convert6.adb  (test for warnings, line 9)
UNRESOLVED: gnat.dg/unchecked_convert6.adb compilation failed to produce executable
UNRESOLVED: gnat.dg/unchecked_union1.adb compilation failed to produce executable
FAIL: gnat.dg/uninit_func.adb  (test for warnings, line 12)
UNRESOLVED: gnat.dg/valid1.adb compilation failed to produce executable
UNRESOLVED: gnat.dg/view_conversion1.adb compilation failed to produce executable
UNRESOLVED: gnat.dg/volatile3.adb scan-assembler __gnat_rcheck
UNRESOLVED: gnat.dg/volatile4.adb compilation failed to produce executable
UNRESOLVED: gnat.dg/volatile6.adb scan-tree-dump optimized "goto"
UNRESOLVED: gnat.dg/volatile7.adb scan-tree-dump optimized "goto"
UNRESOLVED: gnat.dg/volatile8.adb scan-tree-dump optimized "goto"
UNRESOLVED: gnat.dg/volatile9.adb scan-tree-dump optimized "goto"
UNRESOLVED: gnat.dg/warn1.adb compilation failed to produce executable
FAIL: gnat.dg/warn4.adb  (test for warnings, line 14)
FAIL: gnat.dg/warn4.adb  (test for warnings, line 14)
FAIL: gnat.dg/warn5.adb  (test for warnings, line 29)
UNRESOLVED: gnat.dg/wide_boolean.adb compilation failed to produce executable
UNRESOLVED: gnat.dg/wide_test.adb compilation failed to produce executable
FAIL: gnat.dg/specs/abstract_private.ads  (test for errors, line 12)
FAIL: gnat.dg/specs/access_constant.ads  (test for errors, line 10)
FAIL: gnat.dg/specs/access_constant_decl.ads  (test for errors, line 9)
FAIL: gnat.dg/specs/addr1.ads  (test for warnings, line 30)
FAIL: gnat.dg/specs/alignment2.ads  (test for warnings, line 12)
FAIL: gnat.dg/specs/alignment2.ads  (test for warnings, line 18)
FAIL: gnat.dg/specs/alignment2.ads  (test for warnings, line 36)
FAIL: gnat.dg/specs/alignment2.ads  (test for warnings, line 40)
XPASS: gnat.dg/specs/controlled1_pkg.ads (test for excess errors)
UNRESOLVED: gnat.dg/specs/debug1.ads scan-assembler-times byte\\t0x1\\t# DW_AT_artificial 4
XPASS: gnat.dg/specs/elab2_pkg.ads (test for excess errors)
XPASS: gnat.dg/specs/fe_inlining_helper.ads (test for excess errors)
FAIL: gnat.dg/specs/import_abstract.ads  (test for errors, line 5)
FAIL: gnat.dg/specs/integer_value.ads  (test for errors, line 4)
FAIL: gnat.dg/specs/linker_section.ads  (test for errors, line 6)
FAIL: gnat.dg/specs/linker_section.ads  (test for errors, line 10)
XPASS: gnat.dg/specs/lto3_pkg1.ads (test for excess errors)
XPASS: gnat.dg/specs/lto3_pkg2.ads (test for excess errors)
FAIL: gnat.dg/specs/oversize.ads  (test for errors, line 18)
FAIL: gnat.dg/specs/oversize.ads  (test for errors, line 25)
FAIL: gnat.dg/specs/oversize.ads  (test for errors, line 33)
FAIL: gnat.dg/specs/oversize.ads  (test for errors, line 44)
XPASS: gnat.dg/specs/pack3_pkg.ads (test for excess errors)
FAIL: gnat.dg/specs/renamings.ads  (test for errors, line 9)
FAIL: gnat.dg/specs/renamings.ads  (test for errors, line 13)
XPASS: gnat.dg/specs/size_attribute1_pkg1.ads (test for excess errors)
XPASS: gnat.dg/specs/size_attribute1_pkg2.ads (test for excess errors)
FAIL: gnat.dg/specs/size_clause2.ads  (test for errors, line 40)
FAIL: gnat.dg/specs/size_clause3.ads  (test for errors, line 17)
FAIL: gnat.dg/specs/size_clause3.ads  (test for errors, line 47)
UNRESOLVED: gnat.dg/specs/static_initializer.ads scan-assembler-not elabs
UNRESOLVED: gnat.dg/specs/static_initializer2.ads scan-assembler-not elabs
FAIL: gnat.dg/specs/storage.ads  (test for errors, line 6)
FAIL: gnat.dg/specs/tag2.ads  (test for errors, line 11)
FAIL: gnat.dg/specs/tag2.ads  (test for errors, line 12)
FAIL: gnat.dg/specs/tag2.ads  (test for errors, line 13)
FAIL: gnat.dg/specs/variant_part.ads  (test for errors, line 4)
XPASS: gnat.dg/specs/varsize_return_pkg1.ads (test for excess errors)
XPASS: gnat.dg/specs/varsize_return_pkg2.ads (test for excess errors)

		=== gnat Summary for unix/-m64 ===

# of expected passes		622
# of unexpected failures	58
# of unexpected successes	11
# of unresolved testcases	234
# of unsupported tests		3

		=== gnat Summary ===

# of expected passes		1535
# of unexpected failures	59
# of unexpected successes	11
# of expected failures		11
# of unresolved testcases	234
# of unsupported tests		6
/home/packages/gcc/snap/gcc-snapshot-20110709/build/gcc/gnatmake version 4.7.0 20110709 (experimental) [trunk revision 176106]

		=== obj-c++ tests ===


Running target unix

		=== obj-c++ Summary for unix ===

# of expected passes		1446
# of expected failures		2
# of unsupported tests		86

Running target unix/-m64

		=== obj-c++ Summary for unix/-m64 ===

# of expected passes		1438
# of expected failures		10
# of unsupported tests		86

		=== obj-c++ Summary ===

# of expected passes		2884
# of expected failures		12
# of unsupported tests		172
/home/packages/gcc/snap/gcc-snapshot-20110709/build/gcc/testsuite/obj-c++/../../g++  version 4.7.0 20110709 (experimental) [trunk revision 176106] (Debian 20110709-1) 

		=== objc tests ===


Running target unix

		=== objc Summary for unix ===

# of expected passes		2980
# of unsupported tests		74

Running target unix/-m64

		=== objc Summary for unix/-m64 ===

# of expected passes		2980
# of unsupported tests		74

		=== objc Summary ===

# of expected passes		5960
# of unsupported tests		148
/home/packages/gcc/snap/gcc-snapshot-20110709/build/gcc/xgcc  version 4.7.0 20110709 (experimental) [trunk revision 176106] (Debian 20110709-1) 

		=== boehm-gc tests ===


Running target unix
FAIL: boehm-gc.c/thread_leak_test.c -O2 (test for excess errors)

		=== boehm-gc Summary for unix ===

# of expected passes		11
# of unexpected failures	1
# of unsupported tests		1

Running target unix/-m64
FAIL: boehm-gc.c/thread_leak_test.c -O2 (test for excess errors)

		=== boehm-gc Summary for unix/-m64 ===

# of expected passes		11
# of unexpected failures	1
# of unsupported tests		1

		=== boehm-gc Summary ===

# of expected passes		22
# of unexpected failures	2
# of unsupported tests		2
		=== libffi tests ===


Running target unix

		=== libffi Summary for unix ===

# of expected passes		1634
# of expected failures		10
# of unsupported tests		15

Running target unix/-m64

		=== libffi Summary for unix/-m64 ===

# of expected passes		1634
# of expected failures		10
# of unsupported tests		15

		=== libffi Summary ===

# of expected passes		3268
# of expected failures		20
# of unsupported tests		30
		=== libgomp tests ===


Running target unix
FAIL: libgomp.graphite/force-parallel-1.c scan-tree-dump-times graphite "1 loops carried no dependency" 2
FAIL: libgomp.graphite/force-parallel-1.c scan-tree-dump-times optimized "loopfn" 5

		=== libgomp Summary for unix ===

# of expected passes		2620
# of unexpected failures	2
# of unsupported tests		8

Running target unix/-m64
FAIL: libgomp.c/sort-1.c execution test
FAIL: libgomp.graphite/force-parallel-1.c scan-tree-dump-times graphite "1 loops carried no dependency" 2

		=== libgomp Summary for unix/-m64 ===

# of expected passes		2620
# of unexpected failures	2
# of unsupported tests		8

		=== libgomp Summary ===

# of expected passes		5240
# of unexpected failures	4
# of unsupported tests		16
		=== libjava tests ===


Running target unix

		=== libjava Summary ===

# of expected passes		2574
		=== libmudflap tests ===


Running target unix

		=== libmudflap Summary for unix ===

# of expected passes		1894

Running target unix/-m64
FAIL: libmudflap.c++/pass55-frag.cxx ( -O) execution test

		=== libmudflap Summary for unix/-m64 ===

# of expected passes		1893
# of unexpected failures	1

		=== libmudflap Summary ===

# of expected passes		3787
# of unexpected failures	1
		=== libstdc++ tests ===


Running target unix
FAIL: libstdc++-abi/abi_check
FAIL: 22_locale/time_get/get_date/wchar_t/4.cc execution test
FAIL: 30_threads/async/49668.cc (test for excess errors)
UNRESOLVED: 30_threads/async/49668.cc compilation failed to produce executable
FAIL: 30_threads/packaged_task/49668.cc (test for excess errors)
UNRESOLVED: 30_threads/packaged_task/49668.cc compilation failed to produce executable

		=== libstdc++ Summary for unix ===

# of expected passes		8218
# of unexpected failures	4
# of expected failures		45
# of unresolved testcases	2
# of unsupported tests		223

Running target unix/-m64
FAIL: libstdc++-abi/abi_check
FAIL: 22_locale/time_get/get_date/wchar_t/4.cc execution test
FAIL: 27_io/basic_filebuf/close/char/4879.cc execution test
FAIL: 27_io/basic_filebuf/close/char/9964.cc execution test
FAIL: 27_io/basic_filebuf/imbue/char/13171-2.cc execution test
FAIL: 27_io/basic_filebuf/imbue/wchar_t/14975-2.cc execution test
FAIL: 27_io/basic_filebuf/seekoff/char/26777.cc execution test
FAIL: 27_io/basic_filebuf/underflow/char/10097.cc execution test
FAIL: 27_io/objects/char/7.cc execution test
FAIL: 27_io/objects/char/9661-1.cc execution test
FAIL: 27_io/objects/wchar_t/7.cc execution test
FAIL: 27_io/objects/wchar_t/9661-1.cc execution test
WARNING: program timed out.
WARNING: program timed out.

		=== libstdc++ Summary for unix/-m64 ===

# of expected passes		8375
# of unexpected failures	12
# of expected failures		45
# of unsupported tests		139

		=== libstdc++ Summary ===

# of expected passes		16593
# of unexpected failures	16
# of expected failures		90
# of unresolved testcases	2
# of unsupported tests		362

Compiler version: 4.7.0 20110709 (experimental) [trunk revision 176106] (Debian 20110709-1) 
Platform: sparc-unknown-linux-gnu
configure flags: -v --with-pkgversion='Debian 20110709-1' --with-bugurl=file:///usr/share/doc/gcc-snapshot/README.Bugs --enable-languages=c,ada,c++,java,fortran,objc,obj-c++ --prefix=/usr/lib/gcc-snapshot --enable-shared --enable-multiarch --with-multiarch-defaults=sparc-linux-gnu --enable-linker-build-id --with-system-zlib --disable-nls --enable-clocale=gnu --enable-libstdcxx-debug --enable-libstdcxx-time=yes --enable-plugin --disable-browser-plugin --enable-java-awt=gtk --enable-gtk-cairo --with-java-home=/usr/lib/jvm/java-1.5.0-gcj-4.7-snap/jre --enable-java-home --with-jvm-root-dir=/usr/lib/jvm/java-1.5.0-gcj-4.7-snap --with-jvm-jar-dir=/usr/lib/jvm-exports/java-1.5.0-gcj-4.7-snap --with-arch-directory=sparc --with-ecj-jar=/usr/share/java/eclipse-ecj.jar --enable-objc-gc --enable-targets=all --with-long-double-128 --disable-werror --enable-checking=yes --build=sparc-linux-gnu --host=sparc-linux-gnu --target=sparc-linux-gnu
BOOT_CFLAGS=


Build Dependencies:
Desired=Unknown/Install/Remove/Purge/Hold
| Status=Not/Inst/Conf-files/Unpacked/halF-conf/Half-inst/trig-aWait/Trig-pend
|/ Err?=(none)/Reinst-required (Status,Err: uppercase=bad)
||/ Name                              Version                          Description
+++-=================================-================================-==============================================================================
ii  binutils                          2.21.52.20110707-1               The GNU assembler, linker and binary utilities
ii  g++-4.4                           4.4.6-6                          GNU C++ compiler
ii  g++-4.4-multilib                  4.4.6-6                          GNU C++ compiler (multilib files)
ii  g++-4.5                           4.5.3-3                          The GNU C++ compiler
ii  g++-4.6                           4.6.1-2                          GNU C++ compiler
ii  g++-4.6-multilib                  4.6.1-2                          GNU C++ compiler (multilib files)
ii  g++-multilib                      4:4.6.1-2                        GNU C++ compiler (multilib files)
hi  libc6                             2.13-5                           Embedded GNU C Library: Shared libraries
ii  libcloog-ppl-dev                  0.15.9-3                         the Chunky Loop Generator (development files)
ii  libmpc-dev                        0.9-3                            multiple precision complex floating-point library development package
ii  libmpfr-dev                       3.0.1-4                          multiple precision floating-point computation developers tools


libjava-fixed-symlinks:
  Remove unneed '..' elements from symlinks in JAVA_HOME

libstdc++-arm-wno-abi:
  Temporary work around:
  On arm-linux-gnueabi run the libstdc++v3 testsuite with -Wno-abi

ada-mips:
  Improve support for mips.

libffi-ro-eh_frame_sect:
  PR libffi/47248, force a read only eh frame section.

arm-unbreak-eabi-armv4t:
  Fix armv4t build on ARM

gcc-multiarch-trunk:
  Add multiarch support to GCC.
  
  Convert the multilib option to a target triplet,
  add multiarch include directories and libraries path:
  	/usr/local/include/<arch>-linux-gnu
  	/usr/include/<arch>-linux-gnu
  	/usr/lib/<arch>-linux-gnu
  to the system paths.

mips-triarch:
  Build a tri-arch compiler on mips-linux-gnu.
  http://gcc.gnu.org/ml/gcc-patches/2009-03/msg01047.html

libjava-nobiarch-check:
  For biarch builds, disable the testsuite for the non-default architecture
  for runtime libraries, which are not built by default (libjava).

config-ml:
  disable some biarch libraries for biarch builds

s390-biarch:
  Build a bi-arch compiler on s390-linux-gnu.
  http://gcc.gnu.org/ml/gcc-patches/2009-03/msg01044.html

gcc-powerpc-nof:
  Don't build nof multlib on powerpc.

gcc-powerpc-undef:
  Undefine LINK_EH_SPEC before redefining it
  http://gcc.gnu.org/ml/gcc-patches/2011-02/msg01082.html

gcc-multiarch+biarch-trunk:
  Use multiarch dirs for the default multilib dir.

gcc-no-add-needed:
  On linux targets pass --no-add-needed to the linker.

mips-fix-loongson2f-nop:
  On mips, pass -mfix-loongson2f-nop to as, if -mno-fix-loongson2f-nop
  is not passed.

gcc-system-root:
  Avoid include paths starting with a double slash

libgomp-kfreebsd-testsuite:
  Disable lock-2.c test on kfreebsd-*

armhf-triplet-trunk:
  add support for arm-linux-*eabi* triplets; useful for armhf

Counting all warnings,
there are 0 warnings in stage3 of this bootstrap.

Number of warnings per file:

Number of warning types:


Index Nav: [Date Index] [Subject Index] [Author Index] [Thread Index]
Message Nav: [Date Prev] [Date Next] [Thread Prev] [Thread Next]