This is the mail archive of the gcc-testresults@gcc.gnu.org mailing list for the GCC project.


Index Nav: [Date Index] [Subject Index] [Author Index] [Thread Index]
Message Nav: [Date Prev] [Date Next] [Thread Prev] [Thread Next]
Other format: [Raw text]

Results for 4.5.3 (Debian 4.5.3-1) testsuite on i486-pc-linux-gnu


LAST_UPDATED: Obtained from SVN: tags/gcc_4_5_3_release revision 173114

Target: i486-linux-gnu
gcc version 4.5.3 (Debian 4.5.3-1) 
Native configuration is i486-pc-linux-gnu

		=== g++ tests ===


Running target unix
UNRESOLVED: attribute_plugin.c compilation, -I. -I/build/buildd-gcc-4.5_4.5.3-1-i386-AliNdp/gcc-4.5-4.5.3/src/gcc/testsuite -I/build/buildd-gcc-4.5_4.5.3-1-i386-AliNdp/gcc-4.5-4.5.3/src/gcc/testsuite/../../gcc -I/build/buildd-gcc-4.5_4.5.3-1-i386-AliNdp/gcc-4.5-4.5.3/build/gcc/testsuite/g++/../../../gcc  -I/build/buildd-gcc-4.5_4.5.3-1-i386-AliNdp/gcc-4.5-4.5.3/src/gcc/testsuite/../../include -I/build/buildd-gcc-4.5_4.5.3-1-i386-AliNdp/gcc-4.5-4.5.3/src/gcc/testsuite/../../libcpp/include   -I/build/buildd-gcc-4.5_4.5.3-1-i386-AliNdp/gcc-4.5-4.5.3/build/gcc/testsuite/g++/../../../intl  -DIN_GCC -fPIC -shared
UNRESOLVED: pragma_plugin.c compilation, -I. -I/build/buildd-gcc-4.5_4.5.3-1-i386-AliNdp/gcc-4.5-4.5.3/src/gcc/testsuite -I/build/buildd-gcc-4.5_4.5.3-1-i386-AliNdp/gcc-4.5-4.5.3/src/gcc/testsuite/../../gcc -I/build/buildd-gcc-4.5_4.5.3-1-i386-AliNdp/gcc-4.5-4.5.3/build/gcc/testsuite/g++/../../../gcc  -I/build/buildd-gcc-4.5_4.5.3-1-i386-AliNdp/gcc-4.5-4.5.3/src/gcc/testsuite/../../include -I/build/buildd-gcc-4.5_4.5.3-1-i386-AliNdp/gcc-4.5-4.5.3/src/gcc/testsuite/../../libcpp/include   -I/build/buildd-gcc-4.5_4.5.3-1-i386-AliNdp/gcc-4.5-4.5.3/build/gcc/testsuite/g++/../../../intl  -DIN_GCC -fPIC -shared
UNRESOLVED: selfassign.c compilation, -I. -I/build/buildd-gcc-4.5_4.5.3-1-i386-AliNdp/gcc-4.5-4.5.3/src/gcc/testsuite -I/build/buildd-gcc-4.5_4.5.3-1-i386-AliNdp/gcc-4.5-4.5.3/src/gcc/testsuite/../../gcc -I/build/buildd-gcc-4.5_4.5.3-1-i386-AliNdp/gcc-4.5-4.5.3/build/gcc/testsuite/g++/../../../gcc  -I/build/buildd-gcc-4.5_4.5.3-1-i386-AliNdp/gcc-4.5-4.5.3/src/gcc/testsuite/../../include -I/build/buildd-gcc-4.5_4.5.3-1-i386-AliNdp/gcc-4.5-4.5.3/src/gcc/testsuite/../../libcpp/include   -I/build/buildd-gcc-4.5_4.5.3-1-i386-AliNdp/gcc-4.5-4.5.3/build/gcc/testsuite/g++/../../../intl -O -DIN_GCC -fPIC -shared
UNRESOLVED: dumb_plugin.c compilation, -I. -I/build/buildd-gcc-4.5_4.5.3-1-i386-AliNdp/gcc-4.5-4.5.3/src/gcc/testsuite -I/build/buildd-gcc-4.5_4.5.3-1-i386-AliNdp/gcc-4.5-4.5.3/src/gcc/testsuite/../../gcc -I/build/buildd-gcc-4.5_4.5.3-1-i386-AliNdp/gcc-4.5-4.5.3/build/gcc/testsuite/g++/../../../gcc  -I/build/buildd-gcc-4.5_4.5.3-1-i386-AliNdp/gcc-4.5-4.5.3/src/gcc/testsuite/../../include -I/build/buildd-gcc-4.5_4.5.3-1-i386-AliNdp/gcc-4.5-4.5.3/src/gcc/testsuite/../../libcpp/include   -I/build/buildd-gcc-4.5_4.5.3-1-i386-AliNdp/gcc-4.5-4.5.3/build/gcc/testsuite/g++/../../../intl  -DIN_GCC -fPIC -shared
UNRESOLVED: header_plugin.c compilation, -I. -I/build/buildd-gcc-4.5_4.5.3-1-i386-AliNdp/gcc-4.5-4.5.3/src/gcc/testsuite -I/build/buildd-gcc-4.5_4.5.3-1-i386-AliNdp/gcc-4.5-4.5.3/src/gcc/testsuite/../../gcc -I/build/buildd-gcc-4.5_4.5.3-1-i386-AliNdp/gcc-4.5-4.5.3/build/gcc/testsuite/g++/../../../gcc  -I/build/buildd-gcc-4.5_4.5.3-1-i386-AliNdp/gcc-4.5-4.5.3/src/gcc/testsuite/../../include -I/build/buildd-gcc-4.5_4.5.3-1-i386-AliNdp/gcc-4.5-4.5.3/src/gcc/testsuite/../../libcpp/include   -I/build/buildd-gcc-4.5_4.5.3-1-i386-AliNdp/gcc-4.5-4.5.3/build/gcc/testsuite/g++/../../../intl  -DIN_GCC -fPIC -shared

		=== g++ Summary for unix ===

# of expected passes		23468
# of expected failures		153
# of unresolved testcases	5
# of unsupported tests		116

Running target unix/-fstack-protector
UNRESOLVED: attribute_plugin.c compilation, -I. -I/build/buildd-gcc-4.5_4.5.3-1-i386-AliNdp/gcc-4.5-4.5.3/src/gcc/testsuite -I/build/buildd-gcc-4.5_4.5.3-1-i386-AliNdp/gcc-4.5-4.5.3/src/gcc/testsuite/../../gcc -I/build/buildd-gcc-4.5_4.5.3-1-i386-AliNdp/gcc-4.5-4.5.3/build/gcc/testsuite/g++/../../../gcc  -I/build/buildd-gcc-4.5_4.5.3-1-i386-AliNdp/gcc-4.5-4.5.3/src/gcc/testsuite/../../include -I/build/buildd-gcc-4.5_4.5.3-1-i386-AliNdp/gcc-4.5-4.5.3/src/gcc/testsuite/../../libcpp/include   -I/build/buildd-gcc-4.5_4.5.3-1-i386-AliNdp/gcc-4.5-4.5.3/build/gcc/testsuite/g++/../../../intl  -DIN_GCC -fPIC -shared
UNRESOLVED: pragma_plugin.c compilation, -I. -I/build/buildd-gcc-4.5_4.5.3-1-i386-AliNdp/gcc-4.5-4.5.3/src/gcc/testsuite -I/build/buildd-gcc-4.5_4.5.3-1-i386-AliNdp/gcc-4.5-4.5.3/src/gcc/testsuite/../../gcc -I/build/buildd-gcc-4.5_4.5.3-1-i386-AliNdp/gcc-4.5-4.5.3/build/gcc/testsuite/g++/../../../gcc  -I/build/buildd-gcc-4.5_4.5.3-1-i386-AliNdp/gcc-4.5-4.5.3/src/gcc/testsuite/../../include -I/build/buildd-gcc-4.5_4.5.3-1-i386-AliNdp/gcc-4.5-4.5.3/src/gcc/testsuite/../../libcpp/include   -I/build/buildd-gcc-4.5_4.5.3-1-i386-AliNdp/gcc-4.5-4.5.3/build/gcc/testsuite/g++/../../../intl  -DIN_GCC -fPIC -shared
UNRESOLVED: selfassign.c compilation, -I. -I/build/buildd-gcc-4.5_4.5.3-1-i386-AliNdp/gcc-4.5-4.5.3/src/gcc/testsuite -I/build/buildd-gcc-4.5_4.5.3-1-i386-AliNdp/gcc-4.5-4.5.3/src/gcc/testsuite/../../gcc -I/build/buildd-gcc-4.5_4.5.3-1-i386-AliNdp/gcc-4.5-4.5.3/build/gcc/testsuite/g++/../../../gcc  -I/build/buildd-gcc-4.5_4.5.3-1-i386-AliNdp/gcc-4.5-4.5.3/src/gcc/testsuite/../../include -I/build/buildd-gcc-4.5_4.5.3-1-i386-AliNdp/gcc-4.5-4.5.3/src/gcc/testsuite/../../libcpp/include   -I/build/buildd-gcc-4.5_4.5.3-1-i386-AliNdp/gcc-4.5-4.5.3/build/gcc/testsuite/g++/../../../intl -O -DIN_GCC -fPIC -shared
UNRESOLVED: dumb_plugin.c compilation, -I. -I/build/buildd-gcc-4.5_4.5.3-1-i386-AliNdp/gcc-4.5-4.5.3/src/gcc/testsuite -I/build/buildd-gcc-4.5_4.5.3-1-i386-AliNdp/gcc-4.5-4.5.3/src/gcc/testsuite/../../gcc -I/build/buildd-gcc-4.5_4.5.3-1-i386-AliNdp/gcc-4.5-4.5.3/build/gcc/testsuite/g++/../../../gcc  -I/build/buildd-gcc-4.5_4.5.3-1-i386-AliNdp/gcc-4.5-4.5.3/src/gcc/testsuite/../../include -I/build/buildd-gcc-4.5_4.5.3-1-i386-AliNdp/gcc-4.5-4.5.3/src/gcc/testsuite/../../libcpp/include   -I/build/buildd-gcc-4.5_4.5.3-1-i386-AliNdp/gcc-4.5-4.5.3/build/gcc/testsuite/g++/../../../intl  -DIN_GCC -fPIC -shared
UNRESOLVED: header_plugin.c compilation, -I. -I/build/buildd-gcc-4.5_4.5.3-1-i386-AliNdp/gcc-4.5-4.5.3/src/gcc/testsuite -I/build/buildd-gcc-4.5_4.5.3-1-i386-AliNdp/gcc-4.5-4.5.3/src/gcc/testsuite/../../gcc -I/build/buildd-gcc-4.5_4.5.3-1-i386-AliNdp/gcc-4.5-4.5.3/build/gcc/testsuite/g++/../../../gcc  -I/build/buildd-gcc-4.5_4.5.3-1-i386-AliNdp/gcc-4.5-4.5.3/src/gcc/testsuite/../../include -I/build/buildd-gcc-4.5_4.5.3-1-i386-AliNdp/gcc-4.5-4.5.3/src/gcc/testsuite/../../libcpp/include   -I/build/buildd-gcc-4.5_4.5.3-1-i386-AliNdp/gcc-4.5-4.5.3/build/gcc/testsuite/g++/../../../intl  -DIN_GCC -fPIC -shared

		=== g++ Summary for unix/-fstack-protector ===

# of expected passes		23468
# of expected failures		153
# of unresolved testcases	5
# of unsupported tests		116

Running target unix/-m64
UNRESOLVED: attribute_plugin.c compilation, -I. -I/build/buildd-gcc-4.5_4.5.3-1-i386-AliNdp/gcc-4.5-4.5.3/src/gcc/testsuite -I/build/buildd-gcc-4.5_4.5.3-1-i386-AliNdp/gcc-4.5-4.5.3/src/gcc/testsuite/../../gcc -I/build/buildd-gcc-4.5_4.5.3-1-i386-AliNdp/gcc-4.5-4.5.3/build/gcc/testsuite/g++/../../../gcc  -I/build/buildd-gcc-4.5_4.5.3-1-i386-AliNdp/gcc-4.5-4.5.3/src/gcc/testsuite/../../include -I/build/buildd-gcc-4.5_4.5.3-1-i386-AliNdp/gcc-4.5-4.5.3/src/gcc/testsuite/../../libcpp/include   -I/build/buildd-gcc-4.5_4.5.3-1-i386-AliNdp/gcc-4.5-4.5.3/build/gcc/testsuite/g++/../../../intl  -DIN_GCC -fPIC -shared
UNRESOLVED: pragma_plugin.c compilation, -I. -I/build/buildd-gcc-4.5_4.5.3-1-i386-AliNdp/gcc-4.5-4.5.3/src/gcc/testsuite -I/build/buildd-gcc-4.5_4.5.3-1-i386-AliNdp/gcc-4.5-4.5.3/src/gcc/testsuite/../../gcc -I/build/buildd-gcc-4.5_4.5.3-1-i386-AliNdp/gcc-4.5-4.5.3/build/gcc/testsuite/g++/../../../gcc  -I/build/buildd-gcc-4.5_4.5.3-1-i386-AliNdp/gcc-4.5-4.5.3/src/gcc/testsuite/../../include -I/build/buildd-gcc-4.5_4.5.3-1-i386-AliNdp/gcc-4.5-4.5.3/src/gcc/testsuite/../../libcpp/include   -I/build/buildd-gcc-4.5_4.5.3-1-i386-AliNdp/gcc-4.5-4.5.3/build/gcc/testsuite/g++/../../../intl  -DIN_GCC -fPIC -shared
UNRESOLVED: selfassign.c compilation, -I. -I/build/buildd-gcc-4.5_4.5.3-1-i386-AliNdp/gcc-4.5-4.5.3/src/gcc/testsuite -I/build/buildd-gcc-4.5_4.5.3-1-i386-AliNdp/gcc-4.5-4.5.3/src/gcc/testsuite/../../gcc -I/build/buildd-gcc-4.5_4.5.3-1-i386-AliNdp/gcc-4.5-4.5.3/build/gcc/testsuite/g++/../../../gcc  -I/build/buildd-gcc-4.5_4.5.3-1-i386-AliNdp/gcc-4.5-4.5.3/src/gcc/testsuite/../../include -I/build/buildd-gcc-4.5_4.5.3-1-i386-AliNdp/gcc-4.5-4.5.3/src/gcc/testsuite/../../libcpp/include   -I/build/buildd-gcc-4.5_4.5.3-1-i386-AliNdp/gcc-4.5-4.5.3/build/gcc/testsuite/g++/../../../intl -O -DIN_GCC -fPIC -shared
UNRESOLVED: dumb_plugin.c compilation, -I. -I/build/buildd-gcc-4.5_4.5.3-1-i386-AliNdp/gcc-4.5-4.5.3/src/gcc/testsuite -I/build/buildd-gcc-4.5_4.5.3-1-i386-AliNdp/gcc-4.5-4.5.3/src/gcc/testsuite/../../gcc -I/build/buildd-gcc-4.5_4.5.3-1-i386-AliNdp/gcc-4.5-4.5.3/build/gcc/testsuite/g++/../../../gcc  -I/build/buildd-gcc-4.5_4.5.3-1-i386-AliNdp/gcc-4.5-4.5.3/src/gcc/testsuite/../../include -I/build/buildd-gcc-4.5_4.5.3-1-i386-AliNdp/gcc-4.5-4.5.3/src/gcc/testsuite/../../libcpp/include   -I/build/buildd-gcc-4.5_4.5.3-1-i386-AliNdp/gcc-4.5-4.5.3/build/gcc/testsuite/g++/../../../intl  -DIN_GCC -fPIC -shared
UNRESOLVED: header_plugin.c compilation, -I. -I/build/buildd-gcc-4.5_4.5.3-1-i386-AliNdp/gcc-4.5-4.5.3/src/gcc/testsuite -I/build/buildd-gcc-4.5_4.5.3-1-i386-AliNdp/gcc-4.5-4.5.3/src/gcc/testsuite/../../gcc -I/build/buildd-gcc-4.5_4.5.3-1-i386-AliNdp/gcc-4.5-4.5.3/build/gcc/testsuite/g++/../../../gcc  -I/build/buildd-gcc-4.5_4.5.3-1-i386-AliNdp/gcc-4.5-4.5.3/src/gcc/testsuite/../../include -I/build/buildd-gcc-4.5_4.5.3-1-i386-AliNdp/gcc-4.5-4.5.3/src/gcc/testsuite/../../libcpp/include   -I/build/buildd-gcc-4.5_4.5.3-1-i386-AliNdp/gcc-4.5-4.5.3/build/gcc/testsuite/g++/../../../intl  -DIN_GCC -fPIC -shared

		=== g++ Summary for unix/-m64 ===

# of expected passes		23070
# of expected failures		153
# of unresolved testcases	5
# of unsupported tests		307

		=== g++ Summary ===

# of expected passes		70006
# of expected failures		459
# of unresolved testcases	15
# of unsupported tests		539
/build/buildd-gcc-4.5_4.5.3-1-i386-AliNdp/gcc-4.5-4.5.3/build/gcc/testsuite/g++/../../g++  version 4.5.3 (Debian 4.5.3-1) 

		=== gcc tests ===


Running target unix
UNRESOLVED: selfassign.c compilation, -I. -I/build/buildd-gcc-4.5_4.5.3-1-i386-AliNdp/gcc-4.5-4.5.3/src/gcc/testsuite -I/build/buildd-gcc-4.5_4.5.3-1-i386-AliNdp/gcc-4.5-4.5.3/src/gcc/testsuite/../../gcc -I/build/buildd-gcc-4.5_4.5.3-1-i386-AliNdp/gcc-4.5-4.5.3/build/gcc/testsuite/gcc/../../../gcc  -I/build/buildd-gcc-4.5_4.5.3-1-i386-AliNdp/gcc-4.5-4.5.3/src/gcc/testsuite/../../include -I/build/buildd-gcc-4.5_4.5.3-1-i386-AliNdp/gcc-4.5-4.5.3/src/gcc/testsuite/../../libcpp/include   -I/build/buildd-gcc-4.5_4.5.3-1-i386-AliNdp/gcc-4.5-4.5.3/build/gcc/testsuite/gcc/../../../intl -O -DIN_GCC -fPIC -shared
UNRESOLVED: ggcplug.c compilation, -I. -I/build/buildd-gcc-4.5_4.5.3-1-i386-AliNdp/gcc-4.5-4.5.3/src/gcc/testsuite -I/build/buildd-gcc-4.5_4.5.3-1-i386-AliNdp/gcc-4.5-4.5.3/src/gcc/testsuite/../../gcc -I/build/buildd-gcc-4.5_4.5.3-1-i386-AliNdp/gcc-4.5-4.5.3/build/gcc/testsuite/gcc/../../../gcc  -I/build/buildd-gcc-4.5_4.5.3-1-i386-AliNdp/gcc-4.5-4.5.3/src/gcc/testsuite/../../include -I/build/buildd-gcc-4.5_4.5.3-1-i386-AliNdp/gcc-4.5-4.5.3/src/gcc/testsuite/../../libcpp/include   -I/build/buildd-gcc-4.5_4.5.3-1-i386-AliNdp/gcc-4.5-4.5.3/build/gcc/testsuite/gcc/../../../intl -O -DIN_GCC -fPIC -shared
UNRESOLVED: one_time_plugin.c compilation, -I. -I/build/buildd-gcc-4.5_4.5.3-1-i386-AliNdp/gcc-4.5-4.5.3/src/gcc/testsuite -I/build/buildd-gcc-4.5_4.5.3-1-i386-AliNdp/gcc-4.5-4.5.3/src/gcc/testsuite/../../gcc -I/build/buildd-gcc-4.5_4.5.3-1-i386-AliNdp/gcc-4.5-4.5.3/build/gcc/testsuite/gcc/../../../gcc  -I/build/buildd-gcc-4.5_4.5.3-1-i386-AliNdp/gcc-4.5-4.5.3/src/gcc/testsuite/../../include -I/build/buildd-gcc-4.5_4.5.3-1-i386-AliNdp/gcc-4.5-4.5.3/src/gcc/testsuite/../../libcpp/include   -I/build/buildd-gcc-4.5_4.5.3-1-i386-AliNdp/gcc-4.5-4.5.3/build/gcc/testsuite/gcc/../../../intl  -DIN_GCC -fPIC -shared
UNRESOLVED: start_unit_plugin.c compilation, -I. -I/build/buildd-gcc-4.5_4.5.3-1-i386-AliNdp/gcc-4.5-4.5.3/src/gcc/testsuite -I/build/buildd-gcc-4.5_4.5.3-1-i386-AliNdp/gcc-4.5-4.5.3/src/gcc/testsuite/../../gcc -I/build/buildd-gcc-4.5_4.5.3-1-i386-AliNdp/gcc-4.5-4.5.3/build/gcc/testsuite/gcc/../../../gcc  -I/build/buildd-gcc-4.5_4.5.3-1-i386-AliNdp/gcc-4.5-4.5.3/src/gcc/testsuite/../../include -I/build/buildd-gcc-4.5_4.5.3-1-i386-AliNdp/gcc-4.5-4.5.3/src/gcc/testsuite/../../libcpp/include   -I/build/buildd-gcc-4.5_4.5.3-1-i386-AliNdp/gcc-4.5-4.5.3/build/gcc/testsuite/gcc/../../../intl  -DIN_GCC -fPIC -shared
UNRESOLVED: finish_unit_plugin.c compilation, -I. -I/build/buildd-gcc-4.5_4.5.3-1-i386-AliNdp/gcc-4.5-4.5.3/src/gcc/testsuite -I/build/buildd-gcc-4.5_4.5.3-1-i386-AliNdp/gcc-4.5-4.5.3/src/gcc/testsuite/../../gcc -I/build/buildd-gcc-4.5_4.5.3-1-i386-AliNdp/gcc-4.5-4.5.3/build/gcc/testsuite/gcc/../../../gcc  -I/build/buildd-gcc-4.5_4.5.3-1-i386-AliNdp/gcc-4.5-4.5.3/src/gcc/testsuite/../../include -I/build/buildd-gcc-4.5_4.5.3-1-i386-AliNdp/gcc-4.5-4.5.3/src/gcc/testsuite/../../libcpp/include   -I/build/buildd-gcc-4.5_4.5.3-1-i386-AliNdp/gcc-4.5-4.5.3/build/gcc/testsuite/gcc/../../../intl  -DIN_GCC -fPIC -shared

		=== gcc Summary for unix ===

# of expected passes		72873
# of expected failures		178
# of unresolved testcases	5
# of unsupported tests		610

Running target unix/-fstack-protector
UNRESOLVED: selfassign.c compilation, -I. -I/build/buildd-gcc-4.5_4.5.3-1-i386-AliNdp/gcc-4.5-4.5.3/src/gcc/testsuite -I/build/buildd-gcc-4.5_4.5.3-1-i386-AliNdp/gcc-4.5-4.5.3/src/gcc/testsuite/../../gcc -I/build/buildd-gcc-4.5_4.5.3-1-i386-AliNdp/gcc-4.5-4.5.3/build/gcc/testsuite/gcc/../../../gcc  -I/build/buildd-gcc-4.5_4.5.3-1-i386-AliNdp/gcc-4.5-4.5.3/src/gcc/testsuite/../../include -I/build/buildd-gcc-4.5_4.5.3-1-i386-AliNdp/gcc-4.5-4.5.3/src/gcc/testsuite/../../libcpp/include   -I/build/buildd-gcc-4.5_4.5.3-1-i386-AliNdp/gcc-4.5-4.5.3/build/gcc/testsuite/gcc/../../../intl -O -DIN_GCC -fPIC -shared
UNRESOLVED: ggcplug.c compilation, -I. -I/build/buildd-gcc-4.5_4.5.3-1-i386-AliNdp/gcc-4.5-4.5.3/src/gcc/testsuite -I/build/buildd-gcc-4.5_4.5.3-1-i386-AliNdp/gcc-4.5-4.5.3/src/gcc/testsuite/../../gcc -I/build/buildd-gcc-4.5_4.5.3-1-i386-AliNdp/gcc-4.5-4.5.3/build/gcc/testsuite/gcc/../../../gcc  -I/build/buildd-gcc-4.5_4.5.3-1-i386-AliNdp/gcc-4.5-4.5.3/src/gcc/testsuite/../../include -I/build/buildd-gcc-4.5_4.5.3-1-i386-AliNdp/gcc-4.5-4.5.3/src/gcc/testsuite/../../libcpp/include   -I/build/buildd-gcc-4.5_4.5.3-1-i386-AliNdp/gcc-4.5-4.5.3/build/gcc/testsuite/gcc/../../../intl -O -DIN_GCC -fPIC -shared
UNRESOLVED: one_time_plugin.c compilation, -I. -I/build/buildd-gcc-4.5_4.5.3-1-i386-AliNdp/gcc-4.5-4.5.3/src/gcc/testsuite -I/build/buildd-gcc-4.5_4.5.3-1-i386-AliNdp/gcc-4.5-4.5.3/src/gcc/testsuite/../../gcc -I/build/buildd-gcc-4.5_4.5.3-1-i386-AliNdp/gcc-4.5-4.5.3/build/gcc/testsuite/gcc/../../../gcc  -I/build/buildd-gcc-4.5_4.5.3-1-i386-AliNdp/gcc-4.5-4.5.3/src/gcc/testsuite/../../include -I/build/buildd-gcc-4.5_4.5.3-1-i386-AliNdp/gcc-4.5-4.5.3/src/gcc/testsuite/../../libcpp/include   -I/build/buildd-gcc-4.5_4.5.3-1-i386-AliNdp/gcc-4.5-4.5.3/build/gcc/testsuite/gcc/../../../intl  -DIN_GCC -fPIC -shared
UNRESOLVED: start_unit_plugin.c compilation, -I. -I/build/buildd-gcc-4.5_4.5.3-1-i386-AliNdp/gcc-4.5-4.5.3/src/gcc/testsuite -I/build/buildd-gcc-4.5_4.5.3-1-i386-AliNdp/gcc-4.5-4.5.3/src/gcc/testsuite/../../gcc -I/build/buildd-gcc-4.5_4.5.3-1-i386-AliNdp/gcc-4.5-4.5.3/build/gcc/testsuite/gcc/../../../gcc  -I/build/buildd-gcc-4.5_4.5.3-1-i386-AliNdp/gcc-4.5-4.5.3/src/gcc/testsuite/../../include -I/build/buildd-gcc-4.5_4.5.3-1-i386-AliNdp/gcc-4.5-4.5.3/src/gcc/testsuite/../../libcpp/include   -I/build/buildd-gcc-4.5_4.5.3-1-i386-AliNdp/gcc-4.5-4.5.3/build/gcc/testsuite/gcc/../../../intl  -DIN_GCC -fPIC -shared
UNRESOLVED: finish_unit_plugin.c compilation, -I. -I/build/buildd-gcc-4.5_4.5.3-1-i386-AliNdp/gcc-4.5-4.5.3/src/gcc/testsuite -I/build/buildd-gcc-4.5_4.5.3-1-i386-AliNdp/gcc-4.5-4.5.3/src/gcc/testsuite/../../gcc -I/build/buildd-gcc-4.5_4.5.3-1-i386-AliNdp/gcc-4.5-4.5.3/build/gcc/testsuite/gcc/../../../gcc  -I/build/buildd-gcc-4.5_4.5.3-1-i386-AliNdp/gcc-4.5-4.5.3/src/gcc/testsuite/../../include -I/build/buildd-gcc-4.5_4.5.3-1-i386-AliNdp/gcc-4.5-4.5.3/src/gcc/testsuite/../../libcpp/include   -I/build/buildd-gcc-4.5_4.5.3-1-i386-AliNdp/gcc-4.5-4.5.3/build/gcc/testsuite/gcc/../../../intl  -DIN_GCC -fPIC -shared

		=== gcc Summary for unix/-fstack-protector ===

# of expected passes		72873
# of expected failures		178
# of unresolved testcases	5
# of unsupported tests		610

Running target unix/-m64
UNRESOLVED: selfassign.c compilation, -I. -I/build/buildd-gcc-4.5_4.5.3-1-i386-AliNdp/gcc-4.5-4.5.3/src/gcc/testsuite -I/build/buildd-gcc-4.5_4.5.3-1-i386-AliNdp/gcc-4.5-4.5.3/src/gcc/testsuite/../../gcc -I/build/buildd-gcc-4.5_4.5.3-1-i386-AliNdp/gcc-4.5-4.5.3/build/gcc/testsuite/gcc/../../../gcc  -I/build/buildd-gcc-4.5_4.5.3-1-i386-AliNdp/gcc-4.5-4.5.3/src/gcc/testsuite/../../include -I/build/buildd-gcc-4.5_4.5.3-1-i386-AliNdp/gcc-4.5-4.5.3/src/gcc/testsuite/../../libcpp/include   -I/build/buildd-gcc-4.5_4.5.3-1-i386-AliNdp/gcc-4.5-4.5.3/build/gcc/testsuite/gcc/../../../intl -O -DIN_GCC -fPIC -shared
UNRESOLVED: ggcplug.c compilation, -I. -I/build/buildd-gcc-4.5_4.5.3-1-i386-AliNdp/gcc-4.5-4.5.3/src/gcc/testsuite -I/build/buildd-gcc-4.5_4.5.3-1-i386-AliNdp/gcc-4.5-4.5.3/src/gcc/testsuite/../../gcc -I/build/buildd-gcc-4.5_4.5.3-1-i386-AliNdp/gcc-4.5-4.5.3/build/gcc/testsuite/gcc/../../../gcc  -I/build/buildd-gcc-4.5_4.5.3-1-i386-AliNdp/gcc-4.5-4.5.3/src/gcc/testsuite/../../include -I/build/buildd-gcc-4.5_4.5.3-1-i386-AliNdp/gcc-4.5-4.5.3/src/gcc/testsuite/../../libcpp/include   -I/build/buildd-gcc-4.5_4.5.3-1-i386-AliNdp/gcc-4.5-4.5.3/build/gcc/testsuite/gcc/../../../intl -O -DIN_GCC -fPIC -shared
UNRESOLVED: one_time_plugin.c compilation, -I. -I/build/buildd-gcc-4.5_4.5.3-1-i386-AliNdp/gcc-4.5-4.5.3/src/gcc/testsuite -I/build/buildd-gcc-4.5_4.5.3-1-i386-AliNdp/gcc-4.5-4.5.3/src/gcc/testsuite/../../gcc -I/build/buildd-gcc-4.5_4.5.3-1-i386-AliNdp/gcc-4.5-4.5.3/build/gcc/testsuite/gcc/../../../gcc  -I/build/buildd-gcc-4.5_4.5.3-1-i386-AliNdp/gcc-4.5-4.5.3/src/gcc/testsuite/../../include -I/build/buildd-gcc-4.5_4.5.3-1-i386-AliNdp/gcc-4.5-4.5.3/src/gcc/testsuite/../../libcpp/include   -I/build/buildd-gcc-4.5_4.5.3-1-i386-AliNdp/gcc-4.5-4.5.3/build/gcc/testsuite/gcc/../../../intl  -DIN_GCC -fPIC -shared
UNRESOLVED: start_unit_plugin.c compilation, -I. -I/build/buildd-gcc-4.5_4.5.3-1-i386-AliNdp/gcc-4.5-4.5.3/src/gcc/testsuite -I/build/buildd-gcc-4.5_4.5.3-1-i386-AliNdp/gcc-4.5-4.5.3/src/gcc/testsuite/../../gcc -I/build/buildd-gcc-4.5_4.5.3-1-i386-AliNdp/gcc-4.5-4.5.3/build/gcc/testsuite/gcc/../../../gcc  -I/build/buildd-gcc-4.5_4.5.3-1-i386-AliNdp/gcc-4.5-4.5.3/src/gcc/testsuite/../../include -I/build/buildd-gcc-4.5_4.5.3-1-i386-AliNdp/gcc-4.5-4.5.3/src/gcc/testsuite/../../libcpp/include   -I/build/buildd-gcc-4.5_4.5.3-1-i386-AliNdp/gcc-4.5-4.5.3/build/gcc/testsuite/gcc/../../../intl  -DIN_GCC -fPIC -shared
UNRESOLVED: finish_unit_plugin.c compilation, -I. -I/build/buildd-gcc-4.5_4.5.3-1-i386-AliNdp/gcc-4.5-4.5.3/src/gcc/testsuite -I/build/buildd-gcc-4.5_4.5.3-1-i386-AliNdp/gcc-4.5-4.5.3/src/gcc/testsuite/../../gcc -I/build/buildd-gcc-4.5_4.5.3-1-i386-AliNdp/gcc-4.5-4.5.3/build/gcc/testsuite/gcc/../../../gcc  -I/build/buildd-gcc-4.5_4.5.3-1-i386-AliNdp/gcc-4.5-4.5.3/src/gcc/testsuite/../../include -I/build/buildd-gcc-4.5_4.5.3-1-i386-AliNdp/gcc-4.5-4.5.3/src/gcc/testsuite/../../libcpp/include   -I/build/buildd-gcc-4.5_4.5.3-1-i386-AliNdp/gcc-4.5-4.5.3/build/gcc/testsuite/gcc/../../../intl  -DIN_GCC -fPIC -shared

		=== gcc Summary for unix/-m64 ===

# of expected passes		72402
# of expected failures		177
# of unresolved testcases	5
# of unsupported tests		964

		=== gcc Summary ===

# of expected passes		218148
# of expected failures		533
# of unresolved testcases	15
# of unsupported tests		2184
/build/buildd-gcc-4.5_4.5.3-1-i386-AliNdp/gcc-4.5-4.5.3/build/gcc/xgcc  version 4.5.3 (Debian 4.5.3-1) 

		=== gfortran tests ===


Running target unix

		=== gfortran Summary for unix ===

# of expected passes		34467
# of expected failures		31
# of unsupported tests		146

Running target unix/-fstack-protector

		=== gfortran Summary for unix/-fstack-protector ===

# of expected passes		34467
# of expected failures		31
# of unsupported tests		146

Running target unix/-m64

		=== gfortran Summary for unix/-m64 ===

# of expected passes		34626
# of expected failures		31
# of unsupported tests		72

		=== gfortran Summary ===

# of expected passes		103560
# of expected failures		93
# of unsupported tests		364
/build/buildd-gcc-4.5_4.5.3-1-i386-AliNdp/gcc-4.5-4.5.3/build/gcc/testsuite/gfortran/../../gfortran  version 4.5.3 (Debian 4.5.3-1) 

		=== obj-c++ tests ===


Running target unix
UNRESOLVED: obj-c++.dg/lookup-2.mm -fgnu-runtime compilation failed to produce executable
UNRESOLVED: obj-c++.dg/try-catch-2.mm -fgnu-runtime compilation failed to produce executable
UNRESOLVED: obj-c++.dg/try-catch-9.mm -fgnu-runtime compilation failed to produce executable

		=== obj-c++ Summary for unix ===

# of expected passes		440
# of expected failures		3
# of unresolved testcases	3
# of unsupported tests		14

Running target unix/-fstack-protector
UNRESOLVED: obj-c++.dg/lookup-2.mm -fgnu-runtime compilation failed to produce executable
UNRESOLVED: obj-c++.dg/try-catch-2.mm -fgnu-runtime compilation failed to produce executable
UNRESOLVED: obj-c++.dg/try-catch-9.mm -fgnu-runtime compilation failed to produce executable

		=== obj-c++ Summary for unix/-fstack-protector ===

# of expected passes		440
# of expected failures		3
# of unresolved testcases	3
# of unsupported tests		14

Running target unix/-m64
UNRESOLVED: obj-c++.dg/lookup-2.mm -fgnu-runtime compilation failed to produce executable
UNRESOLVED: obj-c++.dg/try-catch-2.mm -fgnu-runtime compilation failed to produce executable
UNRESOLVED: obj-c++.dg/try-catch-9.mm -fgnu-runtime compilation failed to produce executable

		=== obj-c++ Summary for unix/-m64 ===

# of expected passes		432
# of expected failures		11
# of unresolved testcases	3
# of unsupported tests		14

		=== obj-c++ Summary ===

# of expected passes		1312
# of expected failures		17
# of unresolved testcases	9
# of unsupported tests		42
/build/buildd-gcc-4.5_4.5.3-1-i386-AliNdp/gcc-4.5-4.5.3/build/gcc/testsuite/obj-c++/../../g++  version 4.5.3 (Debian 4.5.3-1) 

		=== objc tests ===


Running target unix

		=== objc Summary for unix ===

# of expected passes		1882
# of expected failures		7
# of unsupported tests		20

Running target unix/-fstack-protector

		=== objc Summary for unix/-fstack-protector ===

# of expected passes		1882
# of expected failures		7
# of unsupported tests		20

Running target unix/-m64
FAIL: objc/execute/forward-1.m execution,  -O0 -fgnu-runtime
FAIL: objc/execute/forward-1.m execution,  -O1 -fgnu-runtime
FAIL: objc/execute/forward-1.m execution,  -O2 -fgnu-runtime
FAIL: objc/execute/forward-1.m execution,  -O3 -fomit-frame-pointer -fgnu-runtime
FAIL: objc/execute/forward-1.m execution,  -O3 -fomit-frame-pointer -funroll-loops -fgnu-runtime
FAIL: objc/execute/forward-1.m execution,  -O3 -fomit-frame-pointer -funroll-all-loops -finline-functions -fgnu-runtime
FAIL: objc/execute/forward-1.m execution,  -O3 -g -fgnu-runtime
FAIL: objc/execute/forward-1.m execution,  -Os -fgnu-runtime

		=== objc Summary for unix/-m64 ===

# of expected passes		1874
# of unexpected failures	8
# of expected failures		7
# of unsupported tests		20

		=== objc Summary ===

# of expected passes		5638
# of unexpected failures	8
# of expected failures		21
# of unsupported tests		60
/build/buildd-gcc-4.5_4.5.3-1-i386-AliNdp/gcc-4.5-4.5.3/build/gcc/xgcc  version 4.5.3 (Debian 4.5.3-1) 

		=== libgomp tests ===


Running target unix

		=== libgomp Summary for unix ===

# of expected passes		2588

Running target unix/-fstack-protector

		=== libgomp Summary for unix/-fstack-protector ===

# of expected passes		2588

Running target unix/-m64

		=== libgomp Summary for unix/-m64 ===

# of expected passes		2588

		=== libgomp Summary ===

# of expected passes		7764
		=== libmudflap tests ===


Running target unix
FAIL: libmudflap.c/pass46-frag.c (-O2) (test for excess errors)
FAIL: libmudflap.c/pass46-frag.c (-O2) (test for excess errors)
FAIL: libmudflap.c/fail31-frag.c (-O3) output pattern test
FAIL: libmudflap.c/pass45-frag.c (-O3) execution test
FAIL: libmudflap.c/pass45-frag.c (-O3) output pattern test
FAIL: libmudflap.c/pass45-frag.c (-O3) execution test
FAIL: libmudflap.c/pass45-frag.c (-O3) output pattern test
FAIL: libmudflap.c/pass46-frag.c (-O3) (test for excess errors)
FAIL: libmudflap.c/pass46-frag.c (-O3) (test for excess errors)
FAIL: libmudflap.c++/pass41-frag.cxx execution test
FAIL: libmudflap.c++/pass41-frag.cxx (-static) execution test
FAIL: libmudflap.c++/pass41-frag.cxx ( -O) execution test
FAIL: libmudflap.c++/pass41-frag.cxx (-O2) execution test
FAIL: libmudflap.c++/pass41-frag.cxx (-O3) execution test

		=== libmudflap Summary for unix ===

# of expected passes		1880
# of unexpected failures	14

Running target unix/-fstack-protector
FAIL: libmudflap.c/pass46-frag.c (-O2) (test for excess errors)
FAIL: libmudflap.c/pass46-frag.c (-O2) (test for excess errors)
FAIL: libmudflap.c/fail31-frag.c (-O3) crash test
FAIL: libmudflap.c/fail31-frag.c (-O3) output pattern test
FAIL: libmudflap.c/pass45-frag.c (-O3) execution test
FAIL: libmudflap.c/pass45-frag.c (-O3) output pattern test
FAIL: libmudflap.c/pass45-frag.c (-O3) execution test
FAIL: libmudflap.c/pass45-frag.c (-O3) output pattern test
FAIL: libmudflap.c/pass46-frag.c (-O3) (test for excess errors)
FAIL: libmudflap.c/pass46-frag.c (-O3) (test for excess errors)
FAIL: libmudflap.c++/pass41-frag.cxx execution test
FAIL: libmudflap.c++/pass41-frag.cxx (-static) execution test
FAIL: libmudflap.c++/pass41-frag.cxx ( -O) execution test
FAIL: libmudflap.c++/pass41-frag.cxx (-O2) execution test
FAIL: libmudflap.c++/pass41-frag.cxx (-O3) execution test

		=== libmudflap Summary for unix/-fstack-protector ===

# of expected passes		1879
# of unexpected failures	15

Running target unix/-m64
FAIL: libmudflap.c/pass46-frag.c (-O2) (test for excess errors)
FAIL: libmudflap.c/pass46-frag.c (-O2) (test for excess errors)
FAIL: libmudflap.c/fail31-frag.c (-O3) output pattern test
FAIL: libmudflap.c/pass45-frag.c (-O3) execution test
FAIL: libmudflap.c/pass45-frag.c (-O3) output pattern test
FAIL: libmudflap.c/pass45-frag.c (-O3) execution test
FAIL: libmudflap.c/pass45-frag.c (-O3) output pattern test
FAIL: libmudflap.c/pass46-frag.c (-O3) (test for excess errors)
FAIL: libmudflap.c/pass46-frag.c (-O3) (test for excess errors)
FAIL: libmudflap.c++/pass41-frag.cxx execution test
FAIL: libmudflap.c++/pass41-frag.cxx ( -O) execution test
FAIL: libmudflap.c++/pass41-frag.cxx (-O2) execution test
FAIL: libmudflap.c++/pass41-frag.cxx (-O3) execution test

		=== libmudflap Summary for unix/-m64 ===

# of expected passes		1414
# of unexpected failures	13

		=== libmudflap Summary ===

# of expected passes		5173
# of unexpected failures	42
		=== libstdc++ tests ===


Running target unix

		=== libstdc++ Summary for unix ===

# of expected passes		7082
# of expected failures		95
# of unsupported tests		336

Running target unix/-fstack-protector

		=== libstdc++ Summary for unix/-fstack-protector ===

# of expected passes		7082
# of expected failures		95
# of unsupported tests		336

Running target unix/-m64
FAIL: abi_check

		=== libstdc++ Summary for unix/-m64 ===

# of expected passes		7081
# of unexpected failures	1
# of expected failures		95
# of unsupported tests		336

		=== libstdc++ Summary ===

# of expected passes		21245
# of unexpected failures	1
# of expected failures		285
# of unsupported tests		1008

Compiler version: 4.5.3 (Debian 4.5.3-1) 
Platform: i486-pc-linux-gnu
configure flags: -v --with-pkgversion='Debian 4.5.3-1' --with-bugurl=file:///usr/share/doc/gcc-4.5/README.Bugs --enable-languages=c,c++,fortran,objc,obj-c++ --prefix=/usr --program-suffix=-4.5 --enable-shared --enable-multiarch --with-multiarch-defaults=i386-linux-gnu --enable-linker-build-id --with-system-zlib --libexecdir=/usr/lib --without-included-gettext --enable-threads=posix --with-gxx-include-dir=/usr/include/c++/4.5 --libdir=/usr/lib --enable-nls --enable-clocale=gnu --enable-libstdcxx-debug --enable-libstdcxx-time=yes --enable-plugin --enable-gold --enable-ld=default --with-plugin-ld=ld.gold --enable-objc-gc --enable-targets=all --with-arch-32=i586 --with-tune=generic --enable-checking=release --build=i486-linux-gnu --host=i486-linux-gnu --target=i486-linux-gnu
BOOT_CFLAGS=


Build Dependencies:
Desired=Unknown/Install/Remove/Purge/Hold
| Status=Not/Inst/Conf-files/Unpacked/halF-conf/Half-inst/trig-aWait/Trig-pend
|/ Err?=(none)/Reinst-required (Status,Err: uppercase=bad)
||/ Name                            Version               Description
+++-===============================-=====================-======================================================================
ii  binutils                        2.21.51.20110419-2    The GNU assembler, linker and binary utilities
ii  g++-4.5                         4.5.2-11              The GNU C++ compiler
ii  g++-4.5-multilib                4.5.2-11              The GNU C++ compiler (multilib files)
ii  g++-multilib                    4:4.5.2-5             The GNU C++ compiler (multilib files)
ii  libc6                           2.11.2-11             Embedded GNU C Library: Shared libraries
ii  libcloog-ppl-dev                0.15.9-3              the Chunky Loop Generator (development files)
ii  libmpc-dev                      0.9-3                 multiple precision complex floating-point library development package
ii  libmpfr-dev                     3.0.1-1               multiple precision floating-point computation developers tools


gcc-textdomain:
  Set gettext's domain and textdomain to the versioned package name.

gcc-driver-extra-langs:
  Add options and specs for languages that are not built from a source
  (but built from separate sources).

gcc-hash-style-both:
  Link using --hash-style=both (alpha, amd64, armel, armhf, ia64, i386, powerpc, ppc64, s390, sparc)

libstdc++-pic:
  Build and install libstdc++_pic.a library.

libstdc++-doclink:
  adjust hrefs to point to the local documentation

libstdc++-man-3cxx:
  Install libstdc++ man pages with suffix .3cxx instead of .3

libstdc++-test-installed:
  Add support to run the libstdc++-v3 testsuite using the
  installed shared libraries.

libjava-stacktrace:
  libgcj: Lookup source file name and line number in separated
  debug files found in /usr/lib/debug

libjava-subdir:
  - Set the libjava sublibdir to /usr/lib/gcj-4.5
  - Set the default libgcj database dir to /var/lib/gcj-4.5

libjava-jnipath:
  - Add /usr/lib/jni and /usr/lib/<multiarch>/jni to java.library.path.
  - When running the i386 binaries on amd64, look in
  - /usr/lib32/gcj-x.y and /usr/lib32/jni instead.

libjava-sjlj:
  Don't try to use _Unwind_Backtrace on SJLJ targets.
  See bug #387875, #388505, GCC PR 29206.

libjava-disable-plugin:
  Don't build the gcjwebplugin, even when configured with --enable-plugin

alpha-no-ev4-directive:
  never emit .ev4 directive.

boehm-gc-getnprocs:
  boehm-gc/pthread_support.c (GC_get_nprocs): Use sysconf as fallback.

note-gnu-stack:
  Add .note.GNU-stack sections for gcc's crt files, libffi and boehm-gc
  Taken from FC.

m68k-allow-gnu99:
  patch to allow gnu99 mode on m68k

libgomp-omp_h-multilib:
  Fix up omp.h for multilibs.

sparc-force-cpu:
  On sparc default to ultrasparc (v9a) in 32bit mode

pr41848:
  Fix PR objc/41848 - workaround ObjC and -fsection-anchors.

gcc-plugindir:
  Search for plugins in a default plugin dir, backport from the trunk.

gcc-java-align-data:
  java: Align data in .rodata.jutf8.* sections, taken from the trunk.

linux-atomic-builtin-expect:
  [ARM] Provide __builtin_expect() hints in linux-atomic.c (backport)

pr24619:
  Proposed patch for PR mudflap/24619 (instrumentation of dlopen)

pr45979:

no_fpr_in_libgcc:
  It does not really harm by including them since nobody should use them
  but gas does not wont to assmebly hard float since they are not
  available on this cpu. Upstream did not respond.

pr44364:
  This patch made it into trunk. I don't get it into the 4.4 branch
  because I can't prove that it is a regression since 4.3.

pr48226:
  Fix PR target/48226, Allow Iterator::vector vector on powerpc with VSX.

gcc-dw2-loc-tracking:
  Reducing the overhead of dwarf2 location tracking

libobjc-gc:
  Avoid warning building GC enabled libobjc on amd64

pr40521-sequel:
  Sequel to PR40521 -- -g causes GCC to generate .eh_frame

gcc-ice-hack:
  Retry the build on an ice, save the calling options and preprocessed
  source when the ice is reproducible.

gcc-ice-apport:
  Report an ICE to apport (if apport is available
  and the environment variable GCC_NOAPPORT is not set)

gcc-arm-earlyclobbers:
  Fix earlyclobbers on some arm.md DImode shifts.

libjava-disable-static:
  Disable building the static libjava.

libjava-fixed-symlinks:
  Remove unneed '..' elements from symlinks in JAVA_HOME

libstdc++-arm-wno-abi:
  Temporary work around:
  On arm-linux-gnueabi run the libstdc++v3 testsuite with -Wno-abi

ada-mips:
  Improve support for mips.

arm-unbreak-eabi-armv4t:
  Fix armv4t build on ARM

gcc-multiarch:
  Add multiarch support to GCC.
  
  Convert the multilib option to a target triplet,
  add multiarch include directories and libraries path:
  	/usr/local/include/<arch>-linux-gnu
  	/usr/include/<arch>-linux-gnu
  	/usr/lib/<arch>-linux-gnu
  to the system paths.

mips-triarch:
  Build a tri-arch compiler on mips-linux-gnu.
  http://gcc.gnu.org/ml/gcc-patches/2009-03/msg01047.html

libjava-nobiarch-check:
  For biarch builds, disable the testsuite for the non-default architecture
  for runtime libraries, which are not built by default (libjava).

config-ml:
  disable some biarch libraries for biarch builds

s390-biarch:
  Build a bi-arch compiler on s390-linux-gnu.
  http://gcc.gnu.org/ml/gcc-patches/2009-03/msg01044.html

gcc-powerpc-nof:
  Don't build nof multlib on powerpc.

gcc-powerpc-undef:
  Undefine LINK_EH_SPEC before redefining it
  http://gcc.gnu.org/ml/gcc-patches/2011-02/msg01082.html

gcc-no-add-needed:
  On linux targets pass --no-add-needed to the linker.

mips-fix-loongson2f-nop:
  On mips, pass -mfix-loongson2f-nop to as, if -mno-fix-loongson2f-nop
  is not passed.

gcc-system-root:
  Avoid include paths starting with a double slash

armhf-triplet-backport:
  add support for arm-linux-*eabi* triplets; useful for armhf

Counting all warnings,
there are 0 warnings in stage3 of this bootstrap.

Number of warnings per file:

Number of warning types:


Index Nav: [Date Index] [Subject Index] [Author Index] [Thread Index]
Message Nav: [Date Prev] [Date Next] [Thread Prev] [Thread Next]