This is the mail archive of the gcc-testresults@gcc.gnu.org mailing list for the GCC project.


Index Nav: [Date Index] [Subject Index] [Author Index] [Thread Index]
Message Nav: [Date Prev] [Date Next] [Thread Prev] [Thread Next]
Other format: [Raw text]

Results for 4.7.0 20110427 (experimental) [trunk revision 173034] (GCC) testsuite on x86_64-unknown-linux-gnu


LAST_UPDATED: Wed Apr 27 15:27:55 UTC 2011 (revision 173034)

Native configuration is x86_64-unknown-linux-gnu

		=== g++ tests ===


Running target unix
FAIL: g++.dg/tree-ssa/pr34355.C (internal compiler error)
FAIL: g++.dg/tree-ssa/pr34355.C (test for excess errors)
XPASS: g++.dg/tree-ssa/pr43411.C scan-tree-dump-not optimized "OBJ_TYPE_REF"
FAIL: g++.dg/torture/covariant-1.C  -O2  (internal compiler error)
FAIL: g++.dg/torture/covariant-1.C  -O2  (test for excess errors)
WARNING: g++.dg/torture/covariant-1.C  -O2  compilation failed to produce executable
FAIL: g++.dg/torture/covariant-1.C  -O3 -fomit-frame-pointer  (internal compiler error)
FAIL: g++.dg/torture/covariant-1.C  -O3 -fomit-frame-pointer  (test for excess errors)
WARNING: g++.dg/torture/covariant-1.C  -O3 -fomit-frame-pointer  compilation failed to produce executable
FAIL: g++.dg/torture/covariant-1.C  -O3 -g  (internal compiler error)
FAIL: g++.dg/torture/covariant-1.C  -O3 -g  (test for excess errors)
WARNING: g++.dg/torture/covariant-1.C  -O3 -g  compilation failed to produce executable
FAIL: g++.dg/torture/covariant-1.C  -Os  (internal compiler error)
FAIL: g++.dg/torture/covariant-1.C  -Os  (test for excess errors)
WARNING: g++.dg/torture/covariant-1.C  -Os  compilation failed to produce executable
FAIL: g++.dg/torture/covariant-1.C  -O2 -flto -flto-partition=none  (internal compiler error)
FAIL: g++.dg/torture/covariant-1.C  -O2 -flto -flto-partition=none  (test for excess errors)
WARNING: g++.dg/torture/covariant-1.C  -O2 -flto -flto-partition=none  compilation failed to produce executable
FAIL: g++.dg/torture/covariant-1.C  -O2 -flto  (internal compiler error)
FAIL: g++.dg/torture/covariant-1.C  -O2 -flto  (test for excess errors)
WARNING: g++.dg/torture/covariant-1.C  -O2 -flto  compilation failed to produce executable
FAIL: g++.dg/torture/pr43068.C  -O2  (internal compiler error)
FAIL: g++.dg/torture/pr43068.C  -O2  (test for excess errors)
FAIL: g++.dg/torture/pr43068.C  -O3 -fomit-frame-pointer  (internal compiler error)
FAIL: g++.dg/torture/pr43068.C  -O3 -fomit-frame-pointer  (test for excess errors)
FAIL: g++.dg/torture/pr43068.C  -O3 -g  (internal compiler error)
FAIL: g++.dg/torture/pr43068.C  -O3 -g  (test for excess errors)
FAIL: g++.dg/torture/pr43068.C  -Os  (internal compiler error)
FAIL: g++.dg/torture/pr43068.C  -Os  (test for excess errors)
FAIL: g++.dg/torture/pr43068.C  -O2 -flto -flto-partition=none  (internal compiler error)
FAIL: g++.dg/torture/pr43068.C  -O2 -flto -flto-partition=none  (test for excess errors)
FAIL: g++.dg/torture/pr43068.C  -O2 -flto  (internal compiler error)
FAIL: g++.dg/torture/pr43068.C  -O2 -flto  (test for excess errors)
FAIL: g++.dg/torture/pr47714.C  -O2  (internal compiler error)
FAIL: g++.dg/torture/pr47714.C  -O2  (test for excess errors)
FAIL: g++.dg/torture/pr47714.C  -O3 -fomit-frame-pointer  (internal compiler error)
FAIL: g++.dg/torture/pr47714.C  -O3 -fomit-frame-pointer  (test for excess errors)
FAIL: g++.dg/torture/pr47714.C  -O3 -g  (internal compiler error)
FAIL: g++.dg/torture/pr47714.C  -O3 -g  (test for excess errors)
FAIL: g++.dg/torture/pr47714.C  -Os  (internal compiler error)
FAIL: g++.dg/torture/pr47714.C  -Os  (test for excess errors)
FAIL: g++.dg/torture/pr47714.C  -O2 -flto -flto-partition=none  (internal compiler error)
FAIL: g++.dg/torture/pr47714.C  -O2 -flto -flto-partition=none  (test for excess errors)
FAIL: g++.dg/torture/pr47714.C  -O2 -flto  (internal compiler error)
FAIL: g++.dg/torture/pr47714.C  -O2 -flto  (test for excess errors)
FAIL: g++.dg/torture/pr48661.C  -O1  (internal compiler error)
FAIL: g++.dg/torture/pr48661.C  -O1  (test for excess errors)
WARNING: g++.dg/torture/pr48661.C  -O1  compilation failed to produce executable
FAIL: g++.dg/torture/pr48661.C  -O2  (internal compiler error)
FAIL: g++.dg/torture/pr48661.C  -O2  (test for excess errors)
WARNING: g++.dg/torture/pr48661.C  -O2  compilation failed to produce executable
FAIL: g++.dg/torture/pr48661.C  -O3 -fomit-frame-pointer  (internal compiler error)
FAIL: g++.dg/torture/pr48661.C  -O3 -fomit-frame-pointer  (test for excess errors)
WARNING: g++.dg/torture/pr48661.C  -O3 -fomit-frame-pointer  compilation failed to produce executable
FAIL: g++.dg/torture/pr48661.C  -O3 -g  (internal compiler error)
FAIL: g++.dg/torture/pr48661.C  -O3 -g  (test for excess errors)
WARNING: g++.dg/torture/pr48661.C  -O3 -g  compilation failed to produce executable
FAIL: g++.dg/torture/pr48661.C  -Os  (internal compiler error)
FAIL: g++.dg/torture/pr48661.C  -Os  (test for excess errors)
WARNING: g++.dg/torture/pr48661.C  -Os  compilation failed to produce executable
FAIL: g++.dg/torture/pr48661.C  -O2 -flto -flto-partition=none  (internal compiler error)
FAIL: g++.dg/torture/pr48661.C  -O2 -flto -flto-partition=none  (test for excess errors)
WARNING: g++.dg/torture/pr48661.C  -O2 -flto -flto-partition=none  compilation failed to produce executable
FAIL: g++.dg/torture/pr48661.C  -O2 -flto  (internal compiler error)
FAIL: g++.dg/torture/pr48661.C  -O2 -flto  (test for excess errors)
WARNING: g++.dg/torture/pr48661.C  -O2 -flto  compilation failed to produce executable

		=== g++ Summary for unix ===

# of expected passes		20649
# of unexpected failures	2
# of unexpected successes	1
# of expected failures		153
# of unsupported tests		158

Running target unix/-m32
FAIL: g++.dg/tree-ssa/pr34355.C (internal compiler error)
FAIL: g++.dg/tree-ssa/pr34355.C (test for excess errors)
XPASS: g++.dg/tree-ssa/pr43411.C scan-tree-dump-not optimized "OBJ_TYPE_REF"
FAIL: g++.dg/torture/covariant-1.C  -O2  (internal compiler error)
FAIL: g++.dg/torture/covariant-1.C  -O2  (test for excess errors)
WARNING: g++.dg/torture/covariant-1.C  -O2  compilation failed to produce executable
FAIL: g++.dg/torture/covariant-1.C  -O3 -fomit-frame-pointer  (internal compiler error)
FAIL: g++.dg/torture/covariant-1.C  -O3 -fomit-frame-pointer  (test for excess errors)
WARNING: g++.dg/torture/covariant-1.C  -O3 -fomit-frame-pointer  compilation failed to produce executable
FAIL: g++.dg/torture/covariant-1.C  -O3 -g  (internal compiler error)
FAIL: g++.dg/torture/covariant-1.C  -O3 -g  (test for excess errors)
WARNING: g++.dg/torture/covariant-1.C  -O3 -g  compilation failed to produce executable
FAIL: g++.dg/torture/covariant-1.C  -Os  (internal compiler error)
FAIL: g++.dg/torture/covariant-1.C  -Os  (test for excess errors)
WARNING: g++.dg/torture/covariant-1.C  -Os  compilation failed to produce executable
FAIL: g++.dg/torture/covariant-1.C  -O2 -flto -flto-partition=none  (internal compiler error)
FAIL: g++.dg/torture/covariant-1.C  -O2 -flto -flto-partition=none  (test for excess errors)
WARNING: g++.dg/torture/covariant-1.C  -O2 -flto -flto-partition=none  compilation failed to produce executable
FAIL: g++.dg/torture/covariant-1.C  -O2 -flto  (internal compiler error)
FAIL: g++.dg/torture/covariant-1.C  -O2 -flto  (test for excess errors)
WARNING: g++.dg/torture/covariant-1.C  -O2 -flto  compilation failed to produce executable
FAIL: g++.dg/torture/pr43068.C  -O2  (internal compiler error)
FAIL: g++.dg/torture/pr43068.C  -O2  (test for excess errors)
FAIL: g++.dg/torture/pr43068.C  -O3 -fomit-frame-pointer  (internal compiler error)
FAIL: g++.dg/torture/pr43068.C  -O3 -fomit-frame-pointer  (test for excess errors)
FAIL: g++.dg/torture/pr43068.C  -O3 -g  (internal compiler error)
FAIL: g++.dg/torture/pr43068.C  -O3 -g  (test for excess errors)
FAIL: g++.dg/torture/pr43068.C  -Os  (internal compiler error)
FAIL: g++.dg/torture/pr43068.C  -Os  (test for excess errors)
FAIL: g++.dg/torture/pr43068.C  -O2 -flto -flto-partition=none  (internal compiler error)
FAIL: g++.dg/torture/pr43068.C  -O2 -flto -flto-partition=none  (test for excess errors)
FAIL: g++.dg/torture/pr43068.C  -O2 -flto  (internal compiler error)
FAIL: g++.dg/torture/pr43068.C  -O2 -flto  (test for excess errors)
FAIL: g++.dg/torture/pr47714.C  -O2  (internal compiler error)
FAIL: g++.dg/torture/pr47714.C  -O2  (test for excess errors)
FAIL: g++.dg/torture/pr47714.C  -O3 -fomit-frame-pointer  (internal compiler error)
FAIL: g++.dg/torture/pr47714.C  -O3 -fomit-frame-pointer  (test for excess errors)
FAIL: g++.dg/torture/pr47714.C  -O3 -g  (internal compiler error)
FAIL: g++.dg/torture/pr47714.C  -O3 -g  (test for excess errors)
FAIL: g++.dg/torture/pr47714.C  -Os  (internal compiler error)
FAIL: g++.dg/torture/pr47714.C  -Os  (test for excess errors)
FAIL: g++.dg/torture/pr47714.C  -O2 -flto -flto-partition=none  (internal compiler error)
FAIL: g++.dg/torture/pr47714.C  -O2 -flto -flto-partition=none  (test for excess errors)
FAIL: g++.dg/torture/pr47714.C  -O2 -flto  (internal compiler error)
FAIL: g++.dg/torture/pr47714.C  -O2 -flto  (test for excess errors)
FAIL: g++.dg/torture/pr48661.C  -O1  (internal compiler error)
FAIL: g++.dg/torture/pr48661.C  -O1  (test for excess errors)
WARNING: g++.dg/torture/pr48661.C  -O1  compilation failed to produce executable
FAIL: g++.dg/torture/pr48661.C  -O2  (internal compiler error)
FAIL: g++.dg/torture/pr48661.C  -O2  (test for excess errors)
WARNING: g++.dg/torture/pr48661.C  -O2  compilation failed to produce executable
FAIL: g++.dg/torture/pr48661.C  -O3 -fomit-frame-pointer  (internal compiler error)
FAIL: g++.dg/torture/pr48661.C  -O3 -fomit-frame-pointer  (test for excess errors)
WARNING: g++.dg/torture/pr48661.C  -O3 -fomit-frame-pointer  compilation failed to produce executable
FAIL: g++.dg/torture/pr48661.C  -O3 -g  (internal compiler error)
FAIL: g++.dg/torture/pr48661.C  -O3 -g  (test for excess errors)
WARNING: g++.dg/torture/pr48661.C  -O3 -g  compilation failed to produce executable
FAIL: g++.dg/torture/pr48661.C  -Os  (internal compiler error)
FAIL: g++.dg/torture/pr48661.C  -Os  (test for excess errors)
WARNING: g++.dg/torture/pr48661.C  -Os  compilation failed to produce executable
FAIL: g++.dg/torture/pr48661.C  -O2 -flto -flto-partition=none  (internal compiler error)
FAIL: g++.dg/torture/pr48661.C  -O2 -flto -flto-partition=none  (test for excess errors)
WARNING: g++.dg/torture/pr48661.C  -O2 -flto -flto-partition=none  compilation failed to produce executable
FAIL: g++.dg/torture/pr48661.C  -O2 -flto  (internal compiler error)
FAIL: g++.dg/torture/pr48661.C  -O2 -flto  (test for excess errors)
WARNING: g++.dg/torture/pr48661.C  -O2 -flto  compilation failed to produce executable

		=== g++ Summary for unix/-m32 ===

# of expected passes		20114
# of unexpected failures	2
# of unexpected successes	1
# of expected failures		153
# of unsupported tests		122

		=== g++ Summary ===

# of expected passes		40763
# of unexpected failures	4
# of unexpected successes	2
# of expected failures		306
# of unsupported tests		280
/export/gnu/import/svn/gcc-test-intel64corei7/bld/gcc/testsuite/g++/../../g++  version 4.7.0 20110427 (experimental) [trunk revision 173034] (GCC) 

		=== gcc tests ===


Running target unix
FAIL: gcc.c-torture/compile/limits-exprparen.c  -O0  (internal compiler error)
FAIL: gcc.c-torture/compile/limits-exprparen.c  -O0  (test for excess errors)
FAIL: gcc.c-torture/compile/limits-exprparen.c  -O1  (internal compiler error)
FAIL: gcc.c-torture/compile/limits-exprparen.c  -O1  (test for excess errors)
FAIL: gcc.c-torture/compile/limits-exprparen.c  -O2  (internal compiler error)
FAIL: gcc.c-torture/compile/limits-exprparen.c  -O2  (test for excess errors)
FAIL: gcc.c-torture/compile/limits-exprparen.c  -O3 -fomit-frame-pointer  (internal compiler error)
FAIL: gcc.c-torture/compile/limits-exprparen.c  -O3 -fomit-frame-pointer  (test for excess errors)
FAIL: gcc.c-torture/compile/limits-exprparen.c  -O3 -g  (internal compiler error)
FAIL: gcc.c-torture/compile/limits-exprparen.c  -O3 -g  (test for excess errors)
FAIL: gcc.c-torture/compile/limits-exprparen.c  -Os  (internal compiler error)
FAIL: gcc.c-torture/compile/limits-exprparen.c  -Os  (test for excess errors)
FAIL: gcc.c-torture/compile/limits-exprparen.c  -O2 -flto -flto-partition=none  (internal compiler error)
FAIL: gcc.c-torture/compile/limits-exprparen.c  -O2 -flto -flto-partition=none  (test for excess errors)
FAIL: gcc.c-torture/compile/limits-exprparen.c  -O2 -flto  (internal compiler error)
FAIL: gcc.c-torture/compile/limits-exprparen.c  -O2 -flto  (test for excess errors)
FAIL: gcc.dg/autopar/outer-1.c (internal compiler error)
FAIL: gcc.dg/autopar/outer-1.c (test for excess errors)
FAIL: gcc.dg/autopar/outer-2.c (internal compiler error)
FAIL: gcc.dg/autopar/outer-2.c (test for excess errors)
FAIL: gcc.dg/autopar/outer-3.c (internal compiler error)
FAIL: gcc.dg/autopar/outer-3.c (test for excess errors)
FAIL: gcc.dg/autopar/outer-4.c (internal compiler error)
FAIL: gcc.dg/autopar/outer-4.c (test for excess errors)
FAIL: gcc.dg/autopar/outer-5.c (internal compiler error)
FAIL: gcc.dg/autopar/outer-5.c (test for excess errors)
FAIL: gcc.dg/autopar/outer-6.c (internal compiler error)
FAIL: gcc.dg/autopar/outer-6.c (test for excess errors)
FAIL: gcc.dg/autopar/parallelization-1.c (internal compiler error)
FAIL: gcc.dg/autopar/parallelization-1.c (test for excess errors)
FAIL: gcc.dg/autopar/pr39500-1.c (internal compiler error)
FAIL: gcc.dg/autopar/pr39500-1.c (test for excess errors)
FAIL: gcc.dg/autopar/pr46561.c (internal compiler error)
FAIL: gcc.dg/autopar/pr46561.c (test for excess errors)
FAIL: gcc.dg/autopar/pr46969.c (internal compiler error)
FAIL: gcc.dg/autopar/pr46969.c (test for excess errors)
FAIL: gcc.dg/autopar/reduc-1.c (internal compiler error)
FAIL: gcc.dg/autopar/reduc-1.c (test for excess errors)
FAIL: gcc.dg/autopar/reduc-1char.c (internal compiler error)
FAIL: gcc.dg/autopar/reduc-1char.c (test for excess errors)
FAIL: gcc.dg/autopar/reduc-1short.c (internal compiler error)
FAIL: gcc.dg/autopar/reduc-1short.c (test for excess errors)
FAIL: gcc.dg/autopar/reduc-2.c (internal compiler error)
FAIL: gcc.dg/autopar/reduc-2.c (test for excess errors)
FAIL: gcc.dg/autopar/reduc-2char.c (internal compiler error)
FAIL: gcc.dg/autopar/reduc-2char.c (test for excess errors)
FAIL: gcc.dg/autopar/reduc-2short.c (internal compiler error)
FAIL: gcc.dg/autopar/reduc-2short.c (test for excess errors)
FAIL: gcc.dg/autopar/reduc-3.c (internal compiler error)
FAIL: gcc.dg/autopar/reduc-3.c (test for excess errors)
FAIL: gcc.dg/autopar/reduc-6.c (internal compiler error)
FAIL: gcc.dg/autopar/reduc-6.c (test for excess errors)
FAIL: gcc.dg/autopar/reduc-7.c (internal compiler error)
FAIL: gcc.dg/autopar/reduc-7.c (test for excess errors)
FAIL: gcc.dg/autopar/reduc-8.c (internal compiler error)
FAIL: gcc.dg/autopar/reduc-8.c (test for excess errors)
FAIL: gcc.dg/autopar/reduc-9.c (internal compiler error)
FAIL: gcc.dg/autopar/reduc-9.c (test for excess errors)
XPASS: gcc.dg/guality/example.c  -O0  execution test
XPASS: gcc.dg/guality/example.c  -O1  execution test
XPASS: gcc.dg/guality/example.c  -O2  execution test
XPASS: gcc.dg/guality/guality.c  -O0  execution test
XPASS: gcc.dg/guality/guality.c  -O1  execution test
XPASS: gcc.dg/guality/guality.c  -O2  execution test
XPASS: gcc.dg/guality/guality.c  -O3 -fomit-frame-pointer  execution test
XPASS: gcc.dg/guality/guality.c  -O3 -g  execution test
XPASS: gcc.dg/guality/guality.c  -Os  execution test
XPASS: gcc.dg/guality/inline-params.c  -O2  execution test
XPASS: gcc.dg/guality/inline-params.c  -O3 -fomit-frame-pointer  execution test
XPASS: gcc.dg/guality/inline-params.c  -O3 -g  execution test
XPASS: gcc.dg/guality/inline-params.c  -Os  execution test
XPASS: gcc.dg/guality/pr41353-1.c  -O0  line 28 j == 28 + 37
XPASS: gcc.dg/guality/pr41353-1.c  -O1  line 28 j == 28 + 37
XPASS: gcc.dg/guality/pr41353-1.c  -O2  line 28 j == 28 + 37
XPASS: gcc.dg/guality/pr41353-1.c  -O3 -fomit-frame-pointer  line 28 j == 28 + 37
XPASS: gcc.dg/guality/pr41353-1.c  -O3 -g  line 28 j == 28 + 37
XPASS: gcc.dg/guality/pr41353-1.c  -Os  line 28 j == 28 + 37
XPASS: gcc.dg/guality/pr41353-1.c  -O2 -flto -flto-partition=none  line 28 j == 28 + 37
XPASS: gcc.dg/guality/pr41353-1.c  -O2 -flto  line 28 j == 28 + 37
XPASS: gcc.dg/guality/pr41447-1.c  -O0  execution test
XPASS: gcc.dg/guality/pr41447-1.c  -O1  execution test
XPASS: gcc.dg/guality/pr41447-1.c  -O2  execution test
XPASS: gcc.dg/guality/pr41447-1.c  -O3 -fomit-frame-pointer  execution test
XPASS: gcc.dg/guality/pr41447-1.c  -O3 -g  execution test
XPASS: gcc.dg/guality/pr41447-1.c  -Os  execution test
XPASS: gcc.dg/guality/pr41616-1.c  -O0  execution test
XPASS: gcc.dg/guality/pr41616-1.c  -O1  execution test
XPASS: gcc.dg/guality/pr41616-1.c  -O2  execution test
XPASS: gcc.dg/guality/pr41616-1.c  -O3 -fomit-frame-pointer  execution test
XPASS: gcc.dg/guality/pr41616-1.c  -O3 -g  execution test
XPASS: gcc.dg/guality/pr41616-1.c  -Os  execution test
FAIL: gcc.dg/guality/vla-1.c  -O2 -flto -flto-partition=none  line 17 sizeof (a) == 6
FAIL: gcc.dg/guality/vla-1.c  -O2 -flto -flto-partition=none  line 24 sizeof (a) == 17 * sizeof (short)
FAIL: gcc.dg/guality/vla-1.c  -O2 -flto  line 17 sizeof (a) == 6
FAIL: gcc.dg/guality/vla-1.c  -O2 -flto  line 24 sizeof (a) == 17 * sizeof (short)
FAIL: gcc.dg/guality/vla-2.c  -O2 -flto -flto-partition=none  line 16 sizeof (a) == 5 * sizeof (int)
FAIL: gcc.dg/guality/vla-2.c  -O2 -flto -flto-partition=none  line 25 sizeof (a) == 6 * sizeof (int)
FAIL: gcc.dg/guality/vla-2.c  -O2 -flto  line 16 sizeof (a) == 5 * sizeof (int)
FAIL: gcc.dg/guality/vla-2.c  -O2 -flto  line 25 sizeof (a) == 6 * sizeof (int)
FAIL: gcc.target/i386/pr48723.c (internal compiler error)
FAIL: gcc.target/i386/pr48723.c (test for excess errors)

		=== gcc Summary for unix ===

# of expected passes		91558
# of unexpected failures	115
# of unexpected successes	63
# of expected failures		464
# of unsupported tests		945

Running target unix/-m32
FAIL: gcc.c-torture/compile/limits-exprparen.c  -O0  (internal compiler error)
FAIL: gcc.c-torture/compile/limits-exprparen.c  -O0  (test for excess errors)
FAIL: gcc.c-torture/compile/limits-exprparen.c  -O1  (internal compiler error)
FAIL: gcc.c-torture/compile/limits-exprparen.c  -O1  (test for excess errors)
FAIL: gcc.c-torture/compile/limits-exprparen.c  -O2  (internal compiler error)
FAIL: gcc.c-torture/compile/limits-exprparen.c  -O2  (test for excess errors)
FAIL: gcc.c-torture/compile/limits-exprparen.c  -O3 -fomit-frame-pointer  (internal compiler error)
FAIL: gcc.c-torture/compile/limits-exprparen.c  -O3 -fomit-frame-pointer  (test for excess errors)
FAIL: gcc.c-torture/compile/limits-exprparen.c  -O3 -g  (internal compiler error)
FAIL: gcc.c-torture/compile/limits-exprparen.c  -O3 -g  (test for excess errors)
FAIL: gcc.c-torture/compile/limits-exprparen.c  -Os  (internal compiler error)
FAIL: gcc.c-torture/compile/limits-exprparen.c  -Os  (test for excess errors)
FAIL: gcc.c-torture/compile/limits-exprparen.c  -O2 -flto -flto-partition=none  (internal compiler error)
FAIL: gcc.c-torture/compile/limits-exprparen.c  -O2 -flto -flto-partition=none  (test for excess errors)
FAIL: gcc.c-torture/compile/limits-exprparen.c  -O2 -flto  (internal compiler error)
FAIL: gcc.c-torture/compile/limits-exprparen.c  -O2 -flto  (test for excess errors)
FAIL: gcc.dg/autopar/outer-1.c (internal compiler error)
FAIL: gcc.dg/autopar/outer-1.c (test for excess errors)
FAIL: gcc.dg/autopar/outer-2.c (internal compiler error)
FAIL: gcc.dg/autopar/outer-2.c (test for excess errors)
FAIL: gcc.dg/autopar/outer-3.c (internal compiler error)
FAIL: gcc.dg/autopar/outer-3.c (test for excess errors)
FAIL: gcc.dg/autopar/outer-4.c (internal compiler error)
FAIL: gcc.dg/autopar/outer-4.c (test for excess errors)
FAIL: gcc.dg/autopar/outer-5.c (internal compiler error)
FAIL: gcc.dg/autopar/outer-5.c (test for excess errors)
FAIL: gcc.dg/autopar/outer-6.c (internal compiler error)
FAIL: gcc.dg/autopar/outer-6.c (test for excess errors)
FAIL: gcc.dg/autopar/parallelization-1.c (internal compiler error)
FAIL: gcc.dg/autopar/parallelization-1.c (test for excess errors)
FAIL: gcc.dg/autopar/pr39500-1.c (internal compiler error)
FAIL: gcc.dg/autopar/pr39500-1.c (test for excess errors)
FAIL: gcc.dg/autopar/pr46561.c (internal compiler error)
FAIL: gcc.dg/autopar/pr46561.c (test for excess errors)
FAIL: gcc.dg/autopar/pr46969.c (internal compiler error)
FAIL: gcc.dg/autopar/pr46969.c (test for excess errors)
FAIL: gcc.dg/autopar/reduc-1.c (internal compiler error)
FAIL: gcc.dg/autopar/reduc-1.c (test for excess errors)
FAIL: gcc.dg/autopar/reduc-1char.c (internal compiler error)
FAIL: gcc.dg/autopar/reduc-1char.c (test for excess errors)
FAIL: gcc.dg/autopar/reduc-1short.c (internal compiler error)
FAIL: gcc.dg/autopar/reduc-1short.c (test for excess errors)
FAIL: gcc.dg/autopar/reduc-2.c (internal compiler error)
FAIL: gcc.dg/autopar/reduc-2.c (test for excess errors)
FAIL: gcc.dg/autopar/reduc-2char.c (internal compiler error)
FAIL: gcc.dg/autopar/reduc-2char.c (test for excess errors)
FAIL: gcc.dg/autopar/reduc-2short.c (internal compiler error)
FAIL: gcc.dg/autopar/reduc-2short.c (test for excess errors)
FAIL: gcc.dg/autopar/reduc-3.c (internal compiler error)
FAIL: gcc.dg/autopar/reduc-3.c (test for excess errors)
FAIL: gcc.dg/autopar/reduc-6.c (internal compiler error)
FAIL: gcc.dg/autopar/reduc-6.c (test for excess errors)
FAIL: gcc.dg/autopar/reduc-7.c (internal compiler error)
FAIL: gcc.dg/autopar/reduc-7.c (test for excess errors)
FAIL: gcc.dg/autopar/reduc-8.c (internal compiler error)
FAIL: gcc.dg/autopar/reduc-8.c (test for excess errors)
FAIL: gcc.dg/autopar/reduc-9.c (internal compiler error)
FAIL: gcc.dg/autopar/reduc-9.c (test for excess errors)
XPASS: gcc.dg/guality/example.c  -O0  execution test
XPASS: gcc.dg/guality/example.c  -O1  execution test
XPASS: gcc.dg/guality/example.c  -O2  execution test
XPASS: gcc.dg/guality/guality.c  -O0  execution test
XPASS: gcc.dg/guality/guality.c  -O1  execution test
XPASS: gcc.dg/guality/guality.c  -O2  execution test
XPASS: gcc.dg/guality/guality.c  -O3 -fomit-frame-pointer  execution test
XPASS: gcc.dg/guality/guality.c  -O3 -g  execution test
XPASS: gcc.dg/guality/guality.c  -Os  execution test
XPASS: gcc.dg/guality/inline-params.c  -O2  execution test
XPASS: gcc.dg/guality/inline-params.c  -O3 -fomit-frame-pointer  execution test
XPASS: gcc.dg/guality/inline-params.c  -O3 -g  execution test
XPASS: gcc.dg/guality/inline-params.c  -Os  execution test
XPASS: gcc.dg/guality/pr41353-1.c  -O0  line 28 j == 28 + 37
XPASS: gcc.dg/guality/pr41353-1.c  -O1  line 28 j == 28 + 37
XPASS: gcc.dg/guality/pr41353-1.c  -O2  line 28 j == 28 + 37
XPASS: gcc.dg/guality/pr41353-1.c  -O3 -fomit-frame-pointer  line 28 j == 28 + 37
XPASS: gcc.dg/guality/pr41353-1.c  -O3 -g  line 28 j == 28 + 37
XPASS: gcc.dg/guality/pr41353-1.c  -Os  line 28 j == 28 + 37
XPASS: gcc.dg/guality/pr41353-1.c  -O2 -flto -flto-partition=none  line 28 j == 28 + 37
XPASS: gcc.dg/guality/pr41353-1.c  -O2 -flto  line 28 j == 28 + 37
XPASS: gcc.dg/guality/pr41447-1.c  -O0  execution test
XPASS: gcc.dg/guality/pr41447-1.c  -O1  execution test
XPASS: gcc.dg/guality/pr41447-1.c  -Os  execution test
XPASS: gcc.dg/guality/pr41616-1.c  -O0  execution test
XPASS: gcc.dg/guality/pr41616-1.c  -O1  execution test
XPASS: gcc.dg/guality/pr41616-1.c  -O2  execution test
XPASS: gcc.dg/guality/pr41616-1.c  -O3 -fomit-frame-pointer  execution test
XPASS: gcc.dg/guality/pr41616-1.c  -O3 -g  execution test
XPASS: gcc.dg/guality/pr41616-1.c  -Os  execution test
FAIL: gcc.dg/guality/vla-1.c  -O2 -flto -flto-partition=none  line 24 sizeof (a) == 17 * sizeof (short)
FAIL: gcc.dg/guality/vla-1.c  -O2 -flto  line 17 sizeof (a) == 6
FAIL: gcc.dg/guality/vla-1.c  -O2 -flto  line 24 sizeof (a) == 17 * sizeof (short)
FAIL: gcc.dg/guality/vla-2.c  -O2 -flto -flto-partition=none  line 16 sizeof (a) == 5 * sizeof (int)
FAIL: gcc.dg/guality/vla-2.c  -O2 -flto -flto-partition=none  line 25 sizeof (a) == 6 * sizeof (int)
FAIL: gcc.dg/guality/vla-2.c  -O2 -flto  line 16 sizeof (a) == 5 * sizeof (int)
FAIL: gcc.dg/guality/vla-2.c  -O2 -flto  line 25 sizeof (a) == 6 * sizeof (int)

		=== gcc Summary for unix/-m32 ===

# of expected passes		47197
# of unexpected failures	16
# of expected failures		54
# of unsupported tests		373

		=== gcc Summary ===

# of expected passes		138755
# of unexpected failures	131
# of unexpected successes	63
# of expected failures		518
# of unsupported tests		1318
/export/gnu/import/svn/gcc-test-intel64corei7/bld/gcc/xgcc  version 4.7.0 20110427 (experimental) [trunk revision 173034] (GCC) 

		=== gfortran tests ===


Running target unix

		=== gfortran Summary for unix ===

# of expected passes		37423
# of expected failures		38
# of unsupported tests		36

Running target unix/-m32

		=== gfortran Summary for unix/-m32 ===

# of expected passes		37133
# of expected failures		38
# of unsupported tests		177

		=== gfortran Summary ===

# of expected passes		74556
# of expected failures		76
# of unsupported tests		213
/export/gnu/import/svn/gcc-test-intel64corei7/bld/gcc/testsuite/gfortran/../../gfortran  version 4.7.0 20110427 (experimental) [trunk revision 173034] (GCC) 

		=== objc tests ===


Running target unix

		=== objc Summary for unix ===

# of expected passes		1292
# of expected failures		6

Running target unix/-m32

		=== objc Summary for unix/-m32 ===

# of expected passes		1292
# of expected failures		6

		=== objc Summary ===

# of expected passes		2584
# of expected failures		12
/export/gnu/import/svn/gcc-test-intel64corei7/bld/gcc/xgcc  version 4.7.0 20110427 (experimental) [trunk revision 173034] (GCC) 

		=== boehm-gc tests ===


Running target unix/-m32
FAIL: boehm-gc.c/thread_leak_test.c -O2 (test for excess errors)

		=== boehm-gc Summary for unix/-m32 ===

# of expected passes		4

Running target unix
FAIL: boehm-gc.c/thread_leak_test.c -O2 (test for excess errors)

		=== boehm-gc Summary for unix ===

# of expected passes		4

		=== boehm-gc Summary ===

# of expected passes		22
# of unexpected failures	2
# of unsupported tests		2
		=== libffi tests ===


Running target unix/-m32

		=== libffi Summary for unix/-m32 ===

# of expected passes		24

Running target unix

		=== libffi Summary for unix ===

# of expected passes		24

		=== libffi Summary ===

# of expected passes		3268
# of expected failures		20
# of unsupported tests		30
		=== libgomp tests ===


Running target unix/-m32
FAIL: libgomp.c/autopar-1.c (internal compiler error)
FAIL: libgomp.c/autopar-1.c (test for excess errors)
WARNING: libgomp.c/autopar-1.c compilation failed to produce executable
FAIL: libgomp.graphite/force-parallel-1.c (internal compiler error)
FAIL: libgomp.graphite/force-parallel-1.c (test for excess errors)
WARNING: libgomp.graphite/force-parallel-1.c compilation failed to produce executable
FAIL: libgomp.graphite/force-parallel-2.c (internal compiler error)
FAIL: libgomp.graphite/force-parallel-2.c (test for excess errors)
WARNING: libgomp.graphite/force-parallel-2.c compilation failed to produce executable
FAIL: libgomp.graphite/force-parallel-3.c (internal compiler error)
FAIL: libgomp.graphite/force-parallel-3.c (test for excess errors)
WARNING: libgomp.graphite/force-parallel-3.c compilation failed to produce executable
FAIL: libgomp.graphite/force-parallel-3.c scan-tree-dump-times optimized "loopfn.0" 5
FAIL: libgomp.graphite/force-parallel-4.c (internal compiler error)
FAIL: libgomp.graphite/force-parallel-4.c (test for excess errors)
WARNING: libgomp.graphite/force-parallel-4.c compilation failed to produce executable
FAIL: libgomp.graphite/force-parallel-4.c scan-tree-dump-times optimized "loopfn.0" 5
FAIL: libgomp.graphite/force-parallel-5.c (internal compiler error)
FAIL: libgomp.graphite/force-parallel-5.c (test for excess errors)
WARNING: libgomp.graphite/force-parallel-5.c compilation failed to produce executable
FAIL: libgomp.graphite/force-parallel-5.c scan-tree-dump-times optimized "loopfn.0" 5
FAIL: libgomp.graphite/force-parallel-6.c (internal compiler error)
FAIL: libgomp.graphite/force-parallel-6.c (test for excess errors)
WARNING: libgomp.graphite/force-parallel-6.c compilation failed to produce executable
FAIL: libgomp.graphite/force-parallel-7.c (internal compiler error)
FAIL: libgomp.graphite/force-parallel-7.c (test for excess errors)
WARNING: libgomp.graphite/force-parallel-7.c compilation failed to produce executable
FAIL: libgomp.graphite/force-parallel-7.c scan-tree-dump-times optimized "loopfn.0" 5
FAIL: libgomp.graphite/force-parallel-8.c (internal compiler error)
FAIL: libgomp.graphite/force-parallel-8.c (test for excess errors)
WARNING: libgomp.graphite/force-parallel-8.c compilation failed to produce executable
FAIL: libgomp.graphite/force-parallel-8.c scan-tree-dump-times optimized "loopfn.0" 5
FAIL: libgomp.graphite/force-parallel-9.c (internal compiler error)
FAIL: libgomp.graphite/force-parallel-9.c (test for excess errors)
WARNING: libgomp.graphite/force-parallel-9.c compilation failed to produce executable
FAIL: libgomp.graphite/force-parallel-9.c scan-tree-dump-times optimized "loopfn.0" 5

		=== libgomp Summary for unix/-m32 ===

# of expected passes		22
# of unexpected failures	24

Running target unix
FAIL: libgomp.c/autopar-1.c (internal compiler error)
FAIL: libgomp.c/autopar-1.c (test for excess errors)
WARNING: libgomp.c/autopar-1.c compilation failed to produce executable
FAIL: libgomp.graphite/force-parallel-1.c (internal compiler error)
FAIL: libgomp.graphite/force-parallel-1.c (test for excess errors)
WARNING: libgomp.graphite/force-parallel-1.c compilation failed to produce executable
FAIL: libgomp.graphite/force-parallel-2.c (internal compiler error)
FAIL: libgomp.graphite/force-parallel-2.c (test for excess errors)
WARNING: libgomp.graphite/force-parallel-2.c compilation failed to produce executable
FAIL: libgomp.graphite/force-parallel-3.c (internal compiler error)
FAIL: libgomp.graphite/force-parallel-3.c (test for excess errors)
WARNING: libgomp.graphite/force-parallel-3.c compilation failed to produce executable
FAIL: libgomp.graphite/force-parallel-3.c scan-tree-dump-times optimized "loopfn.0" 5
FAIL: libgomp.graphite/force-parallel-4.c (internal compiler error)
FAIL: libgomp.graphite/force-parallel-4.c (test for excess errors)
WARNING: libgomp.graphite/force-parallel-4.c compilation failed to produce executable
FAIL: libgomp.graphite/force-parallel-4.c scan-tree-dump-times optimized "loopfn.0" 5
FAIL: libgomp.graphite/force-parallel-5.c (internal compiler error)
FAIL: libgomp.graphite/force-parallel-5.c (test for excess errors)
WARNING: libgomp.graphite/force-parallel-5.c compilation failed to produce executable
FAIL: libgomp.graphite/force-parallel-5.c scan-tree-dump-times optimized "loopfn.0" 5
FAIL: libgomp.graphite/force-parallel-6.c (internal compiler error)
FAIL: libgomp.graphite/force-parallel-6.c (test for excess errors)
WARNING: libgomp.graphite/force-parallel-6.c compilation failed to produce executable
FAIL: libgomp.graphite/force-parallel-7.c (internal compiler error)
FAIL: libgomp.graphite/force-parallel-7.c (test for excess errors)
WARNING: libgomp.graphite/force-parallel-7.c compilation failed to produce executable
FAIL: libgomp.graphite/force-parallel-7.c scan-tree-dump-times optimized "loopfn.0" 5
FAIL: libgomp.graphite/force-parallel-8.c (internal compiler error)
FAIL: libgomp.graphite/force-parallel-8.c (test for excess errors)
WARNING: libgomp.graphite/force-parallel-8.c compilation failed to produce executable
FAIL: libgomp.graphite/force-parallel-8.c scan-tree-dump-times optimized "loopfn.0" 5
FAIL: libgomp.graphite/force-parallel-9.c (internal compiler error)
FAIL: libgomp.graphite/force-parallel-9.c (test for excess errors)
WARNING: libgomp.graphite/force-parallel-9.c compilation failed to produce executable
FAIL: libgomp.graphite/force-parallel-9.c scan-tree-dump-times optimized "loopfn.0" 5

		=== libgomp Summary for unix ===

# of expected passes		22
# of unexpected failures	24

		=== libgomp Summary ===

# of expected passes		5128
# of unexpected failures	52
		=== libjava tests ===


Running target unix/-m32

		=== libjava Summary for unix/-m32 ===


Running target unix

		=== libjava Summary for unix ===


		=== libjava Summary ===

# of expected passes		5148
		=== libmudflap tests ===


Running target unix/-m32

		=== libmudflap Summary for unix/-m32 ===

# of expected passes		264

Running target unix
FAIL: libmudflap.c++/pass55-frag.cxx ( -O) execution test

		=== libmudflap Summary for unix ===

# of expected passes		264

		=== libmudflap Summary ===

# of expected passes		2853
# of unexpected failures	1
		=== libstdc++ tests ===


Running target unix

		=== libstdc++ Summary for unix ===

# of expected passes		8367
# of expected failures		85
# of unsupported tests		108

Running target unix/-m32

		=== libstdc++ Summary for unix/-m32 ===

# of expected passes		8367
# of expected failures		85
# of unsupported tests		108

		=== libstdc++ Summary ===

# of expected passes		16734
# of expected failures		170
# of unsupported tests		216

Compiler version: 4.7.0 20110427 (experimental) [trunk revision 173034] (GCC) 
Platform: x86_64-unknown-linux-gnu
configure flags: --with-arch=corei7 --with-cpu=corei7 --enable-clocale=gnu --with-system-zlib --enable-shared --with-demangler-in-ld --enable-cloog-backend=isl --with-ppl-include=/opt/gnu/include --with-ppl-lib=/opt/gnu/lib64 --with-cloog-include=/opt/gnu/include --with-cloog-lib=/opt/gnu/lib64 --with-fpmath=sse --enable-languages=c,c++,fortran,java,lto,objc


Index Nav: [Date Index] [Subject Index] [Author Index] [Thread Index]
Message Nav: [Date Prev] [Date Next] [Thread Prev] [Thread Next]