This is the mail archive of the gcc-testresults@gcc.gnu.org mailing list for the GCC project.


Index Nav: [Date Index] [Subject Index] [Author Index] [Thread Index]
Message Nav: [Date Prev] [Date Next] [Thread Prev] [Thread Next]
Other format: [Raw text]

Results for 4.7.0 20110421 (experimental) [trunk revision 172821] (GCC) testsuite on i386-pc-solaris2.9


LAST_UPDATED: Thu Apr 21 13:12:11 UTC 2011 (revision 172821)

		=== acats tests ===
FAIL:	cxg2001

		=== acats Summary ===
# of expected passes		2320
# of unexpected failures	1
Native configuration is i386-pc-solaris2.9

		=== g++ tests ===


Running target unix
XPASS: g++.dg/tree-ssa/pr43411.C scan-tree-dump-not optimized "OBJ_TYPE_REF"
FAIL: g++.dg/lto/20091219 cp_lto_20091219_0.o-cp_lto_20091219_0.o link, -O3 -flto
UNRESOLVED: g++.dg/lto/20091219 cp_lto_20091219_0.o-cp_lto_20091219_0.o execute -O3 -flto
FAIL: g++.dg/torture/pr31863.C  -O2 -flto  (test for excess errors)
FAIL: g++.dg/torture/pr48661.C  -O1  (internal compiler error)
FAIL: g++.dg/torture/pr48661.C  -O1  (test for excess errors)
WARNING: g++.dg/torture/pr48661.C  -O1  compilation failed to produce executable
FAIL: g++.dg/torture/pr48661.C  -O2  (internal compiler error)
FAIL: g++.dg/torture/pr48661.C  -O2  (test for excess errors)
WARNING: g++.dg/torture/pr48661.C  -O2  compilation failed to produce executable
FAIL: g++.dg/torture/pr48661.C  -O3 -fomit-frame-pointer  (internal compiler error)
FAIL: g++.dg/torture/pr48661.C  -O3 -fomit-frame-pointer  (test for excess errors)
WARNING: g++.dg/torture/pr48661.C  -O3 -fomit-frame-pointer  compilation failed to produce executable
FAIL: g++.dg/torture/pr48661.C  -O3 -g  (internal compiler error)
FAIL: g++.dg/torture/pr48661.C  -O3 -g  (test for excess errors)
WARNING: g++.dg/torture/pr48661.C  -O3 -g  compilation failed to produce executable
FAIL: g++.dg/torture/pr48661.C  -Os  (internal compiler error)
FAIL: g++.dg/torture/pr48661.C  -Os  (test for excess errors)
WARNING: g++.dg/torture/pr48661.C  -Os  compilation failed to produce executable
FAIL: g++.dg/torture/pr48661.C  -O2 -flto -flto-partition=none  (internal compiler error)
FAIL: g++.dg/torture/pr48661.C  -O2 -flto -flto-partition=none  (test for excess errors)
WARNING: g++.dg/torture/pr48661.C  -O2 -flto -flto-partition=none  compilation failed to produce executable
FAIL: g++.dg/torture/pr48661.C  -O2 -flto  (internal compiler error)
FAIL: g++.dg/torture/pr48661.C  -O2 -flto  (test for excess errors)
WARNING: g++.dg/torture/pr48661.C  -O2 -flto  compilation failed to produce executable

		=== g++ Summary ===

# of expected passes		26670
# of unexpected failures	16
# of unexpected successes	1
# of expected failures		163
# of unresolved testcases	1
# of unsupported tests		258
/var/gcc/regression/trunk/9-gcc/build/gcc/testsuite/g++/../../g++  version 4.7.0 20110421 (experimental) [trunk revision 172821] (GCC) 

		=== gcc tests ===


Running target unix

		=== gcc Summary ===

# of expected passes		75856
# of expected failures		245
# of unsupported tests		1524
/var/gcc/regression/trunk/9-gcc/build/gcc/xgcc  version 4.7.0 20110421 (experimental) [trunk revision 172821] (GCC) 

		=== gfortran tests ===


Running target unix
FAIL: gfortran.dg/fmt_g0_6.f08  -O1  execution test
FAIL: gfortran.dg/fmt_g0_6.f08  -O2  execution test
FAIL: gfortran.dg/fmt_g0_6.f08  -O3 -fomit-frame-pointer  execution test
FAIL: gfortran.dg/fmt_g0_6.f08  -O3 -fomit-frame-pointer -funroll-loops  execution test
FAIL: gfortran.dg/fmt_g0_6.f08  -O3 -fomit-frame-pointer -funroll-all-loops -finline-functions  execution test
FAIL: gfortran.dg/fmt_g0_6.f08  -O3 -g  execution test
FAIL: gfortran.dg/fmt_g0_6.f08  -Os  execution test
FAIL: gfortran.dg/graphite/vect-pr40979.f90  -O  scan-tree-dump-times vect "vectorized 1 loops" 1

		=== gfortran Summary ===

# of expected passes		38262
# of unexpected failures	8
# of expected failures		53
# of unsupported tests		366
/var/gcc/regression/trunk/9-gcc/build/gcc/testsuite/gfortran/../../gfortran  version 4.7.0 20110421 (experimental) [trunk revision 172821] (GCC) 

		=== gnat tests ===


Running target unix

		=== gnat Summary ===

# of expected passes		885
# of expected failures		11
# of unsupported tests		4
/var/gcc/regression/trunk/9-gcc/build/gcc/gnatmake version 4.7.0 20110421 (experimental) [trunk revision 172821]

		=== go tests ===


Running target unix

		=== go Summary ===

# of expected passes		2987
# of expected failures		23
/var/gcc/regression/trunk/9-gcc/build/gcc/testsuite/go/../../gccgo  version 4.7.0 20110421 (experimental) [trunk revision 172821] (GCC) 

		=== obj-c++ tests ===


Running target unix

		=== obj-c++ Summary ===

# of expected passes		1410
# of expected failures		2
# of unsupported tests		86
/var/gcc/regression/trunk/9-gcc/build/gcc/testsuite/obj-c++/../../g++  version 4.7.0 20110421 (experimental) [trunk revision 172821] (GCC) 

		=== objc tests ===


Running target unix

		=== objc Summary ===

# of expected passes		2938
# of expected failures		6
# of unsupported tests		74
/var/gcc/regression/trunk/9-gcc/build/gcc/xgcc  version 4.7.0 20110421 (experimental) [trunk revision 172821] (GCC) 

		=== boehm-gc tests ===


Running target unix

		=== boehm-gc Summary ===

# of expected passes		12
# of unsupported tests		1
		=== libffi tests ===


Running target unix

		=== libffi Summary ===

# of expected passes		1634
# of expected failures		10
# of unsupported tests		15
		=== libgo tests ===


Running target unix
FAIL: exec
FAIL: fmt
FAIL: os
FAIL: crypto/rand
FAIL: http/cgi

		=== libgo Summary ===

# of expected passes		112
# of unexpected failures	5
# of untested testcases		2
		=== libgomp tests ===


Running target unix
FAIL: libgomp.graphite/force-parallel-1.c execution test

		=== libgomp Summary ===

# of expected passes		2583
# of unexpected failures	1
# of unsupported tests		3
		=== libjava tests ===


Running target unix
FAIL: Divide_1 output - source compiled test
FAIL: Divide_1 -findirect-dispatch output - source compiled test
FAIL: Divide_1 -O3 output - source compiled test
FAIL: Divide_1 -O3 -findirect-dispatch output - source compiled test
FAIL: InvokeInterface execution - source compiled test
FAIL: InvokeInterface -O3 execution - source compiled test

		=== libjava Summary ===

# of expected passes		2566
# of unexpected failures	6
# of untested testcases		2
		=== libstdc++ tests ===


Running target unix

		=== libstdc++ Summary ===

# of expected passes		6933
# of expected failures		86
# of unsupported tests		744

Compiler version: 4.7.0 20110421 (experimental) [trunk revision 172821] (GCC) 
Platform: i386-pc-solaris2.9
configure flags: --prefix=/vol/gcc --target=i386-pc-solaris2.9 --enable-objc-gc --with-host-libstdcxx='-Wl,-Bstatic -lstdc++ -Wl,-Bdynamic -lm' --with-boot-ldflags='-static-libstdc++ -static-libgcc -L/vol/gcc-4.4/lib' --with-gmp=/vol/gcc --with-mpfr=/vol/gcc --with-mpc=/vol/gcc --enable-languages=all,ada,obj-c++,go --with-ppl=/vol/gcc --with-cloog=/vol/gcc --enable-cloog-backend=ppl
BOOT_CFLAGS=-g -O2


Index Nav: [Date Index] [Subject Index] [Author Index] [Thread Index]
Message Nav: [Date Prev] [Date Next] [Thread Prev] [Thread Next]