This is the mail archive of the gcc-testresults@gcc.gnu.org mailing list for the GCC project.


Index Nav: [Date Index] [Subject Index] [Author Index] [Thread Index]
Message Nav: [Date Prev] [Date Next] [Thread Prev] [Thread Next]
Other format: [Raw text]

Results for 4.7.0 20110422 (experimental) [trunk revision 172866] (GCC) testsuite on i686-apple-darwin9


LAST_UPDATED: Fri Apr 22 18:43:56 UTC 2011 (revision 172866)

		=== acats tests ===
FAIL:	cxg2001

		=== acats Summary ===
# of expected passes		2320
# of unexpected failures	1
Native configuration is i686-apple-darwin9

		=== g++ tests ===


Running target unix
WARNING: Could not compile g++.dg/compat/struct-layout-1 generator
WARNING: g++.dg/ext/label13.C compilation failed to produce executable
XPASS: g++.dg/tree-ssa/pr43411.C scan-tree-dump-not optimized "OBJ_TYPE_REF"
FAIL: g++.dg/torture/pr48661.C  -O1  (internal compiler error)
FAIL: g++.dg/torture/pr48661.C  -O1  (test for excess errors)
WARNING: g++.dg/torture/pr48661.C  -O1  compilation failed to produce executable
FAIL: g++.dg/torture/pr48661.C  -O2  (internal compiler error)
FAIL: g++.dg/torture/pr48661.C  -O2  (test for excess errors)
WARNING: g++.dg/torture/pr48661.C  -O2  compilation failed to produce executable
FAIL: g++.dg/torture/pr48661.C  -O3 -fomit-frame-pointer  (internal compiler error)
FAIL: g++.dg/torture/pr48661.C  -O3 -fomit-frame-pointer  (test for excess errors)
WARNING: g++.dg/torture/pr48661.C  -O3 -fomit-frame-pointer  compilation failed to produce executable
FAIL: g++.dg/torture/pr48661.C  -O3 -g  (internal compiler error)
FAIL: g++.dg/torture/pr48661.C  -O3 -g  (test for excess errors)
WARNING: g++.dg/torture/pr48661.C  -O3 -g  compilation failed to produce executable
FAIL: g++.dg/torture/pr48661.C  -Os  (internal compiler error)
FAIL: g++.dg/torture/pr48661.C  -Os  (test for excess errors)
WARNING: g++.dg/torture/pr48661.C  -Os  compilation failed to produce executable
FAIL: g++.dg/torture/pr48661.C  -O2 -flto -flto-partition=none  (internal compiler error)
FAIL: g++.dg/torture/pr48661.C  -O2 -flto -flto-partition=none  (test for excess errors)
WARNING: g++.dg/torture/pr48661.C  -O2 -flto -flto-partition=none  compilation failed to produce executable
FAIL: g++.dg/torture/pr48661.C  -O2 -flto  (internal compiler error)
FAIL: g++.dg/torture/pr48661.C  -O2 -flto  (test for excess errors)
WARNING: g++.dg/torture/pr48661.C  -O2 -flto  compilation failed to produce executable

		=== g++ Summary ===

# of expected passes		26717
# of unexpected failures	14
# of unexpected successes	1
# of expected failures		163
# of unsupported tests		182
/Users/dave/gnu/gcc/objdir/gcc/testsuite/g++/../../g++  version 4.7.0 20110422 (experimental) [trunk revision 172866] (GCC) 

		=== gcc tests ===


Running target unix
WARNING: Could not compile gcc.dg/compat/struct-layout-1 generator

		=== gcc Summary ===

# of expected passes		75689
# of expected failures		241
# of unsupported tests		1413
/Users/dave/gnu/gcc/objdir/gcc/xgcc  version 4.7.0 20110422 (experimental) [trunk revision 172866] (GCC) 

		=== gfortran tests ===


Running target unix

		=== gfortran Summary ===

# of expected passes		38410
# of expected failures		49
# of unsupported tests		213
/Users/dave/gnu/gcc/objdir/gcc/testsuite/gfortran/../../gfortran  version 4.7.0 20110422 (experimental) [trunk revision 172866] (GCC) 

		=== gnat tests ===


Running target unix

		=== gnat Summary ===

# of expected passes		888
# of expected failures		11
# of unsupported tests		3
/Users/dave/gnu/gcc/objdir/gcc/gnatmake version 4.7.0 20110422 (experimental) [trunk revision 172866]

		=== obj-c++ tests ===


Running target unix

		=== obj-c++ Summary ===

# of expected passes		3079
# of expected failures		2
# of unsupported tests		68
/Users/dave/gnu/gcc/objdir/gcc/testsuite/obj-c++/../../g++  version 4.7.0 20110422 (experimental) [trunk revision 172866] (GCC) 

		=== objc tests ===


Running target unix
WARNING: Could not compile objc.dg/gnu-encoding/struct-layout-encoding-1 generator

		=== objc Summary ===

# of expected passes		5939
# of unsupported tests		86
/Users/dave/gnu/gcc/objdir/gcc/xgcc  version 4.7.0 20110422 (experimental) [trunk revision 172866] (GCC) 

		=== boehm-gc tests ===


Running target unix

		=== boehm-gc Summary ===

# of expected passes		12
# of unsupported tests		1
		=== libffi tests ===


Running target unix

		=== libffi Summary ===

# of expected passes		1634
# of expected failures		10
# of unsupported tests		15
		=== libgomp tests ===


Running target unix

		=== libgomp Summary ===

# of expected passes		2538
# of unsupported tests		3
		=== libjava tests ===


Running target unix

		=== libjava Summary ===

# of expected passes		2574
		=== libstdc++ tests ===


Running target unix
FAIL: ext/mt_allocator/deallocate_global_thread-1.cc execution test
FAIL: ext/mt_allocator/deallocate_global_thread-3.cc execution test

		=== libstdc++ Summary ===

# of expected passes		7094
# of unexpected failures	2
# of expected failures		82
# of unsupported tests		656

Compiler version: 4.7.0 20110422 (experimental) [trunk revision 172866] (GCC) 
Platform: i686-apple-darwin9
configure flags: --build=i686-apple-darwin9 --host=i686-apple-darwin9 --target=i686-apple-darwin9 --with-tune=generic --prefix=/opt/gnu/gcc/gcc-4.6.0 --with-gmp=/opt/gnu/gcc/gcc-4.6.0 --enable-debug=no --disable-nls --enable-languages=c,c++,objc,fortran,obj-c++,java,ada --enable-threads=posix --enable-__cxa_atexit --enable-java-gc=boehm


Index Nav: [Date Index] [Subject Index] [Author Index] [Thread Index]
Message Nav: [Date Prev] [Date Next] [Thread Prev] [Thread Next]