This is the mail archive of the gcc-testresults@gcc.gnu.org mailing list for the GCC project.


Index Nav: [Date Index] [Subject Index] [Author Index] [Thread Index]
Message Nav: [Date Prev] [Date Next] [Thread Prev] [Thread Next]
Other format: [Raw text]

Results for 4.7.0 20110414 (experimental) [trunk revision 172431] (GCC) testsuite on hppa2.0w-hp-hpux11.00


		=== acats tests ===

		=== acats Summary ===
# of expected passes		2321
# of unexpected failures	0
Native configuration is hppa2.0w-hp-hpux11.00

		=== g++ tests ===


Running target unix
WARNING: g++.dg/ext/label13.C compilation failed to produce executable
WARNING: program timed out.

		=== g++ Summary ===

# of expected passes		23161
# of expected failures		165
# of unsupported tests		606
/home/gnu/gcc/objdir/gcc/testsuite/g++/../../g++  version 4.7.0 20110414 (experimental) [trunk revision 172431] (GCC) 

		=== gcc tests ===


Running target unix
WARNING: program timed out.
FAIL: gcc.dg/ipa/pr48195.c (test for excess errors)

		=== gcc Summary ===

# of expected passes		55507
# of unexpected failures	1
# of expected failures		110
# of unsupported tests		1252
/home/gnu/gcc/objdir/gcc/xgcc  version 4.7.0 20110414 (experimental) [trunk revision 172431] (GCC) 

		=== gfortran tests ===


Running target unix
FAIL: gfortran.dg/pr45636.f90  -O  scan-tree-dump-times forwprop2 "memset" 0

		=== gfortran Summary ===

# of expected passes		37124
# of unexpected failures	1
# of expected failures		41
# of unsupported tests		397
/home/gnu/gcc/objdir/gcc/testsuite/gfortran/../../gfortran  version 4.7.0 20110414 (experimental) [trunk revision 172431] (GCC) 

		=== gnat tests ===


Running target unix

		=== gnat Summary ===

# of expected passes		885
# of expected failures		11
# of unsupported tests		4
/home/gnu/gcc/objdir/gcc/gnatmake version 4.7.0 20110414 (experimental) [trunk revision 172431]

		=== obj-c++ tests ===


Running target unix

		=== obj-c++ Summary ===

# of expected passes		1262
# of expected failures		2
# of unsupported tests		107
/home/gnu/gcc/objdir/gcc/testsuite/obj-c++/../../g++  version 4.7.0 20110414 (experimental) [trunk revision 172431] (GCC) 

		=== objc tests ===


Running target unix

		=== objc Summary ===

# of expected passes		2761
# of expected failures		8
# of unsupported tests		101
/home/gnu/gcc/objdir/gcc/xgcc  version 4.7.0 20110414 (experimental) [trunk revision 172431] (GCC) 

		=== libgomp tests ===


Running target unix
FAIL: libgomp.fortran/pr32359.f90  -O  (internal compiler error)
FAIL: libgomp.fortran/pr32359.f90  -O  (test for excess errors)

		=== libgomp Summary ===

# of expected passes		2237
# of unexpected failures	2
# of unsupported tests		154
		=== libstdc++ tests ===


Running target unix
WARNING: program timed out.
FAIL: 23_containers/vector/bool/modifiers/insert/31370.cc execution test

		=== libstdc++ Summary ===

# of expected passes		5951
# of unexpected failures	1
# of expected failures		80
# of unsupported tests		583

Compiler version: 4.7.0 20110414 (experimental) [trunk revision 172431] (GCC) 
Platform: hppa2.0w-hp-hpux11.00
configure flags:Test Run By dave on Sun Apr 17 05:41:40 EDT 2011


Index Nav: [Date Index] [Subject Index] [Author Index] [Thread Index]
Message Nav: [Date Prev] [Date Next] [Thread Prev] [Thread Next]