This is the mail archive of the gcc-testresults@gcc.gnu.org mailing list for the GCC project.


Index Nav: [Date Index] [Subject Index] [Author Index] [Thread Index]
Message Nav: [Date Prev] [Date Next] [Thread Prev] [Thread Next]
Other format: [Raw text]

Results for 4.6.1 20110415 (prerelease) [gcc-4_6-branch revision 172508] (GCC) testsuite on sparc-sun-solaris2.8


LAST_UPDATED: Fri Apr 15 18:42:13 UTC 2011 (revision 172508)

		=== acats tests ===

		=== acats Summary ===
# of expected passes		2321
# of unexpected failures	0
Native configuration is sparc-sun-solaris2.8

		=== g++ tests ===


Running target unix
WARNING: program timed out.
FAIL: g++.dg/lto/20091219 cp_lto_20091219_0.o-cp_lto_20091219_0.o link, -O3 -flto
UNRESOLVED: g++.dg/lto/20091219 cp_lto_20091219_0.o-cp_lto_20091219_0.o execute -O3 -flto
FAIL: g++.dg/torture/pr31863.C  -O2 -flto  (test for excess errors)

		=== g++ Summary for unix ===

# of expected passes		26061
# of unexpected failures	2
# of expected failures		163
# of unresolved testcases	1
# of unsupported tests		493

Running target unix/-m64
FAIL: g++.dg/lto/20091219 cp_lto_20091219_0.o-cp_lto_20091219_0.o link, -O3 -flto
UNRESOLVED: g++.dg/lto/20091219 cp_lto_20091219_0.o-cp_lto_20091219_0.o execute -O3 -flto
FAIL: g++.dg/torture/pr31863.C  -O2 -flto  (test for excess errors)

		=== g++ Summary for unix/-m64 ===

# of expected passes		26673
# of unexpected failures	2
# of expected failures		163
# of unresolved testcases	1
# of unsupported tests		490

		=== g++ Summary ===

# of expected passes		52734
# of unexpected failures	4
# of expected failures		326
# of unresolved testcases	2
# of unsupported tests		983
/var/gcc/regression/gcc-4.6-branch/8-gcc/build/gcc/testsuite/g++/../../g++  version 4.6.1 20110415 (prerelease) [gcc-4_6-branch revision 172508] (GCC) 

		=== gcc tests ===


Running target unix
FAIL: gcc.dg/lto/20110201-1 c_lto_20110201-1_0.o-c_lto_20110201-1_0.o link,  -O0 -flto 
UNRESOLVED: gcc.dg/lto/20110201-1 c_lto_20110201-1_0.o-c_lto_20110201-1_0.o execute  -O0 -flto 
FAIL: gcc.dg/vect/pr48377.c execution test

		=== gcc Summary for unix ===

# of expected passes		69333
# of unexpected failures	2
# of expected failures		235
# of unresolved testcases	1
# of unsupported tests		1229

Running target unix/-m64
FAIL: gcc.dg/vect/pr48377.c execution test

		=== gcc Summary for unix/-m64 ===

# of expected passes		69915
# of unexpected failures	1
# of expected failures		227
# of unsupported tests		1238

		=== gcc Summary ===

# of expected passes		139248
# of unexpected failures	3
# of expected failures		462
# of unresolved testcases	1
# of unsupported tests		2467
/var/gcc/regression/gcc-4.6-branch/8-gcc/build/gcc/xgcc  version 4.6.1 20110415 (prerelease) [gcc-4_6-branch revision 172508] (GCC) 

		=== gfortran tests ===


Running target unix

		=== gfortran Summary for unix ===

# of expected passes		37860
# of expected failures		43
# of unsupported tests		396

Running target unix/-m64

		=== gfortran Summary for unix/-m64 ===

# of expected passes		38139
# of expected failures		43
# of unsupported tests		259

		=== gfortran Summary ===

# of expected passes		75999
# of expected failures		86
# of unsupported tests		655
/var/gcc/regression/gcc-4.6-branch/8-gcc/build/gcc/testsuite/gfortran/../../gfortran  version 4.6.1 20110415 (prerelease) [gcc-4_6-branch revision 172508] (GCC) 

		=== gnat tests ===


Running target unix

		=== gnat Summary for unix ===

# of expected passes		865
# of expected failures		10
# of unsupported tests		4

Running target unix/-m64

		=== gnat Summary for unix/-m64 ===

# of expected passes		865
# of expected failures		10
# of unsupported tests		4

		=== gnat Summary ===

# of expected passes		1730
# of expected failures		20
# of unsupported tests		8
/var/gcc/regression/gcc-4.6-branch/8-gcc/build/gcc/gnatmake version 4.6.1 20110415 (prerelease) [gcc-4_6-branch revision 172508]

		=== objc tests ===


Running target unix

		=== objc Summary for unix ===

# of expected passes		2914
# of expected failures		10
# of unsupported tests		74

Running target unix/-m64

		=== objc Summary for unix/-m64 ===

# of expected passes		2914
# of expected failures		10
# of unsupported tests		74

		=== objc Summary ===

# of expected passes		5828
# of expected failures		20
# of unsupported tests		148
/var/gcc/regression/gcc-4.6-branch/8-gcc/build/gcc/xgcc  version 4.6.1 20110415 (prerelease) [gcc-4_6-branch revision 172508] (GCC) 

		=== libffi tests ===


Running target unix

		=== libffi Summary for unix ===

# of expected passes		1634
# of expected failures		10
# of unsupported tests		15

Running target unix/-m64

		=== libffi Summary for unix/-m64 ===

# of expected passes		1634
# of expected failures		10
# of unsupported tests		15

		=== libffi Summary ===

# of expected passes		3268
# of expected failures		20
# of unsupported tests		30
		=== libgomp tests ===


Running target unix

		=== libgomp Summary for unix ===

# of expected passes		2524
# of unsupported tests		10

Running target unix/-m64

		=== libgomp Summary for unix/-m64 ===

# of expected passes		2524
# of unsupported tests		10

		=== libgomp Summary ===

# of expected passes		5048
# of unsupported tests		20
		=== libjava tests ===


Running target unix
FAIL: InvokeInterface execution - source compiled test
FAIL: InvokeInterface -O3 execution - source compiled test

		=== libjava Summary for unix ===

# of expected passes		2570
# of unexpected failures	2
# of untested testcases		2

Running target unix/-m64
FAIL: InvokeInterface execution - source compiled test
FAIL: InvokeInterface -O3 execution - source compiled test

		=== libjava Summary for unix/-m64 ===

# of expected passes		2570
# of unexpected failures	2
# of untested testcases		2

		=== libjava Summary ===

# of expected passes		5140
# of unexpected failures	4
# of untested testcases		4
		=== libstdc++ tests ===


Running target unix

		=== libstdc++ Summary for unix ===

# of expected passes		6850
# of expected failures		83
# of unsupported tests		740

Running target unix/-m64

		=== libstdc++ Summary for unix/-m64 ===

# of expected passes		6850
# of expected failures		83
# of unsupported tests		740

		=== libstdc++ Summary ===

# of expected passes		13700
# of expected failures		166
# of unsupported tests		1480

Compiler version: 4.6.1 20110415 (prerelease) [gcc-4_6-branch revision 172508] (GCC) 
Platform: sparc-sun-solaris2.8
configure flags: --prefix=/vol/gcc --target=sparc-sun-solaris2.8 --with-gmp=/vol/gcc --with-mpfr=/vol/gcc --with-mpc=/vol/gcc --enable-languages=all,ada --without-ppl --without-cloog
BOOT_CFLAGS=-g -O2


Index Nav: [Date Index] [Subject Index] [Author Index] [Thread Index]
Message Nav: [Date Prev] [Date Next] [Thread Prev] [Thread Next]