This is the mail archive of the gcc-testresults@gcc.gnu.org mailing list for the GCC project.


Index Nav: [Date Index] [Subject Index] [Author Index] [Thread Index]
Message Nav: [Date Prev] [Date Next] [Thread Prev] [Thread Next]
Other format: [Raw text]

Results for 4.7.0 20110415 (experimental) [trunk revision 172507] (GCC) testsuite on i386-pc-solaris2.8


LAST_UPDATED: Fri Apr 15 18:39:24 UTC 2011 (revision 172507)

		=== acats tests ===

		=== acats Summary ===
# of expected passes		2321
# of unexpected failures	0
Native configuration is i386-pc-solaris2.8

		=== g++ tests ===


Running target unix

		=== g++ Summary ===

# of expected passes		26727
# of expected failures		166
# of unsupported tests		204
/var/gcc/regression/trunk/8-gcc-gas/build/gcc/testsuite/g++/../../g++  version 4.7.0 20110415 (experimental) [trunk revision 172507] (GCC) 

		=== gcc tests ===


Running target unix
FAIL: gcc.dg/vect/pr48377.c execution test

		=== gcc Summary ===

# of expected passes		74971
# of unexpected failures	1
# of expected failures		187
# of unsupported tests		1045
/var/gcc/regression/trunk/8-gcc-gas/build/gcc/xgcc  version 4.7.0 20110415 (experimental) [trunk revision 172507] (GCC) 

		=== gfortran tests ===


Running target unix
FAIL: gfortran.dg/graphite/vect-pr40979.f90  -O  scan-tree-dump-times vect "vectorized 1 loops" 1

		=== gfortran Summary ===

# of expected passes		37658
# of unexpected failures	1
# of expected failures		53
# of unsupported tests		372
/var/gcc/regression/trunk/8-gcc-gas/build/gcc/testsuite/gfortran/../../gfortran  version 4.7.0 20110415 (experimental) [trunk revision 172507] (GCC) 

		=== gnat tests ===


Running target unix

		=== gnat Summary ===

# of expected passes		882
# of expected failures		11
# of unsupported tests		5
/var/gcc/regression/trunk/8-gcc-gas/build/gcc/gnatmake version 4.7.0 20110415 (experimental) [trunk revision 172507]

		=== go tests ===


Running target unix

		=== go Summary ===

# of expected passes		2987
# of expected failures		23
/var/gcc/regression/trunk/8-gcc-gas/build/gcc/testsuite/go/../../gccgo  version 4.7.0 20110415 (experimental) [trunk revision 172507] (GCC) 

		=== obj-c++ tests ===


Running target unix

		=== obj-c++ Summary ===

# of expected passes		1386
# of expected failures		2
# of unsupported tests		86
/var/gcc/regression/trunk/8-gcc-gas/build/gcc/testsuite/obj-c++/../../g++  version 4.7.0 20110415 (experimental) [trunk revision 172507] (GCC) 

		=== objc tests ===


Running target unix

		=== objc Summary ===

# of expected passes		2870
# of expected failures		6
# of unsupported tests		98
/var/gcc/regression/trunk/8-gcc-gas/build/gcc/xgcc  version 4.7.0 20110415 (experimental) [trunk revision 172507] (GCC) 

		=== boehm-gc tests ===


Running target unix

		=== boehm-gc Summary ===

# of expected passes		12
# of unsupported tests		1
		=== libffi tests ===


Running target unix

		=== libffi Summary ===

# of expected passes		1634
# of expected failures		10
# of unsupported tests		15
		=== libgo tests ===


Running target unix
FAIL: exec
FAIL: fmt
FAIL: os
FAIL: time
FAIL: crypto/rand
FAIL: go/printer
FAIL: http/cgi

		=== libgo Summary ===

# of expected passes		110
# of unexpected failures	7
# of untested testcases		2
		=== libgomp tests ===


Running target unix
FAIL: libgomp.graphite/force-parallel-1.c execution test

		=== libgomp Summary ===

# of expected passes		2583
# of unexpected failures	1
# of unsupported tests		3
		=== libjava tests ===


Running target unix
FAIL: PR16923 run
FAIL: Divide_1 output - source compiled test
FAIL: Divide_1 -findirect-dispatch output - source compiled test
FAIL: Divide_1 -O3 output - source compiled test
FAIL: Divide_1 -O3 -findirect-dispatch output - source compiled test

		=== libjava Summary ===

# of expected passes		2569
# of unexpected failures	5
# of untested testcases		1
		=== libstdc++ tests ===


Running target unix

		=== libstdc++ Summary ===

# of expected passes		6893
# of expected failures		82
# of unsupported tests		751

Compiler version: 4.7.0 20110415 (experimental) [trunk revision 172507] (GCC) 
Platform: i386-pc-solaris2.8
configure flags: --prefix=/vol/gcc --target=i386-pc-solaris2.8 --enable-obsolete --enable-objc-gc --with-host-libstdcxx='-Wl,-Bstatic -lstdc++ -Wl,-Bdynamic -lm' --with-boot-ldflags='-static-libstdc++ -static-libgcc -L/vol/gcc-4.4/lib' --with-as=/vol/gcc/bin/gas-2.21 --with-gnu-as --with-gmp=/vol/gcc --with-mpfr=/vol/gcc --with-mpc=/vol/gcc --enable-languages=all,ada,obj-c++,go --with-ppl=/vol/gcc --with-cloog=/vol/gcc --enable-cloog-backend=ppl
BOOT_CFLAGS=-g -O2


Index Nav: [Date Index] [Subject Index] [Author Index] [Thread Index]
Message Nav: [Date Prev] [Date Next] [Thread Prev] [Thread Next]