This is the mail archive of the gcc-testresults@gcc.gnu.org mailing list for the GCC project.


Index Nav: [Date Index] [Subject Index] [Author Index] [Thread Index]
Message Nav: [Date Prev] [Date Next] [Thread Prev] [Thread Next]
Other format: [Raw text]

Results for 4.7.0 20110416 (experimental) [trunk revision 172592] (GCC) testsuite on powerpc-apple-darwin9


LAST_UPDATED: Updated Sat Apr 16 22:07:59 CEST 2011 to revision 172592.

Native configuration is powerpc-apple-darwin9

		=== g++ tests ===


Running target unix/-m32
FAIL: g++.dg/eh/simd-3.C execution test
FAIL: g++.dg/eh/simd-4.C execution test
FAIL: g++.dg/ext/alignof2.C execution test
WARNING: g++.dg/ext/label13.C compilation failed to produce executable

		=== g++ Summary for unix/-m32 ===

# of expected passes		26427
# of unexpected failures	3
# of expected failures		165
# of unsupported tests		390

Running target unix/-m64
WARNING: g++.dg/ext/label13.C compilation failed to produce executable

		=== g++ Summary for unix/-m64 ===

# of expected passes		27042
# of expected failures		165
# of unsupported tests		387

		=== g++ Summary ===

# of expected passes		53469
# of unexpected failures	3
# of expected failures		330
# of unsupported tests		777
/opt/gcc/darwin_buildw/gcc/testsuite/g++/../../g++  version 4.7.0 20110416 (experimental) [trunk revision 172592] (GCC) 

		=== gcc tests ===


Running target unix/-m32
FAIL: gcc.c-torture/compile/pr44707.c  -O1  (test for excess errors)
FAIL: gcc.c-torture/compile/pr44707.c  -O2  (test for excess errors)
FAIL: gcc.c-torture/compile/pr44707.c  -O3 -fomit-frame-pointer  (test for excess errors)
FAIL: gcc.c-torture/compile/pr44707.c  -O3 -g  (test for excess errors)
FAIL: gcc.c-torture/compile/pr44707.c  -Os  (test for excess errors)
FAIL: gcc.c-torture/compile/pr44707.c  -O2 -flto -flto-partition=none  (test for excess errors)
FAIL: gcc.c-torture/compile/pr44707.c  -O2 -flto  (test for excess errors)
FAIL: gcc.dg/20020103-1.c scan-assembler-not LC[0-9]
FAIL: gcc.dg/and-1.c scan-assembler-not nand
FAIL: gcc.dg/sms-2.c scan-rtl-dump-times sms "SMS succeeded" 1
FAIL: gcc.dg/sms-3.c scan-rtl-dump-times sms "SMS succeeded" 1
FAIL: gcc.dg/sms-4.c scan-rtl-dump-times sms "SMS succeeded" 1
FAIL: gcc.dg/sms-5.c scan-rtl-dump-times sms "SMS succeeded" 1
FAIL: gcc.dg/sms-6.c scan-rtl-dump-times sms "SMS succeeded" 3
FAIL: gcc.dg/sms-7.c scan-rtl-dump-times sms "SMS succeeded" 3
FAIL: gcc.dg/sms-8.c scan-rtl-dump-times sms "SMS succeeded" 1
FAIL: gcc.dg/graphite/id-pr46845.c (test for excess errors)
FAIL: gcc.dg/tree-ssa/vrp47.c scan-tree-dump-times vrp1 "[xy][^ ]* !=" 0
FAIL: gcc.dg/tree-ssa/vrp47.c scan-tree-dump-times dom1 "x[^ ]* & y" 1
FAIL: gcc.target/powerpc/405-dlmzb-strlen-1.c scan-assembler dlmzb\\\\. 
FAIL: gcc.target/powerpc/440-dlmzb-strlen-1.c scan-assembler dlmzb\\\\. 
FAIL: gcc.target/powerpc/ppc-vector-memcpy.c scan-assembler lvx

		=== gcc Summary for unix/-m32 ===

# of expected passes		72246
# of unexpected failures	22
# of expected failures		167
# of unsupported tests		1173

Running target unix/-m64
FAIL: gcc.c-torture/compile/pr44707.c  -O1  (test for excess errors)
FAIL: gcc.c-torture/compile/pr44707.c  -O2  (test for excess errors)
FAIL: gcc.c-torture/compile/pr44707.c  -O3 -fomit-frame-pointer  (test for excess errors)
FAIL: gcc.c-torture/compile/pr44707.c  -O3 -g  (test for excess errors)
FAIL: gcc.c-torture/compile/pr44707.c  -Os  (test for excess errors)
FAIL: gcc.c-torture/compile/pr44707.c  -O2 -flto -flto-partition=none  (test for excess errors)
FAIL: gcc.c-torture/compile/pr44707.c  -O2 -flto  (test for excess errors)
FAIL: gcc.dg/and-1.c scan-assembler-not nand
FAIL: gcc.dg/sms-2.c scan-rtl-dump-times sms "SMS succeeded" 1
FAIL: gcc.dg/sms-4.c scan-rtl-dump-times sms "SMS succeeded" 1
FAIL: gcc.dg/sms-5.c scan-rtl-dump-times sms "SMS succeeded" 1
FAIL: gcc.dg/sms-6.c scan-rtl-dump-times sms "SMS succeeded" 3
FAIL: gcc.dg/sms-7.c scan-rtl-dump-times sms "SMS succeeded" 3
FAIL: gcc.dg/sms-8.c scan-rtl-dump-times sms "SMS succeeded" 1
FAIL: gcc.dg/graphite/id-pr46845.c (test for excess errors)
FAIL: gcc.dg/lto/20090116 c_lto_20090116_0.o-c_lto_20090116_0.o link, -O1 -flto -flto-partition=1to1 -fPIC (internal compiler error)
UNRESOLVED: gcc.dg/lto/20090116 c_lto_20090116_0.o-c_lto_20090116_0.o execute -O1 -flto -flto-partition=1to1 -fPIC
FAIL: gcc.dg/tree-ssa/vrp47.c scan-tree-dump-times vrp1 "[xy][^ ]* !=" 0
FAIL: gcc.dg/tree-ssa/vrp47.c scan-tree-dump-times dom1 "x[^ ]* & y" 1
FAIL: gcc.dg/vect/costmodel/ppc/costmodel-pr37194.c scan-tree-dump-times vect "vectorization not profitable" 1
FAIL: gcc.dg/vect/costmodel/ppc/costmodel-pr37194.c scan-tree-dump-times vect "vectorized 1 loops" 1
FAIL: gcc.dg/vect/vect-89.c scan-tree-dump-times vect "Alignment of access forced using peeling" 1
FAIL: gcc.target/powerpc/optimize-bswapdi-3.c scan-assembler ldbrx
FAIL: gcc.target/powerpc/optimize-bswapdi-3.c scan-assembler stdbrx
FAIL: gcc.target/powerpc/ppc-vector-memcpy.c scan-assembler lvx

		=== gcc Summary for unix/-m64 ===

# of expected passes		72776
# of unexpected failures	24
# of expected failures		175
# of unresolved testcases	1
# of unsupported tests		1235

		=== gcc Summary ===

# of expected passes		145022
# of unexpected failures	46
# of expected failures		342
# of unresolved testcases	1
# of unsupported tests		2408
/opt/gcc/darwin_buildw/gcc/xgcc  version 4.7.0 20110416 (experimental) [trunk revision 172592] (GCC) 

		=== gfortran tests ===


Running target unix/-m32
FAIL: gfortran.dg/large_real_kind_3.F90  -O0  execution test

		=== gfortran Summary for unix/-m32 ===

# of expected passes		38378
# of unexpected failures	1
# of expected failures		85
# of unsupported tests		240

Running target unix/-m64
FAIL: gfortran.dg/large_real_kind_3.F90  -O0  execution test

		=== gfortran Summary for unix/-m64 ===

# of expected passes		38704
# of unexpected failures	1
# of expected failures		91
# of unsupported tests		79

		=== gfortran Summary ===

# of expected passes		77082
# of unexpected failures	2
# of expected failures		176
# of unsupported tests		319
/opt/gcc/darwin_buildw/gcc/testsuite/gfortran/../../gfortran  version 4.7.0 20110416 (experimental) [trunk revision 172592] (GCC) 

		=== obj-c++ tests ===


Running target unix/-m32

		=== obj-c++ Summary for unix/-m32 ===

# of expected passes		3079
# of expected failures		2
# of unsupported tests		68

Running target unix/-m64

		=== obj-c++ Summary for unix/-m64 ===

# of expected passes		3029
# of expected failures		19
# of unsupported tests		73

		=== obj-c++ Summary ===

# of expected passes		6108
# of expected failures		21
# of unsupported tests		141
/opt/gcc/darwin_buildw/gcc/testsuite/obj-c++/../../g++  version 4.7.0 20110416 (experimental) [trunk revision 172592] (GCC) 

		=== objc tests ===


Running target unix/-m32

		=== objc Summary for unix/-m32 ===

# of expected passes		5991
# of expected failures		14
# of unsupported tests		85

Running target unix/-m64

		=== objc Summary for unix/-m64 ===

# of expected passes		5925
# of expected failures		18
# of unsupported tests		102

		=== objc Summary ===

# of expected passes		11916
# of expected failures		32
# of unsupported tests		187
/opt/gcc/darwin_buildw/gcc/xgcc  version 4.7.0 20110416 (experimental) [trunk revision 172592] (GCC) 

		=== boehm-gc tests ===


Running target unix/-m32

		=== boehm-gc Summary for unix/-m32 ===

# of expected passes		12
# of unsupported tests		1

Running target unix/-m64

		=== boehm-gc Summary for unix/-m64 ===

# of expected passes		12
# of unsupported tests		1

		=== boehm-gc Summary ===

# of expected passes		24
# of unsupported tests		2
		=== libffi tests ===


Running target unix/-m32
FAIL: libffi.call/nested_struct5.c -O0 -W -Wall execution test
FAIL: libffi.call/nested_struct5.c -O2 execution test
FAIL: libffi.call/nested_struct5.c -O3 execution test
FAIL: libffi.call/nested_struct5.c -Os execution test
FAIL: libffi.call/nested_struct5.c -O2 -fomit-frame-pointer execution test

		=== libffi Summary for unix/-m32 ===

# of expected passes		1624
# of unexpected failures	5
# of expected failures		10
# of unsupported tests		15

Running target unix/-m64

		=== libffi Summary for unix/-m64 ===

# of expected passes		1634
# of expected failures		10
# of unsupported tests		15

		=== libffi Summary ===

# of expected passes		3258
# of unexpected failures	5
# of expected failures		20
# of unsupported tests		30
		=== libgomp tests ===


Running target unix/-m32

		=== libgomp Summary for unix/-m32 ===

# of expected passes		2584
# of unsupported tests		3

Running target unix/-m64

		=== libgomp Summary for unix/-m64 ===

# of expected passes		2584
# of unsupported tests		3

		=== libgomp Summary ===

# of expected passes		5168
# of unsupported tests		6
		=== libjava tests ===


Running target unix/-m32
FAIL: Thread_Sleep_2 output - source compiled test
FAIL: Thread_Sleep_2 -findirect-dispatch output - source compiled test
FAIL: Thread_Sleep_2 -O3 output - source compiled test
FAIL: Thread_Sleep_2 -O3 -findirect-dispatch output - source compiled test

		=== libjava Summary for unix/-m32 ===

# of expected passes		2570
# of unexpected failures	4

Running target unix/-m64
FAIL: PR16923 output
FAIL: Thread_Sleep_2 output - source compiled test
FAIL: Thread_Sleep_2 -findirect-dispatch output - source compiled test
FAIL: Thread_Sleep_2 -O3 output - source compiled test
FAIL: Thread_Sleep_2 -O3 -findirect-dispatch output - source compiled test

		=== libjava Summary for unix/-m64 ===

# of expected passes		2569
# of unexpected failures	5

		=== libjava Summary ===

# of expected passes		5139
# of unexpected failures	9
		=== libstdc++ tests ===


Running target unix/-m32
FAIL: ext/mt_allocator/deallocate_global_thread-1.cc execution test
FAIL: ext/mt_allocator/deallocate_global_thread-3.cc execution test

		=== libstdc++ Summary for unix/-m32 ===

# of expected passes		7070
# of unexpected failures	2
# of expected failures		81
# of unsupported tests		656

Running target unix/-m64
FAIL: ext/mt_allocator/deallocate_global_thread-1.cc execution test
FAIL: ext/mt_allocator/deallocate_global_thread-3.cc execution test

		=== libstdc++ Summary for unix/-m64 ===

# of expected passes		7068
# of unexpected failures	2
# of expected failures		81
# of unsupported tests		657

		=== libstdc++ Summary ===

# of expected passes		14138
# of unexpected failures	4
# of expected failures		162
# of unsupported tests		1313

Compiler version: 4.7.0 20110416 (experimental) [trunk revision 172592] (GCC) 
Platform: powerpc-apple-darwin9
configure flags: --prefix=/opt/gcc/gcc4.7w --target=powerpc-apple-darwin9 --host=powerpc-apple-darwin9 --build=powerpc-apple-darwin9 --enable-languages=c,c++,fortran,objc,obj-c++,java,lto --with-gmp=/sw --with-libiconv-prefix=/usr --with-system-zlib --with-cloog=/sw --enable-lto


Index Nav: [Date Index] [Subject Index] [Author Index] [Thread Index]
Message Nav: [Date Prev] [Date Next] [Thread Prev] [Thread Next]