This is the mail archive of the gcc-testresults@gcc.gnu.org mailing list for the GCC project.


Index Nav: [Date Index] [Subject Index] [Author Index] [Thread Index]
Message Nav: [Date Prev] [Date Next] [Thread Prev] [Thread Next]
Other format: [Raw text]

Results for 4.7.0 20110408 (experimental) [trunk revision 172183] (GCC) testsuite on sparc-sun-solaris2.11


LAST_UPDATED: Fri Apr  8 14:08:46 UTC 2011 (revision 172183)

		=== acats tests ===

		=== acats Summary ===
# of expected passes		2321
# of unexpected failures	0
Native configuration is sparc-sun-solaris2.11

		=== g++ tests ===


Running target unix

		=== g++ Summary for unix ===

# of expected passes		26265
# of expected failures		165
# of unsupported tests		430

Running target unix/-m64

		=== g++ Summary for unix/-m64 ===

# of expected passes		26877
# of expected failures		165
# of unsupported tests		427

		=== g++ Summary ===

# of expected passes		53142
# of expected failures		330
# of unsupported tests		857
/var/gcc/regression/trunk/11-gcc-gas/build/gcc/testsuite/g++/../../g++  version 4.7.0 20110408 (experimental) [trunk revision 172183] (GCC) 

		=== gcc tests ===


Running target unix
FAIL: gcc.dg/vect/pr48377.c execution test
XPASS: gcc.dg/vect/slp-3.c scan-tree-dump-times vect "vectorized 3 loops" 1
XPASS: gcc.dg/vect/slp-3.c scan-tree-dump-times vect "vectorizing stmts using SLP" 3
XPASS: gcc.dg/vect/slp-multitypes-2.c execution test
XPASS: gcc.dg/vect/no-vfa-pr29145.c scan-tree-dump-times vect "vectorized 0 loops" 2
XPASS: gcc.dg/vect/no-vfa-pr29145.c scan-tree-dump-times vect "vectorized 1 loops" 1
FAIL: gcc.target/sparc/combined-1.c scan-assembler-times fandnot1\\t% 4
FAIL: gcc.target/sparc/combined-1.c scan-assembler-times for\\t% 4
FAIL: gcc.target/sparc/combined-1.c scan-assembler-times fxor\\t% 4

		=== gcc Summary for unix ===

# of expected passes		69769
# of unexpected failures	4
# of unexpected successes	5
# of expected failures		209
# of unsupported tests		1169

Running target unix/-m64
FAIL: gcc.dg/vect/pr48377.c execution test
FAIL: gcc.dg/vect/slp-21.c (internal compiler error)
FAIL: gcc.dg/vect/slp-21.c (test for excess errors)
WARNING: gcc.dg/vect/slp-21.c compilation failed to produce executable
XPASS: gcc.dg/vect/slp-3.c scan-tree-dump-times vect "vectorized 3 loops" 1
XPASS: gcc.dg/vect/slp-3.c scan-tree-dump-times vect "vectorizing stmts using SLP" 3
FAIL: gcc.dg/vect/no-vfa-pr29145.c (internal compiler error)
FAIL: gcc.dg/vect/no-vfa-pr29145.c (test for excess errors)
WARNING: gcc.dg/vect/no-vfa-pr29145.c compilation failed to produce executable
XPASS: gcc.dg/vect/no-vfa-pr29145.c scan-tree-dump-times vect "vectorized 0 loops" 2
XPASS: gcc.dg/vect/no-vfa-pr29145.c scan-tree-dump-times vect "vectorized 1 loops" 1
FAIL: gcc.target/sparc/combined-1.c scan-assembler-times fandnot1\\t% 4
FAIL: gcc.target/sparc/combined-1.c scan-assembler-times for\\t% 4
FAIL: gcc.target/sparc/combined-1.c scan-assembler-times fxor\\t% 4

		=== gcc Summary for unix/-m64 ===

# of expected passes		70403
# of unexpected failures	8
# of unexpected successes	4
# of expected failures		201
# of unsupported tests		1174

		=== gcc Summary ===

# of expected passes		140172
# of unexpected failures	12
# of unexpected successes	9
# of expected failures		410
# of unsupported tests		2343
/var/gcc/regression/trunk/11-gcc-gas/build/gcc/xgcc  version 4.7.0 20110408 (experimental) [trunk revision 172183] (GCC) 

		=== gfortran tests ===


Running target unix

		=== gfortran Summary for unix ===

# of expected passes		38366
# of expected failures		55
# of unsupported tests		268

Running target unix/-m64

		=== gfortran Summary for unix/-m64 ===

# of expected passes		38693
# of expected failures		55
# of unsupported tests		107

		=== gfortran Summary ===

# of expected passes		77059
# of expected failures		110
# of unsupported tests		375
/var/gcc/regression/trunk/11-gcc-gas/build/gcc/testsuite/gfortran/../../gfortran  version 4.7.0 20110408 (experimental) [trunk revision 172183] (GCC) 

		=== gnat tests ===


Running target unix

		=== gnat Summary for unix ===

# of expected passes		881
# of expected failures		11
# of unsupported tests		5

Running target unix/-m64

		=== gnat Summary for unix/-m64 ===

# of expected passes		881
# of expected failures		11
# of unsupported tests		5

		=== gnat Summary ===

# of expected passes		1762
# of expected failures		22
# of unsupported tests		10
/var/gcc/regression/trunk/11-gcc-gas/build/gcc/gnatmake version 4.7.0 20110408 (experimental) [trunk revision 172183]

		=== go tests ===


Running target unix
FAIL: ./64bit-out.go compilation,  -O2 -g 
FAIL: ./select5-out.go compilation,  -O2 -g 
FAIL: ./tmp.go compilation,  -O2 -g 
WARNING: program timed out.
WARNING: program timed out.
WARNING: program timed out.

		=== go Summary for unix ===

# of expected passes		2981
# of unexpected failures	3
# of expected failures		23
# of untested testcases		3

Running target unix/-m64
FAIL: ./64bit-out.go compilation,  -O2 -g 
FAIL: ./select5-out.go compilation,  -O2 -g 
FAIL: ./tmp.go compilation,  -O2 -g 
WARNING: program timed out.
WARNING: program timed out.
WARNING: program timed out.

		=== go Summary for unix/-m64 ===

# of expected passes		2981
# of unexpected failures	3
# of expected failures		23
# of untested testcases		3

		=== go Summary ===

# of expected passes		5962
# of unexpected failures	6
# of expected failures		46
# of untested testcases		6
/var/gcc/regression/trunk/11-gcc-gas/build/gcc/testsuite/go/../../gccgo  version 4.7.0 20110408 (experimental) [trunk revision 172183] (GCC) 

		=== objc tests ===


Running target unix

		=== objc Summary for unix ===

# of expected passes		2914
# of expected failures		10
# of unsupported tests		74

Running target unix/-m64

		=== objc Summary for unix/-m64 ===

# of expected passes		2914
# of expected failures		10
# of unsupported tests		74

		=== objc Summary ===

# of expected passes		5828
# of expected failures		20
# of unsupported tests		148
/var/gcc/regression/trunk/11-gcc-gas/build/gcc/xgcc  version 4.7.0 20110408 (experimental) [trunk revision 172183] (GCC) 

		=== boehm-gc tests ===


Running target unix

		=== boehm-gc Summary for unix ===

# of expected passes		12
# of unsupported tests		1

Running target unix/-m64

		=== boehm-gc Summary for unix/-m64 ===

# of expected passes		12
# of unsupported tests		1

		=== boehm-gc Summary ===

# of expected passes		24
# of unsupported tests		2
		=== libffi tests ===


Running target unix

		=== libffi Summary for unix ===

# of expected passes		1634
# of expected failures		10
# of unsupported tests		15

Running target unix/-m64

		=== libffi Summary for unix/-m64 ===

# of expected passes		1634
# of expected failures		10
# of unsupported tests		15

		=== libffi Summary ===

# of expected passes		3268
# of expected failures		20
# of unsupported tests		30
		=== libgo tests ===


Running target unix
FAIL: big
FAIL: flag
FAIL: fmt
FAIL: gob
FAIL: json
FAIL: os
FAIL: regexp
FAIL: rpc
FAIL: sync
FAIL: template
FAIL: time
FAIL: try
FAIL: archive/zip
FAIL: http/cgi
FAIL: testing/quick
# of expected passes		102
# of unexpected failures	15
# of untested testcases		2
/var/gcc/regression/trunk/11-gcc-gas/build/./gcc/gccgo version 4.7.0 20110408 (experimental) [trunk revision 172183] (GCC)

		=== libgomp tests ===


Running target unix
FAIL: libgomp.graphite/force-parallel-1.c execution test

		=== libgomp Summary for unix ===

# of expected passes		2569
# of unexpected failures	1
# of unsupported tests		9

Running target unix/-m64
FAIL: libgomp.graphite/force-parallel-1.c execution test

		=== libgomp Summary for unix/-m64 ===

# of expected passes		2569
# of unexpected failures	1
# of unsupported tests		9

		=== libgomp Summary ===

# of expected passes		5138
# of unexpected failures	2
# of unsupported tests		18
		=== libjava tests ===


Running target unix

		=== libjava Summary for unix ===

# of expected passes		2574

Running target unix/-m64

		=== libjava Summary for unix/-m64 ===

# of expected passes		2574

		=== libjava Summary ===

# of expected passes		5148
		=== libstdc++ tests ===


Running target unix

		=== libstdc++ Summary for unix ===

# of expected passes		7385
# of expected failures		81
# of unsupported tests		461

Running target unix/-m64

		=== libstdc++ Summary for unix/-m64 ===

# of expected passes		7385
# of expected failures		81
# of unsupported tests		461

		=== libstdc++ Summary ===

# of expected passes		14770
# of expected failures		162
# of unsupported tests		922

Compiler version: 4.7.0 20110408 (experimental) [trunk revision 172183] (GCC) 
Platform: sparc-sun-solaris2.11
configure flags: --prefix=/vol/gcc --target=sparc-sun-solaris2.11 --with-host-libstdcxx='-Wl,-Bstatic -lstdc++ -Wl,-Bdynamic -lm' --with-boot-ldflags='-static-libstdc++ -static-libgcc -L/vol/gcc-4.4/lib' --with-as=/vol/gcc/bin/gas-2.21 --with-gnu-as --with-gmp=/vol/gcc --with-mpfr=/vol/gcc --with-mpc=/vol/gcc --enable-languages=all,ada,go --with-ppl=/vol/gcc --with-cloog=/vol/gcc --enable-cloog-backend=ppl
BOOT_CFLAGS=-g -O2


Index Nav: [Date Index] [Subject Index] [Author Index] [Thread Index]
Message Nav: [Date Prev] [Date Next] [Thread Prev] [Thread Next]