This is the mail archive of the gcc-testresults@gcc.gnu.org mailing list for the GCC project.


Index Nav: [Date Index] [Subject Index] [Author Index] [Thread Index]
Message Nav: [Date Prev] [Date Next] [Thread Prev] [Thread Next]
Other format: [Raw text]

Results for 4.7.0 20110408 (experimental) [trunk revision 172183] (GCC) testsuite on i386-pc-solaris2.9


LAST_UPDATED: Fri Apr  8 14:08:46 UTC 2011 (revision 172183)

		=== acats tests ===

		=== acats Summary ===
# of expected passes		2321
# of unexpected failures	0
Native configuration is i386-pc-solaris2.9

		=== g++ tests ===


Running target unix

		=== g++ Summary ===

# of expected passes		26727
# of expected failures		165
# of unsupported tests		192
/var/gcc/regression/trunk/9-gcc-gas/build/gcc/testsuite/g++/../../g++  version 4.7.0 20110408 (experimental) [trunk revision 172183] (GCC) 

		=== gcc tests ===


Running target unix
FAIL: gcc.dg/vect/pr38529.c scan-tree-dump-times vect "OUTER LOOP VECTORIZED" 1

		=== gcc Summary ===

# of expected passes		75758
# of unexpected failures	1
# of expected failures		187
# of unsupported tests		848
/var/gcc/regression/trunk/9-gcc-gas/build/gcc/xgcc  version 4.7.0 20110408 (experimental) [trunk revision 172183] (GCC) 

		=== gfortran tests ===


Running target unix
FAIL: gfortran.dg/cray_pointers_8.f90  -O2  execution test
FAIL: gfortran.dg/cray_pointers_8.f90  -O3 -fomit-frame-pointer  execution test
FAIL: gfortran.dg/cray_pointers_8.f90  -O3 -fomit-frame-pointer -funroll-loops  execution test
FAIL: gfortran.dg/cray_pointers_8.f90  -O3 -fomit-frame-pointer -funroll-all-loops -finline-functions  execution test
FAIL: gfortran.dg/cray_pointers_8.f90  -O3 -g  execution test
FAIL: gfortran.dg/cray_pointers_8.f90  -Os  execution test
FAIL: gfortran.dg/graphite/vect-pr40979.f90  -O  scan-tree-dump-times vect "vectorized 1 loops" 1

		=== gfortran Summary ===

# of expected passes		38150
# of unexpected failures	7
# of expected failures		53
# of unsupported tests		372
/var/gcc/regression/trunk/9-gcc-gas/build/gcc/testsuite/gfortran/../../gfortran  version 4.7.0 20110408 (experimental) [trunk revision 172183] (GCC) 

		=== gnat tests ===


Running target unix

		=== gnat Summary ===

# of expected passes		882
# of expected failures		11
# of unsupported tests		4
/var/gcc/regression/trunk/9-gcc-gas/build/gcc/gnatmake version 4.7.0 20110408 (experimental) [trunk revision 172183]

		=== go tests ===


Running target unix

		=== go Summary ===

# of expected passes		2987
# of expected failures		23
/var/gcc/regression/trunk/9-gcc-gas/build/gcc/testsuite/go/../../gccgo  version 4.7.0 20110408 (experimental) [trunk revision 172183] (GCC) 

		=== objc tests ===


Running target unix

		=== objc Summary ===

# of expected passes		2870
# of expected failures		6
# of unsupported tests		98
/var/gcc/regression/trunk/9-gcc-gas/build/gcc/xgcc  version 4.7.0 20110408 (experimental) [trunk revision 172183] (GCC) 

		=== boehm-gc tests ===


Running target unix

		=== boehm-gc Summary ===

# of expected passes		12
# of unsupported tests		1
		=== libffi tests ===


Running target unix

		=== libffi Summary ===

# of expected passes		1634
# of expected failures		10
# of unsupported tests		15
		=== libgo tests ===


Running target unix
FAIL: exec
FAIL: fmt
FAIL: os
FAIL: crypto/rand
FAIL: http/cgi
# of expected passes		112
# of unexpected failures	5
# of untested testcases		2
		=== libgomp tests ===


Running target unix
FAIL: libgomp.graphite/force-parallel-1.c execution test

		=== libgomp Summary ===

# of expected passes		2583
# of unexpected failures	1
# of unsupported tests		2
		=== libjava tests ===


Running target unix
FAIL: Divide_1 output - source compiled test
FAIL: Divide_1 -findirect-dispatch output - source compiled test
FAIL: Divide_1 -O3 output - source compiled test
FAIL: Divide_1 -O3 -findirect-dispatch output - source compiled test

		=== libjava Summary ===

# of expected passes		2570
# of unexpected failures	4
		=== libstdc++ tests ===


Running target unix

		=== libstdc++ Summary ===

# of expected passes		6858
# of expected failures		85
# of unsupported tests		744

Compiler version: 4.7.0 20110408 (experimental) [trunk revision 172183] (GCC) 
Platform: i386-pc-solaris2.9
configure flags: --prefix=/vol/gcc --target=i386-pc-solaris2.9 --with-host-libstdcxx='-Wl,-Bstatic -lstdc++ -Wl,-Bdynamic -lm' --with-boot-ldflags='-static-libstdc++ -static-libgcc -L/vol/gcc-4.4/lib' --with-as=/vol/gcc/bin/gas-2.21 --with-gnu-as --with-gmp=/vol/gcc --with-mpfr=/vol/gcc --with-mpc=/vol/gcc --enable-languages=all,ada,go --with-ppl=/vol/gcc --with-cloog=/vol/gcc --enable-cloog-backend=ppl
BOOT_CFLAGS=-g -O2


Index Nav: [Date Index] [Subject Index] [Author Index] [Thread Index]
Message Nav: [Date Prev] [Date Next] [Thread Prev] [Thread Next]