This is the mail archive of the gcc-testresults@gcc.gnu.org mailing list for the GCC project.


Index Nav: [Date Index] [Subject Index] [Author Index] [Thread Index]
Message Nav: [Date Prev] [Date Next] [Thread Prev] [Thread Next]
Other format: [Raw text]

Results for 4.6.1 20110329 (prerelease) (Debian 4.6.0-2) testsuite on sh4-unknown-linux-gnu


Results for 4.6.1 20110329 (prerelease) (Debian 4.6.0-2) testsuite on sh4-unknown-linux-gnu
LAST_UPDATED: Tue Mar 29 21:10:40 UTC 2011 (revision 171700)

Target: sh4-linux-gnu
gcc version 4.6.1 20110329 (prerelease) (Debian 4.6.0-2) 
Native configuration is sh4-unknown-linux-gnu

		=== g++ tests ===


Running target unix
FAIL: g++.dg/debug/dwarf2/icf.C scan-assembler \\\\.section.*.debug_dcall
FAIL: g++.dg/debug/dwarf2/icf.C scan-assembler New caller
FAIL: g++.dg/debug/dwarf2/icf.C scan-assembler Caller DIE offset
FAIL: g++.dg/debug/dwarf2/icf.C scan-assembler Callee DIE offset
FAIL: g++.dg/ext/cleanup-10.C execution test
FAIL: g++.dg/ext/cleanup-11.C execution test
FAIL: g++.dg/ext/cleanup-8.C execution test
FAIL: g++.dg/ext/cleanup-9.C execution test
FAIL: g++.dg/pr45056.C (test for excess errors)
UNRESOLVED: attribute_plugin.c compilation, -I. -I/build/buildd-gcc-4.6_4.6.0-2-sh4-CLg7KT/gcc-4.6-4.6.0/src/gcc/testsuite -I/build/buildd-gcc-4.6_4.6.0-2-sh4-CLg7KT/gcc-4.6-4.6.0/src/gcc/testsuite/../../gcc -I/build/buildd-gcc-4.6_4.6.0-2-sh4-CLg7KT/gcc-4.6-4.6.0/build/gcc/testsuite/g++/../../../gcc  -I/build/buildd-gcc-4.6_4.6.0-2-sh4-CLg7KT/gcc-4.6-4.6.0/src/gcc/testsuite/../../include -I/build/buildd-gcc-4.6_4.6.0-2-sh4-CLg7KT/gcc-4.6-4.6.0/src/gcc/testsuite/../../libcpp/include   -I/build/buildd-gcc-4.6_4.6.0-2-sh4-CLg7KT/gcc-4.6-4.6.0/build/gcc/testsuite/g++/../../../intl  -DIN_GCC -fPIC -shared
UNRESOLVED: pragma_plugin.c compilation, -I. -I/build/buildd-gcc-4.6_4.6.0-2-sh4-CLg7KT/gcc-4.6-4.6.0/src/gcc/testsuite -I/build/buildd-gcc-4.6_4.6.0-2-sh4-CLg7KT/gcc-4.6-4.6.0/src/gcc/testsuite/../../gcc -I/build/buildd-gcc-4.6_4.6.0-2-sh4-CLg7KT/gcc-4.6-4.6.0/build/gcc/testsuite/g++/../../../gcc  -I/build/buildd-gcc-4.6_4.6.0-2-sh4-CLg7KT/gcc-4.6-4.6.0/src/gcc/testsuite/../../include -I/build/buildd-gcc-4.6_4.6.0-2-sh4-CLg7KT/gcc-4.6-4.6.0/src/gcc/testsuite/../../libcpp/include   -I/build/buildd-gcc-4.6_4.6.0-2-sh4-CLg7KT/gcc-4.6-4.6.0/build/gcc/testsuite/g++/../../../intl  -DIN_GCC -fPIC -shared
UNRESOLVED: selfassign.c compilation, -I. -I/build/buildd-gcc-4.6_4.6.0-2-sh4-CLg7KT/gcc-4.6-4.6.0/src/gcc/testsuite -I/build/buildd-gcc-4.6_4.6.0-2-sh4-CLg7KT/gcc-4.6-4.6.0/src/gcc/testsuite/../../gcc -I/build/buildd-gcc-4.6_4.6.0-2-sh4-CLg7KT/gcc-4.6-4.6.0/build/gcc/testsuite/g++/../../../gcc  -I/build/buildd-gcc-4.6_4.6.0-2-sh4-CLg7KT/gcc-4.6-4.6.0/src/gcc/testsuite/../../include -I/build/buildd-gcc-4.6_4.6.0-2-sh4-CLg7KT/gcc-4.6-4.6.0/src/gcc/testsuite/../../libcpp/include   -I/build/buildd-gcc-4.6_4.6.0-2-sh4-CLg7KT/gcc-4.6-4.6.0/build/gcc/testsuite/g++/../../../intl -O -DIN_GCC -fPIC -shared
UNRESOLVED: dumb_plugin.c compilation, -I. -I/build/buildd-gcc-4.6_4.6.0-2-sh4-CLg7KT/gcc-4.6-4.6.0/src/gcc/testsuite -I/build/buildd-gcc-4.6_4.6.0-2-sh4-CLg7KT/gcc-4.6-4.6.0/src/gcc/testsuite/../../gcc -I/build/buildd-gcc-4.6_4.6.0-2-sh4-CLg7KT/gcc-4.6-4.6.0/build/gcc/testsuite/g++/../../../gcc  -I/build/buildd-gcc-4.6_4.6.0-2-sh4-CLg7KT/gcc-4.6-4.6.0/src/gcc/testsuite/../../include -I/build/buildd-gcc-4.6_4.6.0-2-sh4-CLg7KT/gcc-4.6-4.6.0/src/gcc/testsuite/../../libcpp/include   -I/build/buildd-gcc-4.6_4.6.0-2-sh4-CLg7KT/gcc-4.6-4.6.0/build/gcc/testsuite/g++/../../../intl  -DIN_GCC -fPIC -shared
UNRESOLVED: header_plugin.c compilation, -I. -I/build/buildd-gcc-4.6_4.6.0-2-sh4-CLg7KT/gcc-4.6-4.6.0/src/gcc/testsuite -I/build/buildd-gcc-4.6_4.6.0-2-sh4-CLg7KT/gcc-4.6-4.6.0/src/gcc/testsuite/../../gcc -I/build/buildd-gcc-4.6_4.6.0-2-sh4-CLg7KT/gcc-4.6-4.6.0/build/gcc/testsuite/g++/../../../gcc  -I/build/buildd-gcc-4.6_4.6.0-2-sh4-CLg7KT/gcc-4.6-4.6.0/src/gcc/testsuite/../../include -I/build/buildd-gcc-4.6_4.6.0-2-sh4-CLg7KT/gcc-4.6-4.6.0/src/gcc/testsuite/../../libcpp/include   -I/build/buildd-gcc-4.6_4.6.0-2-sh4-CLg7KT/gcc-4.6-4.6.0/build/gcc/testsuite/g++/../../../intl  -DIN_GCC -fPIC -shared

		=== g++ Summary for unix ===

# of expected passes		26111
# of unexpected failures	9
# of expected failures		161
# of unresolved testcases	5
# of unsupported tests		404

Running target unix/-fstack-protector
FAIL: g++.dg/debug/dwarf2/icf.C scan-assembler \\\\.section.*.debug_dcall
FAIL: g++.dg/debug/dwarf2/icf.C scan-assembler New caller
FAIL: g++.dg/debug/dwarf2/icf.C scan-assembler Caller DIE offset
FAIL: g++.dg/debug/dwarf2/icf.C scan-assembler Callee DIE offset
FAIL: g++.dg/ext/cleanup-10.C execution test
FAIL: g++.dg/ext/cleanup-11.C execution test
FAIL: g++.dg/ext/cleanup-8.C execution test
FAIL: g++.dg/ext/cleanup-9.C execution test
FAIL: g++.dg/pr45056.C (test for excess errors)
UNRESOLVED: attribute_plugin.c compilation, -I. -I/build/buildd-gcc-4.6_4.6.0-2-sh4-CLg7KT/gcc-4.6-4.6.0/src/gcc/testsuite -I/build/buildd-gcc-4.6_4.6.0-2-sh4-CLg7KT/gcc-4.6-4.6.0/src/gcc/testsuite/../../gcc -I/build/buildd-gcc-4.6_4.6.0-2-sh4-CLg7KT/gcc-4.6-4.6.0/build/gcc/testsuite/g++/../../../gcc  -I/build/buildd-gcc-4.6_4.6.0-2-sh4-CLg7KT/gcc-4.6-4.6.0/src/gcc/testsuite/../../include -I/build/buildd-gcc-4.6_4.6.0-2-sh4-CLg7KT/gcc-4.6-4.6.0/src/gcc/testsuite/../../libcpp/include   -I/build/buildd-gcc-4.6_4.6.0-2-sh4-CLg7KT/gcc-4.6-4.6.0/build/gcc/testsuite/g++/../../../intl  -DIN_GCC -fPIC -shared
UNRESOLVED: pragma_plugin.c compilation, -I. -I/build/buildd-gcc-4.6_4.6.0-2-sh4-CLg7KT/gcc-4.6-4.6.0/src/gcc/testsuite -I/build/buildd-gcc-4.6_4.6.0-2-sh4-CLg7KT/gcc-4.6-4.6.0/src/gcc/testsuite/../../gcc -I/build/buildd-gcc-4.6_4.6.0-2-sh4-CLg7KT/gcc-4.6-4.6.0/build/gcc/testsuite/g++/../../../gcc  -I/build/buildd-gcc-4.6_4.6.0-2-sh4-CLg7KT/gcc-4.6-4.6.0/src/gcc/testsuite/../../include -I/build/buildd-gcc-4.6_4.6.0-2-sh4-CLg7KT/gcc-4.6-4.6.0/src/gcc/testsuite/../../libcpp/include   -I/build/buildd-gcc-4.6_4.6.0-2-sh4-CLg7KT/gcc-4.6-4.6.0/build/gcc/testsuite/g++/../../../intl  -DIN_GCC -fPIC -shared
UNRESOLVED: selfassign.c compilation, -I. -I/build/buildd-gcc-4.6_4.6.0-2-sh4-CLg7KT/gcc-4.6-4.6.0/src/gcc/testsuite -I/build/buildd-gcc-4.6_4.6.0-2-sh4-CLg7KT/gcc-4.6-4.6.0/src/gcc/testsuite/../../gcc -I/build/buildd-gcc-4.6_4.6.0-2-sh4-CLg7KT/gcc-4.6-4.6.0/build/gcc/testsuite/g++/../../../gcc  -I/build/buildd-gcc-4.6_4.6.0-2-sh4-CLg7KT/gcc-4.6-4.6.0/src/gcc/testsuite/../../include -I/build/buildd-gcc-4.6_4.6.0-2-sh4-CLg7KT/gcc-4.6-4.6.0/src/gcc/testsuite/../../libcpp/include   -I/build/buildd-gcc-4.6_4.6.0-2-sh4-CLg7KT/gcc-4.6-4.6.0/build/gcc/testsuite/g++/../../../intl -O -DIN_GCC -fPIC -shared
UNRESOLVED: dumb_plugin.c compilation, -I. -I/build/buildd-gcc-4.6_4.6.0-2-sh4-CLg7KT/gcc-4.6-4.6.0/src/gcc/testsuite -I/build/buildd-gcc-4.6_4.6.0-2-sh4-CLg7KT/gcc-4.6-4.6.0/src/gcc/testsuite/../../gcc -I/build/buildd-gcc-4.6_4.6.0-2-sh4-CLg7KT/gcc-4.6-4.6.0/build/gcc/testsuite/g++/../../../gcc  -I/build/buildd-gcc-4.6_4.6.0-2-sh4-CLg7KT/gcc-4.6-4.6.0/src/gcc/testsuite/../../include -I/build/buildd-gcc-4.6_4.6.0-2-sh4-CLg7KT/gcc-4.6-4.6.0/src/gcc/testsuite/../../libcpp/include   -I/build/buildd-gcc-4.6_4.6.0-2-sh4-CLg7KT/gcc-4.6-4.6.0/build/gcc/testsuite/g++/../../../intl  -DIN_GCC -fPIC -shared
UNRESOLVED: header_plugin.c compilation, -I. -I/build/buildd-gcc-4.6_4.6.0-2-sh4-CLg7KT/gcc-4.6-4.6.0/src/gcc/testsuite -I/build/buildd-gcc-4.6_4.6.0-2-sh4-CLg7KT/gcc-4.6-4.6.0/src/gcc/testsuite/../../gcc -I/build/buildd-gcc-4.6_4.6.0-2-sh4-CLg7KT/gcc-4.6-4.6.0/build/gcc/testsuite/g++/../../../gcc  -I/build/buildd-gcc-4.6_4.6.0-2-sh4-CLg7KT/gcc-4.6-4.6.0/src/gcc/testsuite/../../include -I/build/buildd-gcc-4.6_4.6.0-2-sh4-CLg7KT/gcc-4.6-4.6.0/src/gcc/testsuite/../../libcpp/include   -I/build/buildd-gcc-4.6_4.6.0-2-sh4-CLg7KT/gcc-4.6-4.6.0/build/gcc/testsuite/g++/../../../intl  -DIN_GCC -fPIC -shared
FAIL: g++.dg/torture/stackalign/eh-inline-2.C  -O1  (test for excess errors)
UNRESOLVED: g++.dg/torture/stackalign/eh-inline-2.C  -O1  compilation failed to produce executable

		=== g++ Summary for unix/-fstack-protector ===

# of expected passes		26109
# of unexpected failures	10
# of expected failures		161
# of unresolved testcases	6
# of unsupported tests		404

		=== g++ Summary ===

# of expected passes		52220
# of unexpected failures	19
# of expected failures		322
# of unresolved testcases	11
# of unsupported tests		808
/build/buildd-gcc-4.6_4.6.0-2-sh4-CLg7KT/gcc-4.6-4.6.0/build/gcc/testsuite/g++/../../g++  version 4.6.1 20110329 (prerelease) (Debian 4.6.0-2) 

		=== gcc tests ===


Running target unix
FAIL: gcc.dg/cleanup-10.c execution test
FAIL: gcc.dg/cleanup-11.c execution test
FAIL: gcc.dg/cleanup-8.c execution test
FAIL: gcc.dg/cleanup-9.c execution test
FAIL: gcc.dg/cproj-fails-with-broken-glibc.c execution test
WARNING: program timed out.
FAIL: gcc.dg/pr48141.c (test for excess errors)
WARNING: program timed out.
FAIL: gcc.dg/graphite/interchange-8.c (test for excess errors)
UNRESOLVED: gcc.dg/graphite/interchange-8.c compilation failed to produce executable
WARNING: program timed out.
FAIL: gcc.dg/graphite/block-3.c (test for excess errors)
UNRESOLVED: gcc.dg/graphite/block-3.c compilation failed to produce executable
FAIL: gcc.dg/graphite/block-3.c scan-tree-dump-times graphite "will be loop blocked" 1
WARNING: program timed out.
FAIL: gcc.dg/graphite/block-4.c (test for excess errors)
UNRESOLVED: gcc.dg/graphite/block-4.c compilation failed to produce executable
WARNING: program timed out.
FAIL: gcc.dg/graphite/block-7.c (test for excess errors)
UNRESOLVED: gcc.dg/graphite/block-7.c compilation failed to produce executable
FAIL: gcc.dg/graphite/block-7.c scan-tree-dump-times graphite "will be loop blocked" 1
WARNING: program timed out.
FAIL: gcc.dg/graphite/block-8.c (test for excess errors)
UNRESOLVED: gcc.dg/graphite/block-8.c compilation failed to produce executable
FAIL: gcc.dg/graphite/block-8.c scan-tree-dump-times graphite "will be loop blocked" 1
UNRESOLVED: selfassign.c compilation, -I. -I/build/buildd-gcc-4.6_4.6.0-2-sh4-CLg7KT/gcc-4.6-4.6.0/src/gcc/testsuite -I/build/buildd-gcc-4.6_4.6.0-2-sh4-CLg7KT/gcc-4.6-4.6.0/src/gcc/testsuite/../../gcc -I/build/buildd-gcc-4.6_4.6.0-2-sh4-CLg7KT/gcc-4.6-4.6.0/build/gcc/testsuite/gcc/../../../gcc  -I/build/buildd-gcc-4.6_4.6.0-2-sh4-CLg7KT/gcc-4.6-4.6.0/src/gcc/testsuite/../../include -I/build/buildd-gcc-4.6_4.6.0-2-sh4-CLg7KT/gcc-4.6-4.6.0/src/gcc/testsuite/../../libcpp/include   -I/build/buildd-gcc-4.6_4.6.0-2-sh4-CLg7KT/gcc-4.6-4.6.0/build/gcc/testsuite/gcc/../../../intl -O -DIN_GCC -fPIC -shared
UNRESOLVED: ggcplug.c compilation, -I. -I/build/buildd-gcc-4.6_4.6.0-2-sh4-CLg7KT/gcc-4.6-4.6.0/src/gcc/testsuite -I/build/buildd-gcc-4.6_4.6.0-2-sh4-CLg7KT/gcc-4.6-4.6.0/src/gcc/testsuite/../../gcc -I/build/buildd-gcc-4.6_4.6.0-2-sh4-CLg7KT/gcc-4.6-4.6.0/build/gcc/testsuite/gcc/../../../gcc  -I/build/buildd-gcc-4.6_4.6.0-2-sh4-CLg7KT/gcc-4.6-4.6.0/src/gcc/testsuite/../../include -I/build/buildd-gcc-4.6_4.6.0-2-sh4-CLg7KT/gcc-4.6-4.6.0/src/gcc/testsuite/../../libcpp/include   -I/build/buildd-gcc-4.6_4.6.0-2-sh4-CLg7KT/gcc-4.6-4.6.0/build/gcc/testsuite/gcc/../../../intl -O -DIN_GCC -fPIC -shared
UNRESOLVED: one_time_plugin.c compilation, -I. -I/build/buildd-gcc-4.6_4.6.0-2-sh4-CLg7KT/gcc-4.6-4.6.0/src/gcc/testsuite -I/build/buildd-gcc-4.6_4.6.0-2-sh4-CLg7KT/gcc-4.6-4.6.0/src/gcc/testsuite/../../gcc -I/build/buildd-gcc-4.6_4.6.0-2-sh4-CLg7KT/gcc-4.6-4.6.0/build/gcc/testsuite/gcc/../../../gcc  -I/build/buildd-gcc-4.6_4.6.0-2-sh4-CLg7KT/gcc-4.6-4.6.0/src/gcc/testsuite/../../include -I/build/buildd-gcc-4.6_4.6.0-2-sh4-CLg7KT/gcc-4.6-4.6.0/src/gcc/testsuite/../../libcpp/include   -I/build/buildd-gcc-4.6_4.6.0-2-sh4-CLg7KT/gcc-4.6-4.6.0/build/gcc/testsuite/gcc/../../../intl  -DIN_GCC -fPIC -shared
UNRESOLVED: start_unit_plugin.c compilation, -I. -I/build/buildd-gcc-4.6_4.6.0-2-sh4-CLg7KT/gcc-4.6-4.6.0/src/gcc/testsuite -I/build/buildd-gcc-4.6_4.6.0-2-sh4-CLg7KT/gcc-4.6-4.6.0/src/gcc/testsuite/../../gcc -I/build/buildd-gcc-4.6_4.6.0-2-sh4-CLg7KT/gcc-4.6-4.6.0/build/gcc/testsuite/gcc/../../../gcc  -I/build/buildd-gcc-4.6_4.6.0-2-sh4-CLg7KT/gcc-4.6-4.6.0/src/gcc/testsuite/../../include -I/build/buildd-gcc-4.6_4.6.0-2-sh4-CLg7KT/gcc-4.6-4.6.0/src/gcc/testsuite/../../libcpp/include   -I/build/buildd-gcc-4.6_4.6.0-2-sh4-CLg7KT/gcc-4.6-4.6.0/build/gcc/testsuite/gcc/../../../intl  -DIN_GCC -fPIC -shared
UNRESOLVED: finish_unit_plugin.c compilation, -I. -I/build/buildd-gcc-4.6_4.6.0-2-sh4-CLg7KT/gcc-4.6-4.6.0/src/gcc/testsuite -I/build/buildd-gcc-4.6_4.6.0-2-sh4-CLg7KT/gcc-4.6-4.6.0/src/gcc/testsuite/../../gcc -I/build/buildd-gcc-4.6_4.6.0-2-sh4-CLg7KT/gcc-4.6-4.6.0/build/gcc/testsuite/gcc/../../../gcc  -I/build/buildd-gcc-4.6_4.6.0-2-sh4-CLg7KT/gcc-4.6-4.6.0/src/gcc/testsuite/../../include -I/build/buildd-gcc-4.6_4.6.0-2-sh4-CLg7KT/gcc-4.6-4.6.0/src/gcc/testsuite/../../libcpp/include   -I/build/buildd-gcc-4.6_4.6.0-2-sh4-CLg7KT/gcc-4.6-4.6.0/build/gcc/testsuite/gcc/../../../intl  -DIN_GCC -fPIC -shared
XPASS: gcc.dg/tree-ssa/20040204-1.c scan-tree-dump-times optimized "link_error" 0

		=== gcc Summary for unix ===

# of expected passes		68656
# of unexpected failures	14
# of unexpected successes	1
# of expected failures		136
# of unresolved testcases	10
# of unsupported tests		988

Running target unix/-fstack-protector
WARNING: program timed out.
FAIL: gcc.dg/c99-intconst-1.c (test for excess errors)
FAIL: gcc.dg/cleanup-10.c execution test
FAIL: gcc.dg/cleanup-11.c execution test
FAIL: gcc.dg/cleanup-8.c execution test
FAIL: gcc.dg/cleanup-9.c execution test
FAIL: gcc.dg/cproj-fails-with-broken-glibc.c execution test
WARNING: program timed out.
FAIL: gcc.dg/pr48141.c (test for excess errors)
WARNING: program timed out.
FAIL: gcc.dg/graphite/interchange-8.c (test for excess errors)
UNRESOLVED: gcc.dg/graphite/interchange-8.c compilation failed to produce executable
WARNING: program timed out.
FAIL: gcc.dg/graphite/block-3.c (test for excess errors)
UNRESOLVED: gcc.dg/graphite/block-3.c compilation failed to produce executable
FAIL: gcc.dg/graphite/block-3.c scan-tree-dump-times graphite "will be loop blocked" 1
WARNING: program timed out.
FAIL: gcc.dg/graphite/block-4.c (test for excess errors)
UNRESOLVED: gcc.dg/graphite/block-4.c compilation failed to produce executable
WARNING: program timed out.
FAIL: gcc.dg/graphite/block-7.c (test for excess errors)
UNRESOLVED: gcc.dg/graphite/block-7.c compilation failed to produce executable
FAIL: gcc.dg/graphite/block-7.c scan-tree-dump-times graphite "will be loop blocked" 1
WARNING: program timed out.
FAIL: gcc.dg/graphite/block-8.c (test for excess errors)
UNRESOLVED: gcc.dg/graphite/block-8.c compilation failed to produce executable
FAIL: gcc.dg/graphite/block-8.c scan-tree-dump-times graphite "will be loop blocked" 1
UNRESOLVED: selfassign.c compilation, -I. -I/build/buildd-gcc-4.6_4.6.0-2-sh4-CLg7KT/gcc-4.6-4.6.0/src/gcc/testsuite -I/build/buildd-gcc-4.6_4.6.0-2-sh4-CLg7KT/gcc-4.6-4.6.0/src/gcc/testsuite/../../gcc -I/build/buildd-gcc-4.6_4.6.0-2-sh4-CLg7KT/gcc-4.6-4.6.0/build/gcc/testsuite/gcc/../../../gcc  -I/build/buildd-gcc-4.6_4.6.0-2-sh4-CLg7KT/gcc-4.6-4.6.0/src/gcc/testsuite/../../include -I/build/buildd-gcc-4.6_4.6.0-2-sh4-CLg7KT/gcc-4.6-4.6.0/src/gcc/testsuite/../../libcpp/include   -I/build/buildd-gcc-4.6_4.6.0-2-sh4-CLg7KT/gcc-4.6-4.6.0/build/gcc/testsuite/gcc/../../../intl -O -DIN_GCC -fPIC -shared
UNRESOLVED: ggcplug.c compilation, -I. -I/build/buildd-gcc-4.6_4.6.0-2-sh4-CLg7KT/gcc-4.6-4.6.0/src/gcc/testsuite -I/build/buildd-gcc-4.6_4.6.0-2-sh4-CLg7KT/gcc-4.6-4.6.0/src/gcc/testsuite/../../gcc -I/build/buildd-gcc-4.6_4.6.0-2-sh4-CLg7KT/gcc-4.6-4.6.0/build/gcc/testsuite/gcc/../../../gcc  -I/build/buildd-gcc-4.6_4.6.0-2-sh4-CLg7KT/gcc-4.6-4.6.0/src/gcc/testsuite/../../include -I/build/buildd-gcc-4.6_4.6.0-2-sh4-CLg7KT/gcc-4.6-4.6.0/src/gcc/testsuite/../../libcpp/include   -I/build/buildd-gcc-4.6_4.6.0-2-sh4-CLg7KT/gcc-4.6-4.6.0/build/gcc/testsuite/gcc/../../../intl -O -DIN_GCC -fPIC -shared
UNRESOLVED: one_time_plugin.c compilation, -I. -I/build/buildd-gcc-4.6_4.6.0-2-sh4-CLg7KT/gcc-4.6-4.6.0/src/gcc/testsuite -I/build/buildd-gcc-4.6_4.6.0-2-sh4-CLg7KT/gcc-4.6-4.6.0/src/gcc/testsuite/../../gcc -I/build/buildd-gcc-4.6_4.6.0-2-sh4-CLg7KT/gcc-4.6-4.6.0/build/gcc/testsuite/gcc/../../../gcc  -I/build/buildd-gcc-4.6_4.6.0-2-sh4-CLg7KT/gcc-4.6-4.6.0/src/gcc/testsuite/../../include -I/build/buildd-gcc-4.6_4.6.0-2-sh4-CLg7KT/gcc-4.6-4.6.0/src/gcc/testsuite/../../libcpp/include   -I/build/buildd-gcc-4.6_4.6.0-2-sh4-CLg7KT/gcc-4.6-4.6.0/build/gcc/testsuite/gcc/../../../intl  -DIN_GCC -fPIC -shared
UNRESOLVED: start_unit_plugin.c compilation, -I. -I/build/buildd-gcc-4.6_4.6.0-2-sh4-CLg7KT/gcc-4.6-4.6.0/src/gcc/testsuite -I/build/buildd-gcc-4.6_4.6.0-2-sh4-CLg7KT/gcc-4.6-4.6.0/src/gcc/testsuite/../../gcc -I/build/buildd-gcc-4.6_4.6.0-2-sh4-CLg7KT/gcc-4.6-4.6.0/build/gcc/testsuite/gcc/../../../gcc  -I/build/buildd-gcc-4.6_4.6.0-2-sh4-CLg7KT/gcc-4.6-4.6.0/src/gcc/testsuite/../../include -I/build/buildd-gcc-4.6_4.6.0-2-sh4-CLg7KT/gcc-4.6-4.6.0/src/gcc/testsuite/../../libcpp/include   -I/build/buildd-gcc-4.6_4.6.0-2-sh4-CLg7KT/gcc-4.6-4.6.0/build/gcc/testsuite/gcc/../../../intl  -DIN_GCC -fPIC -shared
UNRESOLVED: finish_unit_plugin.c compilation, -I. -I/build/buildd-gcc-4.6_4.6.0-2-sh4-CLg7KT/gcc-4.6-4.6.0/src/gcc/testsuite -I/build/buildd-gcc-4.6_4.6.0-2-sh4-CLg7KT/gcc-4.6-4.6.0/src/gcc/testsuite/../../gcc -I/build/buildd-gcc-4.6_4.6.0-2-sh4-CLg7KT/gcc-4.6-4.6.0/build/gcc/testsuite/gcc/../../../gcc  -I/build/buildd-gcc-4.6_4.6.0-2-sh4-CLg7KT/gcc-4.6-4.6.0/src/gcc/testsuite/../../include -I/build/buildd-gcc-4.6_4.6.0-2-sh4-CLg7KT/gcc-4.6-4.6.0/src/gcc/testsuite/../../libcpp/include   -I/build/buildd-gcc-4.6_4.6.0-2-sh4-CLg7KT/gcc-4.6-4.6.0/build/gcc/testsuite/gcc/../../../intl  -DIN_GCC -fPIC -shared
FAIL: gcc.dg/torture/stackalign/builtin-return-1.c  -O1  (test for excess errors)
UNRESOLVED: gcc.dg/torture/stackalign/builtin-return-1.c  -O1  compilation failed to produce executable
FAIL: gcc.dg/torture/stackalign/inline-2.c  -O1  (test for excess errors)
UNRESOLVED: gcc.dg/torture/stackalign/inline-2.c  -O1  compilation failed to produce executable
XPASS: gcc.dg/tree-ssa/20040204-1.c scan-tree-dump-times optimized "link_error" 0

		=== gcc Summary for unix/-fstack-protector ===

# of expected passes		68651
# of unexpected failures	17
# of unexpected successes	1
# of expected failures		136
# of unresolved testcases	12
# of unsupported tests		988

		=== gcc Summary ===

# of expected passes		137307
# of unexpected failures	31
# of unexpected successes	2
# of expected failures		272
# of unresolved testcases	22
# of unsupported tests		1976
/build/buildd-gcc-4.6_4.6.0-2-sh4-CLg7KT/gcc-4.6-4.6.0/build/gcc/xgcc  version 4.6.1 20110329 (prerelease) (Debian 4.6.0-2) 

		=== gfortran tests ===


Running target unix
FAIL: gfortran.dg/pr45636.f90  -O  scan-tree-dump-times forwprop2 "memset" 0
WARNING: program timed out.
FAIL: gfortran.fortran-torture/execute/forall_7.f90 compilation,  -O3 -g 

		=== gfortran Summary for unix ===

# of expected passes		37428
# of unexpected failures	2
# of expected failures		53
# of untested testcases		1
# of unsupported tests		389

Running target unix/-fstack-protector
FAIL: gfortran.dg/pr45636.f90  -O  scan-tree-dump-times forwprop2 "memset" 0
WARNING: program timed out.
FAIL: gfortran.fortran-torture/execute/forall_7.f90 compilation,  -O3 -g 

		=== gfortran Summary for unix/-fstack-protector ===

# of expected passes		37428
# of unexpected failures	2
# of expected failures		53
# of untested testcases		1
# of unsupported tests		389

		=== gfortran Summary ===

# of expected passes		74856
# of unexpected failures	4
# of expected failures		106
# of untested testcases		2
# of unsupported tests		778
/build/buildd-gcc-4.6_4.6.0-2-sh4-CLg7KT/gcc-4.6-4.6.0/build/gcc/testsuite/gfortran/../../gfortran  version 4.6.1 20110329 (prerelease) (Debian 4.6.0-2) 

		=== obj-c++ tests ===


Running target unix

		=== obj-c++ Summary for unix ===

# of expected passes		1386
# of expected failures		2
# of unsupported tests		86

Running target unix/-fstack-protector

		=== obj-c++ Summary for unix/-fstack-protector ===

# of expected passes		1386
# of expected failures		2
# of unsupported tests		86

		=== obj-c++ Summary ===

# of expected passes		2772
# of expected failures		4
# of unsupported tests		172
/build/buildd-gcc-4.6_4.6.0-2-sh4-CLg7KT/gcc-4.6-4.6.0/build/gcc/testsuite/obj-c++/../../g++  version 4.6.1 20110329 (prerelease) (Debian 4.6.0-2) 

		=== objc tests ===


Running target unix

		=== objc Summary for unix ===

# of expected passes		2914
# of expected failures		10
# of unsupported tests		74

Running target unix/-fstack-protector

		=== objc Summary for unix/-fstack-protector ===

# of expected passes		2914
# of expected failures		10
# of unsupported tests		74

		=== objc Summary ===

# of expected passes		5828
# of expected failures		20
# of unsupported tests		148
/build/buildd-gcc-4.6_4.6.0-2-sh4-CLg7KT/gcc-4.6-4.6.0/build/gcc/xgcc  version 4.6.1 20110329 (prerelease) (Debian 4.6.0-2) 

		=== libgomp tests ===


Running target unix
FAIL: libgomp.c/lock-1.c execution test
FAIL: libgomp.c/lock-2.c execution test
FAIL: libgomp.c/pr24455.c (test for excess errors)
FAIL: libgomp.c++/pr24455.C  -O0  (test for excess errors)
FAIL: libgomp.c++/pr24455.C  -O1  (test for excess errors)
FAIL: libgomp.c++/pr24455.C  -O2  (test for excess errors)
FAIL: libgomp.c++/pr24455.C  -O3 -fomit-frame-pointer  (test for excess errors)
FAIL: libgomp.c++/pr24455.C  -O3 -fomit-frame-pointer -funroll-loops  (test for excess errors)
FAIL: libgomp.c++/pr24455.C  -O3 -fomit-frame-pointer -funroll-all-loops -finline-functions  (test for excess errors)
FAIL: libgomp.c++/pr24455.C  -O3 -g  (test for excess errors)
FAIL: libgomp.c++/pr24455.C  -Os  (test for excess errors)

		=== libgomp Summary for unix ===

# of expected passes		2563
# of unexpected failures	11
# of unsupported tests		7

Running target unix/-fstack-protector
FAIL: libgomp.c/lib-1.c execution test
FAIL: libgomp.c/lock-1.c execution test
FAIL: libgomp.c/lock-2.c execution test
FAIL: libgomp.c/pr24455.c (test for excess errors)
FAIL: libgomp.c++/pr24455.C  -O0  (test for excess errors)
FAIL: libgomp.c++/pr24455.C  -O1  (test for excess errors)
FAIL: libgomp.c++/pr24455.C  -O2  (test for excess errors)
FAIL: libgomp.c++/pr24455.C  -O3 -fomit-frame-pointer  (test for excess errors)
FAIL: libgomp.c++/pr24455.C  -O3 -fomit-frame-pointer -funroll-loops  (test for excess errors)
FAIL: libgomp.c++/pr24455.C  -O3 -fomit-frame-pointer -funroll-all-loops -finline-functions  (test for excess errors)
FAIL: libgomp.c++/pr24455.C  -O3 -g  (test for excess errors)
FAIL: libgomp.c++/pr24455.C  -Os  (test for excess errors)

		=== libgomp Summary for unix/-fstack-protector ===

# of expected passes		2562
# of unexpected failures	12
# of unsupported tests		7

		=== libgomp Summary ===

# of expected passes		5125
# of unexpected failures	23
# of unsupported tests		14
		=== libmudflap tests ===


Running target unix
FAIL: libmudflap.c/fail40-frag.c output pattern test
FAIL: libmudflap.c/pass49-frag.c execution test
FAIL: libmudflap.c/pass49-frag.c output pattern test
FAIL: libmudflap.c/pass49-frag.c execution test
FAIL: libmudflap.c/pass49-frag.c output pattern test
FAIL: libmudflap.c/pass51-frag.c execution test
FAIL: libmudflap.c/pass51-frag.c execution test
FAIL: libmudflap.c/fail40-frag.c (-static) output pattern test
FAIL: libmudflap.c/pass49-frag.c (-static) execution test
FAIL: libmudflap.c/pass49-frag.c (-static) output pattern test
FAIL: libmudflap.c/pass49-frag.c (-static) execution test
FAIL: libmudflap.c/pass49-frag.c (-static) output pattern test
FAIL: libmudflap.c/pass51-frag.c (-static) execution test
FAIL: libmudflap.c/pass51-frag.c (-static) execution test
FAIL: libmudflap.c/fail40-frag.c (-O2) output pattern test
FAIL: libmudflap.c/pass49-frag.c (-O2) execution test
FAIL: libmudflap.c/pass49-frag.c (-O2) output pattern test
FAIL: libmudflap.c/pass49-frag.c (-O2) execution test
FAIL: libmudflap.c/pass49-frag.c (-O2) output pattern test
FAIL: libmudflap.c/pass51-frag.c (-O2) execution test
FAIL: libmudflap.c/pass51-frag.c (-O2) execution test
FAIL: libmudflap.c/fail40-frag.c (-O3) output pattern test
FAIL: libmudflap.c/pass49-frag.c (-O3) execution test
FAIL: libmudflap.c/pass49-frag.c (-O3) output pattern test
FAIL: libmudflap.c/pass49-frag.c (-O3) execution test
FAIL: libmudflap.c/pass49-frag.c (-O3) output pattern test
FAIL: libmudflap.c/pass51-frag.c (-O3) execution test
FAIL: libmudflap.c/pass51-frag.c (-O3) execution test

		=== libmudflap Summary for unix ===

# of expected passes		1866
# of unexpected failures	28

Running target unix/-fstack-protector
FAIL: libmudflap.c/fail40-frag.c output pattern test
FAIL: libmudflap.c/pass49-frag.c execution test
FAIL: libmudflap.c/pass49-frag.c output pattern test
FAIL: libmudflap.c/pass49-frag.c execution test
FAIL: libmudflap.c/pass49-frag.c output pattern test
FAIL: libmudflap.c/pass51-frag.c execution test
FAIL: libmudflap.c/pass51-frag.c execution test
FAIL: libmudflap.c/fail40-frag.c (-static) output pattern test
FAIL: libmudflap.c/pass49-frag.c (-static) execution test
FAIL: libmudflap.c/pass49-frag.c (-static) output pattern test
FAIL: libmudflap.c/pass49-frag.c (-static) execution test
FAIL: libmudflap.c/pass49-frag.c (-static) output pattern test
FAIL: libmudflap.c/pass51-frag.c (-static) execution test
FAIL: libmudflap.c/pass51-frag.c (-static) execution test
FAIL: libmudflap.c/fail40-frag.c (-O2) output pattern test
FAIL: libmudflap.c/pass49-frag.c (-O2) execution test
FAIL: libmudflap.c/pass49-frag.c (-O2) output pattern test
FAIL: libmudflap.c/pass49-frag.c (-O2) execution test
FAIL: libmudflap.c/pass49-frag.c (-O2) output pattern test
FAIL: libmudflap.c/pass51-frag.c (-O2) execution test
FAIL: libmudflap.c/pass51-frag.c (-O2) execution test
FAIL: libmudflap.c/fail40-frag.c (-O3) output pattern test
FAIL: libmudflap.c/pass49-frag.c (-O3) execution test
FAIL: libmudflap.c/pass49-frag.c (-O3) output pattern test
FAIL: libmudflap.c/pass49-frag.c (-O3) execution test
FAIL: libmudflap.c/pass49-frag.c (-O3) output pattern test
FAIL: libmudflap.c/pass51-frag.c (-O3) execution test
FAIL: libmudflap.c/pass51-frag.c (-O3) execution test

		=== libmudflap Summary for unix/-fstack-protector ===

# of expected passes		1866
# of unexpected failures	28

		=== libmudflap Summary ===

# of expected passes		3732
# of unexpected failures	56
		=== libstdc++ tests ===


Running target unix
FAIL: 22_locale/time_get/get_date/wchar_t/4.cc execution test

		=== libstdc++ Summary for unix ===

# of expected passes		8033
# of unexpected failures	1
# of expected failures		81
# of unsupported tests		126

Running target unix/-fstack-protector
FAIL: 22_locale/time_get/get_date/wchar_t/4.cc execution test

		=== libstdc++ Summary for unix/-fstack-protector ===

# of expected passes		8033
# of unexpected failures	1
# of expected failures		81
# of unsupported tests		126

		=== libstdc++ Summary ===

# of expected passes		16066
# of unexpected failures	2
 /usr/bin/fakeroot debian/rules binary-arch
# of expected failures		162
# of unsupported tests		252

Compiler version: 4.6.1 20110329 (prerelease) (Debian 4.6.0-2) 
Platform: sh4-unknown-linux-gnu
configure flags: -v --with-pkgversion='Debian 4.6.0-2' --with-bugurl=file:///usr/share/doc/gcc-4.6/README.Bugs --enable-languages=c,c++,fortran,objc,obj-c++ --prefix=/usr --program-suffix=-4.6 --enable-shared --enable-multiarch --enable-linker-build-id --with-system-zlib --libexecdir=/usr/lib --without-included-gettext --enable-threads=posix --with-gxx-include-dir=/usr/include/c++/4.6 --libdir=/usr/lib --enable-nls --enable-clocale=gnu --enable-libstdcxx-debug --enable-libstdcxx-time=yes --enable-plugin --with-plugin-ld --enable-objc-gc --with-multilib-list=m4,m4-nofpu --with-cpu=sh4 --enable-checking=release --build=sh4-linux-gnu --host=sh4-linux-gnu --target=sh4-linux-gnu
BOOT_CFLAGS=


Build Dependencies:
Desired=Unknown/Install/Remove/Purge/Hold
| Status=Not/Inst/Conf-files/Unpacked/halF-conf/Half-inst/trig-aWait/Trig-pend
|/ Err?=(none)/Reinst-required (Status,Err: uppercase=bad)
||/ Name                                         Version               Description
+++-============================================-=====================-======================================================================
ii  binutils                                     2.21.0.20110302-1     The GNU assembler, linker and binary utilities
ii  g++-4.4                                      4.4.5-12              The GNU C++ compiler
ii  libc6                                        2.11.2-11             Embedded GNU C Library: Shared libraries
pi  libcloog-ppl-dev                             0.15.9-3              the Chunky Loop Generator (development files)
pi  libmpc-dev                                   0.9-2                 multiple precision complex floating-point library development package
pi  libmpfr-dev                                  3.0.0-9               multiple precision floating-point computation developers tools


svn-updates:
  updates from the 4.6 branch upto 20110329 (r171700).

gcc-gfdl-build:
  Build a dummy s-tm-texi without access to the texinfo sources

gcc-textdomain:
  Set gettext's domain and textdomain to the versioned package name.

gcc-driver-extra-langs:
  Add options and specs for languages that are not built from a source
  (but built from separate sources).

gcc-hash-style-both:
  Link using --hash-style=both (alpha, amd64, armel, armhf, ia64, i386, powerpc, ppc64, s390, sparc)

libstdc++-pic:
  Build and install libstdc++_pic.a library.

libstdc++-doclink:
  adjust hrefs to point to the local documentation

libstdc++-man-3cxx:
  Install libstdc++ man pages with suffix .3cxx instead of .3

libstdc++-test-installed:
  Add support to run the libstdc++-v3 testsuite using the
  installed shared libraries.

libjava-stacktrace:
  libgcj: Lookup source file name and line number in separated
  debug files found in /usr/lib/debug

libjava-subdir:
  - Set the libjava sublibdir to /usr/lib/gcj-4.6
  - Set the default libgcj database dir to /var/lib/gcj-4.6

libjava-jnipath:
  - Add /usr/lib/jni to java.library.path.
  - When running the i386 binaries on amd64, look in
  - /usr/lib32/gcj-x.y and /usr/lib32/jni instead.

libjava-sjlj:
  Don't try to use _Unwind_Backtrace on SJLJ targets.
  See bug #387875, #388505, GCC PR 29206.

libjava-disable-plugin:
  Don't build the gcjwebplugin, even when configured with --enable-plugin

alpha-no-ev4-directive:
  never emit .ev4 directive.

boehm-gc-getnprocs:
  boehm-gc/pthread_support.c (GC_get_nprocs): Use sysconf as fallback.

note-gnu-stack:
  Add .note.GNU-stack sections for gcc's crt files, libffi and boehm-gc
  Taken from FC.

m68k-allow-gnu99:
  patch to allow gnu99 mode on m68k

libgomp-omp_h-multilib:
  Fix up omp.h for multilibs.

sparc-force-cpu:
  On sparc default to ultrasparc (v9a) in 32bit mode

pr24619:
  Proposed patch for PR mudflap/24619 (instrumentation of dlopen)

pr45979:

gccgo-version:
  Omit the subminor number from the go libdir

no_fpr_in_libgcc:
  It does not really harm by including them since nobody should use them
  but gas does not wont to assmebly hard float since they are not
  available on this cpu. Upstream did not respond.

pr48226:
  Fix PR target/48226, Allow Iterator::vector vector on powerpc with VSX.

pr47487:
  Fix PR target/47487 powerpc64 ICE building libgo

gcc-dw2-loc-tracking:
  Reducing the overhead of dwarf2 location tracking

libjava-disable-static:
  Disable building the static libjava.

libjava-fixed-symlinks:
  Remove unneed '..' elements from symlinks in JAVA_HOME

libstdc++-arm-wno-abi:
  Temporary work around:
  On arm-linux-gnueabi run the libstdc++v3 testsuite with -Wno-abi

ada-mips:
  Improve support for mips.

libffi-ro-eh_frame_sect:
  PR libffi/47248, force a read only eh frame section.

arm-unbreak-eabi-armv4t:
  Fix armv4t build on ARM

gcc-multiarch:
  Add multiarch support to GCC.
  
  Convert the multilib option to a target triplet,
  add multiarch include directories and libraries path:
  	/usr/local/include/<arch>-linux-gnu
  	/usr/include/<arch>-linux-gnu
  	/usr/lib/<arch>-linux-gnu
  to the system paths.

mips-triarch:
  Build a tri-arch compiler on mips-linux-gnu.
  http://gcc.gnu.org/ml/gcc-patches/2009-03/msg01047.html

libjava-nobiarch-check:
  For biarch builds, disable the testsuite for the non-default architecture
  for runtime libraries, which are not built by default (libjava).

config-ml:
  disable some biarch libraries for biarch builds

s390-biarch:
  Build a bi-arch compiler on s390-linux-gnu.
  http://gcc.gnu.org/ml/gcc-patches/2009-03/msg01044.html

gcc-powerpc-nof:
  Don't build nof multlib on powerpc.

gcc-powerpc-undef:
  Undefine LINK_EH_SPEC before redefining it
  http://gcc.gnu.org/ml/gcc-patches/2011-02/msg01082.html

gcc-no-add-needed:
  On linux targets pass --no-add-needed to the linker.

mips-fix-loongson2f-nop:
  On mips, pass -mfix-loongson2f-nop to as, if -mno-fix-loongson2f-nop
  is not passed.

gcc-system-root:
  Avoid include paths starting with a double slash

gcc-wnoerr-unused-but-set:
  Pass -Wno-error=unused-but-set-variable if -Werror is present
  Pass -Wno-error=unused-but-set-parameter if -Werror is present

libgomp-kfreebsd-testsuite:
  Disable lock-2.c test on kfreebsd-*

armhf-triplet-backport:
  add support for arm-linux-*eabi* triplets; useful for armhf

Counting all warnings,
there are 0 warnings in stage3 of this bootstrap.

Number of warnings per file:

Number of warning types:


Index Nav: [Date Index] [Subject Index] [Author Index] [Thread Index]
Message Nav: [Date Prev] [Date Next] [Thread Prev] [Thread Next]