This is the mail archive of the gcc-testresults@gcc.gnu.org mailing list for the GCC project.


Index Nav: [Date Index] [Subject Index] [Author Index] [Thread Index]
Message Nav: [Date Prev] [Date Next] [Thread Prev] [Thread Next]
Other format: [Raw text]

Results for 4.6.1 20110406 (prerelease) [gcc-4_6-branch revision 172062] (GCC) testsuite on hppa64-hp-hpux11.11


Native configuration is hppa64-hp-hpux11.11

		=== g++ tests ===


Running target unix
WARNING: program timed out.

		=== g++ Summary ===

# of expected passes		24725
# of expected failures		163
# of unsupported tests		591
/mnt/gnu/gcc/objdir-test/gcc/testsuite/g++/../../g++  version 4.6.1 20110406 (prerelease) [gcc-4_6-branch revision 172062] (GCC) 

		=== gcc tests ===


Running target unix
WARNING: program timed out.
FAIL: gcc.dg/lto/20090116 c_lto_20090116_0.o-c_lto_20090116_0.o link, -O1 -flto -flto-partition=1to1 -fPIC (internal compiler error)
UNRESOLVED: gcc.dg/lto/20090116 c_lto_20090116_0.o-c_lto_20090116_0.o execute -O1 -flto -flto-partition=1to1 -fPIC

		=== gcc Summary ===

# of expected passes		66433
# of unexpected failures	1
# of expected failures		134
# of unresolved testcases	1
# of unsupported tests		1248
/mnt/gnu/gcc/objdir-test/gcc/xgcc  version 4.6.1 20110406 (prerelease) [gcc-4_6-branch revision 172062] (GCC) 

		=== gfortran tests ===


Running target unix

		=== gfortran Summary ===

# of expected passes		37265
# of expected failures		41
# of unsupported tests		362
/mnt/gnu/gcc/objdir-test/gcc/testsuite/gfortran/../../gfortran  version 4.6.1 20110406 (prerelease) [gcc-4_6-branch revision 172062] (GCC) 

		=== obj-c++ tests ===


Running target unix

		=== obj-c++ Summary ===

# of expected passes		1378
# of expected failures		10
# of unsupported tests		86
/mnt/gnu/gcc/objdir-test/gcc/testsuite/obj-c++/../../g++  version 4.6.1 20110406 (prerelease) [gcc-4_6-branch revision 172062] (GCC) 

		=== objc tests ===


Running target unix

		=== objc Summary ===

# of expected passes		2912
# of expected failures		10
# of unsupported tests		75
/mnt/gnu/gcc/objdir-test/gcc/xgcc  version 4.6.1 20110406 (prerelease) [gcc-4_6-branch revision 172062] (GCC) 

		=== libgomp tests ===


Running target unix

		=== libgomp Summary ===

# of expected passes		2524
# of unsupported tests		9
		=== libstdc++ tests ===


Running target unix

		=== libstdc++ Summary ===

# of expected passes		6834
# of expected failures		81
# of unsupported tests		737

Compiler version: 4.6.1 20110406 (prerelease) [gcc-4_6-branch revision 172062] (GCC) 
Platform: hppa64-hp-hpux11.11
configure flags:Test Run By dave on Thu Apr  7 04:12:10 2011


Index Nav: [Date Index] [Subject Index] [Author Index] [Thread Index]
Message Nav: [Date Prev] [Date Next] [Thread Prev] [Thread Next]