This is the mail archive of the gcc-testresults@gcc.gnu.org mailing list for the GCC project.


Index Nav: [Date Index] [Subject Index] [Author Index] [Thread Index]
Message Nav: [Date Prev] [Date Next] [Thread Prev] [Thread Next]
Other format: [Raw text]

Results for 4.7.0 20110406 (experimental) [trunk revision 172062] (GCC) testsuite on x86_64-unknown-linux-gnu


LAST_UPDATED: Wed Apr  6 20:21:29 UTC 2011 (revision 172062)

Native configuration is x86_64-unknown-linux-gnu

		=== gcc tests ===


Running target unix
FAIL: gcc.c-torture/compile/limits-exprparen.c  -O0  (internal compiler error)
FAIL: gcc.c-torture/compile/limits-exprparen.c  -O0  (test for excess errors)
FAIL: gcc.c-torture/compile/limits-exprparen.c  -O1  (internal compiler error)
FAIL: gcc.c-torture/compile/limits-exprparen.c  -O1  (test for excess errors)
FAIL: gcc.c-torture/compile/limits-exprparen.c  -O2  (internal compiler error)
FAIL: gcc.c-torture/compile/limits-exprparen.c  -O2  (test for excess errors)
FAIL: gcc.c-torture/compile/limits-exprparen.c  -O3 -fomit-frame-pointer  (internal compiler error)
FAIL: gcc.c-torture/compile/limits-exprparen.c  -O3 -fomit-frame-pointer  (test for excess errors)
FAIL: gcc.c-torture/compile/limits-exprparen.c  -O3 -g  (internal compiler error)
FAIL: gcc.c-torture/compile/limits-exprparen.c  -O3 -g  (test for excess errors)
FAIL: gcc.c-torture/compile/limits-exprparen.c  -Os  (internal compiler error)
FAIL: gcc.c-torture/compile/limits-exprparen.c  -Os  (test for excess errors)
FAIL: gcc.c-torture/compile/limits-exprparen.c  -O2 -flto -flto-partition=none  (internal compiler error)
FAIL: gcc.c-torture/compile/limits-exprparen.c  -O2 -flto -flto-partition=none  (test for excess errors)
FAIL: gcc.c-torture/compile/limits-exprparen.c  -O2 -flto  (internal compiler error)
FAIL: gcc.c-torture/compile/limits-exprparen.c  -O2 -flto  (test for excess errors)
FAIL: gcc.dg/cproj-fails-with-broken-glibc.c execution test
XPASS: gcc.dg/guality/example.c  -O0  execution test
XPASS: gcc.dg/guality/example.c  -O1  execution test
XPASS: gcc.dg/guality/example.c  -O2  execution test
XPASS: gcc.dg/guality/example.c  -Os  execution test
XPASS: gcc.dg/guality/guality.c  -O0  execution test
XPASS: gcc.dg/guality/guality.c  -O1  execution test
XPASS: gcc.dg/guality/guality.c  -O2  execution test
XPASS: gcc.dg/guality/guality.c  -O3 -fomit-frame-pointer  execution test
XPASS: gcc.dg/guality/guality.c  -O3 -g  execution test
XPASS: gcc.dg/guality/guality.c  -Os  execution test
XPASS: gcc.dg/guality/guality.c  -O2 -flto -flto-partition=none  execution test
XPASS: gcc.dg/guality/guality.c  -O2 -flto  execution test
XPASS: gcc.dg/guality/inline-params.c  -O2  execution test
XPASS: gcc.dg/guality/inline-params.c  -O3 -fomit-frame-pointer  execution test
XPASS: gcc.dg/guality/inline-params.c  -O3 -g  execution test
XPASS: gcc.dg/guality/inline-params.c  -Os  execution test
XPASS: gcc.dg/guality/pr41353-1.c  -O0  line 28 j == 28 + 37
XPASS: gcc.dg/guality/pr41353-1.c  -O1  line 28 j == 28 + 37
XPASS: gcc.dg/guality/pr41353-1.c  -O2  line 28 j == 28 + 37
XPASS: gcc.dg/guality/pr41353-1.c  -O3 -fomit-frame-pointer  line 28 j == 28 + 37
XPASS: gcc.dg/guality/pr41353-1.c  -O3 -g  line 28 j == 28 + 37
XPASS: gcc.dg/guality/pr41353-1.c  -Os  line 28 j == 28 + 37
XPASS: gcc.dg/guality/pr41353-1.c  -O2 -flto -flto-partition=none  line 28 j == 28 + 37
XPASS: gcc.dg/guality/pr41353-1.c  -O2 -flto  line 28 j == 28 + 37
XPASS: gcc.dg/guality/pr41447-1.c  -O0  execution test
XPASS: gcc.dg/guality/pr41447-1.c  -O1  execution test
XPASS: gcc.dg/guality/pr41447-1.c  -O2  execution test
XPASS: gcc.dg/guality/pr41447-1.c  -O3 -fomit-frame-pointer  execution test
XPASS: gcc.dg/guality/pr41447-1.c  -O3 -g  execution test
XPASS: gcc.dg/guality/pr41447-1.c  -Os  execution test
XPASS: gcc.dg/guality/pr41616-1.c  -O0  execution test
XPASS: gcc.dg/guality/pr41616-1.c  -O1  execution test
XPASS: gcc.dg/guality/pr41616-1.c  -O2  execution test
XPASS: gcc.dg/guality/pr41616-1.c  -O3 -fomit-frame-pointer  execution test
XPASS: gcc.dg/guality/pr41616-1.c  -O3 -g  execution test
XPASS: gcc.dg/guality/pr41616-1.c  -Os  execution test
FAIL: gcc.dg/guality/sra-1.c  -O1  line 21 a.j == 14
FAIL: gcc.dg/guality/sra-1.c  -O2  line 21 a.j == 14
FAIL: gcc.dg/guality/sra-1.c  -O3 -fomit-frame-pointer  line 21 a.j == 14
FAIL: gcc.dg/guality/sra-1.c  -O3 -g  line 21 a.j == 14
FAIL: gcc.dg/guality/sra-1.c  -Os  line 21 a.j == 14
FAIL: gcc.dg/guality/sra-1.c  -O2 -flto -flto-partition=none  line 21 a.j == 14
FAIL: gcc.dg/guality/sra-1.c  -O2 -flto  line 21 a.j == 14
FAIL: gcc.dg/guality/vla-1.c  -O1  line 24 sizeof (a) == 17 * sizeof (short)
FAIL: gcc.dg/guality/vla-1.c  -O2  line 24 sizeof (a) == 17 * sizeof (short)
FAIL: gcc.dg/guality/vla-1.c  -O3 -fomit-frame-pointer  line 24 sizeof (a) == 17 * sizeof (short)
FAIL: gcc.dg/guality/vla-1.c  -O3 -g  line 24 sizeof (a) == 17 * sizeof (short)
FAIL: gcc.dg/guality/vla-1.c  -Os  line 24 sizeof (a) == 17 * sizeof (short)
FAIL: gcc.dg/guality/vla-1.c  -O2 -flto -flto-partition=none  line 24 sizeof (a) == 17 * sizeof (short)
FAIL: gcc.dg/guality/vla-1.c  -O2 -flto  line 24 sizeof (a) == 17 * sizeof (short)
FAIL: gcc.dg/guality/vla-2.c  -O1  line 25 sizeof (a) == 6 * sizeof (int)
FAIL: gcc.dg/guality/vla-2.c  -O2  line 25 sizeof (a) == 6 * sizeof (int)
FAIL: gcc.dg/guality/vla-2.c  -O3 -fomit-frame-pointer  line 25 sizeof (a) == 6 * sizeof (int)
FAIL: gcc.dg/guality/vla-2.c  -O3 -g  line 25 sizeof (a) == 6 * sizeof (int)
FAIL: gcc.dg/guality/vla-2.c  -Os  line 25 sizeof (a) == 6 * sizeof (int)
FAIL: gcc.dg/guality/vla-2.c  -O2 -flto -flto-partition=none  line 16 sizeof (a) == 5 * sizeof (int)
FAIL: gcc.dg/guality/vla-2.c  -O2 -flto -flto-partition=none  line 25 sizeof (a) == 6 * sizeof (int)
FAIL: gcc.dg/guality/vla-2.c  -O2 -flto  line 16 sizeof (a) == 5 * sizeof (int)
FAIL: gcc.dg/guality/vla-2.c  -O2 -flto  line 25 sizeof (a) == 6 * sizeof (int)
FAIL: gcc.dg/vect/pr38529.c scan-tree-dump-times vect "OUTER LOOP VECTORIZED" 1

		=== gcc Summary for unix ===

# of expected passes		78367
# of unexpected failures	41
# of unexpected successes	36
# of expected failures		199
# of unsupported tests		1211

Running target unix/-m32
FAIL: gcc.c-torture/compile/limits-exprparen.c  -O0  (internal compiler error)
FAIL: gcc.c-torture/compile/limits-exprparen.c  -O0  (test for excess errors)
FAIL: gcc.c-torture/compile/limits-exprparen.c  -O1  (internal compiler error)
FAIL: gcc.c-torture/compile/limits-exprparen.c  -O1  (test for excess errors)
FAIL: gcc.c-torture/compile/limits-exprparen.c  -O2  (internal compiler error)
FAIL: gcc.c-torture/compile/limits-exprparen.c  -O2  (test for excess errors)
FAIL: gcc.c-torture/compile/limits-exprparen.c  -O3 -fomit-frame-pointer  (internal compiler error)
FAIL: gcc.c-torture/compile/limits-exprparen.c  -O3 -fomit-frame-pointer  (test for excess errors)
FAIL: gcc.c-torture/compile/limits-exprparen.c  -O3 -g  (internal compiler error)
FAIL: gcc.c-torture/compile/limits-exprparen.c  -O3 -g  (test for excess errors)
FAIL: gcc.c-torture/compile/limits-exprparen.c  -Os  (internal compiler error)
FAIL: gcc.c-torture/compile/limits-exprparen.c  -Os  (test for excess errors)
FAIL: gcc.c-torture/compile/limits-exprparen.c  -O2 -flto -flto-partition=none  (internal compiler error)
FAIL: gcc.c-torture/compile/limits-exprparen.c  -O2 -flto -flto-partition=none  (test for excess errors)
FAIL: gcc.c-torture/compile/limits-exprparen.c  -O2 -flto  (internal compiler error)
FAIL: gcc.c-torture/compile/limits-exprparen.c  -O2 -flto  (test for excess errors)
FAIL: gcc.dg/cproj-fails-with-broken-glibc.c execution test
XPASS: gcc.dg/guality/example.c  -O0  execution test
XPASS: gcc.dg/guality/example.c  -O1  execution test
XPASS: gcc.dg/guality/example.c  -O2  execution test
XPASS: gcc.dg/guality/guality.c  -O0  execution test
XPASS: gcc.dg/guality/guality.c  -O1  execution test
XPASS: gcc.dg/guality/guality.c  -O2  execution test
XPASS: gcc.dg/guality/guality.c  -O3 -fomit-frame-pointer  execution test
XPASS: gcc.dg/guality/guality.c  -O3 -g  execution test
XPASS: gcc.dg/guality/guality.c  -Os  execution test
XPASS: gcc.dg/guality/guality.c  -O2 -flto -flto-partition=none  execution test
XPASS: gcc.dg/guality/guality.c  -O2 -flto  execution test
XPASS: gcc.dg/guality/inline-params.c  -O2  execution test
XPASS: gcc.dg/guality/inline-params.c  -O3 -fomit-frame-pointer  execution test
XPASS: gcc.dg/guality/inline-params.c  -O3 -g  execution test
XPASS: gcc.dg/guality/inline-params.c  -Os  execution test
XPASS: gcc.dg/guality/pr41353-1.c  -O0  line 28 j == 28 + 37
XPASS: gcc.dg/guality/pr41353-1.c  -O1  line 28 j == 28 + 37
XPASS: gcc.dg/guality/pr41353-1.c  -O2  line 28 j == 28 + 37
XPASS: gcc.dg/guality/pr41353-1.c  -O3 -fomit-frame-pointer  line 28 j == 28 + 37
XPASS: gcc.dg/guality/pr41353-1.c  -O3 -g  line 28 j == 28 + 37
XPASS: gcc.dg/guality/pr41353-1.c  -Os  line 28 j == 28 + 37
XPASS: gcc.dg/guality/pr41353-1.c  -O2 -flto -flto-partition=none  line 28 j == 28 + 37
XPASS: gcc.dg/guality/pr41353-1.c  -O2 -flto  line 28 j == 28 + 37
XPASS: gcc.dg/guality/pr41447-1.c  -O0  execution test
XPASS: gcc.dg/guality/pr41447-1.c  -O1  execution test
XPASS: gcc.dg/guality/pr41447-1.c  -Os  execution test
XPASS: gcc.dg/guality/pr41616-1.c  -O0  execution test
XPASS: gcc.dg/guality/pr41616-1.c  -O1  execution test
XPASS: gcc.dg/guality/pr41616-1.c  -O2  execution test
XPASS: gcc.dg/guality/pr41616-1.c  -O3 -fomit-frame-pointer  execution test
XPASS: gcc.dg/guality/pr41616-1.c  -O3 -g  execution test
XPASS: gcc.dg/guality/pr41616-1.c  -Os  execution test
FAIL: gcc.dg/guality/sra-1.c  -O1  line 21 a.j == 14
FAIL: gcc.dg/guality/sra-1.c  -O2  line 21 a.j == 14
FAIL: gcc.dg/guality/sra-1.c  -O3 -fomit-frame-pointer  line 21 a.j == 14
FAIL: gcc.dg/guality/sra-1.c  -O3 -g  line 21 a.j == 14
FAIL: gcc.dg/guality/sra-1.c  -Os  line 21 a.j == 14
FAIL: gcc.dg/guality/sra-1.c  -O2 -flto -flto-partition=none  line 21 a.j == 14
FAIL: gcc.dg/guality/sra-1.c  -O2 -flto  line 21 a.j == 14
FAIL: gcc.dg/guality/vla-1.c  -O2 -flto -flto-partition=none  line 17 sizeof (a) == 6
FAIL: gcc.dg/guality/vla-1.c  -O2 -flto -flto-partition=none  line 24 sizeof (a) == 17 * sizeof (short)
FAIL: gcc.dg/guality/vla-1.c  -O2 -flto  line 24 sizeof (a) == 17 * sizeof (short)
FAIL: gcc.dg/guality/vla-2.c  -O1  line 25 sizeof (a) == 6 * sizeof (int)
FAIL: gcc.dg/guality/vla-2.c  -O2  line 25 sizeof (a) == 6 * sizeof (int)
FAIL: gcc.dg/guality/vla-2.c  -O3 -fomit-frame-pointer  line 25 sizeof (a) == 6 * sizeof (int)
FAIL: gcc.dg/guality/vla-2.c  -O3 -g  line 25 sizeof (a) == 6 * sizeof (int)
FAIL: gcc.dg/guality/vla-2.c  -Os  line 25 sizeof (a) == 6 * sizeof (int)
FAIL: gcc.dg/guality/vla-2.c  -O2 -flto -flto-partition=none  line 16 sizeof (a) == 5 * sizeof (int)
FAIL: gcc.dg/guality/vla-2.c  -O2 -flto -flto-partition=none  line 25 sizeof (a) == 6 * sizeof (int)
FAIL: gcc.dg/guality/vla-2.c  -O2 -flto  line 16 sizeof (a) == 5 * sizeof (int)
FAIL: gcc.dg/guality/vla-2.c  -O2 -flto  line 25 sizeof (a) == 6 * sizeof (int)
FAIL: gcc.dg/vect/pr38529.c scan-tree-dump-times vect "OUTER LOOP VECTORIZED" 1

		=== gcc Summary for unix/-m32 ===

# of expected passes		78180
# of unexpected failures	37
# of unexpected successes	32
# of expected failures		203
# of unsupported tests		782

		=== gcc Summary ===

# of expected passes		156547
# of unexpected failures	78
# of unexpected successes	68
# of expected failures		402
# of unsupported tests		1993
/export/build/gnu/gcc/build-x86_64-linux/gcc/xgcc  version 4.7.0 20110406 (experimental) [trunk revision 172062] (GCC) 

		=== gfortran tests ===


Running target unix

		=== gfortran Summary for unix ===

# of expected passes		38771
# of expected failures		53
# of unsupported tests		66

Running target unix/-m32

		=== gfortran Summary for unix/-m32 ===

# of expected passes		38488
# of expected failures		53
# of unsupported tests		200

		=== gfortran Summary ===

# of expected passes		77259
# of expected failures		106
# of unsupported tests		266
/export/build/gnu/gcc/build-x86_64-linux/gcc/testsuite/gfortran/../../gfortran  version 4.7.0 20110406 (experimental) [trunk revision 172062] (GCC) 

		=== g++ tests ===


Running target unix
FAIL: g++.dg/guality/redeclaration1.C  -O0  line 17 i == 24
FAIL: g++.dg/guality/redeclaration1.C  -O1  line 17 i == 24
FAIL: g++.dg/guality/redeclaration1.C  -O2  line 17 i == 24
FAIL: g++.dg/guality/redeclaration1.C  -O3 -fomit-frame-pointer  line 17 i == 24
FAIL: g++.dg/guality/redeclaration1.C  -O3 -g  line 17 i == 24
FAIL: g++.dg/guality/redeclaration1.C  -Os  line 17 i == 24

		=== g++ Summary for unix ===

# of expected passes		27328
# of unexpected failures	6
# of expected failures		164
# of unsupported tests		353

Running target unix/-m32
FAIL: g++.dg/guality/redeclaration1.C  -O0  line 17 i == 24
FAIL: g++.dg/guality/redeclaration1.C  -O1  line 17 i == 24
FAIL: g++.dg/guality/redeclaration1.C  -O2  line 17 i == 24
FAIL: g++.dg/guality/redeclaration1.C  -O3 -fomit-frame-pointer  line 17 i == 24
FAIL: g++.dg/guality/redeclaration1.C  -O3 -g  line 17 i == 24
FAIL: g++.dg/guality/redeclaration1.C  -Os  line 17 i == 24

		=== g++ Summary for unix/-m32 ===

# of expected passes		27113
# of unexpected failures	6
# of expected failures		164
# of unsupported tests		147

		=== g++ Summary ===

# of expected passes		54441
# of unexpected failures	12
# of expected failures		328
# of unsupported tests		500
/export/build/gnu/gcc/build-x86_64-linux/gcc/testsuite/g++/../../g++  version 4.7.0 20110406 (experimental) [trunk revision 172062] (GCC) 

		=== objc tests ===


Running target unix

		=== objc Summary for unix ===

# of expected passes		2908
# of expected failures		16
# of unsupported tests		74

Running target unix/-m32

		=== objc Summary for unix/-m32 ===

# of expected passes		2918
# of expected failures		6
# of unsupported tests		74

		=== objc Summary ===

# of expected passes		5826
# of expected failures		22
# of unsupported tests		148
/export/build/gnu/gcc/build-x86_64-linux/gcc/xgcc  version 4.7.0 20110406 (experimental) [trunk revision 172062] (GCC) 

		=== boehm-gc tests ===


Running target unix/-m32
FAIL: boehm-gc.c/thread_leak_test.c -O2 (test for excess errors)

		=== boehm-gc Summary for unix/-m32 ===

# of expected passes		11
# of unexpected failures	1
# of unsupported tests		1

Running target unix
FAIL: boehm-gc.c/thread_leak_test.c -O2 (test for excess errors)

		=== boehm-gc Summary for unix ===

# of expected passes		11
# of unexpected failures	1
# of unsupported tests		1

		=== boehm-gc Summary ===

# of expected passes		22
# of unexpected failures	2
# of unsupported tests		2
		=== libffi tests ===


Running target unix/-m32

		=== libffi Summary for unix/-m32 ===

# of expected passes		1634
# of expected failures		10
# of unsupported tests		15

Running target unix

		=== libffi Summary for unix ===

# of expected passes		1634
# of expected failures		10
# of unsupported tests		15

		=== libffi Summary ===

# of expected passes		3268
# of expected failures		20
# of unsupported tests		30
		=== libgomp tests ===


Running target unix/-m32
FAIL: libgomp.graphite/force-parallel-1.c execution test

		=== libgomp Summary for unix/-m32 ===

# of expected passes		2587
# of unexpected failures	1

Running target unix
FAIL: libgomp.graphite/force-parallel-1.c execution test

		=== libgomp Summary for unix ===

# of expected passes		2587
# of unexpected failures	1

		=== libgomp Summary ===

# of expected passes		5174
# of unexpected failures	2
		=== libjava tests ===


Running target unix/-m32

		=== libjava Summary for unix/-m32 ===

# of expected passes		2574

Running target unix

		=== libjava Summary for unix ===

# of expected passes		2574

		=== libjava Summary ===

# of expected passes		5148
		=== libmudflap tests ===


Running target unix/-m32

		=== libmudflap Summary for unix/-m32 ===

# of expected passes		1894

Running target unix

		=== libmudflap Summary for unix ===

# of expected passes		1894

		=== libmudflap Summary ===

# of expected passes		3788
		=== libstdc++ tests ===


Running target unix

		=== libstdc++ Summary for unix ===

# of expected passes		8275
# of expected failures		84
# of unsupported tests		110

Running target unix/-m32

		=== libstdc++ Summary for unix/-m32 ===

# of expected passes		8275
# of expected failures		84
# of unsupported tests		110

		=== libstdc++ Summary ===

# of expected passes		16550
# of expected failures		168
# of unsupported tests		220

Compiler version: 4.7.0 20110406 (experimental) [trunk revision 172062] (GCC) 
Platform: x86_64-unknown-linux-gnu
configure flags: --enable-clocale=gnu --with-system-zlib --enable-checking=assert --with-demangler-in-ld --prefix=/usr/gcc-4.7 --with-local-prefix=/usr/local --enable-cloog-backend=isl --enable-stage1-languages=c++ --with-ppl-include=/opt/gnu/include --with-ppl-lib=/opt/gnu/lib64 --with-cloog-include=/opt/gnu/include --with-cloog-lib=/opt/gnu/lib64 --with-fpmath=sse


Index Nav: [Date Index] [Subject Index] [Author Index] [Thread Index]
Message Nav: [Date Prev] [Date Next] [Thread Prev] [Thread Next]