This is the mail archive of the gcc-testresults@gcc.gnu.org mailing list for the GCC project.


Index Nav: [Date Index] [Subject Index] [Author Index] [Thread Index]
Message Nav: [Date Prev] [Date Next] [Thread Prev] [Thread Next]
Other format: [Raw text]

Results for 4.6.1 20110329 (prerelease) (GCC) testsuite on bfin-unknown-rtems4.11


Target is bfin-unknown-rtems4.11
Host   is x86_64-unknown-linux-gnu

		=== gcc tests ===


Running target rtems-bfin-nosim
FAIL: gcc.c-torture/compile/20000629-1.c  -O3 -fomit-frame-pointer -funroll-loops  (internal compiler error)
FAIL: gcc.c-torture/compile/20000629-1.c  -O3 -fomit-frame-pointer -funroll-loops  (test for excess errors)
FAIL: gcc.c-torture/compile/20000629-1.c  -O3 -fomit-frame-pointer -funroll-all-loops -finline-functions  (internal compiler error)
FAIL: gcc.c-torture/compile/20000629-1.c  -O3 -fomit-frame-pointer -funroll-all-loops -finline-functions  (test for excess errors)
FAIL: gcc.c-torture/compile/20010102-1.c  -O3 -fomit-frame-pointer -funroll-loops  (internal compiler error)
FAIL: gcc.c-torture/compile/20010102-1.c  -O3 -fomit-frame-pointer -funroll-loops  (test for excess errors)
FAIL: gcc.c-torture/compile/20010102-1.c  -O3 -fomit-frame-pointer -funroll-all-loops -finline-functions  (internal compiler error)
FAIL: gcc.c-torture/compile/20010102-1.c  -O3 -fomit-frame-pointer -funroll-all-loops -finline-functions  (test for excess errors)
FAIL: gcc.c-torture/compile/20011219-1.c  -O3 -fomit-frame-pointer -funroll-loops  (internal compiler error)
FAIL: gcc.c-torture/compile/20011219-1.c  -O3 -fomit-frame-pointer -funroll-loops  (test for excess errors)
FAIL: gcc.c-torture/compile/20011219-1.c  -O3 -fomit-frame-pointer -funroll-all-loops -finline-functions  (internal compiler error)
FAIL: gcc.c-torture/compile/20011219-1.c  -O3 -fomit-frame-pointer -funroll-all-loops -finline-functions  (test for excess errors)
FAIL: gcc.c-torture/compile/20020330-1.c  -O3 -fomit-frame-pointer -funroll-loops  (internal compiler error)
FAIL: gcc.c-torture/compile/20020330-1.c  -O3 -fomit-frame-pointer -funroll-loops  (test for excess errors)
FAIL: gcc.c-torture/compile/20020330-1.c  -O3 -fomit-frame-pointer -funroll-all-loops -finline-functions  (internal compiler error)
FAIL: gcc.c-torture/compile/20020330-1.c  -O3 -fomit-frame-pointer -funroll-all-loops -finline-functions  (test for excess errors)
FAIL: gcc.c-torture/compile/20051216-1.c  -O3 -fomit-frame-pointer -funroll-loops  (internal compiler error)
FAIL: gcc.c-torture/compile/20051216-1.c  -O3 -fomit-frame-pointer -funroll-loops  (test for excess errors)
FAIL: gcc.c-torture/compile/20051216-1.c  -O3 -fomit-frame-pointer -funroll-all-loops -finline-functions  (internal compiler error)
FAIL: gcc.c-torture/compile/20051216-1.c  -O3 -fomit-frame-pointer -funroll-all-loops -finline-functions  (test for excess errors)
FAIL: gcc.c-torture/compile/20060217-1.c  -O3 -fomit-frame-pointer -funroll-loops  (internal compiler error)
FAIL: gcc.c-torture/compile/20060217-1.c  -O3 -fomit-frame-pointer -funroll-loops  (test for excess errors)
FAIL: gcc.c-torture/compile/20060217-1.c  -O3 -fomit-frame-pointer -funroll-all-loops -finline-functions  (internal compiler error)
FAIL: gcc.c-torture/compile/20060217-1.c  -O3 -fomit-frame-pointer -funroll-all-loops -finline-functions  (test for excess errors)
FAIL: gcc.c-torture/compile/20071105-1.c  -O3 -fomit-frame-pointer -funroll-loops  (internal compiler error)
FAIL: gcc.c-torture/compile/20071105-1.c  -O3 -fomit-frame-pointer -funroll-loops  (test for excess errors)
FAIL: gcc.c-torture/compile/20071105-1.c  -O3 -fomit-frame-pointer -funroll-all-loops -finline-functions  (internal compiler error)
FAIL: gcc.c-torture/compile/20071105-1.c  -O3 -fomit-frame-pointer -funroll-all-loops -finline-functions  (test for excess errors)
FAIL: gcc.c-torture/compile/20080812-1.c  -O3 -fomit-frame-pointer -funroll-loops  (internal compiler error)
FAIL: gcc.c-torture/compile/20080812-1.c  -O3 -fomit-frame-pointer -funroll-loops  (test for excess errors)
FAIL: gcc.c-torture/compile/20080812-1.c  -O3 -fomit-frame-pointer -funroll-all-loops -finline-functions  (internal compiler error)
FAIL: gcc.c-torture/compile/20080812-1.c  -O3 -fomit-frame-pointer -funroll-all-loops -finline-functions  (test for excess errors)
FAIL: gcc.c-torture/compile/900116-1.c  -O3 -fomit-frame-pointer -funroll-loops  (internal compiler error)
FAIL: gcc.c-torture/compile/900116-1.c  -O3 -fomit-frame-pointer -funroll-loops  (test for excess errors)
FAIL: gcc.c-torture/compile/900116-1.c  -O3 -fomit-frame-pointer -funroll-all-loops -finline-functions  (internal compiler error)
FAIL: gcc.c-torture/compile/900116-1.c  -O3 -fomit-frame-pointer -funroll-all-loops -finline-functions  (test for excess errors)
FAIL: gcc.c-torture/compile/950612-1.c  -O3 -fomit-frame-pointer -funroll-loops  (internal compiler error)
FAIL: gcc.c-torture/compile/950612-1.c  -O3 -fomit-frame-pointer -funroll-loops  (test for excess errors)
FAIL: gcc.c-torture/compile/950612-1.c  -O3 -fomit-frame-pointer -funroll-all-loops -finline-functions  (internal compiler error)
FAIL: gcc.c-torture/compile/950612-1.c  -O3 -fomit-frame-pointer -funroll-all-loops -finline-functions  (test for excess errors)
FAIL: gcc.c-torture/compile/950729-1.c  -O3 -fomit-frame-pointer -funroll-loops  (internal compiler error)
FAIL: gcc.c-torture/compile/950729-1.c  -O3 -fomit-frame-pointer -funroll-loops  (test for excess errors)
FAIL: gcc.c-torture/compile/950729-1.c  -O3 -fomit-frame-pointer -funroll-all-loops -finline-functions  (internal compiler error)
FAIL: gcc.c-torture/compile/950729-1.c  -O3 -fomit-frame-pointer -funroll-all-loops -finline-functions  (test for excess errors)
FAIL: gcc.c-torture/compile/961019-1.c  -O3 -fomit-frame-pointer -funroll-loops  (internal compiler error)
FAIL: gcc.c-torture/compile/961019-1.c  -O3 -fomit-frame-pointer -funroll-loops  (test for excess errors)
FAIL: gcc.c-torture/compile/961019-1.c  -O3 -fomit-frame-pointer -funroll-all-loops -finline-functions  (internal compiler error)
FAIL: gcc.c-torture/compile/961019-1.c  -O3 -fomit-frame-pointer -funroll-all-loops -finline-functions  (test for excess errors)
FAIL: gcc.c-torture/compile/limits-exprparen.c  -O0  (internal compiler error)
FAIL: gcc.c-torture/compile/limits-exprparen.c  -O0  (test for excess errors)
FAIL: gcc.c-torture/compile/limits-exprparen.c  -O1  (internal compiler error)
FAIL: gcc.c-torture/compile/limits-exprparen.c  -O1  (test for excess errors)
FAIL: gcc.c-torture/compile/limits-exprparen.c  -O2  (internal compiler error)
FAIL: gcc.c-torture/compile/limits-exprparen.c  -O2  (test for excess errors)
FAIL: gcc.c-torture/compile/limits-exprparen.c  -O3 -fomit-frame-pointer  (internal compiler error)
FAIL: gcc.c-torture/compile/limits-exprparen.c  -O3 -fomit-frame-pointer  (test for excess errors)
FAIL: gcc.c-torture/compile/limits-exprparen.c  -O3 -g  (internal compiler error)
FAIL: gcc.c-torture/compile/limits-exprparen.c  -O3 -g  (test for excess errors)
FAIL: gcc.c-torture/compile/limits-exprparen.c  -Os  (internal compiler error)
FAIL: gcc.c-torture/compile/limits-exprparen.c  -Os  (test for excess errors)
FAIL: gcc.c-torture/compile/limits-exprparen.c  -O2 -flto -flto-partition=none  (internal compiler error)
FAIL: gcc.c-torture/compile/limits-exprparen.c  -O2 -flto -flto-partition=none  (test for excess errors)
FAIL: gcc.c-torture/compile/limits-exprparen.c  -O2 -flto  (internal compiler error)
FAIL: gcc.c-torture/compile/limits-exprparen.c  -O2 -flto  (test for excess errors)
FAIL: gcc.c-torture/compile/pr23929.c  -O3 -fomit-frame-pointer -funroll-loops  (internal compiler error)
FAIL: gcc.c-torture/compile/pr23929.c  -O3 -fomit-frame-pointer -funroll-loops  (test for excess errors)
FAIL: gcc.c-torture/compile/pr23929.c  -O3 -fomit-frame-pointer -funroll-all-loops -finline-functions  (internal compiler error)
FAIL: gcc.c-torture/compile/pr23929.c  -O3 -fomit-frame-pointer -funroll-all-loops -finline-functions  (test for excess errors)
FAIL: gcc.c-torture/compile/pr30338.c  -O3 -fomit-frame-pointer -funroll-loops  (internal compiler error)
FAIL: gcc.c-torture/compile/pr30338.c  -O3 -fomit-frame-pointer -funroll-loops  (test for excess errors)
FAIL: gcc.c-torture/compile/pr30338.c  -O3 -fomit-frame-pointer -funroll-all-loops -finline-functions  (internal compiler error)
FAIL: gcc.c-torture/compile/pr30338.c  -O3 -fomit-frame-pointer -funroll-all-loops -finline-functions  (test for excess errors)
FAIL: gcc.c-torture/compile/pr33133.c  -O3 -fomit-frame-pointer -funroll-loops  (internal compiler error)
FAIL: gcc.c-torture/compile/pr33133.c  -O3 -fomit-frame-pointer -funroll-loops  (test for excess errors)
FAIL: gcc.c-torture/compile/pr33133.c  -O3 -fomit-frame-pointer -funroll-all-loops -finline-functions  (internal compiler error)
FAIL: gcc.c-torture/compile/pr33133.c  -O3 -fomit-frame-pointer -funroll-all-loops -finline-functions  (test for excess errors)
FAIL: gcc.c-torture/compile/pr34458.c  -O3 -fomit-frame-pointer -funroll-loops  (internal compiler error)
FAIL: gcc.c-torture/compile/pr34458.c  -O3 -fomit-frame-pointer -funroll-loops  (test for excess errors)
FAIL: gcc.c-torture/compile/pr34458.c  -O3 -fomit-frame-pointer -funroll-all-loops -finline-functions  (internal compiler error)
FAIL: gcc.c-torture/compile/pr34458.c  -O3 -fomit-frame-pointer -funroll-all-loops -finline-functions  (test for excess errors)
FAIL: gcc.c-torture/compile/pr37056.c  -O3 -fomit-frame-pointer -funroll-loops  (internal compiler error)
FAIL: gcc.c-torture/compile/pr37056.c  -O3 -fomit-frame-pointer -funroll-loops  (test for excess errors)
FAIL: gcc.c-torture/compile/pr37056.c  -O3 -fomit-frame-pointer -funroll-all-loops -finline-functions  (internal compiler error)
FAIL: gcc.c-torture/compile/pr37056.c  -O3 -fomit-frame-pointer -funroll-all-loops -finline-functions  (test for excess errors)
FAIL: gcc.c-torture/compile/pr37955.c  -O3 -fomit-frame-pointer -funroll-loops  (internal compiler error)
FAIL: gcc.c-torture/compile/pr37955.c  -O3 -fomit-frame-pointer -funroll-loops  (test for excess errors)
FAIL: gcc.c-torture/compile/pr37955.c  -O3 -fomit-frame-pointer -funroll-all-loops -finline-functions  (internal compiler error)
FAIL: gcc.c-torture/compile/pr37955.c  -O3 -fomit-frame-pointer -funroll-all-loops -finline-functions  (test for excess errors)
FAIL: gcc.c-torture/compile/pr38857.c  -O3 -fomit-frame-pointer -funroll-loops  (internal compiler error)
FAIL: gcc.c-torture/compile/pr38857.c  -O3 -fomit-frame-pointer -funroll-loops  (test for excess errors)
FAIL: gcc.c-torture/compile/pr38857.c  -O3 -fomit-frame-pointer -funroll-all-loops -finline-functions  (internal compiler error)
FAIL: gcc.c-torture/compile/pr38857.c  -O3 -fomit-frame-pointer -funroll-all-loops -finline-functions  (test for excess errors)
FAIL: gcc.c-torture/compile/pr43415.c  -O3 -fomit-frame-pointer -funroll-loops  (internal compiler error)
FAIL: gcc.c-torture/compile/pr43415.c  -O3 -fomit-frame-pointer -funroll-loops  (test for excess errors)
FAIL: gcc.c-torture/compile/pr43415.c  -O3 -fomit-frame-pointer -funroll-all-loops -finline-functions  (internal compiler error)
FAIL: gcc.c-torture/compile/pr43415.c  -O3 -fomit-frame-pointer -funroll-all-loops -finline-functions  (test for excess errors)
FAIL: gcc.c-torture/compile/pr44030.c  -O3 -fomit-frame-pointer -funroll-loops  (internal compiler error)
FAIL: gcc.c-torture/compile/pr44030.c  -O3 -fomit-frame-pointer -funroll-loops  (test for excess errors)
FAIL: gcc.c-torture/compile/pr44030.c  -O3 -fomit-frame-pointer -funroll-all-loops -finline-functions  (internal compiler error)
FAIL: gcc.c-torture/compile/pr44030.c  -O3 -fomit-frame-pointer -funroll-all-loops -finline-functions  (test for excess errors)
FAIL: gcc.c-torture/compile/pr45535.c  -O3 -fomit-frame-pointer -funroll-loops  (internal compiler error)
FAIL: gcc.c-torture/compile/pr45535.c  -O3 -fomit-frame-pointer -funroll-loops  (test for excess errors)
FAIL: gcc.c-torture/compile/pr45535.c  -O3 -fomit-frame-pointer -funroll-all-loops -finline-functions  (internal compiler error)
FAIL: gcc.c-torture/compile/pr45535.c  -O3 -fomit-frame-pointer -funroll-all-loops -finline-functions  (test for excess errors)
FAIL: gcc.c-torture/execute/builtins/20010124-1.c compilation,  -O2 -flto -flto-partition=none 
UNRESOLVED: gcc.c-torture/execute/builtins/20010124-1.c execution,  -O2 -flto -flto-partition=none 
FAIL: gcc.c-torture/execute/builtins/20010124-1.c compilation,  -O2 -flto 
UNRESOLVED: gcc.c-torture/execute/builtins/20010124-1.c execution,  -O2 -flto 
FAIL: gcc.c-torture/execute/builtins/fprintf.c compilation,  -O2 -flto -flto-partition=none 
UNRESOLVED: gcc.c-torture/execute/builtins/fprintf.c execution,  -O2 -flto -flto-partition=none 
FAIL: gcc.c-torture/execute/builtins/fprintf.c compilation,  -O2 -flto 
UNRESOLVED: gcc.c-torture/execute/builtins/fprintf.c execution,  -O2 -flto 
FAIL: gcc.c-torture/execute/builtins/fputs.c compilation,  -O2 -flto -flto-partition=none 
UNRESOLVED: gcc.c-torture/execute/builtins/fputs.c execution,  -O2 -flto -flto-partition=none 
FAIL: gcc.c-torture/execute/builtins/fputs.c compilation,  -O2 -flto 
UNRESOLVED: gcc.c-torture/execute/builtins/fputs.c execution,  -O2 -flto 
FAIL: gcc.c-torture/execute/builtins/memcpy-chk.c compilation,  -O3 -fomit-frame-pointer -funroll-loops  (internal compiler error)
UNRESOLVED: gcc.c-torture/execute/builtins/memcpy-chk.c execution,  -O3 -fomit-frame-pointer -funroll-loops 
FAIL: gcc.c-torture/execute/builtins/memcpy-chk.c compilation,  -O3 -fomit-frame-pointer -funroll-all-loops -finline-functions  (internal compiler error)
UNRESOLVED: gcc.c-torture/execute/builtins/memcpy-chk.c execution,  -O3 -fomit-frame-pointer -funroll-all-loops -finline-functions 
FAIL: gcc.c-torture/execute/builtins/memcpy-chk.c compilation,  -O2 -flto -flto-partition=none 
UNRESOLVED: gcc.c-torture/execute/builtins/memcpy-chk.c execution,  -O2 -flto -flto-partition=none 
FAIL: gcc.c-torture/execute/builtins/memcpy-chk.c compilation,  -O2 -flto 
UNRESOLVED: gcc.c-torture/execute/builtins/memcpy-chk.c execution,  -O2 -flto 
FAIL: gcc.c-torture/execute/builtins/memmove-chk.c compilation,  -O3 -fomit-frame-pointer -funroll-loops  (internal compiler error)
UNRESOLVED: gcc.c-torture/execute/builtins/memmove-chk.c execution,  -O3 -fomit-frame-pointer -funroll-loops 
FAIL: gcc.c-torture/execute/builtins/memmove-chk.c compilation,  -O3 -fomit-frame-pointer -funroll-all-loops -finline-functions  (internal compiler error)
UNRESOLVED: gcc.c-torture/execute/builtins/memmove-chk.c execution,  -O3 -fomit-frame-pointer -funroll-all-loops -finline-functions 
FAIL: gcc.c-torture/execute/builtins/memmove-chk.c compilation,  -O2 -flto -flto-partition=none 
UNRESOLVED: gcc.c-torture/execute/builtins/memmove-chk.c execution,  -O2 -flto -flto-partition=none 
FAIL: gcc.c-torture/execute/builtins/memmove-chk.c compilation,  -O2 -flto 
UNRESOLVED: gcc.c-torture/execute/builtins/memmove-chk.c execution,  -O2 -flto 
FAIL: gcc.c-torture/execute/builtins/memops-asm.c compilation,  -O2 -flto -flto-partition=none 
UNRESOLVED: gcc.c-torture/execute/builtins/memops-asm.c execution,  -O2 -flto -flto-partition=none 
FAIL: gcc.c-torture/execute/builtins/memops-asm.c compilation,  -O2 -flto 
UNRESOLVED: gcc.c-torture/execute/builtins/memops-asm.c execution,  -O2 -flto 
FAIL: gcc.c-torture/execute/builtins/mempcpy-chk.c compilation,  -O3 -fomit-frame-pointer -funroll-loops  (internal compiler error)
UNRESOLVED: gcc.c-torture/execute/builtins/mempcpy-chk.c execution,  -O3 -fomit-frame-pointer -funroll-loops 
FAIL: gcc.c-torture/execute/builtins/mempcpy-chk.c compilation,  -O3 -fomit-frame-pointer -funroll-all-loops -finline-functions  (internal compiler error)
UNRESOLVED: gcc.c-torture/execute/builtins/mempcpy-chk.c execution,  -O3 -fomit-frame-pointer -funroll-all-loops -finline-functions 
FAIL: gcc.c-torture/execute/builtins/mempcpy-chk.c compilation,  -O2 -flto -flto-partition=none 
UNRESOLVED: gcc.c-torture/execute/builtins/mempcpy-chk.c execution,  -O2 -flto -flto-partition=none 
FAIL: gcc.c-torture/execute/builtins/mempcpy-chk.c compilation,  -O2 -flto 
UNRESOLVED: gcc.c-torture/execute/builtins/mempcpy-chk.c execution,  -O2 -flto 
FAIL: gcc.c-torture/execute/builtins/memset-chk.c compilation,  -O3 -fomit-frame-pointer -funroll-loops  (internal compiler error)
UNRESOLVED: gcc.c-torture/execute/builtins/memset-chk.c execution,  -O3 -fomit-frame-pointer -funroll-loops 
FAIL: gcc.c-torture/execute/builtins/memset-chk.c compilation,  -O3 -fomit-frame-pointer -funroll-all-loops -finline-functions  (internal compiler error)
UNRESOLVED: gcc.c-torture/execute/builtins/memset-chk.c execution,  -O3 -fomit-frame-pointer -funroll-all-loops -finline-functions 
FAIL: gcc.c-torture/execute/builtins/memset-chk.c compilation,  -O2 -flto -flto-partition=none 
UNRESOLVED: gcc.c-torture/execute/builtins/memset-chk.c execution,  -O2 -flto -flto-partition=none 
FAIL: gcc.c-torture/execute/builtins/memset-chk.c compilation,  -O2 -flto 
UNRESOLVED: gcc.c-torture/execute/builtins/memset-chk.c execution,  -O2 -flto 
FAIL: gcc.c-torture/execute/builtins/memset.c compilation,  -O2 -flto -flto-partition=none 
UNRESOLVED: gcc.c-torture/execute/builtins/memset.c execution,  -O2 -flto -flto-partition=none 
FAIL: gcc.c-torture/execute/builtins/memset.c compilation,  -O2 -flto 
UNRESOLVED: gcc.c-torture/execute/builtins/memset.c execution,  -O2 -flto 
FAIL: gcc.c-torture/execute/builtins/pr22237.c compilation,  -O3 -fomit-frame-pointer -funroll-loops  (internal compiler error)
UNRESOLVED: gcc.c-torture/execute/builtins/pr22237.c execution,  -O3 -fomit-frame-pointer -funroll-loops 
FAIL: gcc.c-torture/execute/builtins/pr22237.c compilation,  -O3 -fomit-frame-pointer -funroll-all-loops -finline-functions  (internal compiler error)
UNRESOLVED: gcc.c-torture/execute/builtins/pr22237.c execution,  -O3 -fomit-frame-pointer -funroll-all-loops -finline-functions 
FAIL: gcc.c-torture/execute/builtins/pr22237.c compilation,  -O2 -flto -flto-partition=none 
UNRESOLVED: gcc.c-torture/execute/builtins/pr22237.c execution,  -O2 -flto -flto-partition=none 
FAIL: gcc.c-torture/execute/builtins/pr22237.c compilation,  -O2 -flto 
UNRESOLVED: gcc.c-torture/execute/builtins/pr22237.c execution,  -O2 -flto 
FAIL: gcc.c-torture/execute/builtins/pr23484-chk.c compilation,  -O2 -flto -flto-partition=none 
UNRESOLVED: gcc.c-torture/execute/builtins/pr23484-chk.c execution,  -O2 -flto -flto-partition=none 
FAIL: gcc.c-torture/execute/builtins/pr23484-chk.c compilation,  -O2 -flto 
UNRESOLVED: gcc.c-torture/execute/builtins/pr23484-chk.c execution,  -O2 -flto 
FAIL: gcc.c-torture/execute/builtins/printf.c compilation,  -O2 -flto -flto-partition=none 
UNRESOLVED: gcc.c-torture/execute/builtins/printf.c execution,  -O2 -flto -flto-partition=none 
FAIL: gcc.c-torture/execute/builtins/printf.c compilation,  -O2 -flto 
UNRESOLVED: gcc.c-torture/execute/builtins/printf.c execution,  -O2 -flto 
FAIL: gcc.c-torture/execute/builtins/snprintf-chk.c compilation,  -O2 -flto -flto-partition=none 
UNRESOLVED: gcc.c-torture/execute/builtins/snprintf-chk.c execution,  -O2 -flto -flto-partition=none 
FAIL: gcc.c-torture/execute/builtins/snprintf-chk.c compilation,  -O2 -flto 
UNRESOLVED: gcc.c-torture/execute/builtins/snprintf-chk.c execution,  -O2 -flto 
FAIL: gcc.c-torture/execute/builtins/sprintf-chk.c compilation,  -O2 -flto -flto-partition=none 
UNRESOLVED: gcc.c-torture/execute/builtins/sprintf-chk.c execution,  -O2 -flto -flto-partition=none 
FAIL: gcc.c-torture/execute/builtins/sprintf-chk.c compilation,  -O2 -flto 
UNRESOLVED: gcc.c-torture/execute/builtins/sprintf-chk.c execution,  -O2 -flto 
FAIL: gcc.c-torture/execute/builtins/sprintf.c compilation,  -O2 -flto -flto-partition=none 
UNRESOLVED: gcc.c-torture/execute/builtins/sprintf.c execution,  -O2 -flto -flto-partition=none 
FAIL: gcc.c-torture/execute/builtins/sprintf.c compilation,  -O2 -flto 
UNRESOLVED: gcc.c-torture/execute/builtins/sprintf.c execution,  -O2 -flto 
FAIL: gcc.c-torture/execute/builtins/stpcpy-chk.c compilation,  -O3 -fomit-frame-pointer -funroll-loops  (internal compiler error)
UNRESOLVED: gcc.c-torture/execute/builtins/stpcpy-chk.c execution,  -O3 -fomit-frame-pointer -funroll-loops 
FAIL: gcc.c-torture/execute/builtins/stpcpy-chk.c compilation,  -O3 -fomit-frame-pointer -funroll-all-loops -finline-functions  (internal compiler error)
UNRESOLVED: gcc.c-torture/execute/builtins/stpcpy-chk.c execution,  -O3 -fomit-frame-pointer -funroll-all-loops -finline-functions 
FAIL: gcc.c-torture/execute/builtins/stpcpy-chk.c compilation,  -O2 -flto -flto-partition=none 
UNRESOLVED: gcc.c-torture/execute/builtins/stpcpy-chk.c execution,  -O2 -flto -flto-partition=none 
FAIL: gcc.c-torture/execute/builtins/stpcpy-chk.c compilation,  -O2 -flto 
UNRESOLVED: gcc.c-torture/execute/builtins/stpcpy-chk.c execution,  -O2 -flto 
FAIL: gcc.c-torture/execute/builtins/strcat-chk.c compilation,  -O2 -flto -flto-partition=none 
UNRESOLVED: gcc.c-torture/execute/builtins/strcat-chk.c execution,  -O2 -flto -flto-partition=none 
FAIL: gcc.c-torture/execute/builtins/strcat-chk.c compilation,  -O2 -flto 
UNRESOLVED: gcc.c-torture/execute/builtins/strcat-chk.c execution,  -O2 -flto 
FAIL: gcc.c-torture/execute/builtins/strcmp.c compilation,  -O2 -flto -flto-partition=none 
UNRESOLVED: gcc.c-torture/execute/builtins/strcmp.c execution,  -O2 -flto -flto-partition=none 
FAIL: gcc.c-torture/execute/builtins/strcmp.c compilation,  -O2 -flto 
UNRESOLVED: gcc.c-torture/execute/builtins/strcmp.c execution,  -O2 -flto 
FAIL: gcc.c-torture/execute/builtins/strcpy-2.c compilation,  -O2 -flto -flto-partition=none 
UNRESOLVED: gcc.c-torture/execute/builtins/strcpy-2.c execution,  -O2 -flto -flto-partition=none 
FAIL: gcc.c-torture/execute/builtins/strcpy-2.c compilation,  -O2 -flto 
UNRESOLVED: gcc.c-torture/execute/builtins/strcpy-2.c execution,  -O2 -flto 
FAIL: gcc.c-torture/execute/builtins/strcpy-chk.c compilation,  -O3 -fomit-frame-pointer -funroll-loops  (internal compiler error)
UNRESOLVED: gcc.c-torture/execute/builtins/strcpy-chk.c execution,  -O3 -fomit-frame-pointer -funroll-loops 
FAIL: gcc.c-torture/execute/builtins/strcpy-chk.c compilation,  -O3 -fomit-frame-pointer -funroll-all-loops -finline-functions  (internal compiler error)
UNRESOLVED: gcc.c-torture/execute/builtins/strcpy-chk.c execution,  -O3 -fomit-frame-pointer -funroll-all-loops -finline-functions 
FAIL: gcc.c-torture/execute/builtins/strcpy-chk.c compilation,  -O2 -flto -flto-partition=none 
UNRESOLVED: gcc.c-torture/execute/builtins/strcpy-chk.c execution,  -O2 -flto -flto-partition=none 
FAIL: gcc.c-torture/execute/builtins/strcpy-chk.c compilation,  -O2 -flto 
UNRESOLVED: gcc.c-torture/execute/builtins/strcpy-chk.c execution,  -O2 -flto 
FAIL: gcc.c-torture/execute/builtins/strcpy.c compilation,  -O2 -flto -flto-partition=none 
UNRESOLVED: gcc.c-torture/execute/builtins/strcpy.c execution,  -O2 -flto -flto-partition=none 
FAIL: gcc.c-torture/execute/builtins/strcpy.c compilation,  -O2 -flto 
UNRESOLVED: gcc.c-torture/execute/builtins/strcpy.c execution,  -O2 -flto 
FAIL: gcc.c-torture/execute/builtins/strlen-2.c compilation,  -O2 -flto -flto-partition=none 
UNRESOLVED: gcc.c-torture/execute/builtins/strlen-2.c execution,  -O2 -flto -flto-partition=none 
FAIL: gcc.c-torture/execute/builtins/strlen-2.c compilation,  -O2 -flto 
UNRESOLVED: gcc.c-torture/execute/builtins/strlen-2.c execution,  -O2 -flto 
FAIL: gcc.c-torture/execute/builtins/strlen-3.c compilation,  -O2 -flto -flto-partition=none 
UNRESOLVED: gcc.c-torture/execute/builtins/strlen-3.c execution,  -O2 -flto -flto-partition=none 
FAIL: gcc.c-torture/execute/builtins/strlen-3.c compilation,  -O2 -flto 
UNRESOLVED: gcc.c-torture/execute/builtins/strlen-3.c execution,  -O2 -flto 
FAIL: gcc.c-torture/execute/builtins/strlen.c compilation,  -O2 -flto -flto-partition=none 
UNRESOLVED: gcc.c-torture/execute/builtins/strlen.c execution,  -O2 -flto -flto-partition=none 
FAIL: gcc.c-torture/execute/builtins/strlen.c compilation,  -O2 -flto 
UNRESOLVED: gcc.c-torture/execute/builtins/strlen.c execution,  -O2 -flto 
FAIL: gcc.c-torture/execute/builtins/strncat-chk.c compilation,  -O2 -flto -flto-partition=none 
UNRESOLVED: gcc.c-torture/execute/builtins/strncat-chk.c execution,  -O2 -flto -flto-partition=none 
FAIL: gcc.c-torture/execute/builtins/strncat-chk.c compilation,  -O2 -flto 
UNRESOLVED: gcc.c-torture/execute/builtins/strncat-chk.c execution,  -O2 -flto 
FAIL: gcc.c-torture/execute/builtins/strncpy-chk.c compilation,  -O2 -flto -flto-partition=none 
UNRESOLVED: gcc.c-torture/execute/builtins/strncpy-chk.c execution,  -O2 -flto -flto-partition=none 
FAIL: gcc.c-torture/execute/builtins/strncpy-chk.c compilation,  -O2 -flto 
UNRESOLVED: gcc.c-torture/execute/builtins/strncpy-chk.c execution,  -O2 -flto 
FAIL: gcc.c-torture/execute/builtins/strncpy.c compilation,  -O2 -flto -flto-partition=none 
UNRESOLVED: gcc.c-torture/execute/builtins/strncpy.c execution,  -O2 -flto -flto-partition=none 
FAIL: gcc.c-torture/execute/builtins/strncpy.c compilation,  -O2 -flto 
UNRESOLVED: gcc.c-torture/execute/builtins/strncpy.c execution,  -O2 -flto 
FAIL: gcc.c-torture/execute/builtins/vsnprintf-chk.c compilation,  -O2 -flto -flto-partition=none 
UNRESOLVED: gcc.c-torture/execute/builtins/vsnprintf-chk.c execution,  -O2 -flto -flto-partition=none 
FAIL: gcc.c-torture/execute/builtins/vsnprintf-chk.c compilation,  -O2 -flto 
UNRESOLVED: gcc.c-torture/execute/builtins/vsnprintf-chk.c execution,  -O2 -flto 
FAIL: gcc.c-torture/execute/builtins/vsprintf-chk.c compilation,  -O2 -flto -flto-partition=none 
UNRESOLVED: gcc.c-torture/execute/builtins/vsprintf-chk.c execution,  -O2 -flto -flto-partition=none 
FAIL: gcc.c-torture/execute/builtins/vsprintf-chk.c compilation,  -O2 -flto 
UNRESOLVED: gcc.c-torture/execute/builtins/vsprintf-chk.c execution,  -O2 -flto 
FAIL: gcc.c-torture/execute/20000412-4.c compilation,  -O3 -fomit-frame-pointer -funroll-loops  (internal compiler error)
UNRESOLVED: gcc.c-torture/execute/20000412-4.c execution,  -O3 -fomit-frame-pointer -funroll-loops 
FAIL: gcc.c-torture/execute/20000412-4.c compilation,  -O3 -fomit-frame-pointer -funroll-all-loops -finline-functions  (internal compiler error)
UNRESOLVED: gcc.c-torture/execute/20000412-4.c execution,  -O3 -fomit-frame-pointer -funroll-all-loops -finline-functions 
FAIL: gcc.c-torture/execute/20000815-1.c compilation,  -O3 -fomit-frame-pointer -funroll-loops  (internal compiler error)
UNRESOLVED: gcc.c-torture/execute/20000815-1.c execution,  -O3 -fomit-frame-pointer -funroll-loops 
FAIL: gcc.c-torture/execute/20000815-1.c compilation,  -O3 -fomit-frame-pointer -funroll-all-loops -finline-functions  (internal compiler error)
UNRESOLVED: gcc.c-torture/execute/20000815-1.c execution,  -O3 -fomit-frame-pointer -funroll-all-loops -finline-functions 
FAIL: gcc.c-torture/execute/20010129-1.c compilation,  -O3 -fomit-frame-pointer -funroll-loops  (internal compiler error)
UNRESOLVED: gcc.c-torture/execute/20010129-1.c execution,  -O3 -fomit-frame-pointer -funroll-loops 
FAIL: gcc.c-torture/execute/20010129-1.c compilation,  -O3 -fomit-frame-pointer -funroll-all-loops -finline-functions  (internal compiler error)
UNRESOLVED: gcc.c-torture/execute/20010129-1.c execution,  -O3 -fomit-frame-pointer -funroll-all-loops -finline-functions 
FAIL: gcc.c-torture/execute/20020201-1.c compilation,  -Os 
UNRESOLVED: gcc.c-torture/execute/20020201-1.c execution,  -Os 
FAIL: gcc.c-torture/execute/20020406-1.c compilation,  -O2 -flto -flto-partition=none 
UNRESOLVED: gcc.c-torture/execute/20020406-1.c execution,  -O2 -flto -flto-partition=none 
FAIL: gcc.c-torture/execute/20020406-1.c compilation,  -O2 -flto 
UNRESOLVED: gcc.c-torture/execute/20020406-1.c execution,  -O2 -flto 
FAIL: gcc.c-torture/execute/20020529-1.c compilation,  -O3 -fomit-frame-pointer -funroll-loops  (internal compiler error)
UNRESOLVED: gcc.c-torture/execute/20020529-1.c execution,  -O3 -fomit-frame-pointer -funroll-loops 
FAIL: gcc.c-torture/execute/20020529-1.c compilation,  -O3 -fomit-frame-pointer -funroll-all-loops -finline-functions  (internal compiler error)
UNRESOLVED: gcc.c-torture/execute/20020529-1.c execution,  -O3 -fomit-frame-pointer -funroll-all-loops -finline-functions 
FAIL: gcc.c-torture/execute/20021120-3.c compilation,  -O2 -flto -flto-partition=none 
UNRESOLVED: gcc.c-torture/execute/20021120-3.c execution,  -O2 -flto -flto-partition=none 
FAIL: gcc.c-torture/execute/20021120-3.c compilation,  -O2 -flto 
UNRESOLVED: gcc.c-torture/execute/20021120-3.c execution,  -O2 -flto 
FAIL: gcc.c-torture/execute/20030916-1.c compilation,  -O3 -fomit-frame-pointer -funroll-loops  (internal compiler error)
UNRESOLVED: gcc.c-torture/execute/20030916-1.c execution,  -O3 -fomit-frame-pointer -funroll-loops 
FAIL: gcc.c-torture/execute/20030916-1.c compilation,  -O3 -fomit-frame-pointer -funroll-all-loops -finline-functions  (internal compiler error)
UNRESOLVED: gcc.c-torture/execute/20030916-1.c execution,  -O3 -fomit-frame-pointer -funroll-all-loops -finline-functions 
FAIL: gcc.c-torture/execute/20040629-1.c compilation,  -Os 
UNRESOLVED: gcc.c-torture/execute/20040629-1.c execution,  -Os 
FAIL: gcc.c-torture/execute/20040705-1.c compilation,  -Os 
UNRESOLVED: gcc.c-torture/execute/20040705-1.c execution,  -Os 
FAIL: gcc.c-torture/execute/20040705-2.c compilation,  -Os 
UNRESOLVED: gcc.c-torture/execute/20040705-2.c execution,  -Os 
FAIL: gcc.c-torture/execute/20040709-1.c compilation,  -Os 
UNRESOLVED: gcc.c-torture/execute/20040709-1.c execution,  -Os 
FAIL: gcc.c-torture/execute/20040709-2.c compilation,  -Os 
UNRESOLVED: gcc.c-torture/execute/20040709-2.c execution,  -Os 
FAIL: gcc.c-torture/execute/20050826-1.c compilation,  -O3 -fomit-frame-pointer -funroll-loops  (internal compiler error)
UNRESOLVED: gcc.c-torture/execute/20050826-1.c execution,  -O3 -fomit-frame-pointer -funroll-loops 
FAIL: gcc.c-torture/execute/20050826-1.c compilation,  -O3 -fomit-frame-pointer -funroll-all-loops -finline-functions  (internal compiler error)
UNRESOLVED: gcc.c-torture/execute/20050826-1.c execution,  -O3 -fomit-frame-pointer -funroll-all-loops -finline-functions 
FAIL: gcc.c-torture/execute/20060412-1.c compilation,  -O3 -fomit-frame-pointer -funroll-loops  (internal compiler error)
UNRESOLVED: gcc.c-torture/execute/20060412-1.c execution,  -O3 -fomit-frame-pointer -funroll-loops 
FAIL: gcc.c-torture/execute/20060412-1.c compilation,  -O3 -fomit-frame-pointer -funroll-all-loops -finline-functions  (internal compiler error)
UNRESOLVED: gcc.c-torture/execute/20060412-1.c execution,  -O3 -fomit-frame-pointer -funroll-all-loops -finline-functions 
FAIL: gcc.c-torture/execute/20060905-1.c compilation,  -O3 -fomit-frame-pointer -funroll-loops  (internal compiler error)
UNRESOLVED: gcc.c-torture/execute/20060905-1.c execution,  -O3 -fomit-frame-pointer -funroll-loops 
FAIL: gcc.c-torture/execute/20060905-1.c compilation,  -O3 -fomit-frame-pointer -funroll-all-loops -finline-functions  (internal compiler error)
UNRESOLVED: gcc.c-torture/execute/20060905-1.c execution,  -O3 -fomit-frame-pointer -funroll-all-loops -finline-functions 
FAIL: gcc.c-torture/execute/20070201-1.c compilation,  -O2 -flto -flto-partition=none 
UNRESOLVED: gcc.c-torture/execute/20070201-1.c execution,  -O2 -flto -flto-partition=none 
FAIL: gcc.c-torture/execute/20070201-1.c compilation,  -O2 -flto 
UNRESOLVED: gcc.c-torture/execute/20070201-1.c execution,  -O2 -flto 
FAIL: gcc.c-torture/execute/20071219-1.c compilation,  -O3 -fomit-frame-pointer -funroll-loops  (internal compiler error)
UNRESOLVED: gcc.c-torture/execute/20071219-1.c execution,  -O3 -fomit-frame-pointer -funroll-loops 
FAIL: gcc.c-torture/execute/20071219-1.c compilation,  -O3 -fomit-frame-pointer -funroll-all-loops -finline-functions  (internal compiler error)
UNRESOLVED: gcc.c-torture/execute/20071219-1.c execution,  -O3 -fomit-frame-pointer -funroll-all-loops -finline-functions 
FAIL: gcc.c-torture/execute/20081218-1.c compilation,  -O3 -fomit-frame-pointer -funroll-loops  (internal compiler error)
UNRESOLVED: gcc.c-torture/execute/20081218-1.c execution,  -O3 -fomit-frame-pointer -funroll-loops 
FAIL: gcc.c-torture/execute/20081218-1.c compilation,  -O3 -fomit-frame-pointer -funroll-all-loops -finline-functions  (internal compiler error)
UNRESOLVED: gcc.c-torture/execute/20081218-1.c execution,  -O3 -fomit-frame-pointer -funroll-all-loops -finline-functions 
FAIL: gcc.c-torture/execute/20100805-1.c compilation,  -O3 -fomit-frame-pointer -funroll-loops  (internal compiler error)
UNRESOLVED: gcc.c-torture/execute/20100805-1.c execution,  -O3 -fomit-frame-pointer -funroll-loops 
FAIL: gcc.c-torture/execute/20100805-1.c compilation,  -O3 -fomit-frame-pointer -funroll-all-loops -finline-functions  (internal compiler error)
UNRESOLVED: gcc.c-torture/execute/20100805-1.c execution,  -O3 -fomit-frame-pointer -funroll-all-loops -finline-functions 
FAIL: gcc.c-torture/execute/920501-8.c compilation,  -O2 -flto -flto-partition=none 
UNRESOLVED: gcc.c-torture/execute/920501-8.c execution,  -O2 -flto -flto-partition=none 
FAIL: gcc.c-torture/execute/920501-8.c compilation,  -O2 -flto 
UNRESOLVED: gcc.c-torture/execute/920501-8.c execution,  -O2 -flto 
FAIL: gcc.c-torture/execute/920501-9.c compilation,  -O2 -flto -flto-partition=none 
UNRESOLVED: gcc.c-torture/execute/920501-9.c execution,  -O2 -flto -flto-partition=none 
FAIL: gcc.c-torture/execute/920501-9.c compilation,  -O2 -flto 
UNRESOLVED: gcc.c-torture/execute/920501-9.c execution,  -O2 -flto 
FAIL: gcc.c-torture/execute/920726-1.c compilation,  -O2 -flto -flto-partition=none 
UNRESOLVED: gcc.c-torture/execute/920726-1.c execution,  -O2 -flto -flto-partition=none 
FAIL: gcc.c-torture/execute/920726-1.c compilation,  -O2 -flto 
UNRESOLVED: gcc.c-torture/execute/920726-1.c execution,  -O2 -flto 
FAIL: gcc.c-torture/execute/930513-1.c compilation,  -O2 -flto -flto-partition=none 
UNRESOLVED: gcc.c-torture/execute/930513-1.c execution,  -O2 -flto -flto-partition=none 
FAIL: gcc.c-torture/execute/930513-1.c compilation,  -O2 -flto 
UNRESOLVED: gcc.c-torture/execute/930513-1.c execution,  -O2 -flto 
FAIL: gcc.c-torture/execute/930628-1.c compilation,  -O3 -fomit-frame-pointer -funroll-loops  (internal compiler error)
UNRESOLVED: gcc.c-torture/execute/930628-1.c execution,  -O3 -fomit-frame-pointer -funroll-loops 
FAIL: gcc.c-torture/execute/930628-1.c compilation,  -O3 -fomit-frame-pointer -funroll-all-loops -finline-functions  (internal compiler error)
UNRESOLVED: gcc.c-torture/execute/930628-1.c execution,  -O3 -fomit-frame-pointer -funroll-all-loops -finline-functions 
FAIL: gcc.c-torture/execute/930921-1.c compilation,  -O3 -fomit-frame-pointer -funroll-loops  (internal compiler error)
UNRESOLVED: gcc.c-torture/execute/930921-1.c execution,  -O3 -fomit-frame-pointer -funroll-loops 
FAIL: gcc.c-torture/execute/930921-1.c compilation,  -O3 -fomit-frame-pointer -funroll-all-loops -finline-functions  (internal compiler error)
UNRESOLVED: gcc.c-torture/execute/930921-1.c execution,  -O3 -fomit-frame-pointer -funroll-all-loops -finline-functions 
FAIL: gcc.c-torture/execute/930921-1.c compilation,  -Os 
UNRESOLVED: gcc.c-torture/execute/930921-1.c execution,  -Os 
FAIL: gcc.c-torture/execute/941014-2.c compilation,  -O2 -flto -flto-partition=none 
UNRESOLVED: gcc.c-torture/execute/941014-2.c execution,  -O2 -flto -flto-partition=none 
FAIL: gcc.c-torture/execute/941014-2.c compilation,  -O2 -flto 
UNRESOLVED: gcc.c-torture/execute/941014-2.c execution,  -O2 -flto 
FAIL: gcc.c-torture/execute/960521-1.c compilation,  -O3 -fomit-frame-pointer -funroll-loops  (internal compiler error)
UNRESOLVED: gcc.c-torture/execute/960521-1.c execution,  -O3 -fomit-frame-pointer -funroll-loops 
FAIL: gcc.c-torture/execute/960521-1.c compilation,  -O3 -fomit-frame-pointer -funroll-all-loops -finline-functions  (internal compiler error)
UNRESOLVED: gcc.c-torture/execute/960521-1.c execution,  -O3 -fomit-frame-pointer -funroll-all-loops -finline-functions 
FAIL: gcc.c-torture/execute/980605-1.c compilation,  -O2 -flto -flto-partition=none 
UNRESOLVED: gcc.c-torture/execute/980605-1.c execution,  -O2 -flto -flto-partition=none 
FAIL: gcc.c-torture/execute/980605-1.c compilation,  -O2 -flto 
UNRESOLVED: gcc.c-torture/execute/980605-1.c execution,  -O2 -flto 
FAIL: gcc.c-torture/execute/980709-1.c compilation,  -O2 -flto -flto-partition=none 
UNRESOLVED: gcc.c-torture/execute/980709-1.c execution,  -O2 -flto -flto-partition=none 
FAIL: gcc.c-torture/execute/980709-1.c compilation,  -O2 -flto 
UNRESOLVED: gcc.c-torture/execute/980709-1.c execution,  -O2 -flto 
FAIL: gcc.c-torture/execute/990513-1.c compilation,  -O3 -fomit-frame-pointer -funroll-loops  (internal compiler error)
UNRESOLVED: gcc.c-torture/execute/990513-1.c execution,  -O3 -fomit-frame-pointer -funroll-loops 
FAIL: gcc.c-torture/execute/990513-1.c compilation,  -O3 -fomit-frame-pointer -funroll-all-loops -finline-functions  (internal compiler error)
UNRESOLVED: gcc.c-torture/execute/990513-1.c execution,  -O3 -fomit-frame-pointer -funroll-all-loops -finline-functions 
FAIL: gcc.c-torture/execute/ashldi-1.c compilation,  -O3 -fomit-frame-pointer -funroll-loops  (internal compiler error)
UNRESOLVED: gcc.c-torture/execute/ashldi-1.c execution,  -O3 -fomit-frame-pointer -funroll-loops 
FAIL: gcc.c-torture/execute/ashldi-1.c compilation,  -O3 -fomit-frame-pointer -funroll-all-loops -finline-functions  (internal compiler error)
UNRESOLVED: gcc.c-torture/execute/ashldi-1.c execution,  -O3 -fomit-frame-pointer -funroll-all-loops -finline-functions 
FAIL: gcc.c-torture/execute/ashrdi-1.c compilation,  -O3 -fomit-frame-pointer -funroll-loops  (internal compiler error)
UNRESOLVED: gcc.c-torture/execute/ashrdi-1.c execution,  -O3 -fomit-frame-pointer -funroll-loops 
FAIL: gcc.c-torture/execute/ashrdi-1.c compilation,  -O3 -fomit-frame-pointer -funroll-all-loops -finline-functions  (internal compiler error)
UNRESOLVED: gcc.c-torture/execute/ashrdi-1.c execution,  -O3 -fomit-frame-pointer -funroll-all-loops -finline-functions 
FAIL: gcc.c-torture/execute/built-in-setjmp.c compilation,  -O3 -fomit-frame-pointer -funroll-loops  (internal compiler error)
UNRESOLVED: gcc.c-torture/execute/built-in-setjmp.c execution,  -O3 -fomit-frame-pointer -funroll-loops 
FAIL: gcc.c-torture/execute/built-in-setjmp.c compilation,  -O3 -fomit-frame-pointer -funroll-all-loops -finline-functions  (internal compiler error)
UNRESOLVED: gcc.c-torture/execute/built-in-setjmp.c execution,  -O3 -fomit-frame-pointer -funroll-all-loops -finline-functions 
FAIL: gcc.c-torture/execute/builtin-bitops-1.c compilation,  -O3 -fomit-frame-pointer -funroll-loops  (internal compiler error)
UNRESOLVED: gcc.c-torture/execute/builtin-bitops-1.c execution,  -O3 -fomit-frame-pointer -funroll-loops 
FAIL: gcc.c-torture/execute/builtin-bitops-1.c compilation,  -O3 -fomit-frame-pointer -funroll-all-loops -finline-functions  (internal compiler error)
UNRESOLVED: gcc.c-torture/execute/builtin-bitops-1.c execution,  -O3 -fomit-frame-pointer -funroll-all-loops -finline-functions 
FAIL: gcc.c-torture/execute/builtin-prefetch-6.c compilation,  -O3 -fomit-frame-pointer -funroll-loops  (internal compiler error)
UNRESOLVED: gcc.c-torture/execute/builtin-prefetch-6.c execution,  -O3 -fomit-frame-pointer -funroll-loops 
FAIL: gcc.c-torture/execute/builtin-prefetch-6.c compilation,  -O3 -fomit-frame-pointer -funroll-all-loops -finline-functions  (internal compiler error)
UNRESOLVED: gcc.c-torture/execute/builtin-prefetch-6.c execution,  -O3 -fomit-frame-pointer -funroll-all-loops -finline-functions 
FAIL: gcc.c-torture/execute/cbrt.c compilation,  -Os 
UNRESOLVED: gcc.c-torture/execute/cbrt.c execution,  -Os 
FAIL: gcc.c-torture/execute/cmpdi-1.c compilation,  -O3 -fomit-frame-pointer -funroll-loops  (internal compiler error)
UNRESOLVED: gcc.c-torture/execute/cmpdi-1.c execution,  -O3 -fomit-frame-pointer -funroll-loops 
FAIL: gcc.c-torture/execute/cmpdi-1.c compilation,  -O3 -fomit-frame-pointer -funroll-all-loops -finline-functions  (internal compiler error)
UNRESOLVED: gcc.c-torture/execute/cmpdi-1.c execution,  -O3 -fomit-frame-pointer -funroll-all-loops -finline-functions 
FAIL: gcc.c-torture/execute/cmpsi-2.c compilation,  -O3 -fomit-frame-pointer -funroll-loops  (internal compiler error)
UNRESOLVED: gcc.c-torture/execute/cmpsi-2.c execution,  -O3 -fomit-frame-pointer -funroll-loops 
FAIL: gcc.c-torture/execute/cmpsi-2.c compilation,  -O3 -fomit-frame-pointer -funroll-all-loops -finline-functions  (internal compiler error)
UNRESOLVED: gcc.c-torture/execute/cmpsi-2.c execution,  -O3 -fomit-frame-pointer -funroll-all-loops -finline-functions 
FAIL: gcc.c-torture/execute/fprintf-1.c compilation,  -O2 -flto -flto-partition=none 
UNRESOLVED: gcc.c-torture/execute/fprintf-1.c execution,  -O2 -flto -flto-partition=none 
FAIL: gcc.c-torture/execute/fprintf-1.c compilation,  -O2 -flto 
UNRESOLVED: gcc.c-torture/execute/fprintf-1.c execution,  -O2 -flto 
FAIL: gcc.c-torture/execute/fprintf-chk-1.c compilation,  -O2 -flto -flto-partition=none 
UNRESOLVED: gcc.c-torture/execute/fprintf-chk-1.c execution,  -O2 -flto -flto-partition=none 
FAIL: gcc.c-torture/execute/fprintf-chk-1.c compilation,  -O2 -flto 
UNRESOLVED: gcc.c-torture/execute/fprintf-chk-1.c execution,  -O2 -flto 
FAIL: gcc.c-torture/execute/loop-11.c compilation,  -O3 -fomit-frame-pointer -funroll-loops  (internal compiler error)
UNRESOLVED: gcc.c-torture/execute/loop-11.c execution,  -O3 -fomit-frame-pointer -funroll-loops 
FAIL: gcc.c-torture/execute/loop-11.c compilation,  -O3 -fomit-frame-pointer -funroll-all-loops -finline-functions  (internal compiler error)
UNRESOLVED: gcc.c-torture/execute/loop-11.c execution,  -O3 -fomit-frame-pointer -funroll-all-loops -finline-functions 
FAIL: gcc.c-torture/execute/loop-15.c compilation,  -O3 -fomit-frame-pointer -funroll-loops  (internal compiler error)
UNRESOLVED: gcc.c-torture/execute/loop-15.c execution,  -O3 -fomit-frame-pointer -funroll-loops 
FAIL: gcc.c-torture/execute/loop-15.c compilation,  -O3 -fomit-frame-pointer -funroll-all-loops -finline-functions  (internal compiler error)
UNRESOLVED: gcc.c-torture/execute/loop-15.c execution,  -O3 -fomit-frame-pointer -funroll-all-loops -finline-functions 
FAIL: gcc.c-torture/execute/loop-2e.c compilation,  -O3 -fomit-frame-pointer -funroll-loops  (internal compiler error)
UNRESOLVED: gcc.c-torture/execute/loop-2e.c execution,  -O3 -fomit-frame-pointer -funroll-loops 
FAIL: gcc.c-torture/execute/loop-2e.c compilation,  -O3 -fomit-frame-pointer -funroll-all-loops -finline-functions  (internal compiler error)
UNRESOLVED: gcc.c-torture/execute/loop-2e.c execution,  -O3 -fomit-frame-pointer -funroll-all-loops -finline-functions 
FAIL: gcc.c-torture/execute/loop-3.c compilation,  -O3 -fomit-frame-pointer -funroll-loops  (internal compiler error)
UNRESOLVED: gcc.c-torture/execute/loop-3.c execution,  -O3 -fomit-frame-pointer -funroll-loops 
FAIL: gcc.c-torture/execute/loop-3.c compilation,  -O3 -fomit-frame-pointer -funroll-all-loops -finline-functions  (internal compiler error)
UNRESOLVED: gcc.c-torture/execute/loop-3.c execution,  -O3 -fomit-frame-pointer -funroll-all-loops -finline-functions 
FAIL: gcc.c-torture/execute/loop-3b.c compilation,  -O3 -fomit-frame-pointer -funroll-loops  (internal compiler error)
UNRESOLVED: gcc.c-torture/execute/loop-3b.c execution,  -O3 -fomit-frame-pointer -funroll-loops 
FAIL: gcc.c-torture/execute/loop-3b.c compilation,  -O3 -fomit-frame-pointer -funroll-all-loops -finline-functions  (internal compiler error)
UNRESOLVED: gcc.c-torture/execute/loop-3b.c execution,  -O3 -fomit-frame-pointer -funroll-all-loops -finline-functions 
FAIL: gcc.c-torture/execute/loop-3c.c compilation,  -O3 -fomit-frame-pointer -funroll-loops  (internal compiler error)
UNRESOLVED: gcc.c-torture/execute/loop-3c.c execution,  -O3 -fomit-frame-pointer -funroll-loops 
FAIL: gcc.c-torture/execute/loop-3c.c compilation,  -O3 -fomit-frame-pointer -funroll-all-loops -finline-functions  (internal compiler error)
UNRESOLVED: gcc.c-torture/execute/loop-3c.c execution,  -O3 -fomit-frame-pointer -funroll-all-loops -finline-functions 
FAIL: gcc.c-torture/execute/loop-6.c compilation,  -O3 -fomit-frame-pointer -funroll-loops  (internal compiler error)
UNRESOLVED: gcc.c-torture/execute/loop-6.c execution,  -O3 -fomit-frame-pointer -funroll-loops 
FAIL: gcc.c-torture/execute/loop-6.c compilation,  -O3 -fomit-frame-pointer -funroll-all-loops -finline-functions  (internal compiler error)
UNRESOLVED: gcc.c-torture/execute/loop-6.c execution,  -O3 -fomit-frame-pointer -funroll-all-loops -finline-functions 
FAIL: gcc.c-torture/execute/loop-ivopts-2.c compilation,  -O3 -fomit-frame-pointer -funroll-loops  (internal compiler error)
UNRESOLVED: gcc.c-torture/execute/loop-ivopts-2.c execution,  -O3 -fomit-frame-pointer -funroll-loops 
FAIL: gcc.c-torture/execute/loop-ivopts-2.c compilation,  -O3 -fomit-frame-pointer -funroll-all-loops -finline-functions  (internal compiler error)
UNRESOLVED: gcc.c-torture/execute/loop-ivopts-2.c execution,  -O3 -fomit-frame-pointer -funroll-all-loops -finline-functions 
FAIL: gcc.c-torture/execute/lshrdi-1.c compilation,  -O3 -fomit-frame-pointer -funroll-loops  (internal compiler error)
UNRESOLVED: gcc.c-torture/execute/lshrdi-1.c execution,  -O3 -fomit-frame-pointer -funroll-loops 
FAIL: gcc.c-torture/execute/lshrdi-1.c compilation,  -O3 -fomit-frame-pointer -funroll-all-loops -finline-functions  (internal compiler error)
UNRESOLVED: gcc.c-torture/execute/lshrdi-1.c execution,  -O3 -fomit-frame-pointer -funroll-all-loops -finline-functions 
FAIL: gcc.c-torture/execute/memcpy-1.c compilation,  -O3 -fomit-frame-pointer -funroll-loops  (internal compiler error)
UNRESOLVED: gcc.c-torture/execute/memcpy-1.c execution,  -O3 -fomit-frame-pointer -funroll-loops 
FAIL: gcc.c-torture/execute/memcpy-1.c compilation,  -O3 -fomit-frame-pointer -funroll-all-loops -finline-functions  (internal compiler error)
UNRESOLVED: gcc.c-torture/execute/memcpy-1.c execution,  -O3 -fomit-frame-pointer -funroll-all-loops -finline-functions 
FAIL: gcc.c-torture/execute/memcpy-2.c compilation,  -O3 -fomit-frame-pointer -funroll-loops  (internal compiler error)
UNRESOLVED: gcc.c-torture/execute/memcpy-2.c execution,  -O3 -fomit-frame-pointer -funroll-loops 
FAIL: gcc.c-torture/execute/memcpy-2.c compilation,  -O3 -fomit-frame-pointer -funroll-all-loops -finline-functions  (internal compiler error)
UNRESOLVED: gcc.c-torture/execute/memcpy-2.c execution,  -O3 -fomit-frame-pointer -funroll-all-loops -finline-functions 
FAIL: gcc.c-torture/execute/memset-1.c compilation,  -O3 -fomit-frame-pointer -funroll-loops  (internal compiler error)
UNRESOLVED: gcc.c-torture/execute/memset-1.c execution,  -O3 -fomit-frame-pointer -funroll-loops 
FAIL: gcc.c-torture/execute/memset-1.c compilation,  -O3 -fomit-frame-pointer -funroll-all-loops -finline-functions  (internal compiler error)
UNRESOLVED: gcc.c-torture/execute/memset-1.c execution,  -O3 -fomit-frame-pointer -funroll-all-loops -finline-functions 
FAIL: gcc.c-torture/execute/memset-2.c compilation,  -O3 -fomit-frame-pointer -funroll-loops  (internal compiler error)
UNRESOLVED: gcc.c-torture/execute/memset-2.c execution,  -O3 -fomit-frame-pointer -funroll-loops 
FAIL: gcc.c-torture/execute/memset-2.c compilation,  -O3 -fomit-frame-pointer -funroll-all-loops -finline-functions  (internal compiler error)
UNRESOLVED: gcc.c-torture/execute/memset-2.c execution,  -O3 -fomit-frame-pointer -funroll-all-loops -finline-functions 
FAIL: gcc.c-torture/execute/memset-3.c compilation,  -O3 -fomit-frame-pointer -funroll-loops  (internal compiler error)
UNRESOLVED: gcc.c-torture/execute/memset-3.c execution,  -O3 -fomit-frame-pointer -funroll-loops 
FAIL: gcc.c-torture/execute/memset-3.c compilation,  -O3 -fomit-frame-pointer -funroll-all-loops -finline-functions  (internal compiler error)
UNRESOLVED: gcc.c-torture/execute/memset-3.c execution,  -O3 -fomit-frame-pointer -funroll-all-loops -finline-functions 
FAIL: gcc.c-torture/execute/mode-dependent-address.c compilation,  -O3 -fomit-frame-pointer -funroll-loops  (internal compiler error)
UNRESOLVED: gcc.c-torture/execute/mode-dependent-address.c execution,  -O3 -fomit-frame-pointer -funroll-loops 
FAIL: gcc.c-torture/execute/mode-dependent-address.c compilation,  -O3 -fomit-frame-pointer -funroll-all-loops -finline-functions  (internal compiler error)
UNRESOLVED: gcc.c-torture/execute/mode-dependent-address.c execution,  -O3 -fomit-frame-pointer -funroll-all-loops -finline-functions 
FAIL: gcc.c-torture/execute/nestfunc-2.c compilation,  -O3 -fomit-frame-pointer -funroll-loops  (internal compiler error)
UNRESOLVED: gcc.c-torture/execute/nestfunc-2.c execution,  -O3 -fomit-frame-pointer -funroll-loops 
FAIL: gcc.c-torture/execute/nestfunc-2.c compilation,  -O3 -fomit-frame-pointer -funroll-all-loops -finline-functions  (internal compiler error)
UNRESOLVED: gcc.c-torture/execute/nestfunc-2.c execution,  -O3 -fomit-frame-pointer -funroll-all-loops -finline-functions 
FAIL: gcc.c-torture/execute/pr19005.c compilation,  -O3 -fomit-frame-pointer -funroll-loops  (internal compiler error)
UNRESOLVED: gcc.c-torture/execute/pr19005.c execution,  -O3 -fomit-frame-pointer -funroll-loops 
FAIL: gcc.c-torture/execute/pr19005.c compilation,  -O3 -fomit-frame-pointer -funroll-all-loops -finline-functions  (internal compiler error)
UNRESOLVED: gcc.c-torture/execute/pr19005.c execution,  -O3 -fomit-frame-pointer -funroll-all-loops -finline-functions 
FAIL: gcc.c-torture/execute/pr19606.c compilation,  -Os 
UNRESOLVED: gcc.c-torture/execute/pr19606.c execution,  -Os 
FAIL: gcc.c-torture/execute/pr27260.c compilation,  -O3 -fomit-frame-pointer -funroll-loops  (internal compiler error)
UNRESOLVED: gcc.c-torture/execute/pr27260.c execution,  -O3 -fomit-frame-pointer -funroll-loops 
FAIL: gcc.c-torture/execute/pr27260.c compilation,  -O3 -fomit-frame-pointer -funroll-all-loops -finline-functions  (internal compiler error)
UNRESOLVED: gcc.c-torture/execute/pr27260.c execution,  -O3 -fomit-frame-pointer -funroll-all-loops -finline-functions 
FAIL: gcc.c-torture/execute/pr27285.c compilation,  -O3 -fomit-frame-pointer -funroll-loops  (internal compiler error)
UNRESOLVED: gcc.c-torture/execute/pr27285.c execution,  -O3 -fomit-frame-pointer -funroll-loops 
FAIL: gcc.c-torture/execute/pr27285.c compilation,  -O3 -fomit-frame-pointer -funroll-all-loops -finline-functions  (internal compiler error)
UNRESOLVED: gcc.c-torture/execute/pr27285.c execution,  -O3 -fomit-frame-pointer -funroll-all-loops -finline-functions 
FAIL: gcc.c-torture/execute/pr27364.c compilation,  -Os 
UNRESOLVED: gcc.c-torture/execute/pr27364.c execution,  -Os 
FAIL: gcc.c-torture/execute/pr33870-1.c compilation,  -O3 -fomit-frame-pointer -funroll-loops  (internal compiler error)
UNRESOLVED: gcc.c-torture/execute/pr33870-1.c execution,  -O3 -fomit-frame-pointer -funroll-loops 
FAIL: gcc.c-torture/execute/pr33870-1.c compilation,  -O3 -fomit-frame-pointer -funroll-all-loops -finline-functions  (internal compiler error)
UNRESOLVED: gcc.c-torture/execute/pr33870-1.c execution,  -O3 -fomit-frame-pointer -funroll-all-loops -finline-functions 
FAIL: gcc.c-torture/execute/pr33870.c compilation,  -O3 -fomit-frame-pointer -funroll-loops  (internal compiler error)
UNRESOLVED: gcc.c-torture/execute/pr33870.c execution,  -O3 -fomit-frame-pointer -funroll-loops 
FAIL: gcc.c-torture/execute/pr33870.c compilation,  -O3 -fomit-frame-pointer -funroll-all-loops -finline-functions  (internal compiler error)
UNRESOLVED: gcc.c-torture/execute/pr33870.c execution,  -O3 -fomit-frame-pointer -funroll-all-loops -finline-functions 
FAIL: gcc.c-torture/execute/pr37573.c compilation,  -O3 -fomit-frame-pointer -funroll-loops  (internal compiler error)
UNRESOLVED: gcc.c-torture/execute/pr37573.c execution,  -O3 -fomit-frame-pointer -funroll-loops 
FAIL: gcc.c-torture/execute/pr37573.c compilation,  -O3 -fomit-frame-pointer -funroll-all-loops -finline-functions  (internal compiler error)
UNRESOLVED: gcc.c-torture/execute/pr37573.c execution,  -O3 -fomit-frame-pointer -funroll-all-loops -finline-functions 
FAIL: gcc.c-torture/execute/pr42512.c compilation,  -O3 -fomit-frame-pointer -funroll-loops  (internal compiler error)
UNRESOLVED: gcc.c-torture/execute/pr42512.c execution,  -O3 -fomit-frame-pointer -funroll-loops 
FAIL: gcc.c-torture/execute/pr42512.c compilation,  -O3 -fomit-frame-pointer -funroll-all-loops -finline-functions  (internal compiler error)
UNRESOLVED: gcc.c-torture/execute/pr42512.c execution,  -O3 -fomit-frame-pointer -funroll-all-loops -finline-functions 
FAIL: gcc.c-torture/execute/pr43783.c compilation,  -O3 -fomit-frame-pointer -funroll-loops  (internal compiler error)
UNRESOLVED: gcc.c-torture/execute/pr43783.c execution,  -O3 -fomit-frame-pointer -funroll-loops 
FAIL: gcc.c-torture/execute/pr43783.c compilation,  -O3 -fomit-frame-pointer -funroll-all-loops -finline-functions  (internal compiler error)
UNRESOLVED: gcc.c-torture/execute/pr43783.c execution,  -O3 -fomit-frame-pointer -funroll-all-loops -finline-functions 
FAIL: gcc.c-torture/execute/pr43784.c compilation,  -O3 -fomit-frame-pointer -funroll-loops  (internal compiler error)
UNRESOLVED: gcc.c-torture/execute/pr43784.c execution,  -O3 -fomit-frame-pointer -funroll-loops 
FAIL: gcc.c-torture/execute/pr43784.c compilation,  -O3 -fomit-frame-pointer -funroll-all-loops -finline-functions  (internal compiler error)
UNRESOLVED: gcc.c-torture/execute/pr43784.c execution,  -O3 -fomit-frame-pointer -funroll-all-loops -finline-functions 
FAIL: gcc.c-torture/execute/pr47337.c compilation,  -O3 -fomit-frame-pointer -funroll-loops  (internal compiler error)
UNRESOLVED: gcc.c-torture/execute/pr47337.c execution,  -O3 -fomit-frame-pointer -funroll-loops 
FAIL: gcc.c-torture/execute/pr47337.c compilation,  -O3 -fomit-frame-pointer -funroll-all-loops -finline-functions  (internal compiler error)
UNRESOLVED: gcc.c-torture/execute/pr47337.c execution,  -O3 -fomit-frame-pointer -funroll-all-loops -finline-functions 
FAIL: gcc.c-torture/execute/printf-1.c compilation,  -O2 -flto -flto-partition=none 
UNRESOLVED: gcc.c-torture/execute/printf-1.c execution,  -O2 -flto -flto-partition=none 
FAIL: gcc.c-torture/execute/printf-1.c compilation,  -O2 -flto 
UNRESOLVED: gcc.c-torture/execute/printf-1.c execution,  -O2 -flto 
FAIL: gcc.c-torture/execute/printf-chk-1.c compilation,  -O2 -flto -flto-partition=none 
UNRESOLVED: gcc.c-torture/execute/printf-chk-1.c execution,  -O2 -flto -flto-partition=none 
FAIL: gcc.c-torture/execute/printf-chk-1.c compilation,  -O2 -flto 
UNRESOLVED: gcc.c-torture/execute/printf-chk-1.c execution,  -O2 -flto 
FAIL: gcc.c-torture/execute/strcpy-1.c compilation,  -O3 -fomit-frame-pointer -funroll-loops  (internal compiler error)
UNRESOLVED: gcc.c-torture/execute/strcpy-1.c execution,  -O3 -fomit-frame-pointer -funroll-loops 
FAIL: gcc.c-torture/execute/strcpy-1.c compilation,  -O3 -fomit-frame-pointer -funroll-all-loops -finline-functions  (internal compiler error)
UNRESOLVED: gcc.c-torture/execute/strcpy-1.c execution,  -O3 -fomit-frame-pointer -funroll-all-loops -finline-functions 
FAIL: gcc.c-torture/execute/struct-ret-1.c compilation,  -O2 -flto -flto-partition=none 
UNRESOLVED: gcc.c-torture/execute/struct-ret-1.c execution,  -O2 -flto -flto-partition=none 
FAIL: gcc.c-torture/execute/struct-ret-1.c compilation,  -O2 -flto 
UNRESOLVED: gcc.c-torture/execute/struct-ret-1.c execution,  -O2 -flto 
FAIL: gcc.c-torture/execute/va-arg-21.c compilation,  -O2 -flto -flto-partition=none 
UNRESOLVED: gcc.c-torture/execute/va-arg-21.c execution,  -O2 -flto -flto-partition=none 
FAIL: gcc.c-torture/execute/va-arg-21.c compilation,  -O2 -flto 
UNRESOLVED: gcc.c-torture/execute/va-arg-21.c execution,  -O2 -flto 
FAIL: gcc.c-torture/execute/va-arg-22.c compilation,  -O3 -fomit-frame-pointer -funroll-loops  (internal compiler error)
UNRESOLVED: gcc.c-torture/execute/va-arg-22.c execution,  -O3 -fomit-frame-pointer -funroll-loops 
FAIL: gcc.c-torture/execute/va-arg-22.c compilation,  -O3 -fomit-frame-pointer -funroll-all-loops -finline-functions  (internal compiler error)
UNRESOLVED: gcc.c-torture/execute/va-arg-22.c execution,  -O3 -fomit-frame-pointer -funroll-all-loops -finline-functions 
FAIL: gcc.c-torture/execute/va-arg-24.c compilation,  -O2 -flto -flto-partition=none 
UNRESOLVED: gcc.c-torture/execute/va-arg-24.c execution,  -O2 -flto -flto-partition=none 
FAIL: gcc.c-torture/execute/va-arg-24.c compilation,  -O2 -flto 
UNRESOLVED: gcc.c-torture/execute/va-arg-24.c execution,  -O2 -flto 
FAIL: gcc.c-torture/execute/vfprintf-1.c compilation,  -O2 -flto -flto-partition=none 
UNRESOLVED: gcc.c-torture/execute/vfprintf-1.c execution,  -O2 -flto -flto-partition=none 
FAIL: gcc.c-torture/execute/vfprintf-1.c compilation,  -O2 -flto 
UNRESOLVED: gcc.c-torture/execute/vfprintf-1.c execution,  -O2 -flto 
FAIL: gcc.c-torture/execute/vfprintf-chk-1.c compilation,  -O2 -flto -flto-partition=none 
UNRESOLVED: gcc.c-torture/execute/vfprintf-chk-1.c execution,  -O2 -flto -flto-partition=none 
FAIL: gcc.c-torture/execute/vfprintf-chk-1.c compilation,  -O2 -flto 
UNRESOLVED: gcc.c-torture/execute/vfprintf-chk-1.c execution,  -O2 -flto 
FAIL: gcc.c-torture/execute/vprintf-1.c compilation,  -O2 -flto -flto-partition=none 
UNRESOLVED: gcc.c-torture/execute/vprintf-1.c execution,  -O2 -flto -flto-partition=none 
FAIL: gcc.c-torture/execute/vprintf-1.c compilation,  -O2 -flto 
UNRESOLVED: gcc.c-torture/execute/vprintf-1.c execution,  -O2 -flto 
FAIL: gcc.c-torture/execute/vprintf-chk-1.c compilation,  -O2 -flto -flto-partition=none 
UNRESOLVED: gcc.c-torture/execute/vprintf-chk-1.c execution,  -O2 -flto -flto-partition=none 
FAIL: gcc.c-torture/execute/vprintf-chk-1.c compilation,  -O2 -flto 
UNRESOLVED: gcc.c-torture/execute/vprintf-chk-1.c execution,  -O2 -flto 
FAIL: gcc.c-torture/execute/ieee/20041213-1.c compilation,  -O2 -flto -flto-partition=none 
UNRESOLVED: gcc.c-torture/execute/ieee/20041213-1.c execution,  -O2 -flto -flto-partition=none 
FAIL: gcc.c-torture/execute/ieee/20041213-1.c compilation,  -O2 -flto 
UNRESOLVED: gcc.c-torture/execute/ieee/20041213-1.c execution,  -O2 -flto 
FAIL: gcc.c-torture/execute/ieee/920810-1.c compilation,  -O2 -flto -flto-partition=none 
UNRESOLVED: gcc.c-torture/execute/ieee/920810-1.c execution,  -O2 -flto -flto-partition=none 
FAIL: gcc.c-torture/execute/ieee/920810-1.c compilation,  -O2 -flto 
UNRESOLVED: gcc.c-torture/execute/ieee/920810-1.c execution,  -O2 -flto 
FAIL: gcc.c-torture/unsorted/mregtst.c,  -O3 -fomit-frame-pointer -funroll-loops   (internal compiler error)
FAIL: gcc.c-torture/unsorted/mregtst.c,  -O3 -fomit-frame-pointer -funroll-all-loops -finline-functions   (internal compiler error)
FAIL: gcc.c-torture/unsorted/shloop.c,  -O3 -fomit-frame-pointer -funroll-loops   (internal compiler error)
FAIL: gcc.c-torture/unsorted/shloop.c,  -O3 -fomit-frame-pointer -funroll-all-loops -finline-functions   (internal compiler error)
FAIL: gcc.c-torture/unsorted/sound.c,  -O3 -fomit-frame-pointer -funroll-loops   (internal compiler error)
FAIL: gcc.c-torture/unsorted/sound.c,  -O3 -fomit-frame-pointer -funroll-all-loops -finline-functions   (internal compiler error)
FAIL: gcc.dg/20020312-2.c (test for excess errors)
WARNING: gcc.dg/20020312-2.c compilation failed to produce executable
FAIL: gcc.dg/20050607-1.c (test for excess errors)
FAIL: gcc.dg/pr34457-1.c (test for excess errors)
FAIL: gcc.dg/pr35065.c (internal compiler error)
FAIL: gcc.dg/pr35065.c (test for excess errors)
FAIL: gcc.dg/pr41241.c (test for excess errors)
FAIL: gcc.dg/pr45055.c (test for excess errors)
FAIL: gcc.dg/pr47276.c (test for excess errors)
FAIL: gcc.dg/sms-3.c (internal compiler error)
FAIL: gcc.dg/sms-3.c (test for excess errors)
WARNING: gcc.dg/sms-3.c compilation failed to produce executable
FAIL: gcc.dg/sms-5.c (internal compiler error)
FAIL: gcc.dg/sms-5.c (test for excess errors)
WARNING: gcc.dg/sms-5.c compilation failed to produce executable
FAIL: gcc.dg/stack-usage-1.c (test for excess errors)
FAIL: gcc.dg/stack-usage-1.c scan-file foo\\t(256|264)\\tstatic
FAIL: gcc.dg/uninit-pred-7_a.c bogus warning (test for bogus messages, line 26)
FAIL: gcc.dg/uninit-pred-8_a.c bogus warning (test for bogus messages, line 26)
XPASS: c-c++-common/raw-string-7.c  -Wc++-compat  execution test
FAIL: gcc.dg/lto/20081024 c_lto_20081024_0.o-c_lto_20081024_0.o link, -O0 -flto -flto-partition=none 
UNRESOLVED: gcc.dg/lto/20081024 c_lto_20081024_0.o-c_lto_20081024_0.o execute -O0 -flto -flto-partition=none 
FAIL: gcc.dg/lto/20081024 c_lto_20081024_0.o-c_lto_20081024_0.o link, -O2 -flto -flto-partition=none 
UNRESOLVED: gcc.dg/lto/20081024 c_lto_20081024_0.o-c_lto_20081024_0.o execute -O2 -flto -flto-partition=none 
FAIL: gcc.dg/lto/20081024 c_lto_20081024_0.o-c_lto_20081024_0.o link, -O0 -flto -flto-partition=1to1 
UNRESOLVED: gcc.dg/lto/20081024 c_lto_20081024_0.o-c_lto_20081024_0.o execute -O0 -flto -flto-partition=1to1 
FAIL: gcc.dg/lto/20081024 c_lto_20081024_0.o-c_lto_20081024_0.o link, -O2 -flto -flto-partition=1to1 
UNRESOLVED: gcc.dg/lto/20081024 c_lto_20081024_0.o-c_lto_20081024_0.o execute -O2 -flto -flto-partition=1to1 
FAIL: gcc.dg/lto/20081024 c_lto_20081024_0.o-c_lto_20081024_0.o link, -O0 -flto
UNRESOLVED: gcc.dg/lto/20081024 c_lto_20081024_0.o-c_lto_20081024_0.o execute -O0 -flto
FAIL: gcc.dg/lto/20081024 c_lto_20081024_0.o-c_lto_20081024_0.o link, -O2 -flto
UNRESOLVED: gcc.dg/lto/20081024 c_lto_20081024_0.o-c_lto_20081024_0.o execute -O2 -flto
FAIL: gcc.dg/lto/20081222 c_lto_20081222_1.o assemble, -O0 -flto -flto-partition=none 
UNRESOLVED: gcc.dg/lto/20081222 c_lto_20081222_0.o-c_lto_20081222_1.o link -O0 -flto -flto-partition=none 
UNRESOLVED: gcc.dg/lto/20081222 c_lto_20081222_0.o-c_lto_20081222_1.o execute -O0 -flto -flto-partition=none 
FAIL: gcc.dg/lto/20081222 c_lto_20081222_1.o assemble, -O2 -flto -flto-partition=none 
UNRESOLVED: gcc.dg/lto/20081222 c_lto_20081222_0.o-c_lto_20081222_1.o link -O2 -flto -flto-partition=none 
UNRESOLVED: gcc.dg/lto/20081222 c_lto_20081222_0.o-c_lto_20081222_1.o execute -O2 -flto -flto-partition=none 
FAIL: gcc.dg/lto/20081222 c_lto_20081222_1.o assemble, -O0 -flto -flto-partition=1to1 
UNRESOLVED: gcc.dg/lto/20081222 c_lto_20081222_0.o-c_lto_20081222_1.o link -O0 -flto -flto-partition=1to1 
UNRESOLVED: gcc.dg/lto/20081222 c_lto_20081222_0.o-c_lto_20081222_1.o execute -O0 -flto -flto-partition=1to1 
FAIL: gcc.dg/lto/20081222 c_lto_20081222_1.o assemble, -O2 -flto -flto-partition=1to1 
UNRESOLVED: gcc.dg/lto/20081222 c_lto_20081222_0.o-c_lto_20081222_1.o link -O2 -flto -flto-partition=1to1 
UNRESOLVED: gcc.dg/lto/20081222 c_lto_20081222_0.o-c_lto_20081222_1.o execute -O2 -flto -flto-partition=1to1 
FAIL: gcc.dg/lto/20081222 c_lto_20081222_1.o assemble, -O0 -flto
UNRESOLVED: gcc.dg/lto/20081222 c_lto_20081222_0.o-c_lto_20081222_1.o link -O0 -flto
UNRESOLVED: gcc.dg/lto/20081222 c_lto_20081222_0.o-c_lto_20081222_1.o execute -O0 -flto
FAIL: gcc.dg/lto/20081222 c_lto_20081222_1.o assemble, -O2 -flto
UNRESOLVED: gcc.dg/lto/20081222 c_lto_20081222_0.o-c_lto_20081222_1.o link -O2 -flto
UNRESOLVED: gcc.dg/lto/20081222 c_lto_20081222_0.o-c_lto_20081222_1.o execute -O2 -flto
FAIL: gcc.dg/lto/20090213 c_lto_20090213_0.o-c_lto_20090213_1.o link, -O0 -flto -flto-partition=none 
UNRESOLVED: gcc.dg/lto/20090213 c_lto_20090213_0.o-c_lto_20090213_1.o execute -O0 -flto -flto-partition=none 
FAIL: gcc.dg/lto/20090213 c_lto_20090213_0.o-c_lto_20090213_1.o link, -O2 -flto -flto-partition=none 
UNRESOLVED: gcc.dg/lto/20090213 c_lto_20090213_0.o-c_lto_20090213_1.o execute -O2 -flto -flto-partition=none 
FAIL: gcc.dg/lto/20090213 c_lto_20090213_0.o-c_lto_20090213_1.o link, -O0 -flto -flto-partition=1to1 
UNRESOLVED: gcc.dg/lto/20090213 c_lto_20090213_0.o-c_lto_20090213_1.o execute -O0 -flto -flto-partition=1to1 
FAIL: gcc.dg/lto/20090213 c_lto_20090213_0.o-c_lto_20090213_1.o link, -O2 -flto -flto-partition=1to1 
UNRESOLVED: gcc.dg/lto/20090213 c_lto_20090213_0.o-c_lto_20090213_1.o execute -O2 -flto -flto-partition=1to1 
FAIL: gcc.dg/lto/20090213 c_lto_20090213_0.o-c_lto_20090213_1.o link, -O0 -flto
UNRESOLVED: gcc.dg/lto/20090213 c_lto_20090213_0.o-c_lto_20090213_1.o execute -O0 -flto
FAIL: gcc.dg/lto/20090213 c_lto_20090213_0.o-c_lto_20090213_1.o link, -O2 -flto
UNRESOLVED: gcc.dg/lto/20090213 c_lto_20090213_0.o-c_lto_20090213_1.o execute -O2 -flto
FAIL: gcc.dg/lto/20100227-1 c_lto_20100227-1_0.o-c_lto_20100227-1_1.o link, -O0 -flto -flto-partition=none 
UNRESOLVED: gcc.dg/lto/20100227-1 c_lto_20100227-1_0.o-c_lto_20100227-1_1.o execute -O0 -flto -flto-partition=none 
FAIL: gcc.dg/lto/20100227-1 c_lto_20100227-1_0.o-c_lto_20100227-1_1.o link, -O2 -flto -flto-partition=none 
UNRESOLVED: gcc.dg/lto/20100227-1 c_lto_20100227-1_0.o-c_lto_20100227-1_1.o execute -O2 -flto -flto-partition=none 
FAIL: gcc.dg/lto/20100227-1 c_lto_20100227-1_0.o-c_lto_20100227-1_1.o link, -O0 -flto -flto-partition=1to1 
UNRESOLVED: gcc.dg/lto/20100227-1 c_lto_20100227-1_0.o-c_lto_20100227-1_1.o execute -O0 -flto -flto-partition=1to1 
FAIL: gcc.dg/lto/20100227-1 c_lto_20100227-1_0.o-c_lto_20100227-1_1.o link, -O2 -flto -flto-partition=1to1 
UNRESOLVED: gcc.dg/lto/20100227-1 c_lto_20100227-1_0.o-c_lto_20100227-1_1.o execute -O2 -flto -flto-partition=1to1 
FAIL: gcc.dg/lto/20100227-1 c_lto_20100227-1_0.o-c_lto_20100227-1_1.o link, -O0 -flto
UNRESOLVED: gcc.dg/lto/20100227-1 c_lto_20100227-1_0.o-c_lto_20100227-1_1.o execute -O0 -flto
FAIL: gcc.dg/lto/20100227-1 c_lto_20100227-1_0.o-c_lto_20100227-1_1.o link, -O2 -flto
UNRESOLVED: gcc.dg/lto/20100227-1 c_lto_20100227-1_0.o-c_lto_20100227-1_1.o execute -O2 -flto
FAIL: gcc.dg/lto/20110201-1 c_lto_20110201-1_0.o-c_lto_20110201-1_0.o link,  -O0 -flto 
UNRESOLVED: gcc.dg/lto/20110201-1 c_lto_20110201-1_0.o-c_lto_20110201-1_0.o execute  -O0 -flto 
FAIL: gcc.dg/lto/pr46940 c_lto_pr46940_0.o assemble, -O0 -flto -flto-partition=none 
UNRESOLVED: gcc.dg/lto/pr46940 c_lto_pr46940_0.o-c_lto_pr46940_1.o link -O0 -flto -flto-partition=none 
UNRESOLVED: gcc.dg/lto/pr46940 c_lto_pr46940_0.o-c_lto_pr46940_1.o execute -O0 -flto -flto-partition=none 
FAIL: gcc.dg/lto/pr46940 c_lto_pr46940_0.o assemble, -O2 -flto -flto-partition=none 
UNRESOLVED: gcc.dg/lto/pr46940 c_lto_pr46940_0.o-c_lto_pr46940_1.o link -O2 -flto -flto-partition=none 
UNRESOLVED: gcc.dg/lto/pr46940 c_lto_pr46940_0.o-c_lto_pr46940_1.o execute -O2 -flto -flto-partition=none 
FAIL: gcc.dg/lto/pr46940 c_lto_pr46940_0.o assemble, -O0 -flto -flto-partition=1to1 
UNRESOLVED: gcc.dg/lto/pr46940 c_lto_pr46940_0.o-c_lto_pr46940_1.o link -O0 -flto -flto-partition=1to1 
UNRESOLVED: gcc.dg/lto/pr46940 c_lto_pr46940_0.o-c_lto_pr46940_1.o execute -O0 -flto -flto-partition=1to1 
FAIL: gcc.dg/lto/pr46940 c_lto_pr46940_0.o assemble, -O2 -flto -flto-partition=1to1 
UNRESOLVED: gcc.dg/lto/pr46940 c_lto_pr46940_0.o-c_lto_pr46940_1.o link -O2 -flto -flto-partition=1to1 
UNRESOLVED: gcc.dg/lto/pr46940 c_lto_pr46940_0.o-c_lto_pr46940_1.o execute -O2 -flto -flto-partition=1to1 
FAIL: gcc.dg/lto/pr46940 c_lto_pr46940_0.o assemble, -O0 -flto
UNRESOLVED: gcc.dg/lto/pr46940 c_lto_pr46940_0.o-c_lto_pr46940_1.o link -O0 -flto
UNRESOLVED: gcc.dg/lto/pr46940 c_lto_pr46940_0.o-c_lto_pr46940_1.o execute -O0 -flto
FAIL: gcc.dg/lto/pr46940 c_lto_pr46940_0.o assemble, -O2 -flto
UNRESOLVED: gcc.dg/lto/pr46940 c_lto_pr46940_0.o-c_lto_pr46940_1.o link -O2 -flto
UNRESOLVED: gcc.dg/lto/pr46940 c_lto_pr46940_0.o-c_lto_pr46940_1.o execute -O2 -flto
FAIL: gcc.dg/torture/pr23821.c  -O3 -fomit-frame-pointer -funroll-loops  (internal compiler error)
FAIL: gcc.dg/torture/pr23821.c  -O3 -fomit-frame-pointer -funroll-loops  (test for excess errors)
FAIL: gcc.dg/torture/pr23821.c  -O3 -fomit-frame-pointer -funroll-all-loops -finline-functions  (internal compiler error)
FAIL: gcc.dg/torture/pr23821.c  -O3 -fomit-frame-pointer -funroll-all-loops -finline-functions  (test for excess errors)
FAIL: gcc.dg/torture/pr24257.c  -O3 -fomit-frame-pointer -funroll-loops  (internal compiler error)
FAIL: gcc.dg/torture/pr24257.c  -O3 -fomit-frame-pointer -funroll-loops  (test for excess errors)
FAIL: gcc.dg/torture/pr24257.c  -O3 -fomit-frame-pointer -funroll-all-loops -finline-functions  (internal compiler error)
FAIL: gcc.dg/torture/pr24257.c  -O3 -fomit-frame-pointer -funroll-all-loops -finline-functions  (test for excess errors)
FAIL: gcc.dg/torture/pr43017.c  -O3 -fomit-frame-pointer -funroll-loops  (internal compiler error)
FAIL: gcc.dg/torture/pr43017.c  -O3 -fomit-frame-pointer -funroll-loops  (test for excess errors)
WARNING: gcc.dg/torture/pr43017.c  -O3 -fomit-frame-pointer -funroll-loops  compilation failed to produce executable
FAIL: gcc.dg/torture/pr43017.c  -O3 -fomit-frame-pointer -funroll-all-loops -finline-functions  (internal compiler error)
FAIL: gcc.dg/torture/pr43017.c  -O3 -fomit-frame-pointer -funroll-all-loops -finline-functions  (test for excess errors)
WARNING: gcc.dg/torture/pr43017.c  -O3 -fomit-frame-pointer -funroll-all-loops -finline-functions  compilation failed to produce executable
FAIL: gcc.dg/torture/pr45764.c  -O3 -fomit-frame-pointer -funroll-loops  (internal compiler error)
FAIL: gcc.dg/torture/pr45764.c  -O3 -fomit-frame-pointer -funroll-loops  (test for excess errors)
WARNING: gcc.dg/torture/pr45764.c  -O3 -fomit-frame-pointer -funroll-loops  compilation failed to produce executable
FAIL: gcc.dg/torture/pr45764.c  -O3 -fomit-frame-pointer -funroll-all-loops -finline-functions  (internal compiler error)
FAIL: gcc.dg/torture/pr45764.c  -O3 -fomit-frame-pointer -funroll-all-loops -finline-functions  (test for excess errors)
WARNING: gcc.dg/torture/pr45764.c  -O3 -fomit-frame-pointer -funroll-all-loops -finline-functions  compilation failed to produce executable
FAIL: gcc.dg/torture/pr48044.c  -O0  (test for excess errors)
FAIL: gcc.dg/torture/pr48044.c  -O1  (test for excess errors)
FAIL: gcc.dg/torture/pr48044.c  -O2  (test for excess errors)
FAIL: gcc.dg/torture/pr48044.c  -O3 -fomit-frame-pointer  (test for excess errors)
FAIL: gcc.dg/torture/pr48044.c  -O3 -g  (test for excess errors)
FAIL: gcc.dg/torture/pr48044.c  -Os  (test for excess errors)
FAIL: gcc.dg/torture/pr48044.c  -O2 -flto -flto-partition=none  (test for excess errors)
FAIL: gcc.dg/torture/pr48044.c  -O2 -flto  (test for excess errors)
FAIL: gcc.dg/torture/stackalign/setjmp-1.c  -O3 -fomit-frame-pointer -funroll-loops  (internal compiler error)
FAIL: gcc.dg/torture/stackalign/setjmp-1.c  -O3 -fomit-frame-pointer -funroll-loops  (test for excess errors)
WARNING: gcc.dg/torture/stackalign/setjmp-1.c  -O3 -fomit-frame-pointer -funroll-loops  compilation failed to produce executable
FAIL: gcc.dg/torture/stackalign/setjmp-1.c  -O3 -fomit-frame-pointer -funroll-all-loops -finline-functions  (internal compiler error)
FAIL: gcc.dg/torture/stackalign/setjmp-1.c  -O3 -fomit-frame-pointer -funroll-all-loops -finline-functions  (test for excess errors)
WARNING: gcc.dg/torture/stackalign/setjmp-1.c  -O3 -fomit-frame-pointer -funroll-all-loops -finline-functions  compilation failed to produce executable
FAIL: gcc.dg/torture/stackalign/setjmp-1.c  -O3 -fomit-frame-pointer -funroll-loops  (internal compiler error)
FAIL: gcc.dg/torture/stackalign/setjmp-1.c  -O3 -fomit-frame-pointer -funroll-loops  (test for excess errors)
WARNING: gcc.dg/torture/stackalign/setjmp-1.c  -O3 -fomit-frame-pointer -funroll-loops  compilation failed to produce executable
FAIL: gcc.dg/torture/stackalign/setjmp-1.c  -O3 -fomit-frame-pointer -funroll-all-loops -finline-functions  (internal compiler error)
FAIL: gcc.dg/torture/stackalign/setjmp-1.c  -O3 -fomit-frame-pointer -funroll-all-loops -finline-functions  (test for excess errors)
WARNING: gcc.dg/torture/stackalign/setjmp-1.c  -O3 -fomit-frame-pointer -funroll-all-loops -finline-functions  compilation failed to produce executable
FAIL: gcc.dg/torture/tls/thr-init-1.c  -O2 -flto -flto-partition=none  (test for excess errors)
WARNING: gcc.dg/torture/tls/thr-init-1.c  -O2 -flto -flto-partition=none  compilation failed to produce executable
FAIL: gcc.dg/torture/tls/thr-init-1.c  -O2 -flto  (test for excess errors)
WARNING: gcc.dg/torture/tls/thr-init-1.c  -O2 -flto  compilation failed to produce executable
FAIL: gcc.dg/torture/tls/thr-init-2.c  -O2 -flto -flto-partition=none  (test for excess errors)
WARNING: gcc.dg/torture/tls/thr-init-2.c  -O2 -flto -flto-partition=none  compilation failed to produce executable
FAIL: gcc.dg/torture/tls/thr-init-2.c  -O2 -flto  (test for excess errors)
WARNING: gcc.dg/torture/tls/thr-init-2.c  -O2 -flto  compilation failed to produce executable
XPASS: gcc.dg/tree-ssa/20040204-1.c scan-tree-dump-times optimized "link_error" 0
FAIL: gcc.dg/tree-ssa/pr36881.c scan-assembler-not CSWTCH
FAIL: gcc.dg/tree-ssa/pr36881.c scan-tree-dump switchconv "need runtime relocations"
FAIL: gcc.dg/tree-ssa/vrp47.c scan-tree-dump-times vrp1 "[xy][^ ]* !=" 0
FAIL: gcc.dg/tree-ssa/vrp47.c scan-tree-dump-times dom1 "x[^ ]* & y" 1
FAIL: gcc.dg/tree-ssa/vrp47.c scan-tree-dump-times vrp1 "x[^ ]* [|] y" 1

		=== gcc Summary ===

# of expected passes		67177
# of unexpected failures	426
# of unexpected successes	2
# of expected failures		118
# of unresolved testcases	271
# of unsupported tests		1051
/home2/joel/build/b-bfin-gcc/gcc/xgcc  version 4.6.1 20110329 (prerelease) (GCC) 

Host   is x86_64-unknown-linux-gnu

		=== g++ tests ===


Running target rtems-bfin-nosim
FAIL: g++.dg/abi/packed1.C (test for excess errors)
XPASS: g++.dg/cpp0x/lambda/lambda-eh.C execution test
FAIL: g++.dg/cpp0x/nullptr21.C output pattern test, is , should match Test 1 OKTest 2 OK
FAIL: g++.dg/eh/simd-2.C (test for excess errors)
WARNING: g++.dg/eh/simd-2.C compilation failed to produce executable
FAIL: g++.dg/init/cleanup3.C scan-assembler-not _tcf
FAIL: g++.dg/opt/vt1.C scan-assembler-not section[^\\n\\r]*_ZTV1S[^\\n\\r]*"[^w"\\n\\r]*"
XPASS: c-c++-common/raw-string-7.c execution test
FAIL: g++.dg/torture/pr39002.C  -O2 -flto -flto-partition=none  (test for excess errors)
WARNING: g++.dg/torture/pr39002.C  -O2 -flto -flto-partition=none  compilation failed to produce executable
FAIL: g++.dg/torture/pr39002.C  -O2 -flto  (test for excess errors)
WARNING: g++.dg/torture/pr39002.C  -O2 -flto  compilation failed to produce executable
FAIL: g++.dg/torture/pr44357.C  -O3 -fomit-frame-pointer -funroll-loops  (internal compiler error)
FAIL: g++.dg/torture/pr44357.C  -O3 -fomit-frame-pointer -funroll-loops  (test for excess errors)
FAIL: g++.dg/torture/pr44357.C  -O3 -fomit-frame-pointer -funroll-all-loops -finline-functions  (internal compiler error)
FAIL: g++.dg/torture/pr44357.C  -O3 -fomit-frame-pointer -funroll-all-loops -finline-functions  (test for excess errors)
FAIL: g++.dg/torture/stackalign/throw-1.C  -O3 -fomit-frame-pointer -funroll-loops  (internal compiler error)
FAIL: g++.dg/torture/stackalign/throw-1.C  -O3 -fomit-frame-pointer -funroll-loops  (test for excess errors)
WARNING: g++.dg/torture/stackalign/throw-1.C  -O3 -fomit-frame-pointer -funroll-loops  compilation failed to produce executable
FAIL: g++.dg/torture/stackalign/throw-1.C  -O3 -fomit-frame-pointer -funroll-all-loops -finline-functions  (internal compiler error)
FAIL: g++.dg/torture/stackalign/throw-1.C  -O3 -fomit-frame-pointer -funroll-all-loops -finline-functions  (test for excess errors)
WARNING: g++.dg/torture/stackalign/throw-1.C  -O3 -fomit-frame-pointer -funroll-all-loops -finline-functions  compilation failed to produce executable
FAIL: g++.dg/torture/stackalign/throw-1.C  -O3 -fomit-frame-pointer -funroll-loops  (internal compiler error)
FAIL: g++.dg/torture/stackalign/throw-1.C  -O3 -fomit-frame-pointer -funroll-loops  (test for excess errors)
WARNING: g++.dg/torture/stackalign/throw-1.C  -O3 -fomit-frame-pointer -funroll-loops  compilation failed to produce executable
FAIL: g++.dg/torture/stackalign/throw-1.C  -O3 -fomit-frame-pointer -funroll-all-loops -finline-functions  (internal compiler error)
FAIL: g++.dg/torture/stackalign/throw-1.C  -O3 -fomit-frame-pointer -funroll-all-loops -finline-functions  (test for excess errors)
WARNING: g++.dg/torture/stackalign/throw-1.C  -O3 -fomit-frame-pointer -funroll-all-loops -finline-functions  compilation failed to produce executable
XPASS: g++.old-deja/g++.ext/arrnew2.C execution test

		=== g++ Summary ===

# of expected passes		25440
# of unexpected failures	19
# of unexpected successes	3
# of expected failures		157
# of unsupported tests		434
/home2/joel/build/b-bfin-gcc/gcc/testsuite/g++/../../g++  version 4.6.1 20110329 (prerelease) (GCC) 


Compiler version: 4.6.1 20110329 (prerelease) (GCC) 
Platform: bfin-unknown-rtems4.11
configure flags: --with-ppl=/users/joel/test-gcc/install-4.6-branch --disable-werror --enable-threads=rtems --with-gnu-as --enable-multilib --enable-newlib-mb --enable-newlib-iconv --with-gnu-ld --with-newlib --verbose --with-system-zlib --disable-nls --enable-version-specific-runtime-libs --enable-languages=c,c++ --target=bfin-rtems4.11 --prefix=/users/joel/test-gcc/install-4.6-branch


Index Nav: [Date Index] [Subject Index] [Author Index] [Thread Index]
Message Nav: [Date Prev] [Date Next] [Thread Prev] [Thread Next]