This is the mail archive of the gcc-testresults@gcc.gnu.org mailing list for the GCC project.


Index Nav: [Date Index] [Subject Index] [Author Index] [Thread Index]
Message Nav: [Date Prev] [Date Next] [Thread Prev] [Thread Next]
Other format: [Raw text]

Results for 4.6.1 20110401 (prerelease) (GCC) testsuite on armv5tel-brewer-linux-gnueabi


LAST_UPDATED: Obtained from SVN: branches/gcc-4_6-branch revision 171857

Native configuration is armv5tel-brewer-linux-gnueabi

		=== libffi tests ===


Running target unix
XPASS: libffi.call/cls_longdouble.c -O0 -W -Wall execution test
XPASS: libffi.call/cls_longdouble.c -O2 execution test
XPASS: libffi.call/cls_longdouble.c -O3 execution test
XPASS: libffi.call/cls_longdouble.c -Os execution test
XPASS: libffi.call/cls_longdouble.c -O2 -fomit-frame-pointer execution test

		=== libffi Summary ===

# of expected passes		1629
# of unexpected successes	5
# of expected failures		10
# of unsupported tests		15
		=== libgomp tests ===


Running target unix
FAIL: libgomp.c++/ctor-3.C  -O0  execution test
FAIL: libgomp.c++/ctor-3.C  -O1  execution test
FAIL: libgomp.c++/ctor-3.C  -O2  execution test
FAIL: libgomp.c++/ctor-3.C  -O3 -fomit-frame-pointer  execution test
FAIL: libgomp.c++/ctor-3.C  -O3 -fomit-frame-pointer -funroll-loops  execution test
FAIL: libgomp.c++/ctor-3.C  -O3 -fomit-frame-pointer -funroll-all-loops -finline-functions  execution test
FAIL: libgomp.c++/ctor-3.C  -O3 -g  execution test
FAIL: libgomp.c++/ctor-3.C  -Os  execution test

		=== libgomp Summary ===

# of expected passes		2534
# of unexpected failures	8
		=== libjava tests ===


Running target unix
FAIL: StackTrace2 output - source compiled test
FAIL: StackTrace2 -findirect-dispatch output - source compiled test
FAIL: StackTrace2 -O3 output - source compiled test
FAIL: StackTrace2 -O3 -findirect-dispatch output - source compiled test
FAIL: Throw_2 execution - source compiled test
FAIL: Throw_2 -findirect-dispatch execution - source compiled test
FAIL: Throw_2 -O3 execution - source compiled test
FAIL: Throw_2 -O3 -findirect-dispatch execution - source compiled test
FAIL: stacktrace output - source compiled test
FAIL: stacktrace -findirect-dispatch output - source compiled test
FAIL: stacktrace -O3 output - source compiled test
FAIL: stacktrace -O3 -findirect-dispatch output - source compiled test

		=== libjava Summary ===

# of expected passes		2558
# of unexpected failures	12
# of untested testcases		4
		=== libstdc++ tests ===


Running target unix

		=== libstdc++ Summary ===

# of expected passes		7948
# of expected failures		81
# of unsupported tests		170
		=== g++ tests ===


Running target unix
FAIL: g++.dg/abi/local1.C execution test
FAIL: g++.dg/abi/packed1.C (test for excess errors)
XPASS: g++.dg/other/packed1.C execution test
FAIL: g++.dg/template/stdarg1.C (test for excess errors)
FAIL: g++.dg/warn/Wunused-parm-3.C (test for excess errors)
FAIL: 23:is 1:should be 2
FAIL: g++.dg/gcov/gcov-2.C gcov: 1 failures in line counts, 0 in branch percentages, 0 in return percentages
FAIL: g++.dg/gomp/clause-2.C  (test for errors, line 32)
FAIL: g++.dg/pch/empty.C  -O2 -I. (internal compiler error)
FAIL: g++.dg/pch/empty.C  -O2 -I. (test for excess errors)
FAIL: g++.dg/pch/empty.C  -O2 assembly comparison
FAIL: g++.dg/vect/pr36648.cc scan-tree-dump-times vect "vectorized 1 loops" 1
FAIL: g++.dg/vect/pr36648.cc scan-tree-dump-times vect "vectorizing stmts using SLP" 1

		=== g++ Summary ===

# of expected passes		24836
# of unexpected failures	12
# of unexpected successes	1
# of expected failures		159
# of unsupported tests		368
/home/mikpe/objdir46/gcc/testsuite/g++/../../g++  version 4.6.1 20110401 (prerelease) (GCC) 

		=== gcc tests ===


Running target unix
FAIL: gcc.c-torture/compile/limits-exprparen.c  -O0  (internal compiler error)
FAIL: gcc.c-torture/compile/limits-exprparen.c  -O0  (test for excess errors)
FAIL: gcc.c-torture/compile/limits-exprparen.c  -O1  (internal compiler error)
FAIL: gcc.c-torture/compile/limits-exprparen.c  -O1  (test for excess errors)
FAIL: gcc.c-torture/compile/limits-exprparen.c  -O2  (internal compiler error)
FAIL: gcc.c-torture/compile/limits-exprparen.c  -O2  (test for excess errors)
FAIL: gcc.c-torture/compile/limits-exprparen.c  -O3 -fomit-frame-pointer  (internal compiler error)
FAIL: gcc.c-torture/compile/limits-exprparen.c  -O3 -fomit-frame-pointer  (test for excess errors)
FAIL: gcc.c-torture/compile/limits-exprparen.c  -O3 -g  (internal compiler error)
FAIL: gcc.c-torture/compile/limits-exprparen.c  -O3 -g  (test for excess errors)
FAIL: gcc.c-torture/compile/limits-exprparen.c  -Os  (internal compiler error)
FAIL: gcc.c-torture/compile/limits-exprparen.c  -Os  (test for excess errors)
FAIL: gcc.dg/c99-stdint-1.c (test for excess errors)
FAIL: gcc.dg/c99-stdint-7.c (test for excess errors)
FAIL: gcc.dg/cproj-fails-with-broken-glibc.c execution test
FAIL: gcc.dg/uninit-13.c unconditional (test for warnings, line 8)
FAIL: gcc.dg/uninit-13.c (test for excess errors)
FAIL: gcc.dg/pch/common-1.c  -O0 -g -I. (internal compiler error)
FAIL: gcc.dg/pch/common-1.c  -O0 -g -I. (test for excess errors)
FAIL: gcc.dg/pch/common-1.c  -O0 -g assembly comparison
FAIL: gcc.dg/pch/common-1.c   -O0  -I. (internal compiler error)
FAIL: gcc.dg/pch/common-1.c   -O0  -I. (test for excess errors)
FAIL: gcc.dg/pch/common-1.c   -O0  assembly comparison
FAIL: gcc.dg/pch/counter-3.c  -O0 -g -I. (internal compiler error)
FAIL: gcc.dg/pch/counter-3.c  -O0 -g -I. (test for excess errors)
FAIL: gcc.dg/pch/counter-3.c  -O0 -g assembly comparison
FAIL: gcc.dg/pch/cpp-1.c  -O0 -g -I. (internal compiler error)
FAIL: gcc.dg/pch/cpp-1.c  -O0 -g -I. (test for excess errors)
FAIL: gcc.dg/pch/cpp-1.c  -O0 -g assembly comparison
FAIL: gcc.dg/pch/cpp-1.c   -O3 -fomit-frame-pointer  -I. (internal compiler error)
FAIL: gcc.dg/pch/cpp-1.c   -O3 -fomit-frame-pointer  -I. (test for excess errors)
FAIL: gcc.dg/pch/cpp-1.c   -O3 -fomit-frame-pointer  assembly comparison
FAIL: gcc.dg/pch/cpp-2.c   -O2  -I. (internal compiler error)
FAIL: gcc.dg/pch/cpp-2.c   -O2  -I. (test for excess errors)
FAIL: gcc.dg/pch/cpp-2.c   -O2  assembly comparison
FAIL: gcc.dg/pch/cpp-2.c   -O3 -g  -I. (internal compiler error)
FAIL: gcc.dg/pch/cpp-2.c   -O3 -g  -I. (test for excess errors)
FAIL: gcc.dg/pch/cpp-2.c   -O3 -g  assembly comparison
FAIL: gcc.dg/pch/cpp-3.c   -O3 -g  -I. (internal compiler error)
FAIL: gcc.dg/pch/cpp-3.c   -O3 -g  -I.  (test for warnings, line )
FAIL: gcc.dg/pch/cpp-3.c   -O3 -g  -I. (test for excess errors)
FAIL: gcc.dg/pch/cpp-3.c   -O3 -g  assembly comparison
FAIL: gcc.dg/pch/decl-2.c   -O0  -I. (internal compiler error)
FAIL: gcc.dg/pch/decl-2.c   -O0  -I. (test for excess errors)
FAIL: gcc.dg/pch/decl-2.c   -O0  assembly comparison
FAIL: gcc.dg/pch/decl-3.c  -O0 -g -I. (internal compiler error)
FAIL: gcc.dg/pch/decl-3.c  -O0 -g -I. (test for excess errors)
FAIL: gcc.dg/pch/decl-3.c  -O0 -g assembly comparison
FAIL: gcc.dg/pch/decl-3.c   -O3 -g  -I. (internal compiler error)
FAIL: gcc.dg/pch/decl-3.c   -O3 -g  -I. (test for excess errors)
FAIL: gcc.dg/pch/decl-3.c   -O3 -g  assembly comparison
FAIL: gcc.dg/pch/decl-5.c  -O0 -g -I. (internal compiler error)
FAIL: gcc.dg/pch/decl-5.c  -O0 -g -I. (test for excess errors)
FAIL: gcc.dg/pch/decl-5.c  -O0 -g assembly comparison
FAIL: gcc.dg/pch/except-1.c   -O3 -fomit-frame-pointer  -I. (internal compiler error)
FAIL: gcc.dg/pch/except-1.c   -O3 -fomit-frame-pointer  -I. (test for excess errors)
FAIL: gcc.dg/pch/except-1.c   -O3 -fomit-frame-pointer  assembly comparison
FAIL: gcc.dg/pch/import-1.c   -O0  -I. (internal compiler error)
FAIL: gcc.dg/pch/import-1.c   -O0  -I. (test for excess errors)
FAIL: gcc.dg/pch/import-1.c   -O0  assembly comparison
FAIL: gcc.dg/pch/inline-1.c   -O1  -I. (internal compiler error)
FAIL: gcc.dg/pch/inline-1.c   -O1  -I. (test for excess errors)
FAIL: gcc.dg/pch/inline-1.c   -O1  assembly comparison
FAIL: gcc.dg/pch/inline-4.c  -O0 -g -I. (internal compiler error)
FAIL: gcc.dg/pch/inline-4.c  -O0 -g -I. (test for excess errors)
FAIL: gcc.dg/pch/inline-4.c  -O0 -g assembly comparison
FAIL: gcc.dg/pch/macro-1.c   -O2  -I. (internal compiler error)
FAIL: gcc.dg/pch/macro-1.c   -O2  -I. (test for excess errors)
FAIL: gcc.dg/pch/macro-1.c   -O2  assembly comparison
FAIL: gcc.dg/pch/macro-1.c   -Os  -I. (internal compiler error)
FAIL: gcc.dg/pch/macro-1.c   -Os  -I. (test for excess errors)
FAIL: gcc.dg/pch/macro-1.c  -Os  assembly comparison
FAIL: gcc.dg/pch/macro-2.c   -O3 -fomit-frame-pointer  -I. (internal compiler error)
FAIL: gcc.dg/pch/macro-2.c   -O3 -fomit-frame-pointer  -I. (test for excess errors)
FAIL: gcc.dg/pch/macro-2.c   -O3 -fomit-frame-pointer  assembly comparison
FAIL: gcc.dg/pch/macro-3.c  -O0 -g -I. (internal compiler error)
FAIL: gcc.dg/pch/macro-3.c  -O0 -g -I. (test for excess errors)
FAIL: gcc.dg/pch/macro-3.c  -O0 -g assembly comparison
FAIL: gcc.dg/pch/save-temps-1.c   -O2  -I. (internal compiler error)
FAIL: gcc.dg/pch/save-temps-1.c   -O2  -I. (test for excess errors)
FAIL: gcc.dg/pch/save-temps-1.c   -O2  assembly comparison
FAIL: gcc.dg/pch/save-temps-1.c   -O3 -g  -I. (internal compiler error)
FAIL: gcc.dg/pch/save-temps-1.c   -O3 -g  -I. (test for excess errors)
FAIL: gcc.dg/pch/save-temps-1.c  -O3 -g  assembly comparison
FAIL: gcc.dg/pch/static-2.c  -O0 -g -I. (internal compiler error)
FAIL: gcc.dg/pch/static-2.c  -O0 -g -I. (test for excess errors)
FAIL: gcc.dg/pch/static-2.c  -O0 -g assembly comparison
FAIL: gcc.dg/pch/static-2.c   -O0  -I. (internal compiler error)
FAIL: gcc.dg/pch/static-2.c   -O0  -I. (test for excess errors)
FAIL: gcc.dg/pch/static-2.c   -O0  assembly comparison
FAIL: gcc.dg/pch/static-2.c   -O3 -g  -I. (internal compiler error)
FAIL: gcc.dg/pch/static-2.c   -O3 -g  -I. (test for excess errors)
FAIL: gcc.dg/pch/static-2.c   -O3 -g  assembly comparison
FAIL: gcc.dg/pch/static-3.c   -O2  -I. (internal compiler error)
FAIL: gcc.dg/pch/static-3.c   -O2  -I. (test for excess errors)
FAIL: gcc.dg/pch/static-3.c   -O2  assembly comparison
FAIL: gcc.dg/pch/valid-1b.c   -O0  -I. (internal compiler error)
FAIL: gcc.dg/pch/valid-1b.c   -O0  -I. (test for excess errors)
FAIL: gcc.dg/pch/valid-1b.c   -O0  assembly comparison
FAIL: gcc.dg/pch/valid-4.c   -O0  -I. (internal compiler error)
FAIL: gcc.dg/pch/valid-4.c   -O0  -I.  (test for warnings, line 5)
FAIL: gcc.dg/pch/valid-4.c   -O0  -I. (test for excess errors)
FAIL: gcc.dg/pch/valid-4.c   -O0  assembly comparison
FAIL: gcc.dg/pch/valid-5.c   -O2  -I. (internal compiler error)
FAIL: gcc.dg/pch/valid-5.c   -O2  -I. (test for excess errors)
FAIL: gcc.dg/pch/valid-5.c   -O2  assembly comparison
FAIL: gcc.dg/pch/valid-5.c   -Os  -I. (internal compiler error)
FAIL: gcc.dg/pch/valid-5.c   -Os  -I. (test for excess errors)
FAIL: gcc.dg/pch/valid-5.c   -Os  assembly comparison
FAIL: gcc.dg/pch/valid-6.c  -O0 -g -I. (internal compiler error)
FAIL: gcc.dg/pch/valid-6.c  -O0 -g -I. (test for excess errors)
FAIL: gcc.dg/pch/valid-6.c  -O0 -g assembly comparison
FAIL: gcc.dg/pch/valid-6.c   -O3 -fomit-frame-pointer  -I. (internal compiler error)
FAIL: gcc.dg/pch/valid-6.c   -O3 -fomit-frame-pointer  -I. (test for excess errors)
FAIL: gcc.dg/pch/valid-6.c   -O3 -fomit-frame-pointer  assembly comparison
FAIL: gcc.dg/pch/valid-6.c   -O3 -g  -I. (internal compiler error)
FAIL: gcc.dg/pch/valid-6.c   -O3 -g  -I. (test for excess errors)
FAIL: gcc.dg/pch/valid-6.c   -O3 -g  assembly comparison
FAIL: largefile.c  -O0 -g -I. (internal compiler error)
FAIL: largefile.c  -O0 -g -I. (test for excess errors)
FAIL: gcc.dg/pch/largefile.c  -O0 -g assembly comparison
FAIL: largefile.c   -O2  -I. (internal compiler error)
FAIL: largefile.c   -O2  -I. (test for excess errors)
FAIL: gcc.dg/pch/largefile.c   -O2  assembly comparison
XPASS: gcc.dg/tree-ssa/20040204-1.c scan-tree-dump-times optimized "link_error" 0
XPASS: gcc.dg/vect/vect-16.c scan-tree-dump-times vect "vectorized 1 loops" 1
FAIL: gcc.dg/vect/vect-72.c scan-tree-dump-times vect "Alignment of access forced using peeling" 0
FAIL: gcc.dg/vect/vect-multitypes-11.c scan-tree-dump-times vect "vectorized 1 loops" 1
FAIL: gcc.dg/vect/vect-multitypes-12.c scan-tree-dump-times vect "vectorized 1 loops" 1
FAIL: gcc.dg/vect/vect-peel-3.c scan-tree-dump-times vect "Vectorizing an unaligned access" 1
FAIL: gcc.dg/vect/vect-peel-4.c scan-tree-dump-times vect "Vectorizing an unaligned access" 1
FAIL: gcc.dg/vect/vect-reduc-dot-s16b.c scan-tree-dump-times vect "vectorized 1 loops" 0
FAIL: gcc.dg/vect/vect-reduc-pattern-1a.c scan-tree-dump-times vect "vectorized 1 loops" 0
FAIL: gcc.dg/vect/vect-reduc-pattern-1b.c scan-tree-dump-times vect "vectorized 1 loops" 0
FAIL: gcc.dg/vect/vect-reduc-pattern-1c.c scan-tree-dump-times vect "vectorized 1 loops" 0
FAIL: gcc.dg/vect/vect-reduc-pattern-2a.c scan-tree-dump-times vect "vectorized 1 loops" 0
FAIL: gcc.dg/vect/vect-reduc-pattern-2b.c scan-tree-dump-times vect "vectorized 1 loops" 0
XPASS: gcc.dg/vect/slp-reduc-3.c scan-tree-dump-times vect "vectorizing stmts using SLP" 1
FAIL: gcc.dg/vect/bb-slp-10.c scan-tree-dump-times slp "unsupported alignment in basic block." 1
FAIL: gcc.dg/vect/wrapv-vect-reduc-pattern-2c.c scan-tree-dump-times vect "vectorized 1 loops" 0
XPASS: gcc.dg/vect/no-scevccp-outer-16.c scan-tree-dump-times vect "OUTER LOOP VECTORIZED." 1
XPASS: gcc.dg/vect/no-scevccp-outer-17.c scan-tree-dump-times vect "OUTER LOOP VECTORIZED." 1
XPASS: gcc.dg/vect/no-scevccp-outer-19.c scan-tree-dump-times vect "OUTER LOOP VECTORIZED." 1
XPASS: gcc.dg/vect/no-scevccp-outer-21.c scan-tree-dump-times vect "OUTER LOOP VECTORIZED." 1
FAIL: gcc.target/arm/fp16-compile-none-1.c  (test for errors, line 6)
FAIL: gcc.target/arm/fp16-compile-none-1.c (test for excess errors)
FAIL: gcc.target/arm/pr40457-2.c scan-assembler stm
FAIL: gcc.target/arm/sync-1.c execution test

		=== gcc Summary ===

# of expected passes		62513
# of unexpected failures	141
# of unexpected successes	7
# of expected failures		197
# of unsupported tests		903
/home/mikpe/objdir46/gcc/xgcc  version 4.6.1 20110401 (prerelease) (GCC) 

		=== gfortran tests ===


Running target unix
FAIL: gfortran.dg/pr45636.f90  -O  scan-tree-dump-times forwprop2 "memset" 0
FAIL: gfortran.dg/vect/fast-math-pr38968.f90 scan-tree-dump vect "vectorized 1 loops"

		=== gfortran Summary ===

# of expected passes		37162
# of unexpected failures	2
# of expected failures		41
# of unsupported tests		393
/home/mikpe/objdir46/gcc/testsuite/gfortran/../../gfortran  version 4.6.1 20110401 (prerelease) (GCC) 

		=== obj-c++ tests ===


Running target unix

		=== obj-c++ Summary ===

# of expected passes		1346
# of expected failures		2
# of unsupported tests		68
/home/mikpe/objdir46/gcc/testsuite/obj-c++/../../g++  version 4.6.1 20110401 (prerelease) (GCC) 

		=== objc tests ===


Running target unix
FAIL: objc.dg-struct-layout-encoding-1/t025_main.m execution test
FAIL: objc.dg-struct-layout-encoding-1/t027_main.m execution test
FAIL: objc.dg-struct-layout-encoding-1/t028_main.m execution test
FAIL: objc.dg-struct-layout-encoding-1/t029_main.m execution test
FAIL: objc.dg-struct-layout-encoding-1/t030_main.m execution test
FAIL: objc.dg-struct-layout-encoding-1/t031_main.m execution test

		=== objc Summary ===

# of expected passes		2842
# of unexpected failures	6
# of expected failures		8
# of unsupported tests		62
/home/mikpe/objdir46/gcc/xgcc  version 4.6.1 20110401 (prerelease) (GCC) 


Compiler version: 4.6.1 20110401 (prerelease) (GCC) 
Platform: armv5tel-brewer-linux-gnueabi
configure flags: --prefix=/home/mikpe/install46 --enable-bootstrap --enable-shared --enable-threads=posix --enable-checking=release --with-system-zlib --enable-__cxa_atexit --disable-libunwind-exceptions --enable-languages=c,c++,objc,obj-c++,java,fortran --enable-java-awt=gtk --disable-dssi --with-java-home=/usr/lib/jvm/java-1.5.0-gcj-1.5.0.0/jre --enable-libgcj-multifile --disable-java-maintainer-mode --with-ecj-jar=/usr/share/java/eclipse-ecj.jar --disable-libjava-multilib --disable-sjlj-exceptions --with-arch=armv5te --with-tune=xscale --build=armv5tel-brewer-linux-gnueabi --with-gmp=/home/mikpe/pkgs/linux-armv5l/gmp-4.3.2 --with-mpfr=/home/mikpe/pkgs/linux-armv5l/mpfr-2.4.2 --with-mpc=/home/mikpe/pkgs/linux-armv5l/mpc-0.8.2 --disable-plugin --disable-lto --disable-libmudflap
BOOT_CFLAGS=-g -O2


Index Nav: [Date Index] [Subject Index] [Author Index] [Thread Index]
Message Nav: [Date Prev] [Date Next] [Thread Prev] [Thread Next]