This is the mail archive of the gcc-testresults@gcc.gnu.org mailing list for the GCC project.


Index Nav: [Date Index] [Subject Index] [Author Index] [Thread Index]
Message Nav: [Date Prev] [Date Next] [Thread Prev] [Thread Next]
Other format: [Raw text]

Results for 4.7.0 20110331 (experimental) [trunk revision 171801] (GCC) gcc testsuite on mips-unknown-elf


Debian 5 on x86_64
cross tool versions:
GNU assembler (GNU Binutils) 2.18.50.20080419
GNU gdb 6.8.50.20080419-cvs
GNU ld (GNU Binutils) 2.18.50.20080419

GNU Make 3.81
expect version 5.43.0
host gcc version: gcc (GCC) 4.7.0 20110331 (experimental) [trunk revision 171801]
LAST_UPDATED: Thu Mar 31 22:07:58 UTC 2011 (revision 171801)

Target is mips-unknown-elf
Host   is x86_64-unknown-linux-gnu

		=== gcc tests ===


Running target mips-sim
FAIL: gcc.dg/20061124-1.c (test for excess errors)
UNRESOLVED: gcc.dg/20061124-1.c compilation failed to produce executable
FAIL: gcc.dg/c99-stdint-7.c (test for excess errors)
FAIL: gcc.dg/ia64-sync-1.c (test for excess errors)
UNRESOLVED: gcc.dg/ia64-sync-1.c compilation failed to produce executable
FAIL: gcc.dg/ia64-sync-2.c (test for excess errors)
UNRESOLVED: gcc.dg/ia64-sync-2.c compilation failed to produce executable
FAIL: gcc.dg/ia64-sync-3.c (test for excess errors)
UNRESOLVED: gcc.dg/ia64-sync-3.c compilation failed to produce executable
FAIL: gcc.dg/pr37908.c (test for excess errors)
UNRESOLVED: gcc.dg/pr37908.c compilation failed to produce executable
FAIL: gcc.dg/sync-2.c (test for excess errors)
UNRESOLVED: gcc.dg/sync-2.c compilation failed to produce executable
FAIL: gcc.dg/sync-3.c (test for excess errors)
UNRESOLVED: gcc.dg/sync-3.c compilation failed to produce executable
FAIL: gcc.dg/lto/20090210 c_lto_20090210_0.o-c_lto_20090210_1.o execute -O0 -flto -flto-partition=none 
FAIL: gcc.dg/lto/20090210 c_lto_20090210_0.o-c_lto_20090210_1.o execute -O2 -flto -flto-partition=none 
FAIL: gcc.dg/lto/20090210 c_lto_20090210_0.o-c_lto_20090210_1.o execute -O0 -flto -flto-partition=1to1 
FAIL: gcc.dg/lto/20090210 c_lto_20090210_0.o-c_lto_20090210_1.o execute -O2 -flto -flto-partition=1to1 
FAIL: gcc.dg/lto/20090210 c_lto_20090210_0.o-c_lto_20090210_1.o execute -O0 -flto
FAIL: gcc.dg/lto/20090210 c_lto_20090210_0.o-c_lto_20090210_1.o execute -O2 -flto
FAIL: gcc.dg/lto/20090313 c_lto_20090313_0.o-c_lto_20090313_0.o link, -O0 -flto -flto-partition=none 
UNRESOLVED: gcc.dg/lto/20090313 c_lto_20090313_0.o-c_lto_20090313_0.o execute -O0 -flto -flto-partition=none 
FAIL: gcc.dg/lto/20090313 c_lto_20090313_0.o-c_lto_20090313_0.o link, -O2 -flto -flto-partition=none 
UNRESOLVED: gcc.dg/lto/20090313 c_lto_20090313_0.o-c_lto_20090313_0.o execute -O2 -flto -flto-partition=none 
FAIL: gcc.dg/lto/20090313 c_lto_20090313_0.o-c_lto_20090313_0.o link, -O0 -flto -flto-partition=1to1 
UNRESOLVED: gcc.dg/lto/20090313 c_lto_20090313_0.o-c_lto_20090313_0.o execute -O0 -flto -flto-partition=1to1 
FAIL: gcc.dg/lto/20090313 c_lto_20090313_0.o-c_lto_20090313_0.o link, -O2 -flto -flto-partition=1to1 
UNRESOLVED: gcc.dg/lto/20090313 c_lto_20090313_0.o-c_lto_20090313_0.o execute -O2 -flto -flto-partition=1to1 
FAIL: gcc.dg/lto/20090313 c_lto_20090313_0.o-c_lto_20090313_0.o link, -O0 -flto
UNRESOLVED: gcc.dg/lto/20090313 c_lto_20090313_0.o-c_lto_20090313_0.o execute -O0 -flto
FAIL: gcc.dg/lto/20090313 c_lto_20090313_0.o-c_lto_20090313_0.o link, -O2 -flto
UNRESOLVED: gcc.dg/lto/20090313 c_lto_20090313_0.o-c_lto_20090313_0.o execute -O2 -flto
FAIL: gcc.dg/torture/pr47917.c  -O0  (test for excess errors)
FAIL: gcc.dg/torture/pr47917.c  -O1  (test for excess errors)
FAIL: gcc.dg/torture/pr47917.c  -O2  (test for excess errors)
FAIL: gcc.dg/torture/pr47917.c  -O3 -fomit-frame-pointer  (test for excess errors)
FAIL: gcc.dg/torture/pr47917.c  -O3 -g  (test for excess errors)
FAIL: gcc.dg/torture/pr47917.c  -Os  (test for excess errors)
FAIL: gcc.dg/torture/pr47917.c  -O2 -flto -flto-partition=none  (test for excess errors)
FAIL: gcc.dg/torture/pr47917.c  -O2 -flto  (test for excess errors)
FAIL: gcc.target/mips/atomic-memory-1.c  (test for warnings, line )
FAIL: gcc.target/mips/dspr2-MULT.c scan-assembler ac2
FAIL: gcc.target/mips/dspr2-MULTU.c scan-assembler ac2
FAIL: gcc.target/mips/loongson-shift-count-truncated-1.c (test for excess errors)
FAIL: gcc.target/mips/mips-3d-1.c (internal compiler error)
FAIL: gcc.target/mips/mips-3d-1.c (test for excess errors)
FAIL: gcc.target/mips/mips-3d-2.c (internal compiler error)
FAIL: gcc.target/mips/mips-3d-2.c (test for excess errors)
FAIL: gcc.target/mips/mips-3d-3.c (internal compiler error)
FAIL: gcc.target/mips/mips-3d-3.c (test for excess errors)
FAIL: gcc.target/mips/mips-3d-4.c (internal compiler error)
FAIL: gcc.target/mips/mips-3d-4.c (test for excess errors)
FAIL: gcc.target/mips/mips-3d-5.c (internal compiler error)
FAIL: gcc.target/mips/mips-3d-5.c (test for excess errors)
FAIL: gcc.target/mips/mips-3d-8.c (internal compiler error)
FAIL: gcc.target/mips/mips-3d-8.c (test for excess errors)
FAIL: gcc.target/mips/mips-ps-1.c (internal compiler error)
FAIL: gcc.target/mips/mips-ps-1.c (test for excess errors)
FAIL: gcc.target/mips/mips-ps-2.c (internal compiler error)
FAIL: gcc.target/mips/mips-ps-2.c (test for excess errors)
FAIL: gcc.target/mips/mips-ps-3.c (internal compiler error)
FAIL: gcc.target/mips/mips-ps-3.c (test for excess errors)
FAIL: gcc.target/mips/mips-ps-4.c (internal compiler error)
FAIL: gcc.target/mips/mips-ps-4.c (test for excess errors)
FAIL: gcc.target/mips/mips-ps-5.c (internal compiler error)
FAIL: gcc.target/mips/mips-ps-5.c (test for excess errors)
ERROR: gcc.target/mips/mips-ps-5.c: error executing dg-final: couldn't open "mips-ps-5.s": no such file or directory
UNRESOLVED: gcc.target/mips/mips-ps-5.c: error executing dg-final: couldn't open "mips-ps-5.s": no such file or directory
FAIL: gcc.target/mips/mips-ps-6.c (internal compiler error)
FAIL: gcc.target/mips/mips-ps-6.c (test for excess errors)
FAIL: gcc.target/mips/mips-ps-7.c (internal compiler error)
FAIL: gcc.target/mips/mips-ps-7.c (test for excess errors)
ERROR: gcc.target/mips/mips-ps-7.c: error executing dg-final: couldn't open "mips-ps-7.s": no such file or directory
UNRESOLVED: gcc.target/mips/mips-ps-7.c: error executing dg-final: couldn't open "mips-ps-7.s": no such file or directory
FAIL: gcc.target/mips/mips32-dsp-run.c (internal compiler error)
FAIL: gcc.target/mips/mips32-dsp-run.c (test for excess errors)
FAIL: gcc.target/mips/mips32-dspr2.c (internal compiler error)
FAIL: gcc.target/mips/mips32-dspr2.c (test for excess errors)
FAIL: gcc.target/mips/mips32r2-mxhc1.c scan-assembler mfhc1

		=== gcc Summary ===

# of expected passes		69581
# of unexpected failures	63
# of expected failures		95
# of unresolved testcases	15
# of unsupported tests		1010
/home/mstein/sim/trunk/mips-elf/build/gcc/xgcc  version 4.7.0 20110331 (experimental) [trunk revision 171801] (GCC) 


Compiler version: 4.7.0 20110331 (experimental) [trunk revision 171801] (GCC) gcc 
Platform: mips-unknown-elf
configure flags: --target=mips-elf --prefix=/home/mstein/cross-local/mips-elf --enable-languages=c --disable-nls --disable-build-warnings --with-sysroot=/home/mstein/cross-local/mips-elf --with-build-sysroot=/home/mstein/cross-local/mips-elf --with-ld=/home/mstein/cross-local/mips-elf/usr/bin/ld --with-as=/home/mstein/cross-local/mips-elf/usr/bin/as --disable-libssp --with-mpfr=/opt/cfarm/mpfr-2.4.1 --with-gmp=/opt/cfarm/gmp-4.2.4 --with-libelf=/opt/cfarm/libelf-0.8.12 --with-mpc=/opt/cfarm/mpc-0.8


Index Nav: [Date Index] [Subject Index] [Author Index] [Thread Index]
Message Nav: [Date Prev] [Date Next] [Thread Prev] [Thread Next]