This is the mail archive of the gcc-testresults@gcc.gnu.org mailing list for the GCC project.


Index Nav: [Date Index] [Subject Index] [Author Index] [Thread Index]
Message Nav: [Date Prev] [Date Next] [Thread Prev] [Thread Next]
Other format: [Raw text]

Results for 4.7.0 20110328 (experimental) [trunk revision 171589] (GCC) testsuite on i686-pc-linux-gnu


LAST_UPDATED: Mon Mar 28 02:25:19 UTC 2011 (revision 171589)

Native configuration is i686-pc-linux-gnu

		=== g++ tests ===


Running target unix

		=== g++ Summary ===

# of expected passes		27088
# of expected failures		162
# of unsupported tests		157
/export/gnu/import/svn/gcc-test-ia32/bld/gcc/testsuite/g++/../../g++  version 4.7.0 20110328 (experimental) [trunk revision 171589] (GCC) 

		=== gcc tests ===


Running target unix
FAIL: gcc.c-torture/compile/limits-exprparen.c  -O0  (internal compiler error)
FAIL: gcc.c-torture/compile/limits-exprparen.c  -O0  (test for excess errors)
FAIL: gcc.c-torture/compile/limits-exprparen.c  -O1  (internal compiler error)
FAIL: gcc.c-torture/compile/limits-exprparen.c  -O1  (test for excess errors)
FAIL: gcc.c-torture/compile/limits-exprparen.c  -O2  (internal compiler error)
FAIL: gcc.c-torture/compile/limits-exprparen.c  -O2  (test for excess errors)
FAIL: gcc.c-torture/compile/limits-exprparen.c  -O3 -fomit-frame-pointer  (internal compiler error)
FAIL: gcc.c-torture/compile/limits-exprparen.c  -O3 -fomit-frame-pointer  (test for excess errors)
FAIL: gcc.c-torture/compile/limits-exprparen.c  -O3 -g  (internal compiler error)
FAIL: gcc.c-torture/compile/limits-exprparen.c  -O3 -g  (test for excess errors)
FAIL: gcc.c-torture/compile/limits-exprparen.c  -Os  (internal compiler error)
FAIL: gcc.c-torture/compile/limits-exprparen.c  -Os  (test for excess errors)
FAIL: gcc.c-torture/compile/limits-exprparen.c  -O2 -flto -flto-partition=none  (internal compiler error)
FAIL: gcc.c-torture/compile/limits-exprparen.c  -O2 -flto -flto-partition=none  (test for excess errors)
FAIL: gcc.c-torture/compile/limits-exprparen.c  -O2 -flto  (internal compiler error)
FAIL: gcc.c-torture/compile/limits-exprparen.c  -O2 -flto  (test for excess errors)
XPASS: gcc.dg/guality/example.c  -O0  execution test
XPASS: gcc.dg/guality/example.c  -O1  execution test
XPASS: gcc.dg/guality/example.c  -O2  execution test
XPASS: gcc.dg/guality/guality.c  -O0  execution test
XPASS: gcc.dg/guality/guality.c  -O1  execution test
XPASS: gcc.dg/guality/guality.c  -O2  execution test
XPASS: gcc.dg/guality/guality.c  -O3 -fomit-frame-pointer  execution test
XPASS: gcc.dg/guality/guality.c  -O3 -g  execution test
XPASS: gcc.dg/guality/guality.c  -Os  execution test
XPASS: gcc.dg/guality/guality.c  -O2 -flto -flto-partition=none  execution test
XPASS: gcc.dg/guality/guality.c  -O2 -flto  execution test
XPASS: gcc.dg/guality/inline-params.c  -O2  execution test
XPASS: gcc.dg/guality/inline-params.c  -O3 -fomit-frame-pointer  execution test
XPASS: gcc.dg/guality/inline-params.c  -O3 -g  execution test
XPASS: gcc.dg/guality/inline-params.c  -Os  execution test
XPASS: gcc.dg/guality/pr41353-1.c  -O0  line 28 j == 28 + 37
XPASS: gcc.dg/guality/pr41353-1.c  -O1  line 28 j == 28 + 37
XPASS: gcc.dg/guality/pr41353-1.c  -O2  line 28 j == 28 + 37
XPASS: gcc.dg/guality/pr41353-1.c  -O3 -fomit-frame-pointer  line 28 j == 28 + 37
XPASS: gcc.dg/guality/pr41353-1.c  -O3 -g  line 28 j == 28 + 37
XPASS: gcc.dg/guality/pr41353-1.c  -Os  line 28 j == 28 + 37
XPASS: gcc.dg/guality/pr41353-1.c  -O2 -flto -flto-partition=none  line 28 j == 28 + 37
XPASS: gcc.dg/guality/pr41353-1.c  -O2 -flto  line 28 j == 28 + 37
XPASS: gcc.dg/guality/pr41447-1.c  -O0  execution test
XPASS: gcc.dg/guality/pr41447-1.c  -O1  execution test
XPASS: gcc.dg/guality/pr41447-1.c  -Os  execution test
XPASS: gcc.dg/guality/pr41616-1.c  -O0  execution test
XPASS: gcc.dg/guality/pr41616-1.c  -O1  execution test
XPASS: gcc.dg/guality/pr41616-1.c  -O2  execution test
XPASS: gcc.dg/guality/pr41616-1.c  -O3 -fomit-frame-pointer  execution test
XPASS: gcc.dg/guality/pr41616-1.c  -O3 -g  execution test
XPASS: gcc.dg/guality/pr41616-1.c  -Os  execution test
FAIL: gcc.dg/guality/sra-1.c  -O2 -flto  line 43 a.j == 14
FAIL: gcc.dg/guality/vla-1.c  -O2 -flto -flto-partition=none  line 17 sizeof (a) == 6
FAIL: gcc.dg/guality/vla-1.c  -O2 -flto -flto-partition=none  line 24 sizeof (a) == 17 * sizeof (short)
FAIL: gcc.dg/guality/vla-1.c  -O2 -flto  line 17 sizeof (a) == 6
FAIL: gcc.dg/guality/vla-1.c  -O2 -flto  line 24 sizeof (a) == 17 * sizeof (short)
FAIL: gcc.dg/guality/vla-2.c  -O2 -flto -flto-partition=none  line 16 sizeof (a) == 5 * sizeof (int)
FAIL: gcc.dg/guality/vla-2.c  -O2 -flto -flto-partition=none  line 25 sizeof (a) == 6 * sizeof (int)
FAIL: gcc.dg/guality/vla-2.c  -O2 -flto  line 16 sizeof (a) == 5 * sizeof (int)
FAIL: gcc.dg/guality/vla-2.c  -O2 -flto  line 25 sizeof (a) == 6 * sizeof (int)
FAIL: gcc.dg/vect/pr38529.c (internal compiler error)
FAIL: gcc.dg/vect/pr38529.c (test for excess errors)
FAIL: gcc.dg/vect/pr38529.c scan-tree-dump-times vect "OUTER LOOP VECTORIZED" 1
FAIL: gcc.target/i386/avx-1.c (internal compiler error)
FAIL: gcc.target/i386/avx-1.c (test for excess errors)
FAIL: gcc.target/i386/avx-2.c (internal compiler error)
FAIL: gcc.target/i386/avx-2.c (test for excess errors)
FAIL: gcc.target/i386/avx-vandnpd-256-1.c (internal compiler error)
FAIL: gcc.target/i386/avx-vandnpd-256-1.c (test for excess errors)
WARNING: gcc.target/i386/avx-vandnpd-256-1.c compilation failed to produce executable
FAIL: gcc.target/i386/avx-vandnps-256-1.c (internal compiler error)
FAIL: gcc.target/i386/avx-vandnps-256-1.c (test for excess errors)
WARNING: gcc.target/i386/avx-vandnps-256-1.c compilation failed to produce executable
FAIL: gcc.target/i386/avx-vandpd-256-1.c (internal compiler error)
FAIL: gcc.target/i386/avx-vandpd-256-1.c (test for excess errors)
WARNING: gcc.target/i386/avx-vandpd-256-1.c compilation failed to produce executable
FAIL: gcc.target/i386/avx-vandps-256-1.c (internal compiler error)
FAIL: gcc.target/i386/avx-vandps-256-1.c (test for excess errors)
WARNING: gcc.target/i386/avx-vandps-256-1.c compilation failed to produce executable
FAIL: gcc.target/i386/avx-vblendvps-256-1.c (internal compiler error)
FAIL: gcc.target/i386/avx-vblendvps-256-1.c (test for excess errors)
WARNING: gcc.target/i386/avx-vblendvps-256-1.c compilation failed to produce executable
FAIL: gcc.target/i386/avx-vcmppd-256-1.c (internal compiler error)
FAIL: gcc.target/i386/avx-vcmppd-256-1.c (test for excess errors)
WARNING: gcc.target/i386/avx-vcmppd-256-1.c compilation failed to produce executable
FAIL: gcc.target/i386/avx-vcmpps-256-1.c (internal compiler error)
FAIL: gcc.target/i386/avx-vcmpps-256-1.c (test for excess errors)
WARNING: gcc.target/i386/avx-vcmpps-256-1.c compilation failed to produce executable
FAIL: gcc.target/i386/avx-vmaskmovpd-256-1.c (internal compiler error)
FAIL: gcc.target/i386/avx-vmaskmovpd-256-1.c (test for excess errors)
WARNING: gcc.target/i386/avx-vmaskmovpd-256-1.c compilation failed to produce executable
FAIL: gcc.target/i386/avx-vmaskmovpd-256-2.c (internal compiler error)
FAIL: gcc.target/i386/avx-vmaskmovpd-256-2.c (test for excess errors)
WARNING: gcc.target/i386/avx-vmaskmovpd-256-2.c compilation failed to produce executable
FAIL: gcc.target/i386/avx-vmaskmovps-256-1.c (internal compiler error)
FAIL: gcc.target/i386/avx-vmaskmovps-256-1.c (test for excess errors)
WARNING: gcc.target/i386/avx-vmaskmovps-256-1.c compilation failed to produce executable
FAIL: gcc.target/i386/avx-vmaskmovps-256-2.c (internal compiler error)
FAIL: gcc.target/i386/avx-vmaskmovps-256-2.c (test for excess errors)
WARNING: gcc.target/i386/avx-vmaskmovps-256-2.c compilation failed to produce executable
FAIL: gcc.target/i386/avx-vmovdqu-256-1.c (internal compiler error)
FAIL: gcc.target/i386/avx-vmovdqu-256-1.c (test for excess errors)
WARNING: gcc.target/i386/avx-vmovdqu-256-1.c compilation failed to produce executable
FAIL: gcc.target/i386/avx-vmovdqu-256-2.c (internal compiler error)
FAIL: gcc.target/i386/avx-vmovdqu-256-2.c (test for excess errors)
WARNING: gcc.target/i386/avx-vmovdqu-256-2.c compilation failed to produce executable
FAIL: gcc.target/i386/avx-vmovmskpd-256-1.c (internal compiler error)
FAIL: gcc.target/i386/avx-vmovmskpd-256-1.c (test for excess errors)
WARNING: gcc.target/i386/avx-vmovmskpd-256-1.c compilation failed to produce executable
FAIL: gcc.target/i386/avx-vmovmskps-256-1.c (internal compiler error)
FAIL: gcc.target/i386/avx-vmovmskps-256-1.c (test for excess errors)
WARNING: gcc.target/i386/avx-vmovmskps-256-1.c compilation failed to produce executable
FAIL: gcc.target/i386/avx-vmovupd-256-1.c (internal compiler error)
FAIL: gcc.target/i386/avx-vmovupd-256-1.c (test for excess errors)
WARNING: gcc.target/i386/avx-vmovupd-256-1.c compilation failed to produce executable
FAIL: gcc.target/i386/avx-vmovupd-256-2.c (internal compiler error)
FAIL: gcc.target/i386/avx-vmovupd-256-2.c (test for excess errors)
WARNING: gcc.target/i386/avx-vmovupd-256-2.c compilation failed to produce executable
FAIL: gcc.target/i386/avx-vmovups-256-1.c (internal compiler error)
FAIL: gcc.target/i386/avx-vmovups-256-1.c (test for excess errors)
WARNING: gcc.target/i386/avx-vmovups-256-1.c compilation failed to produce executable
FAIL: gcc.target/i386/avx-vmovups-256-2.c (internal compiler error)
FAIL: gcc.target/i386/avx-vmovups-256-2.c (test for excess errors)
WARNING: gcc.target/i386/avx-vmovups-256-2.c compilation failed to produce executable
FAIL: gcc.target/i386/avx-vorpd-256-1.c (internal compiler error)
FAIL: gcc.target/i386/avx-vorpd-256-1.c (test for excess errors)
WARNING: gcc.target/i386/avx-vorpd-256-1.c compilation failed to produce executable
FAIL: gcc.target/i386/avx-vorps-256-1.c (internal compiler error)
FAIL: gcc.target/i386/avx-vorps-256-1.c (test for excess errors)
WARNING: gcc.target/i386/avx-vorps-256-1.c compilation failed to produce executable
FAIL: gcc.target/i386/avx-vperm2f128-256-2.c (internal compiler error)
FAIL: gcc.target/i386/avx-vperm2f128-256-2.c (test for excess errors)
WARNING: gcc.target/i386/avx-vperm2f128-256-2.c compilation failed to produce executable
FAIL: gcc.target/i386/avx-vperm2f128-256-3.c (internal compiler error)
FAIL: gcc.target/i386/avx-vperm2f128-256-3.c (test for excess errors)
WARNING: gcc.target/i386/avx-vperm2f128-256-3.c compilation failed to produce executable
FAIL: gcc.target/i386/avx-vpermilpd-256-2.c (internal compiler error)
FAIL: gcc.target/i386/avx-vpermilpd-256-2.c (test for excess errors)
WARNING: gcc.target/i386/avx-vpermilpd-256-2.c compilation failed to produce executable
FAIL: gcc.target/i386/avx-vpermilps-256-2.c (internal compiler error)
FAIL: gcc.target/i386/avx-vpermilps-256-2.c (test for excess errors)
WARNING: gcc.target/i386/avx-vpermilps-256-2.c compilation failed to produce executable
FAIL: gcc.target/i386/avx-vptest-256-1.c (internal compiler error)
FAIL: gcc.target/i386/avx-vptest-256-1.c (test for excess errors)
WARNING: gcc.target/i386/avx-vptest-256-1.c compilation failed to produce executable
FAIL: gcc.target/i386/avx-vptest-256-2.c (internal compiler error)
FAIL: gcc.target/i386/avx-vptest-256-2.c (test for excess errors)
WARNING: gcc.target/i386/avx-vptest-256-2.c compilation failed to produce executable
FAIL: gcc.target/i386/avx-vptest-256-3.c (internal compiler error)
FAIL: gcc.target/i386/avx-vptest-256-3.c (test for excess errors)
WARNING: gcc.target/i386/avx-vptest-256-3.c compilation failed to produce executable
FAIL: gcc.target/i386/avx-vroundpd-256-1.c (internal compiler error)
FAIL: gcc.target/i386/avx-vroundpd-256-1.c (test for excess errors)
WARNING: gcc.target/i386/avx-vroundpd-256-1.c compilation failed to produce executable
FAIL: gcc.target/i386/avx-vroundpd-256-2.c (internal compiler error)
FAIL: gcc.target/i386/avx-vroundpd-256-2.c (test for excess errors)
WARNING: gcc.target/i386/avx-vroundpd-256-2.c compilation failed to produce executable
FAIL: gcc.target/i386/avx-vroundpd-256-3.c (internal compiler error)
FAIL: gcc.target/i386/avx-vroundpd-256-3.c (test for excess errors)
WARNING: gcc.target/i386/avx-vroundpd-256-3.c compilation failed to produce executable
FAIL: gcc.target/i386/avx-vroundps-256-1.c (internal compiler error)
FAIL: gcc.target/i386/avx-vroundps-256-1.c (test for excess errors)
WARNING: gcc.target/i386/avx-vroundps-256-1.c compilation failed to produce executable
FAIL: gcc.target/i386/avx-vtestpd-256-1.c (internal compiler error)
FAIL: gcc.target/i386/avx-vtestpd-256-1.c (test for excess errors)
WARNING: gcc.target/i386/avx-vtestpd-256-1.c compilation failed to produce executable
FAIL: gcc.target/i386/avx-vtestpd-256-2.c (internal compiler error)
FAIL: gcc.target/i386/avx-vtestpd-256-2.c (test for excess errors)
WARNING: gcc.target/i386/avx-vtestpd-256-2.c compilation failed to produce executable
FAIL: gcc.target/i386/avx-vtestpd-256-3.c (internal compiler error)
FAIL: gcc.target/i386/avx-vtestpd-256-3.c (test for excess errors)
WARNING: gcc.target/i386/avx-vtestpd-256-3.c compilation failed to produce executable
FAIL: gcc.target/i386/avx-vtestps-256-1.c (internal compiler error)
FAIL: gcc.target/i386/avx-vtestps-256-1.c (test for excess errors)
WARNING: gcc.target/i386/avx-vtestps-256-1.c compilation failed to produce executable
FAIL: gcc.target/i386/avx-vtestps-256-2.c (internal compiler error)
FAIL: gcc.target/i386/avx-vtestps-256-2.c (test for excess errors)
WARNING: gcc.target/i386/avx-vtestps-256-2.c compilation failed to produce executable
FAIL: gcc.target/i386/avx-vtestps-256-3.c (internal compiler error)
FAIL: gcc.target/i386/avx-vtestps-256-3.c (test for excess errors)
WARNING: gcc.target/i386/avx-vtestps-256-3.c compilation failed to produce executable
FAIL: gcc.target/i386/avx-vxorpd-256-1.c (internal compiler error)
FAIL: gcc.target/i386/avx-vxorpd-256-1.c (test for excess errors)
WARNING: gcc.target/i386/avx-vxorpd-256-1.c compilation failed to produce executable
FAIL: gcc.target/i386/avx-vxorps-256-1.c (internal compiler error)
FAIL: gcc.target/i386/avx-vxorps-256-1.c (test for excess errors)
WARNING: gcc.target/i386/avx-vxorps-256-1.c compilation failed to produce executable
FAIL: gcc.target/i386/avx-vzeroupper-3.c (internal compiler error)
FAIL: gcc.target/i386/avx-vzeroupper-3.c (test for excess errors)
WARNING: gcc.target/i386/avx-vzeroupper-3.c compilation failed to produce executable
FAIL: gcc.target/i386/sse-13.c (internal compiler error)
FAIL: gcc.target/i386/sse-13.c (test for excess errors)
FAIL: gcc.target/i386/sse-14.c (internal compiler error)
FAIL: gcc.target/i386/sse-14.c (test for excess errors)
FAIL: gcc.target/i386/sse-22.c (internal compiler error)
FAIL: gcc.target/i386/sse-22.c (test for excess errors)
FAIL: gcc.target/i386/sse-23.c (internal compiler error)
FAIL: gcc.target/i386/sse-23.c (test for excess errors)
FAIL: gcc.target/i386/sse-24.c (internal compiler error)
FAIL: gcc.target/i386/sse-24.c (test for excess errors)
FAIL: gcc.target/i386/xop-vpermil2ps-256-1.c (internal compiler error)
FAIL: gcc.target/i386/xop-vpermil2ps-256-1.c (test for excess errors)
WARNING: gcc.target/i386/xop-vpermil2ps-256-1.c compilation failed to produce executable

		=== gcc Summary ===

# of expected passes		78039
# of unexpected failures	126
# of unexpected successes	32
# of expected failures		203
# of unsupported tests		761
/export/gnu/import/svn/gcc-test-ia32/bld/gcc/xgcc  version 4.7.0 20110328 (experimental) [trunk revision 171589] (GCC) 

		=== gfortran tests ===


Running target unix

		=== gfortran Summary ===

# of expected passes		38436
# of expected failures		53
# of unsupported tests		204
/export/gnu/import/svn/gcc-test-ia32/bld/gcc/testsuite/gfortran/../../gfortran  version 4.7.0 20110328 (experimental) [trunk revision 171589] (GCC) 

		=== objc tests ===


Running target unix

		=== objc Summary ===

# of expected passes		2918
# of expected failures		6
# of unsupported tests		74
/export/gnu/import/svn/gcc-test-ia32/bld/gcc/xgcc  version 4.7.0 20110328 (experimental) [trunk revision 171589] (GCC) 

		=== boehm-gc tests ===


Running target unix
FAIL: boehm-gc.c/thread_leak_test.c -O2 (test for excess errors)

		=== boehm-gc Summary ===

# of expected passes		11
# of unexpected failures	1
# of unsupported tests		1
		=== libffi tests ===


Running target unix

		=== libffi Summary ===

# of expected passes		1634
# of expected failures		10
# of unsupported tests		15
		=== libgomp tests ===


Running target unix
FAIL: libgomp.graphite/force-parallel-1.c execution test

		=== libgomp Summary ===

# of expected passes		2587
# of unexpected failures	1
		=== libjava tests ===


Running target unix

		=== libjava Summary ===

# of expected passes		2574
		=== libmudflap tests ===


Running target unix
FAIL: libmudflap.c/fail40-frag.c output pattern test
FAIL: libmudflap.c/pass49-frag.c execution test
FAIL: libmudflap.c/pass49-frag.c output pattern test
FAIL: libmudflap.c/pass49-frag.c execution test
FAIL: libmudflap.c/pass49-frag.c output pattern test
FAIL: libmudflap.c/pass51-frag.c execution test
FAIL: libmudflap.c/pass51-frag.c execution test
FAIL: libmudflap.c/fail40-frag.c (-O2) output pattern test
FAIL: libmudflap.c/pass49-frag.c (-O2) execution test
FAIL: libmudflap.c/pass49-frag.c (-O2) output pattern test
FAIL: libmudflap.c/pass49-frag.c (-O2) execution test
FAIL: libmudflap.c/pass49-frag.c (-O2) output pattern test
FAIL: libmudflap.c/pass51-frag.c (-O2) execution test
FAIL: libmudflap.c/pass51-frag.c (-O2) execution test
FAIL: libmudflap.c/fail40-frag.c (-O3) output pattern test
FAIL: libmudflap.c/pass49-frag.c (-O3) execution test
FAIL: libmudflap.c/pass49-frag.c (-O3) output pattern test
FAIL: libmudflap.c/pass49-frag.c (-O3) execution test
FAIL: libmudflap.c/pass49-frag.c (-O3) output pattern test
FAIL: libmudflap.c/pass51-frag.c (-O3) execution test
FAIL: libmudflap.c/pass51-frag.c (-O3) execution test

		=== libmudflap Summary ===

# of expected passes		1406
# of unexpected failures	21
		=== libstdc++ tests ===


Running target unix

		=== libstdc++ Summary ===

# of expected passes		8286
# of expected failures		84
# of unsupported tests		108

Compiler version: 4.7.0 20110328 (experimental) [trunk revision 171589] (GCC) 
Platform: i686-pc-linux-gnu
configure flags: --enable-clocale=gnu --with-system-zlib --enable-shared --with-demangler-in-ld --enable-cloog-backend=isl --with-ppl=/opt/gnu --with-cloog=/opt/gnu i686-linux --with-fpmath=sse --enable-languages=c,c++,fortran,java,lto,objc


Index Nav: [Date Index] [Subject Index] [Author Index] [Thread Index]
Message Nav: [Date Prev] [Date Next] [Thread Prev] [Thread Next]