This is the mail archive of the gcc-testresults@gcc.gnu.org mailing list for the GCC project.


Index Nav: [Date Index] [Subject Index] [Author Index] [Thread Index]
Message Nav: [Date Prev] [Date Next] [Thread Prev] [Thread Next]
Other format: [Raw text]

Results for 4.7.0 20110325 (experimental) [trunk revision 171439] (GCC) testsuite on x86_64-unknown-linux-gnu


LAST_UPDATED: Fri Mar 25 05:10:12 UTC 2011 (revision 171439)

Native configuration is x86_64-unknown-linux-gnu

		=== g++ tests ===


Running target unix

		=== g++ Summary for unix ===

# of expected passes		20504
# of expected failures		153
# of unsupported tests		158

Running target unix/-m32

		=== g++ Summary for unix/-m32 ===

# of expected passes		19969
# of expected failures		153
# of unsupported tests		122

		=== g++ Summary ===

# of expected passes		40473
# of expected failures		306
# of unsupported tests		280
/export/gnu/import/svn/gcc-test-intel64/bld/gcc/testsuite/g++/../../g++  version 4.7.0 20110325 (experimental) [trunk revision 171439] (GCC) 

		=== gcc tests ===


Running target unix
FAIL: gcc.c-torture/compile/limits-exprparen.c  -O0  (internal compiler error)
FAIL: gcc.c-torture/compile/limits-exprparen.c  -O0  (test for excess errors)
FAIL: gcc.c-torture/compile/limits-exprparen.c  -O1  (internal compiler error)
FAIL: gcc.c-torture/compile/limits-exprparen.c  -O1  (test for excess errors)
FAIL: gcc.c-torture/compile/limits-exprparen.c  -O2  (internal compiler error)
FAIL: gcc.c-torture/compile/limits-exprparen.c  -O2  (test for excess errors)
FAIL: gcc.c-torture/compile/limits-exprparen.c  -O3 -fomit-frame-pointer  (internal compiler error)
FAIL: gcc.c-torture/compile/limits-exprparen.c  -O3 -fomit-frame-pointer  (test for excess errors)
FAIL: gcc.c-torture/compile/limits-exprparen.c  -O3 -g  (internal compiler error)
FAIL: gcc.c-torture/compile/limits-exprparen.c  -O3 -g  (test for excess errors)
FAIL: gcc.c-torture/compile/limits-exprparen.c  -Os  (internal compiler error)
FAIL: gcc.c-torture/compile/limits-exprparen.c  -Os  (test for excess errors)
FAIL: gcc.c-torture/compile/limits-exprparen.c  -O2 -flto -flto-partition=none  (internal compiler error)
FAIL: gcc.c-torture/compile/limits-exprparen.c  -O2 -flto -flto-partition=none  (test for excess errors)
FAIL: gcc.c-torture/compile/limits-exprparen.c  -O2 -flto  (internal compiler error)
FAIL: gcc.c-torture/compile/limits-exprparen.c  -O2 -flto  (test for excess errors)
XPASS: gcc.dg/guality/example.c  -O0  execution test
XPASS: gcc.dg/guality/example.c  -O1  execution test
XPASS: gcc.dg/guality/example.c  -O2  execution test
XPASS: gcc.dg/guality/guality.c  -O0  execution test
XPASS: gcc.dg/guality/guality.c  -O1  execution test
XPASS: gcc.dg/guality/guality.c  -O2  execution test
XPASS: gcc.dg/guality/guality.c  -O3 -fomit-frame-pointer  execution test
XPASS: gcc.dg/guality/guality.c  -O3 -g  execution test
XPASS: gcc.dg/guality/guality.c  -Os  execution test
XPASS: gcc.dg/guality/guality.c  -O2 -flto -flto-partition=none  execution test
XPASS: gcc.dg/guality/guality.c  -O2 -flto  execution test
XPASS: gcc.dg/guality/inline-params.c  -O2  execution test
XPASS: gcc.dg/guality/inline-params.c  -O3 -fomit-frame-pointer  execution test
XPASS: gcc.dg/guality/inline-params.c  -O3 -g  execution test
XPASS: gcc.dg/guality/inline-params.c  -Os  execution test
FAIL: gcc.dg/guality/pr36728-1.c  -O0  execution test
FAIL: gcc.dg/guality/pr36728-1.c  -O0  line 12 y == 2
FAIL: gcc.dg/guality/pr36728-1.c  -O0  line 14 y == 2
FAIL: gcc.dg/guality/pr36728-1.c  -O1  execution test
FAIL: gcc.dg/guality/pr36728-1.c  -O1  line 12 y == 2
FAIL: gcc.dg/guality/pr36728-1.c  -O1  line 14 y == 2
FAIL: gcc.dg/guality/pr36728-1.c  -O2  execution test
FAIL: gcc.dg/guality/pr36728-1.c  -O2  line 12 y == 2
FAIL: gcc.dg/guality/pr36728-1.c  -O2  line 14 y == 2
FAIL: gcc.dg/guality/pr36728-1.c  -O3 -fomit-frame-pointer  execution test
FAIL: gcc.dg/guality/pr36728-1.c  -O3 -fomit-frame-pointer  line 12 y == 2
FAIL: gcc.dg/guality/pr36728-1.c  -O3 -fomit-frame-pointer  line 14 y == 2
FAIL: gcc.dg/guality/pr36728-1.c  -O3 -g  execution test
FAIL: gcc.dg/guality/pr36728-1.c  -O3 -g  line 12 y == 2
FAIL: gcc.dg/guality/pr36728-1.c  -O3 -g  line 14 y == 2
FAIL: gcc.dg/guality/pr36728-1.c  -Os  execution test
FAIL: gcc.dg/guality/pr36728-1.c  -Os  line 12 y == 2
FAIL: gcc.dg/guality/pr36728-1.c  -Os  line 14 y == 2
FAIL: gcc.dg/guality/pr36728-1.c  -O2 -flto -flto-partition=none  execution test
FAIL: gcc.dg/guality/pr36728-1.c  -O2 -flto -flto-partition=none  line 12 y == 2
FAIL: gcc.dg/guality/pr36728-1.c  -O2 -flto -flto-partition=none  line 14 y == 2
FAIL: gcc.dg/guality/pr36728-1.c  -O2 -flto  execution test
FAIL: gcc.dg/guality/pr36728-1.c  -O2 -flto  line 12 y == 2
FAIL: gcc.dg/guality/pr36728-1.c  -O2 -flto  line 14 y == 2
XPASS: gcc.dg/guality/pr41353-1.c  -O0  line 28 j == 28 + 37
XPASS: gcc.dg/guality/pr41353-1.c  -O1  line 28 j == 28 + 37
XPASS: gcc.dg/guality/pr41353-1.c  -O2  line 28 j == 28 + 37
XPASS: gcc.dg/guality/pr41353-1.c  -O3 -fomit-frame-pointer  line 28 j == 28 + 37
XPASS: gcc.dg/guality/pr41353-1.c  -O3 -g  line 28 j == 28 + 37
XPASS: gcc.dg/guality/pr41353-1.c  -Os  line 28 j == 28 + 37
XPASS: gcc.dg/guality/pr41353-1.c  -O2 -flto -flto-partition=none  line 28 j == 28 + 37
XPASS: gcc.dg/guality/pr41353-1.c  -O2 -flto  line 28 j == 28 + 37
XPASS: gcc.dg/guality/pr41447-1.c  -O0  execution test
XPASS: gcc.dg/guality/pr41447-1.c  -O1  execution test
XPASS: gcc.dg/guality/pr41447-1.c  -O2  execution test
XPASS: gcc.dg/guality/pr41447-1.c  -O3 -fomit-frame-pointer  execution test
XPASS: gcc.dg/guality/pr41447-1.c  -O3 -g  execution test
XPASS: gcc.dg/guality/pr41447-1.c  -Os  execution test
XPASS: gcc.dg/guality/pr41616-1.c  -O0  execution test
XPASS: gcc.dg/guality/pr41616-1.c  -O1  execution test
XPASS: gcc.dg/guality/pr41616-1.c  -O2  execution test
XPASS: gcc.dg/guality/pr41616-1.c  -O3 -fomit-frame-pointer  execution test
XPASS: gcc.dg/guality/pr41616-1.c  -O3 -g  execution test
XPASS: gcc.dg/guality/pr41616-1.c  -Os  execution test
FAIL: gcc.dg/guality/sra-1.c  -O3 -fomit-frame-pointer  line 43 a.j == 14
FAIL: gcc.dg/guality/sra-1.c  -O3 -g  line 43 a.j == 14
FAIL: gcc.dg/guality/sra-1.c  -Os  line 43 a.j == 14
FAIL: gcc.dg/guality/sra-1.c  -O2 -flto -flto-partition=none  line 43 a.j == 14
FAIL: gcc.dg/guality/sra-1.c  -O2 -flto  line 43 a.j == 14
FAIL: gcc.dg/guality/vla-1.c  -O2 -flto -flto-partition=none  line 17 sizeof (a) == 6
FAIL: gcc.dg/guality/vla-1.c  -O2 -flto -flto-partition=none  line 24 sizeof (a) == 17 * sizeof (short)
FAIL: gcc.dg/guality/vla-1.c  -O2 -flto  line 17 sizeof (a) == 6
FAIL: gcc.dg/guality/vla-1.c  -O2 -flto  line 24 sizeof (a) == 17 * sizeof (short)
FAIL: gcc.dg/guality/vla-2.c  -O2 -flto -flto-partition=none  line 16 sizeof (a) == 5 * sizeof (int)
FAIL: gcc.dg/guality/vla-2.c  -O2 -flto -flto-partition=none  line 25 sizeof (a) == 6 * sizeof (int)
FAIL: gcc.dg/guality/vla-2.c  -O2 -flto  line 16 sizeof (a) == 5 * sizeof (int)
FAIL: gcc.dg/guality/vla-2.c  -O2 -flto  line 25 sizeof (a) == 6 * sizeof (int)

		=== gcc Summary for unix ===

# of expected passes		87393
# of unexpected failures	53
# of unexpected successes	35
# of expected failures		328
# of unsupported tests		895

Running target unix/-m32
FAIL: gcc.c-torture/compile/limits-exprparen.c  -O0  (internal compiler error)
FAIL: gcc.c-torture/compile/limits-exprparen.c  -O0  (test for excess errors)
FAIL: gcc.c-torture/compile/limits-exprparen.c  -O1  (internal compiler error)
FAIL: gcc.c-torture/compile/limits-exprparen.c  -O1  (test for excess errors)
FAIL: gcc.c-torture/compile/limits-exprparen.c  -O2  (internal compiler error)
FAIL: gcc.c-torture/compile/limits-exprparen.c  -O2  (test for excess errors)
FAIL: gcc.c-torture/compile/limits-exprparen.c  -O3 -fomit-frame-pointer  (internal compiler error)
FAIL: gcc.c-torture/compile/limits-exprparen.c  -O3 -fomit-frame-pointer  (test for excess errors)
FAIL: gcc.c-torture/compile/limits-exprparen.c  -O3 -g  (internal compiler error)
FAIL: gcc.c-torture/compile/limits-exprparen.c  -O3 -g  (test for excess errors)
FAIL: gcc.c-torture/compile/limits-exprparen.c  -Os  (internal compiler error)
FAIL: gcc.c-torture/compile/limits-exprparen.c  -Os  (test for excess errors)
FAIL: gcc.c-torture/compile/limits-exprparen.c  -O2 -flto -flto-partition=none  (internal compiler error)
FAIL: gcc.c-torture/compile/limits-exprparen.c  -O2 -flto -flto-partition=none  (test for excess errors)
FAIL: gcc.c-torture/compile/limits-exprparen.c  -O2 -flto  (internal compiler error)
FAIL: gcc.c-torture/compile/limits-exprparen.c  -O2 -flto  (test for excess errors)
FAIL: gcc.c-torture/execute/ipa-sra-2.c execution,  -Os 
FAIL: gcc.dg/torture/stackalign/builtin-apply-4.c  -O0  execution test
FAIL: gcc.dg/torture/stackalign/builtin-apply-4.c  -O1  execution test
FAIL: gcc.dg/torture/stackalign/builtin-apply-4.c  -O2  execution test
FAIL: gcc.dg/torture/stackalign/builtin-apply-4.c  -O3 -fomit-frame-pointer  execution test
FAIL: gcc.dg/torture/stackalign/builtin-apply-4.c  -O3 -g  execution test
FAIL: gcc.dg/torture/stackalign/builtin-apply-4.c  -Os  execution test
FAIL: gcc.dg/torture/stackalign/builtin-apply-4.c  -O2 -flto -flto-partition=none  execution test
FAIL: gcc.dg/torture/stackalign/builtin-apply-4.c  -O2 -flto  execution test
FAIL: gcc.dg/torture/stackalign/builtin-return-1.c  -O0  execution test
FAIL: gcc.dg/torture/stackalign/builtin-return-1.c  -O1  execution test
FAIL: gcc.dg/torture/stackalign/builtin-return-1.c  -O2  execution test
FAIL: gcc.dg/torture/stackalign/builtin-return-1.c  -O3 -fomit-frame-pointer  execution test
FAIL: gcc.dg/torture/stackalign/builtin-return-1.c  -O3 -g  execution test
FAIL: gcc.dg/torture/stackalign/builtin-return-1.c  -Os  execution test
FAIL: gcc.dg/torture/stackalign/builtin-return-1.c  -O2 -flto -flto-partition=none  execution test
FAIL: gcc.dg/torture/stackalign/builtin-return-1.c  -O2 -flto  execution test
FAIL: gcc.dg/torture/stackalign/regparm-1.c  -Os  execution test
FAIL: gcc.dg/torture/stackalign/ret-struct-1.c  -Os  execution test
FAIL: gcc.dg/torture/stackalign/builtin-apply-4.c  -O0  execution test
FAIL: gcc.dg/torture/stackalign/builtin-apply-4.c  -O1  execution test
FAIL: gcc.dg/torture/stackalign/builtin-apply-4.c  -O2  execution test
FAIL: gcc.dg/torture/stackalign/builtin-apply-4.c  -O3 -fomit-frame-pointer  execution test
FAIL: gcc.dg/torture/stackalign/builtin-apply-4.c  -O3 -g  execution test
FAIL: gcc.dg/torture/stackalign/builtin-apply-4.c  -Os  execution test
FAIL: gcc.dg/torture/stackalign/builtin-apply-4.c  -O2 -flto -flto-partition=none  execution test
FAIL: gcc.dg/torture/stackalign/builtin-apply-4.c  -O2 -flto  execution test
FAIL: gcc.dg/torture/stackalign/builtin-return-1.c  -O0  execution test
FAIL: gcc.dg/torture/stackalign/builtin-return-1.c  -O1  execution test
FAIL: gcc.dg/torture/stackalign/builtin-return-1.c  -O2  execution test
FAIL: gcc.dg/torture/stackalign/builtin-return-1.c  -O3 -fomit-frame-pointer  execution test
FAIL: gcc.dg/torture/stackalign/builtin-return-1.c  -O3 -g  execution test
FAIL: gcc.dg/torture/stackalign/builtin-return-1.c  -Os  execution test
FAIL: gcc.dg/torture/stackalign/builtin-return-1.c  -O2 -flto -flto-partition=none  execution test
FAIL: gcc.dg/torture/stackalign/builtin-return-1.c  -O2 -flto  execution test
FAIL: gcc.dg/torture/stackalign/regparm-1.c  -Os  execution test
FAIL: gcc.dg/torture/stackalign/ret-struct-1.c  -Os  execution test
FAIL: gcc.dg/torture/stackalign/builtin-apply-4.c  -O0  execution test
FAIL: gcc.dg/torture/stackalign/builtin-apply-4.c  -O1  execution test
FAIL: gcc.dg/torture/stackalign/builtin-apply-4.c  -O2  execution test
FAIL: gcc.dg/torture/stackalign/builtin-apply-4.c  -O3 -fomit-frame-pointer  execution test
FAIL: gcc.dg/torture/stackalign/builtin-apply-4.c  -O3 -g  execution test
FAIL: gcc.dg/torture/stackalign/builtin-apply-4.c  -Os  execution test
FAIL: gcc.dg/torture/stackalign/builtin-apply-4.c  -O2 -flto -flto-partition=none  execution test
FAIL: gcc.dg/torture/stackalign/builtin-apply-4.c  -O2 -flto  execution test
FAIL: gcc.dg/torture/stackalign/builtin-return-1.c  -O0  execution test
FAIL: gcc.dg/torture/stackalign/builtin-return-1.c  -O1  execution test
FAIL: gcc.dg/torture/stackalign/builtin-return-1.c  -O2  execution test
FAIL: gcc.dg/torture/stackalign/builtin-return-1.c  -O3 -fomit-frame-pointer  execution test
FAIL: gcc.dg/torture/stackalign/builtin-return-1.c  -O3 -g  execution test
FAIL: gcc.dg/torture/stackalign/builtin-return-1.c  -Os  execution test
FAIL: gcc.dg/torture/stackalign/builtin-return-1.c  -O2 -flto -flto-partition=none  execution test
FAIL: gcc.dg/torture/stackalign/builtin-return-1.c  -O2 -flto  execution test
FAIL: gcc.dg/torture/stackalign/regparm-1.c  -O0  execution test
FAIL: gcc.dg/torture/stackalign/regparm-1.c  -O1  execution test
FAIL: gcc.dg/torture/stackalign/regparm-1.c  -O2  execution test
FAIL: gcc.dg/torture/stackalign/regparm-1.c  -O3 -fomit-frame-pointer  execution test
FAIL: gcc.dg/torture/stackalign/regparm-1.c  -O3 -g  execution test
FAIL: gcc.dg/torture/stackalign/regparm-1.c  -Os  execution test
FAIL: gcc.dg/torture/stackalign/ret-struct-1.c  -O0  execution test
FAIL: gcc.dg/torture/stackalign/ret-struct-1.c  -O1  execution test
FAIL: gcc.dg/torture/stackalign/ret-struct-1.c  -O2  execution test
FAIL: gcc.dg/torture/stackalign/ret-struct-1.c  -Os  execution test
FAIL: gcc.dg/torture/stackalign/builtin-apply-4.c  -O0  execution test
FAIL: gcc.dg/torture/stackalign/builtin-apply-4.c  -O1  execution test
FAIL: gcc.dg/torture/stackalign/builtin-apply-4.c  -O2  execution test
FAIL: gcc.dg/torture/stackalign/builtin-apply-4.c  -O3 -fomit-frame-pointer  execution test
FAIL: gcc.dg/torture/stackalign/builtin-apply-4.c  -O3 -g  execution test
FAIL: gcc.dg/torture/stackalign/builtin-apply-4.c  -Os  execution test
FAIL: gcc.dg/torture/stackalign/builtin-apply-4.c  -O2 -flto -flto-partition=none  execution test
FAIL: gcc.dg/torture/stackalign/builtin-apply-4.c  -O2 -flto  execution test
FAIL: gcc.dg/torture/stackalign/builtin-return-1.c  -O0  execution test
FAIL: gcc.dg/torture/stackalign/builtin-return-1.c  -O1  execution test
FAIL: gcc.dg/torture/stackalign/builtin-return-1.c  -O2  execution test
FAIL: gcc.dg/torture/stackalign/builtin-return-1.c  -O3 -fomit-frame-pointer  execution test
FAIL: gcc.dg/torture/stackalign/builtin-return-1.c  -O3 -g  execution test
FAIL: gcc.dg/torture/stackalign/builtin-return-1.c  -Os  execution test
FAIL: gcc.dg/torture/stackalign/builtin-return-1.c  -O2 -flto -flto-partition=none  execution test
FAIL: gcc.dg/torture/stackalign/builtin-return-1.c  -O2 -flto  execution test
FAIL: gcc.dg/torture/stackalign/regparm-1.c  -O0  execution test
FAIL: gcc.dg/torture/stackalign/regparm-1.c  -O1  execution test
FAIL: gcc.dg/torture/stackalign/regparm-1.c  -O2  execution test
FAIL: gcc.dg/torture/stackalign/regparm-1.c  -O3 -fomit-frame-pointer  execution test
FAIL: gcc.dg/torture/stackalign/regparm-1.c  -O3 -g  execution test
FAIL: gcc.dg/torture/stackalign/regparm-1.c  -Os  execution test
FAIL: gcc.dg/torture/stackalign/ret-struct-1.c  -O0  execution test
FAIL: gcc.dg/torture/stackalign/ret-struct-1.c  -O1  execution test
FAIL: gcc.dg/torture/stackalign/ret-struct-1.c  -O2  execution test
FAIL: gcc.dg/torture/stackalign/ret-struct-1.c  -O3 -fomit-frame-pointer  execution test
FAIL: gcc.dg/torture/stackalign/ret-struct-1.c  -O3 -g  execution test
FAIL: gcc.dg/torture/stackalign/ret-struct-1.c  -Os  execution test

		=== gcc Summary for unix/-m32 ===

# of expected passes		47003
# of unexpected failures	17
# of expected failures		54
# of unsupported tests		373

		=== gcc Summary ===

# of expected passes		134396
# of unexpected failures	70
# of unexpected successes	35
# of expected failures		382
# of unsupported tests		1268
/export/gnu/import/svn/gcc-test-intel64/bld/gcc/xgcc  version 4.7.0 20110325 (experimental) [trunk revision 171439] (GCC) 

		=== gfortran tests ===


Running target unix

		=== gfortran Summary for unix ===

# of expected passes		37219
# of expected failures		38
# of unsupported tests		36

Running target unix/-m32
FAIL: gfortran.dg/PR19754_2.f90  -Os  execution test
FAIL: gfortran.dg/PR19872.f  -Os  execution test
FAIL: gfortran.dg/Wall.f90  -Os  execution test
FAIL: gfortran.dg/Wno-all.f90  -Os  execution test
FAIL: gfortran.dg/achar_1.f90  -Os  execution test
FAIL: gfortran.dg/achar_2.f90  -Os  execution test
FAIL: gfortran.dg/achar_4.f90  -Os  execution test
FAIL: gfortran.dg/achar_6.F90  -Os  execution test
FAIL: gfortran.dg/actual_array_constructor_1.f90  -Os  execution test
FAIL: gfortran.dg/actual_array_constructor_2.f90  -Os  execution test
FAIL: gfortran.dg/actual_array_constructor_3.f90  -Os  execution test
FAIL: gfortran.dg/actual_array_result_1.f90  -Os  execution test
FAIL: gfortran.dg/actual_array_substr_1.f90  -Os  execution test
FAIL: gfortran.dg/actual_array_substr_2.f90  -Os  execution test
FAIL: gfortran.dg/actual_pointer_function_1.f90  -Os  execution test
FAIL: gfortran.dg/actual_procedure_1.f90  -Os  execution test
FAIL: gfortran.dg/advance_1.f90  -Os  execution test
FAIL: gfortran.dg/advance_4.f90  -Os  execution test
FAIL: gfortran.dg/advance_5.f90  -Os  execution test
FAIL: gfortran.dg/advance_6.f90  -Os  execution test
FAIL: gfortran.dg/aliasing_array_result_1.f90  -Os  execution test
FAIL: gfortran.dg/aliasing_dummy_1.f90  -Os  execution test
FAIL: gfortran.dg/aliasing_dummy_4.f90  -Os  execution test
FAIL: gfortran.dg/aliasing_dummy_5.f90  -Os  execution test
FAIL: gfortran.dg/all_bounds_1.f90  -Os  output pattern test, is , should match Fortran runtime error: Incorrect extent in return value of ALL intrinsic in dimension 1: is 3, should be 2
FAIL: gfortran.dg/alloc_comp_assign_1.f90  -Os  execution test
FAIL: gfortran.dg/alloc_comp_assign_10.f90  -Os  execution test
FAIL: gfortran.dg/alloc_comp_assign_2.f90  -Os  execution test
FAIL: gfortran.dg/alloc_comp_assign_3.f90  -Os  execution test
FAIL: gfortran.dg/alloc_comp_assign_4.f90  -Os  execution test
FAIL: gfortran.dg/alloc_comp_assign_6.f90  -Os  execution test
FAIL: gfortran.dg/alloc_comp_assign_7.f90  -Os  execution test
FAIL: gfortran.dg/alloc_comp_assign_8.f90  -O1  execution test
FAIL: gfortran.dg/alloc_comp_assign_8.f90  -O2  execution test
FAIL: gfortran.dg/alloc_comp_assign_8.f90  -O3 -fomit-frame-pointer  execution test
FAIL: gfortran.dg/alloc_comp_assign_8.f90  -O3 -fomit-frame-pointer -funroll-loops  execution test
FAIL: gfortran.dg/alloc_comp_assign_8.f90  -O3 -fomit-frame-pointer -funroll-all-loops -finline-functions  execution test
FAIL: gfortran.dg/alloc_comp_assign_8.f90  -O3 -g  execution test
FAIL: gfortran.dg/alloc_comp_assign_8.f90  -Os  execution test
FAIL: gfortran.dg/alloc_comp_assign_9.f90  -Os  execution test
FAIL: gfortran.dg/alloc_comp_auto_array_1.f90  -Os  execution test
FAIL: gfortran.dg/alloc_comp_auto_array_2.f90  -Os  execution test
FAIL: gfortran.dg/alloc_comp_basics_1.f90  -Os  execution test
FAIL: gfortran.dg/alloc_comp_basics_2.f90  -Os  execution test
FAIL: gfortran.dg/alloc_comp_basics_5.f90  -Os  execution test
FAIL: gfortran.dg/alloc_comp_bounds_1.f90  -Os  execution test
FAIL: gfortran.dg/alloc_comp_class_1.f90  -Os  execution test
FAIL: gfortran.dg/alloc_comp_class_2.f90  -Os  execution test
FAIL: gfortran.dg/alloc_comp_constructor_1.f90  -Os  execution test
FAIL: gfortran.dg/alloc_comp_constructor_2.f90  -Os  execution test
FAIL: gfortran.dg/alloc_comp_constructor_3.f90  -Os  execution test
FAIL: gfortran.dg/alloc_comp_constructor_4.f90  -Os  execution test
FAIL: gfortran.dg/alloc_comp_constructor_5.f90  -Os  execution test
FAIL: gfortran.dg/alloc_comp_default_init_1.f90  -Os  execution test
FAIL: gfortran.dg/alloc_comp_default_init_2.f90  -Os  execution test
FAIL: gfortran.dg/alloc_comp_initializer_1.f90  -Os  execution test
FAIL: gfortran.dg/alloc_comp_misc_1.f90  -Os  execution test
FAIL: gfortran.dg/alloc_comp_optional_1.f90  -Os  execution test
FAIL: gfortran.dg/alloc_comp_result_1.f90  -Os  execution test
FAIL: gfortran.dg/alloc_comp_result_2.f90  -Os  execution test
FAIL: gfortran.dg/alloc_comp_scalar_1.f90  -Os  execution test
FAIL: gfortran.dg/alloc_comp_transformational_1.f90  -Os  execution test
FAIL: gfortran.dg/allocatable_dummy_1.f90  -Os  execution test
FAIL: gfortran.dg/allocatable_dummy_3.f90  -Os  execution test
FAIL: gfortran.dg/allocatable_function_3.f90  -Os  execution test
FAIL: gfortran.dg/allocatable_function_5.f90  -Os  execution test
FAIL: gfortran.dg/allocatable_scalar_1.f90  -Os  execution test
FAIL: gfortran.dg/allocatable_scalar_10.f90  -Os  execution test
FAIL: gfortran.dg/allocatable_scalar_12.f90  -Os  execution test
FAIL: gfortran.dg/allocatable_scalar_3.f90  -Os  execution test
FAIL: gfortran.dg/allocatable_scalar_4.f90  -Os  execution test
FAIL: gfortran.dg/allocatable_scalar_5.f90  -Os  execution test
FAIL: gfortran.dg/allocatable_scalar_6.f90  -Os  execution test
FAIL: gfortran.dg/allocatable_scalar_7.f90  -Os  execution test
FAIL: gfortran.dg/allocatable_scalar_8.f90  -Os  execution test
FAIL: gfortran.dg/allocatable_scalar_9.f90  -Os  execution test
FAIL: gfortran.dg/allocate_alloc_opt_10.f90  -Os  execution test
FAIL: gfortran.dg/allocate_alloc_opt_3.f90  -Os  execution test
FAIL: gfortran.dg/allocate_alloc_opt_6.f90  -Os  execution test
FAIL: gfortran.dg/allocate_deferred_char_scalar_1.f03  -Os  execution test
FAIL: gfortran.dg/allocate_deferred_char_scalar_2.f03  -Os  execution test
FAIL: gfortran.dg/allocate_derived_5.f90  -Os  execution test
FAIL: gfortran.dg/allocate_error_1.f90  -Os  output pattern test, is , should match At line 13.*Attempting to allocate .* 'arr'
FAIL: gfortran.dg/allocate_with_source_1.f90  -Os  execution test
FAIL: gfortran.dg/allocate_zerosize_1.f90  -Os  execution test
FAIL: gfortran.dg/allocate_zerosize_2.f90  -Os  execution test
FAIL: gfortran.dg/allocate_zerosize_3.f  -Os  execution test
FAIL: gfortran.dg/altreturn_3.f90  -Os  execution test
FAIL: gfortran.dg/altreturn_5.f90  -Os  execution test
FAIL: gfortran.dg/and_or_xor.f90  -Os  execution test
FAIL: gfortran.dg/anint_1.f90  -Os  execution test
FAIL: gfortran.dg/any_all_1.f90  -Os  execution test
FAIL: gfortran.dg/anyallcount_1.f90  -Os  execution test
FAIL: gfortran.dg/append_1.f90  -Os  execution test
FAIL: gfortran.dg/argument_checking_1.f90  -Os  execution test
FAIL: gfortran.dg/argument_checking_8.f90  -Os  execution test
FAIL: gfortran.dg/arithmetic_if.f90  -Os  execution test
FAIL: gfortran.dg/array_1.f90  -Os  execution test
FAIL: gfortran.dg/array_2.f90  -Os  execution test
FAIL: gfortran.dg/array_alloc_1.f90  -Os  execution test
FAIL: gfortran.dg/array_alloc_2.f90  -Os  execution test
FAIL: gfortran.dg/array_alloc_3.f90  -Os  execution test
FAIL: gfortran.dg/array_assignment_1.F90  -Os  execution test
FAIL: gfortran.dg/array_constructor_1.f90  -Os  execution test
FAIL: gfortran.dg/array_constructor_10.f90  -Os  execution test
FAIL: gfortran.dg/array_constructor_11.f90  -Os  execution test
FAIL: gfortran.dg/array_constructor_12.f90  -Os  execution test
FAIL: gfortran.dg/array_constructor_16.f90  -Os  execution test
FAIL: gfortran.dg/array_constructor_17.f90  -Os  execution test
FAIL: gfortran.dg/array_constructor_19.f90  -Os  execution test
FAIL: gfortran.dg/array_constructor_23.f  -Os  execution test
FAIL: gfortran.dg/array_constructor_24.f  -Os  execution test
FAIL: gfortran.dg/array_constructor_32.f90  -Os  execution test
FAIL: gfortran.dg/array_constructor_36.f90  -Os  execution test
FAIL: gfortran.dg/array_constructor_4.f90  -Os  execution test
FAIL: gfortran.dg/array_constructor_5.f90  -Os  execution test
FAIL: gfortran.dg/array_constructor_6.f90  -Os  execution test
FAIL: gfortran.dg/array_constructor_7.f90  -Os  execution test
FAIL: gfortran.dg/array_constructor_8.f90  -Os  execution test
FAIL: gfortran.dg/array_constructor_9.f90  -Os  execution test
FAIL: gfortran.dg/array_constructor_type_1.f03  -Os  execution test
FAIL: gfortran.dg/array_constructor_type_10.f03  -Os  execution test
FAIL: gfortran.dg/array_constructor_type_11.f03  -Os  execution test
FAIL: gfortran.dg/array_constructor_type_12.f03  -Os  execution test
FAIL: gfortran.dg/array_constructor_type_14.f03  -Os  execution test
FAIL: gfortran.dg/array_constructor_type_16.f03  -Os  execution test
FAIL: gfortran.dg/array_constructor_type_2.f03  -Os  execution test
FAIL: gfortran.dg/array_constructor_type_3.f03  -Os  execution test
FAIL: gfortran.dg/array_constructor_type_4.f03  -Os  execution test
FAIL: gfortran.dg/array_constructor_type_5.f03  -Os  execution test
FAIL: gfortran.dg/array_constructor_type_6.f03  -Os  execution test
FAIL: gfortran.dg/array_constructor_type_7.f03  -Os  execution test
FAIL: gfortran.dg/array_constructor_type_8.f03  -Os  execution test
FAIL: gfortran.dg/array_constructor_type_9.f  -Os  execution test
FAIL: gfortran.dg/array_function_1.f90  -Os  execution test
FAIL: gfortran.dg/array_function_2.f90  -Os  execution test
FAIL: gfortran.dg/array_function_5.f90  -Os  execution test
FAIL: gfortran.dg/array_function_6.f90  -Os  execution test
FAIL: gfortran.dg/array_initializer_1.f90  -Os  execution test
FAIL: gfortran.dg/array_initializer_2.f90  -Os  execution test
FAIL: gfortran.dg/array_memcpy_5.f90  -Os  execution test
FAIL: gfortran.dg/array_reference_1.f90  -Os  execution test
FAIL: gfortran.dg/array_return_value_1.f90  -Os  execution test
FAIL: gfortran.dg/array_section_1.f90  -Os  execution test
FAIL: gfortran.dg/array_temporaries_2.f90  -Os  execution test
FAIL: gfortran.dg/array_temporaries_3.f90  -Os  execution test
FAIL: gfortran.dg/arrayio_1.f90  -Os  execution test
FAIL: gfortran.dg/arrayio_10.f90  -Os  execution test
FAIL: gfortran.dg/arrayio_11.f90  -Os  execution test
FAIL: gfortran.dg/arrayio_12.f90  -Os  execution test
FAIL: gfortran.dg/arrayio_2.f90  -Os  execution test
FAIL: gfortran.dg/arrayio_3.f90  -Os  execution test
FAIL: gfortran.dg/arrayio_4.f90  -Os  execution test
FAIL: gfortran.dg/arrayio_5.f90  -Os  execution test
FAIL: gfortran.dg/arrayio_6.f90  -Os  execution test
FAIL: gfortran.dg/arrayio_7.f90  -Os  execution test
FAIL: gfortran.dg/arrayio_8.f90  -Os  execution test
FAIL: gfortran.dg/arrayio_9.f90  -Os  execution test
FAIL: gfortran.dg/arrayio_derived_1.f90  -Os  execution test
FAIL: gfortran.dg/assign.f90  -Os  execution test
FAIL: gfortran.dg/assign_2.f90  -Os  execution test
FAIL: gfortran.dg/assign_5.f90  -Os  execution test
FAIL: gfortran.dg/assign_6.f  -Os  execution test
FAIL: gfortran.dg/assign_9.f90  -Os  execution test
FAIL: gfortran.dg/assignment_1.f90  -Os  execution test
FAIL: gfortran.dg/associate_1.f03  -Os  execution test
FAIL: gfortran.dg/associate_7.f03  -Os  execution test
FAIL: gfortran.dg/associate_8.f03  -Os  execution test
FAIL: gfortran.dg/associated_1.f90  -Os  execution test
FAIL: gfortran.dg/associated_2.f90  -Os  execution test
FAIL: gfortran.dg/associated_4.f90  -Os  execution test
FAIL: gfortran.dg/associated_5.f90  -Os  execution test
FAIL: gfortran.dg/associated_target_2.f90  -Os  execution test
FAIL: gfortran.dg/associated_target_3.f90  -Os  execution test
FAIL: gfortran.dg/associated_target_4.f90  -Os  execution test
FAIL: gfortran.dg/assumed_charlen_arg_1.f90  -Os  execution test
FAIL: gfortran.dg/assumed_charlen_sharing.f90  -Os  execution test
FAIL: gfortran.dg/assumed_dummy_1.f90  -Os  execution test
FAIL: gfortran.dg/assumed_shape_ranks_2.f90  -Os  execution test
FAIL: gfortran.dg/atan2_1.f90  -Os  execution test
FAIL: gfortran.dg/auto_array_1.f90  -Os  execution test
FAIL: gfortran.dg/auto_char_dummy_array_1.f90  -Os  execution test
FAIL: gfortran.dg/auto_char_len_3.f90  -Os  execution test
FAIL: gfortran.dg/auto_char_pointer_array_result_1.f90  -Os  execution test
FAIL: gfortran.dg/auto_pointer_array_result_1.f90  -Os  execution test
FAIL: gfortran.dg/auto_save_1.f90  -Os  execution test
FAIL: gfortran.dg/backslash_1.f90  -Os  execution test
FAIL: gfortran.dg/backslash_2.f90  -Os  execution test
FAIL: gfortran.dg/backslash_3.f  -Os  execution test
FAIL: gfortran.dg/backspace_1.f  -Os  execution test
FAIL: gfortran.dg/backspace_10.f90  -Os  execution test
FAIL: gfortran.dg/backspace_11.f90  -Os  execution test
FAIL: gfortran.dg/backspace_2.f  -Os  execution test
FAIL: gfortran.dg/backspace_3.f  -Os  execution test
FAIL: gfortran.dg/backspace_4.f  -Os  execution test
FAIL: gfortran.dg/backspace_5.f  -Os  execution test
FAIL: gfortran.dg/backspace_6.f  -Os  execution test
FAIL: gfortran.dg/backspace_7.f90  -Os  execution test
FAIL: gfortran.dg/backspace_8.f  -Os  execution test
FAIL: gfortran.dg/backspace_9.f  -Os  execution test
FAIL: gfortran.dg/bessel_1.f90  -Os  execution test
FAIL: gfortran.dg/bessel_5.f90  -Os  execution test
FAIL: gfortran.dg/bessel_6.f90  -Os  execution test
FAIL: gfortran.dg/bessel_7.f90  -Os  execution test
FAIL: gfortran.dg/bind_c_usage_15.f90  -Os  execution test
FAIL: gfortran.dg/bind_c_usage_17.f90  -Os  execution test
FAIL: gfortran.dg/binding_c_table_15_1.f03  -Os  execution test
FAIL: gfortran.dg/binding_label_tests_12.f03  -Os  execution test
FAIL: gfortran.dg/binding_label_tests_14.f03  -Os  execution test
FAIL: gfortran.dg/binding_label_tests_16.f03  -Os  execution test
FAIL: gfortran.dg/bit_comparison_1.F90  -Os  execution test
FAIL: gfortran.dg/block_1.f08  -Os  execution test
FAIL: gfortran.dg/block_2.f08  -Os  execution test
FAIL: gfortran.dg/block_7.f08  -Os  execution test
FAIL: gfortran.dg/block_8.f08  -Os  execution test
FAIL: gfortran.dg/blockdata_1.f90  -Os  execution test
FAIL: gfortran.dg/bound_1.f90  -Os  execution test
FAIL: gfortran.dg/bound_2.f90  -Os  execution test
FAIL: gfortran.dg/bound_3.f90  -Os  execution test
FAIL: gfortran.dg/bound_4.f90  -Os  execution test
FAIL: gfortran.dg/bound_5.f90  -Os  execution test
FAIL: gfortran.dg/bound_6.f90  -Os  execution test
FAIL: gfortran.dg/bound_7.f90  -Os  execution test
FAIL: gfortran.dg/bound_8.f90  -Os  execution test
FAIL: gfortran.dg/bound_simplification_1.f90  -Os  execution test
FAIL: gfortran.dg/bounds_check_1.f90  -Os  execution test
FAIL: gfortran.dg/bounds_check_10.f90  -Os  output pattern test, is , should match Different CHARACTER lengths .1/.. in array constructor
FAIL: gfortran.dg/bounds_check_11.f90  -Os  output pattern test, is , should match At line 18 of file .*Index '0' of dimension 2 of array 'jp' below lower bound of 1
FAIL: gfortran.dg/bounds_check_12.f90  -Os  output pattern test, is , should match At line 24 of file .*Different CHARACTER lengths .2/1. in array constructor
FAIL: gfortran.dg/bounds_check_14.f90  -Os  execution test
FAIL: gfortran.dg/bounds_check_15.f90  -Os  execution test
FAIL: gfortran.dg/bounds_check_2.f  -Os  execution test
FAIL: gfortran.dg/bounds_check_5.f90  -Os  execution test
FAIL: gfortran.dg/bounds_check_6.f90  -Os  execution test
FAIL: gfortran.dg/bounds_check_7.f90  -Os  output pattern test, is , should match Index '0' of dimension 1 of array 'a' below lower bound of 1
FAIL: gfortran.dg/bounds_check_8.f90  -Os  execution test
FAIL: gfortran.dg/bounds_check_9.f90  -Os  execution test
FAIL: gfortran.dg/bounds_check_array_ctor_1.f90  -Os  output pattern test, is , should match Different CHARACTER lengths \\(12/3\\) in array constructor
FAIL: gfortran.dg/bounds_check_array_ctor_2.f90  -Os  output pattern test, is , should match Different CHARACTER lengths \\(3/12\\) in array constructor
FAIL: gfortran.dg/bounds_check_array_ctor_4.f90  -Os  output pattern test, is , should match Different CHARACTER lengths \\(5/12\\) in array constructor
FAIL: gfortran.dg/bounds_check_array_ctor_6.f90  -Os  output pattern test, is , should match Different CHARACTER lengths \\(5/16\\) in array constructor
FAIL: gfortran.dg/bounds_check_array_ctor_7.f90  -Os  output pattern test, is , should match Different CHARACTER lengths \\(12/5\\) in array constructor
FAIL: gfortran.dg/bounds_check_array_ctor_8.f90  -Os  output pattern test, is , should match Different CHARACTER lengths \\(5/12\\) in array constructor
FAIL: gfortran.dg/bounds_check_fail_1.f90  -Os  output pattern test, is , should match Index '2' of dimension 1 of array 'x' above upper bound of 1
FAIL: gfortran.dg/bounds_check_fail_2.f90  -Os  output pattern test, is , should match Fortran runtime error: Array bound mismatch
FAIL: gfortran.dg/bounds_check_fail_3.f90  -Os  output pattern test, is , should match line 10 .* bound mismatch .* dimension 1 .* array 'x' \\(3/2\\)
FAIL: gfortran.dg/bounds_check_fail_4.f90  -Os  output pattern test, is , should match line 10 .* bound mismatch .* dimension 1 .* array 'x' \\(2/3\\)
FAIL: gfortran.dg/bounds_check_strlen_1.f90  -Os  output pattern test, is , should match shorter than the declared one for dummy argument 'str' \\(3/5\\)
FAIL: gfortran.dg/bounds_check_strlen_2.f90  -Os  output pattern test, is , should match shorter than the declared one for dummy argument 'str' \\(3/5\\)
FAIL: gfortran.dg/bounds_check_strlen_3.f90  -Os  output pattern test, is , should match does not match the declared one for dummy argument 'str' \\(7/5\\)
FAIL: gfortran.dg/bounds_check_strlen_4.f90  -Os  output pattern test, is , should match does not match the declared one for dummy argument 'str' \\(7/5\\)
FAIL: gfortran.dg/bounds_check_strlen_5.f90  -Os  output pattern test, is , should match does not match the declared one for dummy argument 'str' \\(7/5\\)
FAIL: gfortran.dg/bounds_check_strlen_6.f90  -Os  execution test
FAIL: gfortran.dg/bounds_check_strlen_7.f90  -Os  output pattern test, is , should match shorter than the declared one for dummy argument 'opt' \\(0/5\\)
FAIL: gfortran.dg/bounds_check_strlen_8.f90  -Os  execution test
FAIL: gfortran.dg/bounds_check_strlen_9.f90  -Os  execution test
FAIL: gfortran.dg/boz_1.f90  -Os  execution test
FAIL: gfortran.dg/boz_11.f90  -Os  execution test
FAIL: gfortran.dg/boz_13.f90  -Os  execution test
FAIL: gfortran.dg/boz_14.f90  -Os  execution test
FAIL: gfortran.dg/boz_3.f90  -Os  execution test
FAIL: gfortran.dg/boz_6.f90  -Os  execution test
FAIL: gfortran.dg/boz_9.f90  -Os  execution test
FAIL: gfortran.dg/byte_2.f90  -Os  execution test
FAIL: gfortran.dg/c_by_val_5.f90  -Os  execution test
FAIL: gfortran.dg/c_char_tests_2.f03  -Os  execution test
FAIL: gfortran.dg/c_f_pointer_tests_4.f90  -Os  execution test
FAIL: gfortran.dg/c_funloc_tests.f03  -Os  execution test
FAIL: gfortran.dg/c_funloc_tests_3.f03  -Os  execution test
FAIL: gfortran.dg/c_loc_tests_2.f03  -Os  execution test
FAIL: gfortran.dg/c_ptr_tests_10.f03  -Os  execution test
FAIL: gfortran.dg/c_ptr_tests_14.f90  -Os  execution test
FAIL: gfortran.dg/c_ptr_tests_8.f03  -Os  execution test
FAIL: gfortran.dg/c_ptr_tests_9.f03  -Os  execution test
FAIL: gfortran.dg/c_sizeof_1.f90  -Os  execution test
FAIL: gfortran.dg/char4_iunit_1.f03  -Os  execution test
FAIL: gfortran.dg/char4_iunit_2.f03  -Os  execution test
FAIL: gfortran.dg/char_allocation_1.f90  -Os  execution test
FAIL: gfortran.dg/char_array_constructor.f90  -Os  execution test
FAIL: gfortran.dg/char_array_structure_constructor.f90  -Os  execution test
FAIL: gfortran.dg/char_assign_1.f90  -Os  execution test
FAIL: gfortran.dg/char_associated_1.f90  -Os  execution test
FAIL: gfortran.dg/char_bounds_check_fail_1.f90  -Os  output pattern test, is , should match At line 10.*Substring out of bounds: upper bound \\(11\\) of 'zz' exceeds string length
FAIL: gfortran.dg/char_comparison_1.f  -Os  execution test
FAIL: gfortran.dg/char_component_initializer_1.f90  -Os  execution test
FAIL: gfortran.dg/char_component_initializer_2.f90  -Os  execution test
FAIL: gfortran.dg/char_cshift_1.f90  -Os  execution test
FAIL: gfortran.dg/char_cshift_2.f90  -Os  execution test
FAIL: gfortran.dg/char_cshift_3.f90  -Os  execution test
FAIL: gfortran.dg/char_decl_2.f90  -Os  execution test
FAIL: gfortran.dg/char_eoshift_1.f90  -Os  execution test
FAIL: gfortran.dg/char_eoshift_2.f90  -Os  execution test
FAIL: gfortran.dg/char_eoshift_3.f90  -Os  execution test
FAIL: gfortran.dg/char_eoshift_4.f90  -Os  execution test
FAIL: gfortran.dg/char_eoshift_5.f90  -Os  execution test
FAIL: gfortran.dg/char_expr_1.f90  -Os  execution test
FAIL: gfortran.dg/char_expr_3.f90  -Os  execution test
FAIL: gfortran.dg/char_initialiser_actual.f90  -Os  execution test
FAIL: gfortran.dg/char_length_12.f90  -Os  execution test
FAIL: gfortran.dg/char_length_14.f90  -Os  execution test
FAIL: gfortran.dg/char_length_15.f90  -Os  execution test
FAIL: gfortran.dg/char_length_5.f90  -Os  execution test
FAIL: gfortran.dg/char_length_6.f90  -Os  execution test
FAIL: gfortran.dg/char_length_7.f90  -Os  execution test
FAIL: gfortran.dg/char_length_8.f90  -Os  execution test
FAIL: gfortran.dg/char_pack_1.f90  -Os  execution test
FAIL: gfortran.dg/char_pack_2.f90  -Os  execution test
FAIL: gfortran.dg/char_pointer_assign.f90  -Os  execution test
FAIL: gfortran.dg/char_pointer_assign_3.f90  -Os  execution test
FAIL: gfortran.dg/char_pointer_assign_4.f90  -Os  output pattern test, is , should match Unequal character lengths \\(5/8\\)
FAIL: gfortran.dg/char_pointer_assign_5.f90  -Os  output pattern test, is , should match Unequal character lengths \\(17/10\\)
FAIL: gfortran.dg/char_pointer_comp_assign.f90  -Os  execution test
FAIL: gfortran.dg/char_pointer_dependency.f90  -Os  execution test
FAIL: gfortran.dg/char_pointer_dummy.f90  -Os  execution test
FAIL: gfortran.dg/char_pointer_func.f90  -Os  execution test
FAIL: gfortran.dg/char_reshape_1.f90  -Os  execution test
FAIL: gfortran.dg/char_result_1.f90  -Os  execution test
FAIL: gfortran.dg/char_result_12.f90  -Os  execution test
FAIL: gfortran.dg/char_result_13.f90  -Os  execution test
FAIL: gfortran.dg/char_result_2.f90  -Os  execution test
FAIL: gfortran.dg/char_result_3.f90  -Os  execution test
FAIL: gfortran.dg/char_result_4.f90  -Os  execution test
FAIL: gfortran.dg/char_result_5.f90  -Os  execution test
FAIL: gfortran.dg/char_result_6.f90  -Os  execution test
FAIL: gfortran.dg/char_result_7.f90  -Os  execution test
FAIL: gfortran.dg/char_result_8.f90  -Os  execution test
FAIL: gfortran.dg/char_spread_1.f90  -Os  execution test
FAIL: gfortran.dg/char_transpose_1.f90  -Os  execution test
FAIL: gfortran.dg/char_type_len.f90  -Os  execution test
FAIL: gfortran.dg/char_unpack_1.f90  -Os  execution test
FAIL: gfortran.dg/char_unpack_2.f90  -Os  execution test
FAIL: gfortran.dg/character_array_constructor_1.f90  -Os  execution test
FAIL: gfortran.dg/character_comparison_3.f90  -Os  execution test
FAIL: gfortran.dg/chkbits.f90  -Os  execution test
FAIL: gfortran.dg/chmod_1.f90  -Os  execution test
FAIL: gfortran.dg/chmod_2.f90  -Os  execution test
FAIL: gfortran.dg/chmod_3.f90  -Os  execution test
FAIL: gfortran.dg/class_1.f03  -Os  execution test
FAIL: gfortran.dg/class_18.f03  -Os  execution test
FAIL: gfortran.dg/class_19.f03  -Os  execution test
FAIL: gfortran.dg/class_25.f03  -Os  execution test
FAIL: gfortran.dg/class_26.f03  -Os  execution test
FAIL: gfortran.dg/class_35.f90  -Os  execution test
FAIL: gfortran.dg/class_40.f03  -Os  execution test
FAIL: gfortran.dg/class_4c.f03  -Os  execution test
FAIL: gfortran.dg/class_6.f03  -Os  execution test
FAIL: gfortran.dg/class_9.f03  -Os  execution test
FAIL: gfortran.dg/class_allocate_1.f03  -Os  execution test
FAIL: gfortran.dg/class_allocate_3.f03  -Os  execution test
FAIL: gfortran.dg/class_allocate_4.f03  -Os  execution test
FAIL: gfortran.dg/class_allocate_5.f90  -Os  execution test
FAIL: gfortran.dg/class_allocate_6.f03  -Os  execution test
FAIL: gfortran.dg/class_defined_operator_1.f03  -O2  execution test
FAIL: gfortran.dg/class_defined_operator_1.f03  -O3 -fomit-frame-pointer  execution test
FAIL: gfortran.dg/class_defined_operator_1.f03  -O3 -fomit-frame-pointer -funroll-loops  execution test
FAIL: gfortran.dg/class_defined_operator_1.f03  -O3 -fomit-frame-pointer -funroll-all-loops -finline-functions  execution test
FAIL: gfortran.dg/class_defined_operator_1.f03  -O3 -g  execution test
FAIL: gfortran.dg/class_defined_operator_1.f03  -Os  execution test
FAIL: gfortran.dg/class_dummy_1.f03  -Os  execution test
FAIL: gfortran.dg/class_dummy_2.f03  -Os  execution test
FAIL: gfortran.dg/coarray_13.f90  -Os  execution test
FAIL: gfortran.dg/coarray_2.f90  -Os  output pattern test, is , should match ERROR STOP stop
FAIL: gfortran.dg/com_block_driver.f90  -Os  execution test
FAIL: gfortran.dg/comma.f  -Os  execution test
FAIL: gfortran.dg/comma_format_extension_3.f  -Os  execution test
FAIL: gfortran.dg/comma_format_extension_4.f  -Os  execution test
FAIL: gfortran.dg/common_2.f90  -Os  execution test
FAIL: gfortran.dg/common_4.f90  -Os  execution test
FAIL: gfortran.dg/common_align_1.f90  -Os  execution test
FAIL: gfortran.dg/common_align_2.f90  -Os  execution test
FAIL: gfortran.dg/common_equivalence_1.f  -Os  execution test
FAIL: gfortran.dg/common_pointer_1.f90  -Os  execution test
FAIL: gfortran.dg/common_resize_1.f  -Os  execution test
FAIL: gfortran.dg/complex_intrinsic_1.f90  -Os  execution test
FAIL: gfortran.dg/complex_intrinsic_3.f90  -O1  execution test
FAIL: gfortran.dg/complex_intrinsic_3.f90  -O2  execution test
FAIL: gfortran.dg/complex_intrinsic_3.f90  -O3 -fomit-frame-pointer  execution test
FAIL: gfortran.dg/complex_intrinsic_3.f90  -O3 -fomit-frame-pointer -funroll-loops  execution test
FAIL: gfortran.dg/complex_intrinsic_3.f90  -O3 -fomit-frame-pointer -funroll-all-loops -finline-functions  execution test
FAIL: gfortran.dg/complex_intrinsic_3.f90  -O3 -g  execution test
FAIL: gfortran.dg/complex_intrinsic_3.f90  -Os  execution test
FAIL: gfortran.dg/complex_intrinsic_5.f90  -Os  execution test
FAIL: gfortran.dg/complex_read.f90  -Os  execution test
FAIL: gfortran.dg/complex_write.f90  -Os  execution test
FAIL: gfortran.dg/constant_substring.f  -Os  execution test
FAIL: gfortran.dg/contained_1.f90  -Os  execution test
FAIL: gfortran.dg/contained_3.f90  -Os  execution test
FAIL: gfortran.dg/contained_equivalence_1.f90  -Os  execution test
FAIL: gfortran.dg/contained_module_proc_1.f90  -Os  execution test
FAIL: gfortran.dg/continuation_1.f90  -Os  execution test
FAIL: gfortran.dg/continuation_11.f90  -Os  execution test
FAIL: gfortran.dg/continuation_12.f90  -Os  execution test
FAIL: gfortran.dg/continuation_8.f90  -Os  execution test
FAIL: gfortran.dg/convert_2.f90  -Os  execution test
FAIL: gfortran.dg/convert_implied_open.f90  -Os  execution test
FAIL: gfortran.dg/count_init_expr.f03  -Os  execution test
FAIL: gfortran.dg/count_mask_1.f90  -Os  execution test
FAIL: gfortran.dg/cr_lf.f90  -Os  execution test
FAIL: gfortran.dg/cray_pointers_5.f90  -Os  execution test
FAIL: gfortran.dg/cray_pointers_7.f90  -Os  execution test
FAIL: gfortran.dg/cray_pointers_8.f90  -Os  execution test
FAIL: gfortran.dg/cshift_bounds_1.f90  -Os  execution test
FAIL: gfortran.dg/cshift_bounds_2.f90  -Os  output pattern test, is , should match Fortran runtime error: Incorrect extent in return value of CSHIFT intrinsic in dimension 2: is 3, should be 2
FAIL: gfortran.dg/cshift_bounds_3.f90  -Os  output pattern test, is , should match Fortran runtime error: Incorrect size in SHIFT argument of CSHIFT intrinsic: should not be zero-sized
FAIL: gfortran.dg/cshift_bounds_4.f90  -Os  output pattern test, is , should match Fortran runtime error: Incorrect extent in SHIFT argument of CSHIFT intrinsic in dimension 1: is 3, should be 2
FAIL: gfortran.dg/cshift_nan_1.f90  -Os  execution test
FAIL: gfortran.dg/csqrt_2.f  -Os  execution test
FAIL: gfortran.dg/data_array_1.f90  -Os  execution test
FAIL: gfortran.dg/data_char_1.f90  -Os  execution test
FAIL: gfortran.dg/data_char_2.f90  -Os  execution test
FAIL: gfortran.dg/data_implied_do_1.f90  -Os  execution test
FAIL: gfortran.dg/data_namelist_conflict.f90  -Os  execution test
FAIL: gfortran.dg/deallocate_alloc_opt_3.f90  -Os  execution test
FAIL: gfortran.dg/deallocate_error_1.f90  -Os  output pattern test, is , should match At line 14.*Attempt to DEALLOCATE unallocated 'arr'
FAIL: gfortran.dg/deallocate_error_2.f90  -Os  output pattern test, is , should match At line 15.*Attempt to DEALLOCATE unallocated 'ptr'
FAIL: gfortran.dg/deallocate_stat.f90  -Os  execution test
FAIL: gfortran.dg/default_format_1.f90  -Os  execution test
FAIL: gfortran.dg/default_format_2.f90  -Os  execution test
FAIL: gfortran.dg/default_format_denormal_1.f90  -Os  execution test
FAIL: gfortran.dg/default_format_denormal_2.f90  -Os  execution test
FAIL: gfortran.dg/default_initialization_3.f90  -Os  execution test
FAIL: gfortran.dg/default_initialization_4.f90  -Os  execution test
FAIL: gfortran.dg/dependency_2.f90  -Os  execution test
FAIL: gfortran.dg/dependency_21.f90  -Os  execution test
FAIL: gfortran.dg/dependency_22.f90  -Os  execution test
FAIL: gfortran.dg/dependency_23.f90  -Os  execution test
FAIL: gfortran.dg/dependency_24.f90  -Os  execution test
FAIL: gfortran.dg/dependency_25.f90  -Os  execution test
FAIL: gfortran.dg/dependency_3.f90  -Os  execution test
FAIL: gfortran.dg/dependency_39.f90  -Os  execution test
FAIL: gfortran.dg/dependent_decls_1.f90  -Os  execution test
FAIL: gfortran.dg/der_array_1.f90  -Os  execution test
FAIL: gfortran.dg/der_array_io_1.f90  -Os  execution test
FAIL: gfortran.dg/der_array_io_2.f90  -Os  execution test
FAIL: gfortran.dg/der_array_io_3.f90  -Os  execution test
FAIL: gfortran.dg/derived_comp_array_ref_1.f90  -Os  execution test
FAIL: gfortran.dg/derived_comp_array_ref_2.f90  -Os  execution test
FAIL: gfortran.dg/derived_comp_array_ref_3.f90  -Os  execution test
FAIL: gfortran.dg/derived_comp_array_ref_4.f90  -Os  execution test
FAIL: gfortran.dg/derived_comp_array_ref_7.f90  -Os  execution test
FAIL: gfortran.dg/derived_constructor_comps_1.f90  -Os  execution test
FAIL: gfortran.dg/derived_constructor_comps_4.f90  -Os  execution test
FAIL: gfortran.dg/derived_init_1.f90  -Os  execution test
FAIL: gfortran.dg/derived_init_2.f90  -Os  execution test
FAIL: gfortran.dg/derived_init_3.f90  -Os  execution test
FAIL: gfortran.dg/derived_pointer_recursion_2.f90  -Os  execution test
FAIL: gfortran.dg/dev_null.F90  -Os  execution test
FAIL: gfortran.dg/dfloat_1.f90  -Os  execution test
FAIL: gfortran.dg/direct_io_1.f90  -Os  execution test
FAIL: gfortran.dg/direct_io_10.f  -Os  execution test
FAIL: gfortran.dg/direct_io_11.f90  -Os  execution test
FAIL: gfortran.dg/direct_io_12.f90  -Os  execution test
FAIL: gfortran.dg/direct_io_2.f90  -Os  execution test
FAIL: gfortran.dg/direct_io_3.f90  -Os  execution test
FAIL: gfortran.dg/direct_io_4.f90  -Os  execution test
FAIL: gfortran.dg/direct_io_5.f90  -Os  execution test
FAIL: gfortran.dg/direct_io_6.f90  -Os  execution test
FAIL: gfortran.dg/direct_io_7.f90  -Os  execution test
FAIL: gfortran.dg/direct_io_8.f90  -Os  execution test
FAIL: gfortran.dg/direct_io_9.f  -Os  execution test
FAIL: gfortran.dg/do_1.f90  -Os  execution test
FAIL: gfortran.dg/do_3.F90  -Os  execution test
FAIL: gfortran.dg/do_check_1.f90  -Os  output pattern test, is , should match Fortran runtime error: DO step value is zero
FAIL: gfortran.dg/do_check_2.f90  -Os  output pattern test, is , should match Fortran runtime error: Loop variable has been modified
FAIL: gfortran.dg/do_check_3.f90  -Os  output pattern test, is , should match Fortran runtime error: Loop variable has been modified
FAIL: gfortran.dg/do_check_4.f90  -Os  output pattern test, is , should match Fortran runtime error: Loop variable has been modified
FAIL: gfortran.dg/do_iterator_2.f90  -Os  execution test
FAIL: gfortran.dg/dollar_edit_descriptor_1.f  -Os  execution test
FAIL: gfortran.dg/dollar_edit_descriptor_2.f  -Os  execution test
FAIL: gfortran.dg/dollar_edit_descriptor_3.f  -Os  execution test
FAIL: gfortran.dg/dos_eol.f  -Os  execution test
FAIL: gfortran.dg/dot_product_1.f03  -Os  execution test
FAIL: gfortran.dg/dshift_1.F90  -Os  execution test
FAIL: gfortran.dg/dummy_procedure_3.f90  -Os  execution test
FAIL: gfortran.dg/dup_save_1.f90  -Os  execution test
FAIL: gfortran.dg/dynamic_dispatch_1.f03  -Os  execution test
FAIL: gfortran.dg/dynamic_dispatch_10.f03  -Os  execution test
FAIL: gfortran.dg/dynamic_dispatch_11.f03  -Os  execution test
FAIL: gfortran.dg/dynamic_dispatch_2.f03  -Os  execution test
FAIL: gfortran.dg/dynamic_dispatch_3.f03  -Os  execution test
FAIL: gfortran.dg/dynamic_dispatch_4.f03  -Os  execution test
FAIL: gfortran.dg/dynamic_dispatch_5.f03  -Os  execution test
FAIL: gfortran.dg/dynamic_dispatch_6.f03  -O1  execution test
FAIL: gfortran.dg/dynamic_dispatch_6.f03  -O2  execution test
FAIL: gfortran.dg/dynamic_dispatch_6.f03  -O3 -fomit-frame-pointer  execution test
FAIL: gfortran.dg/dynamic_dispatch_6.f03  -O3 -fomit-frame-pointer -funroll-loops  execution test
FAIL: gfortran.dg/dynamic_dispatch_6.f03  -O3 -fomit-frame-pointer -funroll-all-loops -finline-functions  execution test
FAIL: gfortran.dg/dynamic_dispatch_6.f03  -O3 -g  execution test
FAIL: gfortran.dg/dynamic_dispatch_6.f03  -Os  execution test
FAIL: gfortran.dg/dynamic_dispatch_7.f03  -Os  execution test
FAIL: gfortran.dg/dynamic_dispatch_8.f03  -Os  execution test
FAIL: gfortran.dg/dynamic_dispatch_9.f03  -Os  execution test
FAIL: gfortran.dg/e_d_fmt.f90  -Os  execution test
FAIL: gfortran.dg/edit_real_1.f90  -Os  execution test
FAIL: gfortran.dg/elemental_dependency_1.f90  -Os  execution test
FAIL: gfortran.dg/elemental_subroutine_1.f90  -Os  execution test
FAIL: gfortran.dg/elemental_subroutine_2.f90  -Os  execution test
FAIL: gfortran.dg/elemental_subroutine_3.f90  -Os  execution test
FAIL: gfortran.dg/elemental_subroutine_7.f90  -Os  execution test
FAIL: gfortran.dg/empty_format_1.f90  -Os  execution test
FAIL: gfortran.dg/endfile.f  -Os  execution test
FAIL: gfortran.dg/endfile.f90  -Os  execution test
FAIL: gfortran.dg/endfile_2.f90  -Os  execution test
FAIL: gfortran.dg/entry_1.f90  -Os  execution test
FAIL: gfortran.dg/entry_10.f90  -Os  execution test
FAIL: gfortran.dg/entry_12.f90  -Os  execution test
FAIL: gfortran.dg/entry_13.f90  -O1  execution test
FAIL: gfortran.dg/entry_13.f90  -Os  execution test
FAIL: gfortran.dg/entry_14.f90  -Os  execution test
FAIL: gfortran.dg/entry_16.f90  -O1  execution test
FAIL: gfortran.dg/entry_16.f90  -Os  execution test
FAIL: gfortran.dg/entry_3.f90  -Os  execution test
FAIL: gfortran.dg/entry_6.f90  -Os  execution test
FAIL: gfortran.dg/entry_9.f90  -Os  execution test
FAIL: gfortran.dg/entry_array_specs_2.f  -Os  execution test
FAIL: gfortran.dg/enum_1.f90  -Os  execution test
FAIL: gfortran.dg/enum_10.f90  -Os  execution test
FAIL: gfortran.dg/enum_9.f90  -Os  execution test
FAIL: gfortran.dg/eof_1.f90  -Os  execution test
FAIL: gfortran.dg/eof_2.f90  -Os  execution test
FAIL: gfortran.dg/eof_3.f90  -Os  execution test
FAIL: gfortran.dg/eor_1.f90  -Os  execution test
FAIL: gfortran.dg/eor_handling_1.f90  -Os  execution test
FAIL: gfortran.dg/eor_handling_2.f90  -Os  execution test
FAIL: gfortran.dg/eor_handling_3.f90  -Os  execution test
FAIL: gfortran.dg/eor_handling_4.f90  -Os  execution test
FAIL: gfortran.dg/eor_handling_5.f90  -Os  execution test
FAIL: gfortran.dg/eoshift.f90  -Os  execution test
FAIL: gfortran.dg/eoshift_bounds_1.f90  -Os  output pattern test, is , should match Fortran runtime error: Incorrect size in SHIFT argument of EOSHIFT intrinsic: should not be zero-sized
FAIL: gfortran.dg/equiv_6.f90  -Os  execution test
FAIL: gfortran.dg/equiv_7.f90  -Os  execution test
FAIL: gfortran.dg/erfc_scaled_1.f90  -Os  execution test
FAIL: gfortran.dg/error_format.f90  -Os  output pattern test, is , should match .*(unit = 99, file = .*)Fortran runtime error: End of file
FAIL: gfortran.dg/error_recovery_5.f90  -Os  execution test
FAIL: gfortran.dg/exit_1.f08  -Os  execution test
FAIL: gfortran.dg/exit_3.f08  -Os  execution test
FAIL: gfortran.dg/exponent_1.f90  -Os  execution test
FAIL: gfortran.dg/exponent_2.f90  -Os  execution test
FAIL: gfortran.dg/extended_char_comparison_1.f  -Os  execution test
FAIL: gfortran.dg/extends_1.f03  -Os  execution test
FAIL: gfortran.dg/extends_2.f03  -Os  execution test
FAIL: gfortran.dg/extends_3.f03  -Os  execution test
FAIL: gfortran.dg/extends_4.f03  -O1  execution test
FAIL: gfortran.dg/extends_4.f03  -O2  execution test
FAIL: gfortran.dg/extends_4.f03  -O3 -fomit-frame-pointer  execution test
FAIL: gfortran.dg/extends_4.f03  -O3 -fomit-frame-pointer -funroll-loops  execution test
FAIL: gfortran.dg/extends_4.f03  -O3 -fomit-frame-pointer -funroll-all-loops -finline-functions  execution test
FAIL: gfortran.dg/extends_4.f03  -O3 -g  execution test
FAIL: gfortran.dg/extends_4.f03  -Os  execution test
FAIL: gfortran.dg/extends_type_of_1.f03  -Os  execution test
FAIL: gfortran.dg/extends_type_of_2.f03  -Os  execution test
FAIL: gfortran.dg/external_procedures_3.f90  -Os  execution test
FAIL: gfortran.dg/f2003_inquire_1.f03  -Os  execution test
FAIL: gfortran.dg/f2003_io_1.f03  -Os  execution test
FAIL: gfortran.dg/f2003_io_4.f03  -Os  execution test
FAIL: gfortran.dg/f2003_io_5.f03  -Os  execution test
FAIL: gfortran.dg/f2003_io_6.f03  -Os  execution test
FAIL: gfortran.dg/f2003_io_7.f03  -Os  execution test
FAIL: gfortran.dg/f2c_1.f90  -Os  execution test
FAIL: gfortran.dg/f2c_2.f90  -Os  execution test
FAIL: gfortran.dg/f2c_3.f90  -Os  execution test
FAIL: gfortran.dg/f2c_4.f90  -Os  execution test
FAIL: gfortran.dg/f2c_5.f90  -Os  execution test
FAIL: gfortran.dg/f2c_6.f90  -Os  execution test
FAIL: gfortran.dg/f2c_7.f90  -Os  execution test
FAIL: gfortran.dg/f2c_9.f90  -O1  execution test
FAIL: gfortran.dg/f2c_9.f90  -O2  execution test
FAIL: gfortran.dg/f2c_9.f90  -O3 -fomit-frame-pointer  execution test
FAIL: gfortran.dg/f2c_9.f90  -O3 -fomit-frame-pointer -funroll-loops  execution test
FAIL: gfortran.dg/f2c_9.f90  -O3 -fomit-frame-pointer -funroll-all-loops -finline-functions  execution test
FAIL: gfortran.dg/f2c_9.f90  -O3 -g  execution test
FAIL: gfortran.dg/f2c_9.f90  -Os  execution test
FAIL: gfortran.dg/fgetc_1.f90  -Os  execution test
FAIL: gfortran.dg/fgetc_2.f90  -Os  execution test
FAIL: gfortran.dg/float_1.f90  -Os  execution test
FAIL: gfortran.dg/flush_1.f90  -Os  execution test
FAIL: gfortran.dg/fmt_bz_bn.f  -Os  execution test
FAIL: gfortran.dg/fmt_bz_bn_err.f  -Os  execution test
FAIL: gfortran.dg/fmt_cache_1.f  -Os  execution test
FAIL: gfortran.dg/fmt_cache_2.f  -Os  execution test
FAIL: gfortran.dg/fmt_colon.f90  -Os  execution test
FAIL: gfortran.dg/fmt_error_10.f  -Os  execution test
FAIL: gfortran.dg/fmt_error_4.f90  -Os  output pattern test, is , should match Unexpected element 'Q'.*(
FAIL: gfortran.dg/fmt_error_5.f90  -Os  output pattern test, is , should match Unexpected element 'Q'.*(
FAIL: gfortran.dg/fmt_error_9.f  -Os  execution test
FAIL: gfortran.dg/fmt_exhaust.f90  -Os  execution test
FAIL: gfortran.dg/fmt_f0_1.f90  -Os  execution test
FAIL: gfortran.dg/fmt_f_an_p.f  -Os  execution test
FAIL: gfortran.dg/fmt_float.f90  -Os  execution test
FAIL: gfortran.dg/fmt_fw_d.f90  -Os  execution test
FAIL: gfortran.dg/fmt_g.f  -Os  execution test
FAIL: gfortran.dg/fmt_g0_1.f08  -Os  execution test
FAIL: gfortran.dg/fmt_g0_2.f08  -Os  output pattern test, is , should match Fortran runtime error: Zero width in format descriptor(
FAIL: gfortran.dg/fmt_huge.f90  -Os  execution test
FAIL: gfortran.dg/fmt_int_sign.f90  -Os  execution test
FAIL: gfortran.dg/fmt_l.f90  -Os  execution test
FAIL: gfortran.dg/fmt_missing_period_2.f  -Os  execution test
FAIL: gfortran.dg/fmt_missing_period_3.f  -Os  execution test
FAIL: gfortran.dg/fmt_p_1.f90  -Os  execution test
FAIL: gfortran.dg/fmt_read.f90  -Os  execution test
FAIL: gfortran.dg/fmt_read_bz_bn.f90  -Os  execution test
FAIL: gfortran.dg/fmt_t_1.f90  -Os  execution test
FAIL: gfortran.dg/fmt_t_2.f90  -Os  execution test
FAIL: gfortran.dg/fmt_t_3.f90  -Os  execution test
FAIL: gfortran.dg/fmt_t_4.f90  -Os  execution test
FAIL: gfortran.dg/fmt_t_5.f90  -Os  execution test
FAIL: gfortran.dg/fmt_t_6.f  -Os  execution test
FAIL: gfortran.dg/fmt_t_7.f  -Os  execution test
FAIL: gfortran.dg/fmt_tab_1.f90  -Os  execution test
FAIL: gfortran.dg/fmt_tl.f  -Os  execution test
FAIL: gfortran.dg/fmt_white.f  -Os  execution test
FAIL: gfortran.dg/fmt_zero_digits.f90  -Os  execution test
FAIL: gfortran.dg/fmt_zero_precision.f90  -Os  execution test
FAIL: gfortran.dg/fold_nearest.f90  -Os  execution test
FAIL: gfortran.dg/forall_1.f90  -Os  execution test
FAIL: gfortran.dg/forall_12.f90  -Os  execution test
FAIL: gfortran.dg/forall_13.f90  -Os  execution test
FAIL: gfortran.dg/forall_4.f90  -Os  execution test
FAIL: gfortran.dg/forall_6.f90  -Os  execution test
FAIL: gfortran.dg/forall_7.f90  -Os  execution test
FAIL: gfortran.dg/fseek.f90  -Os  execution test
FAIL: gfortran.dg/ftell_1.f90  -Os  execution test
FAIL: gfortran.dg/ftell_2.f90  -Os  execution test
FAIL: gfortran.dg/ftell_3.f90  -Os  execution test
FAIL: gfortran.dg/func_assign_2.f90  -Os  execution test
FAIL: gfortran.dg/func_assign_3.f90  -Os  execution test
FAIL: gfortran.dg/func_derived_1.f90  -Os  execution test
FAIL: gfortran.dg/func_derived_2.f90  -Os  execution test
FAIL: gfortran.dg/func_derived_3.f90  -Os  execution test
FAIL: gfortran.dg/func_derived_4.f90  -Os  execution test
FAIL: gfortran.dg/func_result_1.f90  -Os  execution test
FAIL: gfortran.dg/func_result_2.f90  -Os  execution test
FAIL: gfortran.dg/func_result_6.f90  -Os  execution test
FAIL: gfortran.dg/function_kinds_1.f90  -O1  execution test
FAIL: gfortran.dg/function_kinds_1.f90  -Os  execution test
FAIL: gfortran.dg/gamma_1.f90  -Os  execution test
FAIL: gfortran.dg/gamma_4.f90  -Os  execution test
FAIL: gfortran.dg/gamma_5.f90  -Os  execution test
FAIL: gfortran.dg/generic_15.f90  -Os  execution test
FAIL: gfortran.dg/generic_20.f90  -Os  execution test
FAIL: gfortran.dg/generic_23.f03  -Os  execution test
FAIL: gfortran.dg/generic_4.f90  -Os  execution test
FAIL: gfortran.dg/getenv_1.f90  -Os  execution test
FAIL: gfortran.dg/gnu_logical_1.F  -Os  execution test
FAIL: gfortran.dg/goto_1.f  -Os  execution test
FAIL: gfortran.dg/goto_2.f90  -Os  execution test
FAIL: gfortran.dg/goto_4.f90  -Os  execution test
FAIL: gfortran.dg/goto_6.f  -Os  execution test
FAIL: gfortran.dg/hollerith.f90  -Os  execution test
FAIL: gfortran.dg/hollerith2.f90  -Os  execution test
FAIL: gfortran.dg/hollerith4.f90  -Os  execution test
FAIL: gfortran.dg/hollerith6.f90  -Os  execution test
FAIL: gfortran.dg/hollerith8.f90  -Os  execution test
FAIL: gfortran.dg/hollerith_1.f90  -Os  execution test
FAIL: gfortran.dg/host_assoc_function_1.f90  -Os  execution test
FAIL: gfortran.dg/host_assoc_function_3.f90  -Os  execution test
FAIL: gfortran.dg/host_assoc_function_4.f90  -Os  execution test
FAIL: gfortran.dg/host_assoc_function_7.f90  -Os  execution test
FAIL: gfortran.dg/host_assoc_function_9.f90  -Os  execution test
FAIL: gfortran.dg/host_dummy_index_1.f90  -Os  execution test
FAIL: gfortran.dg/hypot_1.f90  -Os  execution test
FAIL: gfortran.dg/iall_iany_iparity_1.f90  -Os  execution test
FAIL: gfortran.dg/ibits.f90  -Os  execution test
FAIL: gfortran.dg/ichar_2.f90  -Os  execution test
FAIL: gfortran.dg/implicit_10.f90  -Os  execution test
FAIL: gfortran.dg/implicit_12.f90  -Os  execution test
FAIL: gfortran.dg/implied_do_1.f90  -Os  execution test
FAIL: gfortran.dg/implied_shape_1.f08  -Os  execution test
FAIL: gfortran.dg/import.f90  -Os  execution test
FAIL: gfortran.dg/import4.f90  -Os  execution test
FAIL: gfortran.dg/impure_1.f08  -Os  execution test
FAIL: gfortran.dg/in_pack_rank7.f90  -Os  execution test
FAIL: gfortran.dg/index.f90  -Os  execution test
FAIL: gfortran.dg/index_2.f90  -Os  execution test
FAIL: gfortran.dg/init_flag_1.f90  -Os  execution test
FAIL: gfortran.dg/init_flag_2.f90  -Os  execution test
FAIL: gfortran.dg/init_flag_3.f90  -Os  execution test
FAIL: gfortran.dg/init_flag_4.f90  -Os  execution test
FAIL: gfortran.dg/init_flag_5.f90  -Os  execution test
FAIL: gfortran.dg/init_flag_6.f90  -Os  execution test
FAIL: gfortran.dg/init_flag_7.f90  -Os  execution test
FAIL: gfortran.dg/initialization_11.f90  -Os  execution test
FAIL: gfortran.dg/initialization_19.f90  -Os  execution test
FAIL: gfortran.dg/initialization_2.f90  -Os  execution test
FAIL: gfortran.dg/initialization_22.f90  -Os  execution test
FAIL: gfortran.dg/initialization_27.f90  -Os  execution test
FAIL: gfortran.dg/initialization_5.f90  -Os  execution test
FAIL: gfortran.dg/inline_transpose_1.f90  -Os  execution test
FAIL: gfortran.dg/inquire-complex.f90  -Os  execution test
FAIL: gfortran.dg/inquire.f90  -Os  execution test
FAIL: gfortran.dg/inquire_13.f90  -Os  execution test
FAIL: gfortran.dg/inquire_5.f90  -Os  execution test
FAIL: gfortran.dg/inquire_6.f90  -Os  execution test
FAIL: gfortran.dg/inquire_7.f90  -Os  execution test
FAIL: gfortran.dg/inquire_9.f90  -Os  execution test
FAIL: gfortran.dg/inquire_size.f90  -Os  execution test
FAIL: gfortran.dg/int_1.f90  -Os  execution test
FAIL: gfortran.dg/int_conv_1.f90  -Os  execution test
FAIL: gfortran.dg/integer_exponentiation_1.f90  -Os  execution test
FAIL: gfortran.dg/integer_exponentiation_2.f90  -Os  execution test
FAIL: gfortran.dg/integer_exponentiation_3.F90  -Os  execution test
FAIL: gfortran.dg/integer_exponentiation_5.F90  -Os  execution test
FAIL: gfortran.dg/intent_out_2.f90  -Os  execution test
FAIL: gfortran.dg/intent_out_5.f90  -Os  execution test
FAIL: gfortran.dg/intent_out_6.f90  -Os  execution test
FAIL: gfortran.dg/interface_12.f90  -Os  execution test
FAIL: gfortran.dg/interface_19.f90  -Os  execution test
FAIL: gfortran.dg/interface_4.f90  -Os  execution test
FAIL: gfortran.dg/interface_assignment_1.f90  -Os  execution test
FAIL: gfortran.dg/interface_assignment_2.f90  -O3 -fomit-frame-pointer  execution test
FAIL: gfortran.dg/interface_assignment_2.f90  -O3 -fomit-frame-pointer -funroll-loops  execution test
FAIL: gfortran.dg/interface_assignment_2.f90  -O3 -fomit-frame-pointer -funroll-all-loops -finline-functions  execution test
FAIL: gfortran.dg/interface_assignment_2.f90  -O3 -g  execution test
FAIL: gfortran.dg/interface_assignment_2.f90  -Os  execution test
FAIL: gfortran.dg/internal_dummy_2.f08  -Os  execution test
FAIL: gfortran.dg/internal_dummy_3.f08  -Os  execution test
FAIL: gfortran.dg/internal_dummy_4.f08  -Os  execution test
FAIL: gfortran.dg/internal_pack_1.f90  -Os  execution test
FAIL: gfortran.dg/internal_pack_10.f90  -Os  execution test
FAIL: gfortran.dg/internal_pack_2.f90  -Os  execution test
FAIL: gfortran.dg/internal_pack_4.f90  -Os  execution test
FAIL: gfortran.dg/internal_pack_6.f90  -Os  execution test
FAIL: gfortran.dg/internal_pack_8.f90  -Os  execution test
FAIL: gfortran.dg/internal_readwrite_1.f90  -Os  execution test
FAIL: gfortran.dg/internal_readwrite_2.f90  -Os  execution test
FAIL: gfortran.dg/internal_write_1.f90  -Os  output pattern test, is , should match Fortran runtime error: End of file
FAIL: gfortran.dg/intrinsic_actual_4.f90  -Os  execution test
FAIL: gfortran.dg/intrinsic_char_1.f90  -Os  execution test
FAIL: gfortran.dg/intrinsic_ifunction_1.f90  -Os  execution test
FAIL: gfortran.dg/intrinsic_ifunction_2.f90  -Os  execution test
FAIL: gfortran.dg/intrinsic_intkinds_1.f90  -Os  execution test
FAIL: gfortran.dg/intrinsic_modulo_1.f90  -Os  execution test
FAIL: gfortran.dg/intrinsic_pack_1.f90  -Os  execution test
FAIL: gfortran.dg/intrinsic_pack_2.f90  -Os  execution test
FAIL: gfortran.dg/intrinsic_pack_4.f90  -Os  execution test
FAIL: gfortran.dg/intrinsic_pack_5.f90  -Os  execution test
FAIL: gfortran.dg/intrinsic_product_1.f90  -Os  execution test
FAIL: gfortran.dg/intrinsic_sign_1.f90  -Os  execution test
FAIL: gfortran.dg/intrinsic_sign_2.f90  -Os  execution test
FAIL: gfortran.dg/intrinsic_spread_1.f90  -Os  execution test
FAIL: gfortran.dg/intrinsic_spread_2.f90  -Os  execution test
FAIL: gfortran.dg/intrinsic_std_4.f90  -Os  execution test
FAIL: gfortran.dg/intrinsic_unpack_1.f90  -Os  execution test
FAIL: gfortran.dg/intrinsic_unpack_2.f90  -Os  execution test
FAIL: gfortran.dg/intrinsic_verify_1.f90  -Os  execution test
FAIL: gfortran.dg/io_real_boz.f90  -Os  execution test
FAIL: gfortran.dg/io_real_boz2.f90  -Os  output pattern test, is , should match At line 12 .*Expected INTEGER .* in formatted transfer, got REAL
FAIL: gfortran.dg/iomsg_1.f90  -Os  execution test
FAIL: gfortran.dg/iostat_1.f90  -Os  execution test
FAIL: gfortran.dg/iostat_2.f90  -Os  execution test
FAIL: gfortran.dg/iostat_4.f90  -Os  execution test
FAIL: gfortran.dg/is_iostat_end_eor_1.f90  -Os  execution test
FAIL: gfortran.dg/ishft_1.f90  -Os  execution test
FAIL: gfortran.dg/ishft_2.f90  -Os  execution test
FAIL: gfortran.dg/ishft_4.f90  -Os  execution test
FAIL: gfortran.dg/isnan_1.f90  -Os  execution test
FAIL: gfortran.dg/isnan_2.f90  -Os  execution test
FAIL: gfortran.dg/iso_fortran_env_1.f90  -Os  execution test
FAIL: gfortran.dg/iso_fortran_env_3.f90  -Os  execution test
FAIL: gfortran.dg/itime_idate_1.f  -Os  execution test
FAIL: gfortran.dg/itime_idate_2.f  -Os  execution test
FAIL: gfortran.dg/large_real_kind_1.f90  -Os  execution test
FAIL: gfortran.dg/large_real_kind_2.F90  -O1  execution test
FAIL: gfortran.dg/large_real_kind_2.F90  -O2  execution test
FAIL: gfortran.dg/large_real_kind_2.F90  -O3 -fomit-frame-pointer  execution test
FAIL: gfortran.dg/large_real_kind_2.F90  -O3 -fomit-frame-pointer -funroll-loops  execution test
FAIL: gfortran.dg/large_real_kind_2.F90  -O3 -fomit-frame-pointer -funroll-all-loops -finline-functions  execution test
FAIL: gfortran.dg/large_real_kind_2.F90  -O3 -g  execution test
FAIL: gfortran.dg/large_real_kind_2.F90  -Os  execution test
FAIL: gfortran.dg/large_real_kind_3.F90  -Os  execution test
FAIL: gfortran.dg/large_real_kind_form_io_1.f90  -Os  execution test
FAIL: gfortran.dg/large_real_kind_form_io_2.f90  -Os  execution test
FAIL: gfortran.dg/large_unit_2.f90  -Os  execution test
FAIL: gfortran.dg/largeequiv_1.f90  -Os  execution test
FAIL: gfortran.dg/leadz_trailz_1.f90  -Os  execution test
FAIL: gfortran.dg/leadz_trailz_3.f90  -Os  execution test
FAIL: gfortran.dg/list_read_1.f90  -Os  execution test
FAIL: gfortran.dg/list_read_10.f90  -Os  execution test
FAIL: gfortran.dg/list_read_2.f90  -Os  execution test
FAIL: gfortran.dg/list_read_3.f90  -Os  execution test
FAIL: gfortran.dg/list_read_4.f90  -Os  execution test
FAIL: gfortran.dg/list_read_5.f90  -Os  execution test
FAIL: gfortran.dg/list_read_6.f90  -Os  execution test
FAIL: gfortran.dg/list_read_7.f90  -Os  execution test
FAIL: gfortran.dg/list_read_8.f90  -Os  execution test
FAIL: gfortran.dg/list_read_9.f90  -Os  execution test
FAIL: gfortran.dg/literal_character_constant_1_x.F  -Os  execution test
FAIL: gfortran.dg/literal_character_constant_1_y.F  -Os  execution test
FAIL: gfortran.dg/literal_character_constant_1_z.F  -Os  execution test
FAIL: gfortran.dg/loc_1.f90  -Os  execution test
FAIL: gfortran.dg/loc_2.f90  -Os  execution test
FAIL: gfortran.dg/logical_1.f90  -Os  execution test
FAIL: gfortran.dg/logical_dot_product.f90  -Os  execution test
FAIL: gfortran.dg/lrshift_1.f90  -Os  execution test
FAIL: gfortran.dg/ltime_gmtime_1.f90  -Os  execution test
FAIL: gfortran.dg/ltime_gmtime_2.f90  -Os  execution test
FAIL: gfortran.dg/malloc_free_1.f90  -Os  execution test
FAIL: gfortran.dg/mapping_1.f90  -Os  execution test
FAIL: gfortran.dg/mapping_2.f90  -Os  execution test
FAIL: gfortran.dg/mapping_3.f90  -Os  execution test
FAIL: gfortran.dg/masklr_1.F90  -Os  execution test
FAIL: gfortran.dg/matmul_1.f90  -Os  execution test
FAIL: gfortran.dg/matmul_2.f90  -Os  execution test
FAIL: gfortran.dg/matmul_3.f90  -Os  execution test
FAIL: gfortran.dg/matmul_4.f90  -Os  execution test
FAIL: gfortran.dg/matmul_5.f90  -Os  output pattern test, is , should match Fortran runtime error: dimension of array B incorrect in MATMUL intrinsic.*
FAIL: gfortran.dg/matmul_6.f90  -Os  execution test
FAIL: gfortran.dg/matmul_7.f90  -Os  execution test
FAIL: gfortran.dg/matmul_8.f03  -Os  execution test
FAIL: gfortran.dg/matmul_bounds_2.f90  -Os  output pattern test, is , should match Fortran runtime error: Incorrect extent in return array in MATMUL intrinsic for dimension 2: is 2, should be 3
FAIL: gfortran.dg/matmul_bounds_3.f90  -Os  output pattern test, is , should match Fortran runtime error: Incorrect extent in return array in MATMUL intrinsic for dimension 1: is 2, should be 3
FAIL: gfortran.dg/matmul_bounds_4.f90  -Os  output pattern test, is , should match Fortran runtime error: Incorrect extent in return array in MATMUL intrinsic: is 3, should be 2
FAIL: gfortran.dg/matmul_bounds_5.f90  -Os  output pattern test, is , should match Fortran runtime error: Incorrect extent in return array in MATMUL intrinsic: is 3, should be 2
FAIL: gfortran.dg/maxloc_1.f90  -Os  execution test
FAIL: gfortran.dg/maxloc_bounds_1.f90  -Os  output pattern test, is , should match Fortran runtime error: Incorrect extent in return value of MAXLOC intrinsic in dimension 1: is 3, should be 2
FAIL: gfortran.dg/maxloc_bounds_2.f90  -Os  output pattern test, is , should match Fortran runtime error: Incorrect extent in return value of MAXLOC intrinsic in dimension 1: is 3, should be 2
FAIL: gfortran.dg/maxloc_bounds_3.f90  -Os  output pattern test, is , should match Fortran runtime error: Incorrect extent in MASK argument of MAXLOC intrinsic in dimension 2: is 3, should be 2
FAIL: gfortran.dg/maxloc_bounds_4.f90  -Os  output pattern test, is , should match Fortran runtime error: Incorrect extent in return value of MAXLOC intrinsic: is 3, should be 2
FAIL: gfortran.dg/maxloc_bounds_5.f90  -Os  output pattern test, is , should match Fortran runtime error: Incorrect extent in return value of MAXLOC intrinsic: is 3, should be 2
FAIL: gfortran.dg/maxloc_bounds_6.f90  -Os  output pattern test, is , should match Fortran runtime error: Incorrect extent in MASK argument of MAXLOC intrinsic in dimension 2: is 3, should be 2
FAIL: gfortran.dg/maxloc_bounds_7.f90  -Os  output pattern test, is , should match Fortran runtime error: Incorrect extent in return value of MAXLOC intrinsic: is 3, should be 2
FAIL: gfortran.dg/maxloc_bounds_8.f90  -Os  output pattern test, is , should match Fortran runtime error: Incorrect extent in return value of MAXLOC intrinsic in dimension 1: is 3, should be 2
FAIL: gfortran.dg/maxlocval_1.f90  -Os  execution test
FAIL: gfortran.dg/maxlocval_2.f90  -Os  execution test
FAIL: gfortran.dg/maxlocval_3.f90  -Os  execution test
FAIL: gfortran.dg/maxlocval_4.f90  -Os  execution test
FAIL: gfortran.dg/mclock.f90  -Os  execution test
FAIL: gfortran.dg/merge_bits_1.F90  -Os  execution test
FAIL: gfortran.dg/merge_char_1.f90  -Os  execution test
FAIL: gfortran.dg/merge_init_expr.f90  -Os  execution test
FAIL: gfortran.dg/min_max_optional_1.f90  -Os  execution test
FAIL: gfortran.dg/min_max_optional_5.f90  -Os  execution test
FAIL: gfortran.dg/minlocval_1.f90  -Os  execution test
FAIL: gfortran.dg/minlocval_2.f90  -Os  execution test
FAIL: gfortran.dg/minlocval_4.f90  -Os  execution test
FAIL: gfortran.dg/minmax_char_1.f90  -Os  execution test
FAIL: gfortran.dg/minmaxloc_1.f90  -Os  execution test
FAIL: gfortran.dg/minmaxloc_2.f90  -Os  execution test
FAIL: gfortran.dg/minmaxloc_3.f90  -Os  execution test
FAIL: gfortran.dg/minmaxloc_4.f90  -Os  execution test
FAIL: gfortran.dg/minmaxloc_5.f90  -Os  execution test
FAIL: gfortran.dg/minmaxloc_6.f90  -Os  execution test
FAIL: gfortran.dg/missing_optional_dummy_1.f90  -Os  execution test
FAIL: gfortran.dg/missing_optional_dummy_6.f90  -Os  execution test
FAIL: gfortran.dg/missing_parens_2.f90  -Os  execution test
FAIL: gfortran.dg/mixed_io_1.f90  -Os  execution test
FAIL: gfortran.dg/module_blank_common.f90  -Os  execution test
FAIL: gfortran.dg/module_commons_1.f90  -Os  execution test
FAIL: gfortran.dg/module_commons_3.f90  -Os  execution test
FAIL: gfortran.dg/module_equivalence_1.f90  -Os  execution test
FAIL: gfortran.dg/module_equivalence_2.f90  -Os  execution test
FAIL: gfortran.dg/module_equivalence_3.f90  -Os  execution test
FAIL: gfortran.dg/module_equivalence_5.f90  -Os  execution test
FAIL: gfortran.dg/module_interface_1.f90  -Os  execution test
FAIL: gfortran.dg/module_nan.f90  -Os  execution test
FAIL: gfortran.dg/module_procedure_1.f90  -Os  execution test
FAIL: gfortran.dg/module_read_1.f90  -Os  execution test
FAIL: gfortran.dg/module_read_2.f90  -Os  execution test
FAIL: gfortran.dg/module_widestring_1.f90  -Os  execution test
FAIL: gfortran.dg/move_alloc.f90  -Os  execution test
FAIL: gfortran.dg/move_alloc_2.f90  -Os  execution test
FAIL: gfortran.dg/multiple_allocation_1.f90  -Os  execution test
FAIL: gfortran.dg/multiple_allocation_2.f90  -Os  execution test
FAIL: gfortran.dg/mvbits_2.f90  -Os  execution test
FAIL: gfortran.dg/mvbits_3.f90  -Os  execution test
FAIL: gfortran.dg/mvbits_4.f90  -Os  execution test
FAIL: gfortran.dg/mvbits_5.f90  -Os  execution test
FAIL: gfortran.dg/mvbits_7.f90  -Os  execution test
FAIL: gfortran.dg/mvbits_8.f90  -Os  execution test
FAIL: gfortran.dg/namelist_11.f  -Os  execution test
FAIL: gfortran.dg/namelist_12.f  -Os  execution test
FAIL: gfortran.dg/namelist_13.f90  -Os  execution test
FAIL: gfortran.dg/namelist_14.f90  -Os  execution test
FAIL: gfortran.dg/namelist_15.f90  -Os  execution test
FAIL: gfortran.dg/namelist_16.f90  -Os  execution test
FAIL: gfortran.dg/namelist_17.f90  -Os  execution test
FAIL: gfortran.dg/namelist_18.f90  -Os  execution test
FAIL: gfortran.dg/namelist_19.f90  -Os  execution test
FAIL: gfortran.dg/namelist_20.f90  -Os  execution test
FAIL: gfortran.dg/namelist_21.f90  -Os  execution test
FAIL: gfortran.dg/namelist_22.f90  -Os  execution test
FAIL: gfortran.dg/namelist_23.f90  -Os  execution test
FAIL: gfortran.dg/namelist_24.f90  -Os  execution test
FAIL: gfortran.dg/namelist_26.f90  -Os  execution test
FAIL: gfortran.dg/namelist_27.f90  -Os  execution test
FAIL: gfortran.dg/namelist_28.f90  -Os  execution test
FAIL: gfortran.dg/namelist_29.f90  -Os  execution test
FAIL: gfortran.dg/namelist_37.f90  -Os  execution test
FAIL: gfortran.dg/namelist_38.f90  -Os  execution test
FAIL: gfortran.dg/namelist_39.f90  -Os  execution test
FAIL: gfortran.dg/namelist_40.f90  -Os  execution test
FAIL: gfortran.dg/namelist_41.f90  -Os  execution test
FAIL: gfortran.dg/namelist_42.f90  -Os  execution test
FAIL: gfortran.dg/namelist_43.f90  -Os  execution test
FAIL: gfortran.dg/namelist_44.f90  -Os  execution test
FAIL: gfortran.dg/namelist_45.f90  -Os  execution test
FAIL: gfortran.dg/namelist_46.f90  -Os  execution test
FAIL: gfortran.dg/namelist_47.f90  -Os  execution test
FAIL: gfortran.dg/namelist_48.f90  -Os  execution test
FAIL: gfortran.dg/namelist_49.f90  -Os  execution test
FAIL: gfortran.dg/namelist_50.f90  -Os  execution test
FAIL: gfortran.dg/namelist_51.f90  -Os  execution test
FAIL: gfortran.dg/namelist_52.f90  -Os  execution test
FAIL: gfortran.dg/namelist_53.f90  -Os  execution test
FAIL: gfortran.dg/namelist_54.f90  -Os  execution test
FAIL: gfortran.dg/namelist_55.f90  -Os  execution test
FAIL: gfortran.dg/namelist_56.f90  -Os  execution test
FAIL: gfortran.dg/namelist_57.f90  -Os  execution test
FAIL: gfortran.dg/namelist_58.f90  -Os  execution test
FAIL: gfortran.dg/namelist_59.f90  -Os  execution test
FAIL: gfortran.dg/namelist_60.f90  -Os  execution test
FAIL: gfortran.dg/namelist_61.f90  -Os  execution test
FAIL: gfortran.dg/namelist_64.f90  -Os  execution test
FAIL: gfortran.dg/namelist_65.f90  -Os  execution test
FAIL: gfortran.dg/namelist_66.f90  -Os  execution test
FAIL: gfortran.dg/namelist_67.f90  -Os  execution test
FAIL: gfortran.dg/namelist_68.f90  -Os  execution test
FAIL: gfortran.dg/namelist_69.f90  -Os  execution test
FAIL: gfortran.dg/namelist_70.f90  -Os  execution test
FAIL: gfortran.dg/namelist_71.f90  -Os  execution test
FAIL: gfortran.dg/namelist_internal.f90  -Os  execution test
FAIL: gfortran.dg/namelist_print_1.f  -Os  execution test
FAIL: gfortran.dg/namelist_use.f90  -Os  execution test
FAIL: gfortran.dg/namelist_use_only.f90  -Os  execution test
FAIL: gfortran.dg/nan_1.f90  -Os  execution test
FAIL: gfortran.dg/nan_2.f90  -Os  execution test
FAIL: gfortran.dg/nan_3.f90  -Os  execution test
FAIL: gfortran.dg/nan_6.f90  -Os  execution test
FAIL: gfortran.dg/nearest_2.f90  -Os  execution test
FAIL: gfortran.dg/nearest_3.f90  -Os  execution test
FAIL: gfortran.dg/negative-z-descriptor.f90  -Os  execution test
FAIL: gfortran.dg/negative_unit.f  -Os  execution test
FAIL: gfortran.dg/negative_unit_int8.f  -Os  execution test
FAIL: gfortran.dg/nested_allocatables_1.f90  -Os  execution test
FAIL: gfortran.dg/nested_array_constructor_2.f90  -Os  execution test
FAIL: gfortran.dg/nested_array_constructor_3.f90  -Os  execution test
FAIL: gfortran.dg/nested_array_constructor_4.f90  -Os  execution test
FAIL: gfortran.dg/nested_modules_1.f90  -Os  execution test
FAIL: gfortran.dg/nested_modules_2.f90  -Os  execution test
FAIL: gfortran.dg/nested_modules_3.f90  -Os  execution test
FAIL: gfortran.dg/nested_reshape.f90  -Os  execution test
FAIL: gfortran.dg/nesting_1.f90  -Os  execution test
FAIL: gfortran.dg/new_line.f90  -Os  execution test
FAIL: gfortran.dg/newunit_1.f90  -Os  execution test
FAIL: gfortran.dg/nint_1.f90  -Os  execution test
FAIL: gfortran.dg/nint_2.f90  -Os  execution test
FAIL: gfortran.dg/no_range_check_2.f90  -Os  execution test
FAIL: gfortran.dg/no_unit_error_1.f90  -Os  output pattern test, is , should match Specified UNIT in FLUSH is not connected
FAIL: gfortran.dg/noadv_size.f90  -Os  execution test
FAIL: gfortran.dg/norm2_1.f90  -Os  execution test
FAIL: gfortran.dg/norm2_3.f90  -Os  execution test
FAIL: gfortran.dg/nosigned_zero_1.f90  -Os  execution test
FAIL: gfortran.dg/nosigned_zero_2.f90  -Os  execution test
FAIL: gfortran.dg/null_4.f90  -Os  execution test
FAIL: gfortran.dg/open-options-blanks.f  -Os  execution test
FAIL: gfortran.dg/open_access_append_1.f90  -Os  execution test
FAIL: gfortran.dg/open_access_append_2.f90  -Os  execution test
FAIL: gfortran.dg/open_dev_null.f90  -Os  execution test
FAIL: gfortran.dg/open_errors.f90  -Os  execution test
FAIL: gfortran.dg/open_new.f90  -Os  execution test
FAIL: gfortran.dg/open_readonly_1.f90  -Os  execution test
FAIL: gfortran.dg/open_status_1.f90  -Os  execution test
FAIL: gfortran.dg/open_status_2.f90  -Os  execution test
FAIL: gfortran.dg/open_status_3.f90  -Os  execution test
FAIL: gfortran.dg/operator_1.f90  -Os  execution test
FAIL: gfortran.dg/optional_absent_1.f90  -Os  execution test
FAIL: gfortran.dg/optional_dim_2.f90  -Os  execution test
FAIL: gfortran.dg/optional_dim_3.f90  -Os  execution test
FAIL: gfortran.dg/output_exponents_1.f90  -Os  execution test
FAIL: gfortran.dg/overload_1.f90  -Os  execution test
FAIL: gfortran.dg/overwrite_1.f  -Os  execution test
FAIL: gfortran.dg/pack_bounds_1.f90  -Os  output pattern test, is , should match Fortran runtime error: Incorrect extent in return value of PACK intrinsic; is 4, should be 5
FAIL: gfortran.dg/pack_mask_1.f90  -Os  execution test
FAIL: gfortran.dg/pad_no.f90  -Os  execution test
FAIL: gfortran.dg/parameter_array_dummy.f90  -Os  execution test
FAIL: gfortran.dg/parameter_array_init_2.f90  -Os  execution test
FAIL: gfortran.dg/parameter_array_init_4.f90  -Os  execution test
FAIL: gfortran.dg/parameter_array_init_5.f90  -Os  execution test
FAIL: gfortran.dg/parens_3.f90  -Os  execution test
FAIL: gfortran.dg/parens_5.f90  -Os  execution test
FAIL: gfortran.dg/parens_6.f90  -Os  execution test
FAIL: gfortran.dg/parent_result_ref_1.f90  -Os  execution test
FAIL: gfortran.dg/parent_result_ref_2.f90  -Os  execution test
FAIL: gfortran.dg/parent_result_ref_3.f90  -Os  execution test
FAIL: gfortran.dg/parent_result_ref_4.f90  -Os  execution test
FAIL: gfortran.dg/parity_1.f90  -Os  execution test
FAIL: gfortran.dg/past_eor.f90  -Os  execution test
FAIL: gfortran.dg/pointer_1.f90  -Os  execution test
FAIL: gfortran.dg/pointer_assign_4.f90  -Os  execution test
FAIL: gfortran.dg/pointer_check_1.f90  -Os  output pattern test, is , should match .*At line 53 .*Allocatable actual argument 'alloc2' is not allocated
FAIL: gfortran.dg/pointer_check_2.f90  -Os  output pattern test, is , should match .*At line 60.*Pointer actual argument 'ptr1' is not associated
FAIL: gfortran.dg/pointer_check_3.f90  -Os  output pattern test, is , should match .*At line 61.*Pointer actual argument 'ptr2' is not associated
FAIL: gfortran.dg/pointer_check_4.f90  -Os  output pattern test, is , should match .*At line 66.*Proc-pointer actual argument 'pptr' is not associated
FAIL: gfortran.dg/pointer_check_5.f90  -Os  output pattern test, is , should match .*At line 46 .*Pointer actual argument 'getptr' is not associated
FAIL: gfortran.dg/pointer_check_6.f90  -Os  output pattern test, is , should match .*At line 104 of file .*Fortran runtime error: Pointer actual argument 'a' is not associated.*
FAIL: gfortran.dg/pointer_function_actual_1.f90  -Os  execution test
FAIL: gfortran.dg/pointer_function_actual_2.f90  -Os  execution test
FAIL: gfortran.dg/pointer_init_1.f90  -Os  execution test
FAIL: gfortran.dg/pointer_init_3.f90  -Os  execution test
FAIL: gfortran.dg/pointer_init_4.f90  -Os  execution test
FAIL: gfortran.dg/pointer_init_5.f90  -Os  execution test
FAIL: gfortran.dg/pointer_intent_1.f90  -Os  execution test
FAIL: gfortran.dg/pointer_intent_4.f90  -Os  execution test
FAIL: gfortran.dg/pointer_remapping_4.f03  -Os  execution test
FAIL: gfortran.dg/pointer_remapping_5.f08  -Os  execution test
FAIL: gfortran.dg/pointer_remapping_6.f08  -Os  output pattern test, is , should match At line 26 of .*
FAIL: gfortran.dg/pointer_target_1.f90  -Os  execution test
FAIL: gfortran.dg/popcnt_poppar_1.F90  -Os  execution test
FAIL: gfortran.dg/power.f90  -Os  execution test
FAIL: gfortran.dg/power1.f90  -Os  execution test
FAIL: gfortran.dg/pr12884.f  -Os  execution test
FAIL: gfortran.dg/pr15129.f90  -Os  execution test
FAIL: gfortran.dg/pr15140.f90  -Os  execution test
FAIL: gfortran.dg/pr15324.f90  -Os  execution test
FAIL: gfortran.dg/pr15332.f  -Os  execution test
FAIL: gfortran.dg/pr15957.f90  -Os  execution test
FAIL: gfortran.dg/pr15959.f90  -Os  execution test
FAIL: gfortran.dg/pr16597.f90  -Os  execution test
FAIL: gfortran.dg/pr16861.f90  -Os  execution test
FAIL: gfortran.dg/pr16935.f90  -Os  execution test
FAIL: gfortran.dg/pr16938.f90  -Os  execution test
FAIL: gfortran.dg/pr17090.f90  -Os  execution test
FAIL: gfortran.dg/pr17143.f90  -Os  execution test
FAIL: gfortran.dg/pr17164.f90  -Os  execution test
FAIL: gfortran.dg/pr17229.f  -Os  execution test
FAIL: gfortran.dg/pr17285.f90  -Os  execution test
FAIL: gfortran.dg/pr17286.f90  -Os  execution test
FAIL: gfortran.dg/pr17472.f  -Os  execution test
FAIL: gfortran.dg/pr17612.f90  -Os  execution test
FAIL: gfortran.dg/pr17706.f90  -Os  execution test
FAIL: gfortran.dg/pr18025.f90  -Os  execution test
FAIL: gfortran.dg/pr18122.f90  -Os  execution test
FAIL: gfortran.dg/pr18210.f90  -Os  execution test
FAIL: gfortran.dg/pr18392.f90  -Os  execution test
FAIL: gfortran.dg/pr19155.f  -Os  execution test
FAIL: gfortran.dg/pr19216.f  -Os  execution test
FAIL: gfortran.dg/pr19467.f90  -Os  execution test
FAIL: gfortran.dg/pr19657.f  -Os  execution test
FAIL: gfortran.dg/pr19926.f90  -Os  execution test
FAIL: gfortran.dg/pr19928-1.f90  -Os  execution test
FAIL: gfortran.dg/pr19928-2.f90  -Os  execution test
FAIL: gfortran.dg/pr20086.f90  -Os  execution test
FAIL: gfortran.dg/pr20124.f90  -Os  execution test
FAIL: gfortran.dg/pr20257.f90  -Os  execution test
FAIL: gfortran.dg/pr20480.f90  -Os  execution test
FAIL: gfortran.dg/pr20755.f  -Os  execution test
FAIL: gfortran.dg/pr20950.f  -Os  execution test
FAIL: gfortran.dg/pr20954.f  -Os  execution test
FAIL: gfortran.dg/pr21177.f90  -Os  execution test
FAIL: gfortran.dg/pr21730.f  -Os  execution test
FAIL: gfortran.dg/pr22491.f  -Os  execution test
FAIL: gfortran.dg/pr25603.f  -Os  execution test
FAIL: gfortran.dg/pr32136.f90  -Os  execution test
FAIL: gfortran.dg/pr32627.f03  -Os  execution test
FAIL: gfortran.dg/pr32635.f  -Os  execution test
FAIL: gfortran.dg/pr35944-1.f90  -Os  execution test
FAIL: gfortran.dg/pr35944-2.f90  -Os  execution test
FAIL: gfortran.dg/pr35983.f90  -Os  execution test
FAIL: gfortran.dg/pr37243.f  -Os  execution test
FAIL: gfortran.dg/pr39865.f90  -Os  execution test
FAIL: gfortran.dg/pr43866.f90  -Os  execution test
FAIL: gfortran.dg/pr45308.f03  -Os  execution test
FAIL: gfortran.dg/pr45578.f90  -Os  execution test
FAIL: gfortran.dg/pr46297.f  -O0  execution test
FAIL: gfortran.dg/pr46297.f  -O1  execution test
FAIL: gfortran.dg/pr46297.f  -O2  execution test
FAIL: gfortran.dg/pr46297.f  -O3 -fomit-frame-pointer  execution test
FAIL: gfortran.dg/pr46297.f  -O3 -fomit-frame-pointer -funroll-loops  execution test
FAIL: gfortran.dg/pr46297.f  -O3 -fomit-frame-pointer -funroll-all-loops -finline-functions  execution test
FAIL: gfortran.dg/pr46297.f  -O3 -g  execution test
FAIL: gfortran.dg/pr46297.f  -Os  execution test
FAIL: gfortran.dg/pr46665.f90  -Os  execution test
FAIL: gfortran.dg/pr47008.f03  -O0  execution test
FAIL: gfortran.dg/pr47008.f03  -O1  execution test
FAIL: gfortran.dg/pr47008.f03  -O2  execution test
FAIL: gfortran.dg/pr47008.f03  -O3 -fomit-frame-pointer  execution test
FAIL: gfortran.dg/pr47008.f03  -O3 -fomit-frame-pointer -funroll-loops  execution test
FAIL: gfortran.dg/pr47008.f03  -O3 -fomit-frame-pointer -funroll-all-loops -finline-functions  execution test
FAIL: gfortran.dg/pr47008.f03  -O3 -g  execution test
FAIL: gfortran.dg/pr47008.f03  -Os  execution test
FAIL: gfortran.dg/pr47757-1.f90  -Os  execution test
FAIL: gfortran.dg/pr47878.f90  -Os  execution test
FAIL: gfortran.dg/print_c_kinds.f90  -Os  execution test
FAIL: gfortran.dg/print_fmt_1.f90  -Os  execution test
FAIL: gfortran.dg/proc_decl_12.f90  -Os  execution test
FAIL: gfortran.dg/proc_decl_13.f90  -Os  execution test
FAIL: gfortran.dg/proc_decl_15.f90  -Os  execution test
FAIL: gfortran.dg/proc_decl_17.f90  -Os  execution test
FAIL: gfortran.dg/proc_decl_18.f90  -Os  execution test
FAIL: gfortran.dg/proc_decl_2.f90  -Os  execution test
FAIL: gfortran.dg/proc_decl_5.f90  -Os  execution test
FAIL: gfortran.dg/proc_decl_9.f90  -Os  execution test
FAIL: gfortran.dg/proc_ptr_1.f90  -Os  execution test
FAIL: gfortran.dg/proc_ptr_10.f90  -Os  execution test
FAIL: gfortran.dg/proc_ptr_12.f90  -Os  execution test
FAIL: gfortran.dg/proc_ptr_18.f90  -Os  execution test
FAIL: gfortran.dg/proc_ptr_19.f90  -Os  execution test
FAIL: gfortran.dg/proc_ptr_20.f90  -Os  execution test
FAIL: gfortran.dg/proc_ptr_21.f90  -Os  execution test
FAIL: gfortran.dg/proc_ptr_22.f90  -Os  execution test
FAIL: gfortran.dg/proc_ptr_23.f90  -Os  execution test
FAIL: gfortran.dg/proc_ptr_25.f90  -Os  execution test
FAIL: gfortran.dg/proc_ptr_26.f90  -Os  execution test
FAIL: gfortran.dg/proc_ptr_3.f90  -Os  execution test
FAIL: gfortran.dg/proc_ptr_5.f90  -Os  execution test
FAIL: gfortran.dg/proc_ptr_6.f90  -Os  execution test
FAIL: gfortran.dg/proc_ptr_7.f90  -Os  execution test
FAIL: gfortran.dg/proc_ptr_8.f90  -Os  execution test
FAIL: gfortran.dg/proc_ptr_common_1.f90  -Os  execution test
FAIL: gfortran.dg/proc_ptr_comp_1.f90  -Os  execution test
FAIL: gfortran.dg/proc_ptr_comp_11.f90  -Os  execution test
FAIL: gfortran.dg/proc_ptr_comp_12.f90  -Os  execution test
FAIL: gfortran.dg/proc_ptr_comp_13.f90  -O1  execution test
FAIL: gfortran.dg/proc_ptr_comp_13.f90  -O2  execution test
FAIL: gfortran.dg/proc_ptr_comp_13.f90  -O3 -fomit-frame-pointer  execution test
FAIL: gfortran.dg/proc_ptr_comp_13.f90  -O3 -fomit-frame-pointer -funroll-loops  execution test
FAIL: gfortran.dg/proc_ptr_comp_13.f90  -O3 -fomit-frame-pointer -funroll-all-loops -finline-functions  execution test
FAIL: gfortran.dg/proc_ptr_comp_13.f90  -O3 -g  execution test
FAIL: gfortran.dg/proc_ptr_comp_13.f90  -Os  execution test
FAIL: gfortran.dg/proc_ptr_comp_14.f90  -Os  execution test
FAIL: gfortran.dg/proc_ptr_comp_15.f90  -Os  execution test
FAIL: gfortran.dg/proc_ptr_comp_16.f90  -Os  execution test
FAIL: gfortran.dg/proc_ptr_comp_17.f90  -Os  execution test
FAIL: gfortran.dg/proc_ptr_comp_18.f90  -Os  execution test
FAIL: gfortran.dg/proc_ptr_comp_19.f90  -Os  execution test
FAIL: gfortran.dg/proc_ptr_comp_2.f90  -Os  execution test
FAIL: gfortran.dg/proc_ptr_comp_23.f90  -Os  execution test
FAIL: gfortran.dg/proc_ptr_comp_29.f90  -Os  execution test
FAIL: gfortran.dg/proc_ptr_comp_5.f90  -Os  execution test
FAIL: gfortran.dg/proc_ptr_comp_6.f90  -Os  execution test
FAIL: gfortran.dg/proc_ptr_comp_8.f90  -Os  execution test
FAIL: gfortran.dg/proc_ptr_comp_9.f90  -Os  execution test
FAIL: gfortran.dg/proc_ptr_comp_pass_1.f90  -Os  execution test
FAIL: gfortran.dg/proc_ptr_comp_pass_2.f90  -Os  execution test
FAIL: gfortran.dg/proc_ptr_comp_pass_3.f90  -Os  execution test
FAIL: gfortran.dg/proc_ptr_comp_pass_5.f90  -Os  execution test
FAIL: gfortran.dg/proc_ptr_result_1.f90  -Os  execution test
FAIL: gfortran.dg/proc_ptr_result_3.f90  -Os  execution test
FAIL: gfortran.dg/proc_ptr_result_6.f90  -Os  execution test
FAIL: gfortran.dg/product_init_expr.f03  -Os  execution test
FAIL: gfortran.dg/promotion.f90  -Os  execution test
FAIL: gfortran.dg/protected_1.f90  -Os  execution test
FAIL: gfortran.dg/protected_2.f90  -Os  execution test
FAIL: gfortran.dg/pure_byref_1.f90  -Os  execution test
FAIL: gfortran.dg/pure_byref_2.f90  -Os  execution test
FAIL: gfortran.dg/pure_byref_3.f90  -Os  execution test
FAIL: gfortran.dg/random_3.f90  -Os  execution test
FAIL: gfortran.dg/random_4.f90  -Os  execution test
FAIL: gfortran.dg/random_5.f90  -Os  output pattern test, is , should match Fortran runtime error: RANDOM_SEED should have at most one argument present.*
FAIL: gfortran.dg/random_7.f90  -Os  execution test
FAIL: gfortran.dg/read_2.f90  -Os  execution test
FAIL: gfortran.dg/read_bad_advance.f90  -Os  execution test
FAIL: gfortran.dg/read_comma.f  -Os  execution test
FAIL: gfortran.dg/read_empty_file.f  -Os  execution test
FAIL: gfortran.dg/read_eof_1.f90  -Os  execution test
FAIL: gfortran.dg/read_eof_2.f90  -Os  execution test
FAIL: gfortran.dg/read_eof_3.f90  -Os  execution test
FAIL: gfortran.dg/read_eof_4.f90  -Os  execution test
FAIL: gfortran.dg/read_eof_5.f90  -Os  execution test
FAIL: gfortran.dg/read_eof_6.f  -Os  execution test
FAIL: gfortran.dg/read_eof_7.f90  -Os  execution test
FAIL: gfortran.dg/read_eof_8.f90  -Os  execution test
FAIL: gfortran.dg/read_eof_all.f90  -Os  execution test
FAIL: gfortran.dg/read_eor.f90  -Os  execution test
FAIL: gfortran.dg/read_float_1.f90  -Os  execution test
FAIL: gfortran.dg/read_float_2.f03  -Os  execution test
FAIL: gfortran.dg/read_float_3.f90  -Os  execution test
FAIL: gfortran.dg/read_infnan_1.f90  -Os  execution test
FAIL: gfortran.dg/read_logical.f90  -Os  execution test
FAIL: gfortran.dg/read_many_1.f  -Os  execution test
FAIL: gfortran.dg/read_no_eor.f90  -Os  execution test
FAIL: gfortran.dg/read_noadvance.f90  -Os  execution test
FAIL: gfortran.dg/read_repeat.f90  -Os  execution test
FAIL: gfortran.dg/read_size_noadvance.f90  -Os  execution test
FAIL: gfortran.dg/read_x_eof.f90  -Os  execution test
FAIL: gfortran.dg/read_x_eor.f90  -Os  execution test
FAIL: gfortran.dg/read_x_past.f  -Os  execution test
FAIL: gfortran.dg/readwrite_unf_direct_eor_1.f90  -Os  execution test
FAIL: gfortran.dg/real_const_1.f  -Os  execution test
FAIL: gfortran.dg/real_const_2.f90  -Os  execution test
FAIL: gfortran.dg/real_const_3.f90  -Os  execution test
FAIL: gfortran.dg/real_do_1.f90  -Os  execution test
FAIL: gfortran.dg/real_index_1.f90  -Os  execution test
FAIL: gfortran.dg/realloc_on_assign_1.f03  -Os  execution test
FAIL: gfortran.dg/realloc_on_assign_2.f03  -Os  execution test
FAIL: gfortran.dg/realloc_on_assign_3.f03  -Os  execution test
FAIL: gfortran.dg/realloc_on_assign_4.f03  -Os  execution test
FAIL: gfortran.dg/realloc_on_assign_5.f03  -Os  execution test
FAIL: gfortran.dg/record_marker_1.f90  -Os  execution test
FAIL: gfortran.dg/record_marker_2.f  -Os  execution test
FAIL: gfortran.dg/record_marker_3.f90  -Os  execution test
FAIL: gfortran.dg/recursive_check_10.f90  -Os  execution test
FAIL: gfortran.dg/recursive_check_11.f90  -Os  output pattern test, is , should match Fortran runtime error: Recursive call to nonrecursive procedure 'f'
FAIL: gfortran.dg/recursive_check_12.f90  -Os  execution test
FAIL: gfortran.dg/recursive_check_13.f90  -Os  output pattern test, is , should match Fortran runtime error: Recursive call to nonrecursive procedure 'master.0.f'
FAIL: gfortran.dg/recursive_check_14.f90  -Os  execution test
FAIL: gfortran.dg/recursive_check_7.f90  -Os  output pattern test, is , should match Fortran runtime error: Recursive call to nonrecursive procedure 'invalid'
FAIL: gfortran.dg/recursive_check_8.f90  -Os  execution test
FAIL: gfortran.dg/recursive_check_9.f90  -Os  output pattern test, is , should match Fortran runtime error: Recursive call to nonrecursive procedure 'f'
FAIL: gfortran.dg/recursive_stack.f90  -Os  execution test
FAIL: gfortran.dg/reduction.f90  -Os  execution test
FAIL: gfortran.dg/repack_arrays_1.f90  -Os  execution test
FAIL: gfortran.dg/repeat_2.f90  -Os  execution test
FAIL: gfortran.dg/repeat_3.f90  -Os  execution test
FAIL: gfortran.dg/repeat_6.f90  -Os  execution test
FAIL: gfortran.dg/reshape-alloc.f90  -Os  execution test
FAIL: gfortran.dg/reshape-complex.f90  -Os  execution test
FAIL: gfortran.dg/reshape.f90  -Os  execution test
FAIL: gfortran.dg/reshape_2.f90  -Os  execution test
FAIL: gfortran.dg/reshape_3.f90  -Os  execution test
FAIL: gfortran.dg/reshape_4.f90  -Os  execution test
FAIL: gfortran.dg/reshape_empty_1.f03  -Os  execution test
FAIL: gfortran.dg/reshape_order_1.f90  -Os  output pattern test, is , should match Fortran runtime error: Duplicate value 2 in ORDER argument to RESHAPE intrinsic
FAIL: gfortran.dg/reshape_order_2.f90  -Os  output pattern test, is , should match Fortran runtime error: Value 3 out of range in ORDER argument to RESHAPE intrinsic
FAIL: gfortran.dg/reshape_order_3.f90  -Os  output pattern test, is , should match Fortran runtime error: Duplicate value 2 in ORDER argument to RESHAPE intrinsic
FAIL: gfortran.dg/reshape_order_4.f90  -Os  output pattern test, is , should match Fortran runtime error: Value 0 out of range in ORDER argument to RESHAPE intrinsic
FAIL: gfortran.dg/reshape_pad_1.f90  -Os  execution test
FAIL: gfortran.dg/reshape_rank7.f90  -Os  execution test
FAIL: gfortran.dg/reshape_transpose_1.f90  -Os  execution test
FAIL: gfortran.dg/reshape_zerosize_1.f90  -Os  execution test
FAIL: gfortran.dg/reshape_zerosize_2.f90  -Os  execution test
FAIL: gfortran.dg/result_in_spec_1.f90  -Os  execution test
FAIL: gfortran.dg/result_in_spec_2.f90  -Os  execution test
FAIL: gfortran.dg/ret_array_1.f90  -Os  execution test
FAIL: gfortran.dg/ret_pointer_1.f90  -Os  execution test
FAIL: gfortran.dg/ret_pointer_2.f90  -Os  execution test
FAIL: gfortran.dg/rewind_1.f90  -Os  execution test
FAIL: gfortran.dg/round_1.f03  -Os  execution test
FAIL: gfortran.dg/round_2.f03  -Os  execution test
FAIL: gfortran.dg/rrspacing_1.f90  -Os  execution test
FAIL: gfortran.dg/runtime_warning_1.f90  -Os  execution test
FAIL: gfortran.dg/same_type_as_2.f03  -Os  execution test
FAIL: gfortran.dg/scalar_mask_1.f90  -Os  execution test
FAIL: gfortran.dg/scalar_mask_2.f90  -Os  execution test
FAIL: gfortran.dg/scalarize_parameter_array_1.f90  -Os  execution test
FAIL: gfortran.dg/scale_1.f90  -Os  execution test
FAIL: gfortran.dg/scratch_1.f90  -Os  execution test
FAIL: gfortran.dg/secnds-1.f  -Os  execution test
FAIL: gfortran.dg/select_1.f90  -Os  execution test
FAIL: gfortran.dg/select_2.f90  -Os  execution test
FAIL: gfortran.dg/select_3.f90  -Os  execution test
FAIL: gfortran.dg/select_5.f90  -Os  execution test
FAIL: gfortran.dg/select_type_13.f03  -Os  execution test
FAIL: gfortran.dg/select_type_14.f03  -Os  execution test
FAIL: gfortran.dg/select_type_15.f03  -Os  execution test
FAIL: gfortran.dg/select_type_19.f03  -Os  execution test
FAIL: gfortran.dg/select_type_2.f03  -Os  execution test
FAIL: gfortran.dg/select_type_3.f03  -Os  execution test
FAIL: gfortran.dg/select_type_4.f90  -Os  execution test
FAIL: gfortran.dg/select_type_5.f03  -Os  execution test
FAIL: gfortran.dg/select_type_6.f03  -Os  execution test
FAIL: gfortran.dg/select_type_7.f03  -Os  execution test
FAIL: gfortran.dg/select_type_8.f03  -Os  execution test
FAIL: gfortran.dg/selected_char_kind_1.f90  -Os  execution test
FAIL: gfortran.dg/selected_char_kind_4.f90  -Os  execution test
FAIL: gfortran.dg/selected_kind_1.f90  -Os  execution test
FAIL: gfortran.dg/selected_real_kind_2.f90  -Os  execution test
FAIL: gfortran.dg/shape_2.f90  -Os  execution test
FAIL: gfortran.dg/shape_3.f90  -Os  execution test
FAIL: gfortran.dg/shape_5.f90  -Os  execution test
FAIL: gfortran.dg/shift-alloc.f90  -Os  execution test
FAIL: gfortran.dg/shift-kind_2.f90  -Os  execution test
FAIL: gfortran.dg/shiftalr_1.F90  -Os  execution test
FAIL: gfortran.dg/simpleif_1.f90  -Os  execution test
FAIL: gfortran.dg/simplify_argN_1.f90  -Os  execution test
FAIL: gfortran.dg/simplify_modulo.f90  -Os  execution test
FAIL: gfortran.dg/single_char_string.f90  -Os  execution test
FAIL: gfortran.dg/size_dim.f90  -Os  execution test
FAIL: gfortran.dg/size_optional_dim_1.f90  -Os  execution test
FAIL: gfortran.dg/sizeof.f90  -Os  execution test
FAIL: gfortran.dg/slash_1.f90  -Os  execution test
FAIL: gfortran.dg/specifics_1.f90  -Os  execution test
FAIL: gfortran.dg/spread_init_expr.f03  -Os  execution test
FAIL: gfortran.dg/spread_zerosize_1.f90  -Os  execution test
FAIL: gfortran.dg/stat_1.f90  -Os  execution test
FAIL: gfortran.dg/stat_2.f90  -Os  execution test
FAIL: gfortran.dg/stfunc_1.f90  -Os  execution test
FAIL: gfortran.dg/stfunc_4.f90  -Os  execution test
FAIL: gfortran.dg/storage_size_1.f08  -Os  execution test
FAIL: gfortran.dg/storage_size_3.f08  -Os  execution test
FAIL: gfortran.dg/streamio_1.f90  -Os  execution test
FAIL: gfortran.dg/streamio_10.f90  -Os  execution test
FAIL: gfortran.dg/streamio_11.f90  -Os  execution test
FAIL: gfortran.dg/streamio_12.f90  -Os  execution test
FAIL: gfortran.dg/streamio_13.f90  -Os  execution test
FAIL: gfortran.dg/streamio_14.f90  -Os  execution test
FAIL: gfortran.dg/streamio_15.f90  -Os  execution test
FAIL: gfortran.dg/streamio_16.f90  -Os  execution test
FAIL: gfortran.dg/streamio_2.f90  -Os  execution test
FAIL: gfortran.dg/streamio_3.f90  -Os  execution test
FAIL: gfortran.dg/streamio_4.f90  -Os  execution test
FAIL: gfortran.dg/streamio_5.f90  -Os  execution test
FAIL: gfortran.dg/streamio_6.f90  -Os  execution test
FAIL: gfortran.dg/streamio_7.f90  -Os  execution test
FAIL: gfortran.dg/streamio_8.f90  -Os  execution test
FAIL: gfortran.dg/streamio_9.f90  -Os  execution test
FAIL: gfortran.dg/string_compare_1.f90  -Os  execution test
FAIL: gfortran.dg/string_compare_2.f90  -Os  execution test
FAIL: gfortran.dg/string_compare_3.f90  -Os  execution test
FAIL: gfortran.dg/string_ctor_1.f90  -Os  execution test
FAIL: gfortran.dg/string_length_1.f90  -Os  execution test
FAIL: gfortran.dg/string_null_compare_1.f  -Os  execution test
FAIL: gfortran.dg/string_pad_trunc.f90  -Os  execution test
FAIL: gfortran.dg/structure_constructor_1.f03  -Os  execution test
FAIL: gfortran.dg/structure_constructor_2.f03  -Os  execution test
FAIL: gfortran.dg/structure_constructor_5.f03  -Os  execution test
FAIL: gfortran.dg/subnormal_1.f90  -Os  execution test
FAIL: gfortran.dg/subref_array_pointer_1.f90  -Os  execution test
FAIL: gfortran.dg/subref_array_pointer_2.f90  -Os  execution test
FAIL: gfortran.dg/subref_array_pointer_4.f90  -Os  execution test
FAIL: gfortran.dg/substr_2.f  -Os  execution test
FAIL: gfortran.dg/substr_3.f  -Os  execution test
FAIL: gfortran.dg/substr_4.f  -Os  execution test
FAIL: gfortran.dg/substr_5.f90  -Os  execution test
FAIL: gfortran.dg/substr_6.f90  -Os  execution test
FAIL: gfortran.dg/sum_init_expr.f03  -Os  execution test
FAIL: gfortran.dg/sum_zero_array_1.f90  -Os  execution test
FAIL: gfortran.dg/t_editing.f  -Os  execution test
FAIL: gfortran.dg/temporary_1.f90  -Os  execution test
FAIL: gfortran.dg/test_com_block.f90  -Os  execution test
FAIL: gfortran.dg/tiny_1.f90  -Os  execution test
FAIL: gfortran.dg/tiny_2.f90  -Os  execution test
FAIL: gfortran.dg/tl_editing.f90  -Os  execution test
FAIL: gfortran.dg/transfer_array_intrinsic_1.f90  -Os  execution test
FAIL: gfortran.dg/transfer_array_intrinsic_2.f90  -Os  execution test
FAIL: gfortran.dg/transfer_array_intrinsic_3.f90  -Os  execution test
FAIL: gfortran.dg/transfer_array_intrinsic_4.f90  -Os  execution test
FAIL: gfortran.dg/transfer_assumed_size_1.f90  -Os  execution test
FAIL: gfortran.dg/transfer_intrinsic_2.f90  -Os  execution test
FAIL: gfortran.dg/transfer_intrinsic_3.f90  -Os  execution test
FAIL: gfortran.dg/transfer_resolve_1.f90  -Os  execution test
FAIL: gfortran.dg/transfer_simplify_10.f90  -Os  execution test
FAIL: gfortran.dg/transfer_simplify_3.f90  -Os  execution test
FAIL: gfortran.dg/transfer_simplify_4.f90  -Os  execution test
FAIL: gfortran.dg/transfer_simplify_9.f90  -Os  execution test
FAIL: gfortran.dg/transpose_3.f03  -Os  execution test
FAIL: gfortran.dg/transpose_conjg_1.f90  -Os  execution test
FAIL: gfortran.dg/transpose_intrinsic_func_call_1.f90  -Os  execution test
FAIL: gfortran.dg/transpose_optimization_2.f90  -Os  execution test
FAIL: gfortran.dg/transpose_reshape_r10.f90  -Os  execution test
FAIL: gfortran.dg/trim_1.f90  -Os  execution test
FAIL: gfortran.dg/trim_optimize_4.f90  -Os  execution test
FAIL: gfortran.dg/typebound_call_1.f03  -Os  execution test
FAIL: gfortran.dg/typebound_call_10.f03  -Os  execution test
FAIL: gfortran.dg/typebound_call_13.f03  -Os  execution test
FAIL: gfortran.dg/typebound_call_17.f03  -Os  execution test
FAIL: gfortran.dg/typebound_call_18.f03  -Os  execution test
FAIL: gfortran.dg/typebound_call_19.f03  -Os  execution test
FAIL: gfortran.dg/typebound_call_2.f03  -Os  execution test
FAIL: gfortran.dg/typebound_call_20.f03  -Os  execution test
FAIL: gfortran.dg/typebound_call_3.f03  -Os  execution test
FAIL: gfortran.dg/typebound_call_6.f03  -Os  execution test
FAIL: gfortran.dg/typebound_generic_3.f03  -Os  execution test
FAIL: gfortran.dg/typebound_generic_4.f03  -Os  execution test
FAIL: gfortran.dg/typebound_generic_5.f03  -Os  execution test
FAIL: gfortran.dg/typebound_generic_6.f03  -Os  execution test
FAIL: gfortran.dg/typebound_generic_9.f03  -Os  execution test
FAIL: gfortran.dg/typebound_operator_3.f03  -O1  execution test
FAIL: gfortran.dg/typebound_operator_3.f03  -Os  execution test
FAIL: gfortran.dg/typebound_operator_6.f03  -Os  execution test
FAIL: gfortran.dg/unf_io_convert_1.f90  -Os  execution test
FAIL: gfortran.dg/unf_io_convert_2.f90  -Os  execution test
FAIL: gfortran.dg/unf_io_convert_3.f90  -Os  execution test
FAIL: gfortran.dg/unf_io_convert_4.f90  -Os  execution test
FAIL: gfortran.dg/unf_read_corrupted_1.f90  -Os  execution test
FAIL: gfortran.dg/unf_read_corrupted_2.f90  -Os  execution test
FAIL: gfortran.dg/unf_short_record_1.f90  -Os  execution test
FAIL: gfortran.dg/unformatted_recl_1.f90  -Os  execution test
FAIL: gfortran.dg/unformatted_subrecord_1.f90  -Os  execution test
FAIL: gfortran.dg/unit_1.f90  -Os  execution test
FAIL: gfortran.dg/unlimited_fmt_1.f08  -Os  execution test
FAIL: gfortran.dg/unpack_bounds_1.f90  -Os  output pattern test, is , should match Fortran runtime error: Incorrect extent in return value of UNPACK intrinsic in dimension 2: is 1, should be 2
FAIL: gfortran.dg/unpack_bounds_2.f90  -Os  output pattern test, is , should match Fortran runtime error: Incorrect size of return value in UNPACK intrinsic: should be at least 3, is 2
FAIL: gfortran.dg/unpack_bounds_3.f90  -Os  output pattern test, is , should match Fortran runtime error: Incorrect extent in FIELD of UNPACK intrinsic in dimension 1: is 3, should be 2
FAIL: gfortran.dg/unpack_init_expr.f03  -Os  execution test
FAIL: gfortran.dg/unpack_mask_1.f90  -Os  execution test
FAIL: gfortran.dg/unpack_zerosize_1.f90  -Os  execution test
FAIL: gfortran.dg/use_10.f90  -Os  execution test
FAIL: gfortran.dg/use_11.f90  -Os  execution test
FAIL: gfortran.dg/use_13.f90  -Os  execution test
FAIL: gfortran.dg/use_5.f90  -Os  execution test
FAIL: gfortran.dg/use_allocated_1.f90  -Os  execution test
FAIL: gfortran.dg/use_rename_4.f90  -Os  execution test
FAIL: gfortran.dg/used_dummy_types_1.f90  -Os  execution test
FAIL: gfortran.dg/used_interface_ref.f90  -Os  execution test
FAIL: gfortran.dg/utf8_1.f03  -Os  execution test
FAIL: gfortran.dg/utf8_2.f03  -Os  execution test
FAIL: gfortran.dg/value_1.f90  -Os  execution test
FAIL: gfortran.dg/value_6.f03  -Os  execution test
FAIL: gfortran.dg/value_7.f03  -Os  execution test
FAIL: gfortran.dg/value_test.f90  -Os  execution test
FAIL: gfortran.dg/value_tests_f03.f90  -Os  execution test
FAIL: gfortran.dg/vector_subscript_1.f90  -Os  execution test
FAIL: gfortran.dg/vector_subscript_2.f90  -Os  execution test
FAIL: gfortran.dg/vector_subscript_3.f90  -Os  execution test
FAIL: gfortran.dg/vector_subscript_5.f90  -Os  execution test
FAIL: gfortran.dg/verify_2.f90  -Os  execution test
FAIL: gfortran.dg/volatile.f90  -Os  execution test
FAIL: gfortran.dg/where_1.f90  -Os  execution test
FAIL: gfortran.dg/where_2.f90  -Os  execution test
FAIL: gfortran.dg/widechar_2.f90  -Os  execution test
FAIL: gfortran.dg/widechar_4.f90  -Os  execution test
FAIL: gfortran.dg/widechar_5.f90  -Os  execution test
FAIL: gfortran.dg/widechar_6.f90  -Os  execution test
FAIL: gfortran.dg/widechar_8.f90  -Os  execution test
FAIL: gfortran.dg/widechar_IO_1.f90  -Os  execution test
FAIL: gfortran.dg/widechar_IO_2.f90  -Os  execution test
FAIL: gfortran.dg/widechar_IO_3.f90  -Os  execution test
FAIL: gfortran.dg/widechar_IO_4.f90  -Os  execution test
FAIL: gfortran.dg/widechar_intrinsics_10.f90  -Os  execution test
FAIL: gfortran.dg/widechar_intrinsics_4.f90  -Os  execution test
FAIL: gfortran.dg/widechar_intrinsics_5.f90  -Os  execution test
FAIL: gfortran.dg/widechar_intrinsics_6.f90  -Os  execution test
FAIL: gfortran.dg/widechar_intrinsics_7.f90  -Os  execution test
FAIL: gfortran.dg/widechar_intrinsics_8.f90  -Os  execution test
FAIL: gfortran.dg/widechar_intrinsics_9.f90  -Os  execution test
FAIL: gfortran.dg/widechar_select_1.f90  -Os  execution test
FAIL: gfortran.dg/write_0_pe_format.f90  -Os  execution test
FAIL: gfortran.dg/write_back.f  -Os  execution test
FAIL: gfortran.dg/write_check.f90  -Os  output pattern test, is , should match At line 13 of file.*Bad ADVANCE parameter in data transfer statement
FAIL: gfortran.dg/write_check3.f90  -Os  execution test
FAIL: gfortran.dg/write_direct_eor.f90  -Os  execution test
FAIL: gfortran.dg/write_fmt_trim.f90  -Os  execution test
FAIL: gfortran.dg/write_padding.f90  -Os  execution test
FAIL: gfortran.dg/write_recursive.f90  -Os  execution test
FAIL: gfortran.dg/write_rewind_1.f  -Os  execution test
FAIL: gfortran.dg/write_rewind_2.f  -Os  execution test
FAIL: gfortran.dg/write_to_null.F90  -Os  execution test
FAIL: gfortran.dg/write_zero_array.f90  -Os  execution test
FAIL: gfortran.dg/x_slash_1.f  -Os  execution test
FAIL: gfortran.dg/x_slash_2.f  -Os  execution test
FAIL: gfortran.dg/zero_array_components_1.f90  -Os  execution test
FAIL: gfortran.dg/zero_length_1.f90  -Os  execution test
FAIL: gfortran.dg/zero_length_2.f90  -Os  execution test
FAIL: gfortran.dg/zero_sized_1.f90  -Os  execution test
FAIL: gfortran.dg/zero_sized_3.f90  -Os  execution test
FAIL: gfortran.dg/zero_sized_4.f90  -Os  execution test
FAIL: gfortran.dg/zero_sized_5.f90  -Os  execution test
FAIL: gfortran.dg/g77/13037.f  -Os  execution test
FAIL: gfortran.dg/g77/1832.f  -Os  execution test
FAIL: gfortran.dg/g77/19981119-0.f  -Os  execution test
FAIL: gfortran.dg/g77/19990313-0.f  -Os  execution test
FAIL: gfortran.dg/g77/19990313-1.f  -Os  execution test
FAIL: gfortran.dg/g77/19990313-2.f  -Os  execution test
FAIL: gfortran.dg/g77/19990313-3.f  -Os  execution test
FAIL: gfortran.dg/g77/19990419-1.f  -Os  execution test
FAIL: gfortran.dg/g77/19990826-0.f  -Os  execution test
FAIL: gfortran.dg/g77/19990826-2.f  -Os  execution test
FAIL: gfortran.dg/g77/20000503-1.f  -Os  execution test
FAIL: gfortran.dg/g77/20001111.f  -Os  execution test
FAIL: gfortran.dg/g77/20010116.f  -Os  execution test
FAIL: gfortran.dg/g77/20010216-1.f  -Os  execution test
FAIL: gfortran.dg/g77/20010426-1.f  -Os  execution test
FAIL: gfortran.dg/g77/20010430.f  -Os  execution test
FAIL: gfortran.dg/g77/20010610.f  -Os  execution test
FAIL: gfortran.dg/g77/6177.f  -Os  execution test
FAIL: gfortran.dg/g77/7388.f  -Os  execution test
FAIL: gfortran.dg/g77/947.f  -Os  execution test
FAIL: gfortran.dg/g77/970816-3.f  -Os  execution test
FAIL: gfortran.dg/g77/971102-1.f  -Os  execution test
FAIL: gfortran.dg/g77/980520-1.f  -Os  execution test
FAIL: gfortran.dg/g77/980628-0.f  -Os  execution test
FAIL: gfortran.dg/g77/980628-1.f  -Os  execution test
FAIL: gfortran.dg/g77/980628-10.f  -Os  execution test
FAIL: gfortran.dg/g77/980628-2.f  -Os  execution test
FAIL: gfortran.dg/g77/980628-3.f  -Os  execution test
FAIL: gfortran.dg/g77/980628-7.f  -Os  execution test
FAIL: gfortran.dg/g77/980628-8.f  -Os  execution test
FAIL: gfortran.dg/g77/980628-9.f  -Os  execution test
FAIL: gfortran.dg/g77/980701-0.f  -Os  execution test
FAIL: gfortran.dg/g77/980701-1.f  -Os  execution test
FAIL: gfortran.dg/g77/cabs.f  -Os  execution test
FAIL: gfortran.dg/g77/claus.f  -Os  execution test
FAIL: gfortran.dg/g77/complex_1.f  -Os  execution test
FAIL: gfortran.dg/g77/cpp3.F  -Os  execution test
FAIL: gfortran.dg/g77/cpp4.F  -Os  execution test
FAIL: gfortran.dg/g77/cpp5.F  -Os  execution test
FAIL: gfortran.dg/g77/dcomplex.f  -Os  execution test
FAIL: gfortran.dg/g77/dnrm2.f  -Os  execution test
FAIL: gfortran.dg/g77/erfc.f  -Os  execution test
FAIL: gfortran.dg/g77/f77-edit-apostrophe-out.f  -Os  execution test
FAIL: gfortran.dg/g77/f77-edit-colon-out.f  -Os  execution test
FAIL: gfortran.dg/g77/f77-edit-h-out.f  -Os  execution test
FAIL: gfortran.dg/g77/f77-edit-i-in.f  -Os  execution test
FAIL: gfortran.dg/g77/f77-edit-i-out.f  -Os  execution test
FAIL: gfortran.dg/g77/f77-edit-s-out.f  -Os  execution test
FAIL: gfortran.dg/g77/f77-edit-slash-out.f  -Os  execution test
FAIL: gfortran.dg/g77/f77-edit-t-in.f  -Os  execution test
FAIL: gfortran.dg/g77/f77-edit-t-out.f  -Os  execution test
FAIL: gfortran.dg/g77/f77-edit-x-out.f  -Os  execution test
FAIL: gfortran.dg/g77/f90-intrinsic-bit.f  -Os  execution test
FAIL: gfortran.dg/g77/f90-intrinsic-mathematical.f  -Os  execution test
FAIL: gfortran.dg/g77/f90-intrinsic-numeric.f  -Os  execution test
FAIL: gfortran.dg/g77/int8421.f  -Os  execution test
FAIL: gfortran.dg/g77/intrinsic-unix-bessel.f  -Os  execution test
FAIL: gfortran.dg/g77/intrinsic-unix-erf.f  -Os  execution test
FAIL: gfortran.dg/g77/labug1.f  -Os  execution test
FAIL: gfortran.dg/g77/large_vec.f  -Os  execution test
FAIL: gfortran.dg/g77/le.f  -Os  execution test
FAIL: gfortran.dg/g77/short.f  -Os  execution test
FAIL: gfortran.dg/g77/strlen0.f  -Os  execution test
FAIL: gfortran.dg/guality/arg1.f90  -Os  execution test
FAIL: gfortran.dg/guality/pr41558.f90  -Os  execution test
FAIL: gfortran.fortran-torture/execute/equiv_5.f execution,  -Os 
FAIL: gfortran.fortran-torture/execute/pr40021.f execution,  -Os 
FAIL: gfortran.fortran-torture/execute/a_edit_1.f90 execution,  -Os 
FAIL: gfortran.fortran-torture/execute/adjustr.f90 execution,  -Os 
FAIL: gfortran.fortran-torture/execute/allocate.f90 execution,  -Os 
FAIL: gfortran.fortran-torture/execute/alternate_return.f90 execution,  -Os 
FAIL: gfortran.fortran-torture/execute/args.f90 execution,  -Os 
FAIL: gfortran.fortran-torture/execute/arithmeticif.f90 execution,  -Os 
FAIL: gfortran.fortran-torture/execute/arrayarg.f90 execution,  -Os 
FAIL: gfortran.fortran-torture/execute/arrayarg2.f90 execution,  -Os 
FAIL: gfortran.fortran-torture/execute/arraysave.f90 execution,  -Os 
FAIL: gfortran.fortran-torture/execute/assumed_size.f90 execution,  -Os 
FAIL: gfortran.fortran-torture/execute/backspace.f90 execution,  -Os 
FAIL: gfortran.fortran-torture/execute/bounds.f90 execution,  -Os 
FAIL: gfortran.fortran-torture/execute/character_passing.f90 execution,  -Os 
FAIL: gfortran.fortran-torture/execute/character_select_1.f90 execution,  -Os 
FAIL: gfortran.fortran-torture/execute/cmplx.f90 execution,  -Os 
FAIL: gfortran.fortran-torture/execute/common.f90 execution,  -Os 
FAIL: gfortran.fortran-torture/execute/common_2.f90 execution,  -Os 
FAIL: gfortran.fortran-torture/execute/common_init_1.f90 execution,  -Os 
FAIL: gfortran.fortran-torture/execute/common_size.f90 execution,  -Os 
FAIL: gfortran.fortran-torture/execute/constructor.f90 execution,  -Os 
FAIL: gfortran.fortran-torture/execute/contained.f90 execution,  -Os 
FAIL: gfortran.fortran-torture/execute/contained2.f90 execution,  -Os 
FAIL: gfortran.fortran-torture/execute/contained_3.f90 execution,  -Os 
FAIL: gfortran.fortran-torture/execute/csqrt_1.f90 execution,  -Os 
FAIL: gfortran.fortran-torture/execute/data.f90 execution,  -Os 
FAIL: gfortran.fortran-torture/execute/data_2.f90 execution,  -Os 
FAIL: gfortran.fortran-torture/execute/data_3.f90 execution,  -Os 
FAIL: gfortran.fortran-torture/execute/data_4.f90 execution,  -Os 
FAIL: gfortran.fortran-torture/execute/date_time_1.f90 execution,  -Os 
FAIL: gfortran.fortran-torture/execute/dep_fails.f90 execution,  -Os 
FAIL: gfortran.fortran-torture/execute/der_init.f90 execution,  -Os 
FAIL: gfortran.fortran-torture/execute/der_init_2.f90 execution,  -Os 
FAIL: gfortran.fortran-torture/execute/der_init_3.f90 execution,  -Os 
FAIL: gfortran.fortran-torture/execute/der_init_4.f90 execution,  -Os 
FAIL: gfortran.fortran-torture/execute/der_init_5.f90 execution,  -Os 
FAIL: gfortran.fortran-torture/execute/der_io.f90 execution,  -Os 
FAIL: gfortran.fortran-torture/execute/der_point.f90 execution,  -Os 
FAIL: gfortran.fortran-torture/execute/der_type.f90 execution,  -Os 
FAIL: gfortran.fortran-torture/execute/direct_io.f90 execution,  -Os 
FAIL: gfortran.fortran-torture/execute/elemental.f90 execution,  -Os 
FAIL: gfortran.fortran-torture/execute/empty_format.f90 execution,  -Os 
FAIL: gfortran.fortran-torture/execute/emptyif.f90 execution,  -Os 
FAIL: gfortran.fortran-torture/execute/entry_1.f90 execution,  -Os 
FAIL: gfortran.fortran-torture/execute/entry_10.f90 execution,  -Os 
FAIL: gfortran.fortran-torture/execute/entry_11.f90 execution,  -Os 
FAIL: gfortran.fortran-torture/execute/entry_2.f90 execution,  -Os 
FAIL: gfortran.fortran-torture/execute/entry_3.f90 execution,  -Os 
FAIL: gfortran.fortran-torture/execute/entry_4.f90 execution,  -Os 
FAIL: gfortran.fortran-torture/execute/entry_5.f90 execution,  -Os 
FAIL: gfortran.fortran-torture/execute/entry_6.f90 execution,  -Os 
FAIL: gfortran.fortran-torture/execute/entry_7.f90 execution,  -Os 
FAIL: gfortran.fortran-torture/execute/entry_8.f90 execution,  -O1 
FAIL: gfortran.fortran-torture/execute/entry_8.f90 execution,  -O2 
FAIL: gfortran.fortran-torture/execute/entry_8.f90 execution,  -O2 -fomit-frame-pointer -finline-functions 
FAIL: gfortran.fortran-torture/execute/entry_8.f90 execution,  -O2 -fomit-frame-pointer -finline-functions -funroll-loops 
FAIL: gfortran.fortran-torture/execute/entry_8.f90 execution,  -O2 -fbounds-check 
FAIL: gfortran.fortran-torture/execute/entry_8.f90 execution,  -O3 -g 
FAIL: gfortran.fortran-torture/execute/entry_8.f90 execution,  -Os 
FAIL: gfortran.fortran-torture/execute/entry_8.f90 execution, -O2 -ftree-vectorize -msse2 
FAIL: gfortran.fortran-torture/execute/entry_9.f90 execution,  -Os 
FAIL: gfortran.fortran-torture/execute/enum_1.f90 execution,  -Os 
FAIL: gfortran.fortran-torture/execute/enum_2.f90 execution,  -Os 
FAIL: gfortran.fortran-torture/execute/enum_3.f90 execution,  -Os 
FAIL: gfortran.fortran-torture/execute/enum_4.f90 execution,  -Os 
FAIL: gfortran.fortran-torture/execute/equiv_1.f90 execution,  -Os 
FAIL: gfortran.fortran-torture/execute/equiv_2.f90 execution,  -Os 
FAIL: gfortran.fortran-torture/execute/equiv_3.f90 execution,  -Os 
FAIL: gfortran.fortran-torture/execute/equiv_4.f90 execution,  -Os 
FAIL: gfortran.fortran-torture/execute/equiv_init_1.f90 execution,  -Os 
FAIL: gfortran.fortran-torture/execute/f2_edit_1.f90 execution,  -Os 
FAIL: gfortran.fortran-torture/execute/forall.f90 execution,  -Os 
FAIL: gfortran.fortran-torture/execute/forall_1.f90 execution,  -Os 
FAIL: gfortran.fortran-torture/execute/forall_2.f90 execution,  -Os 
FAIL: gfortran.fortran-torture/execute/forall_3.f90 execution,  -Os 
FAIL: gfortran.fortran-torture/execute/forall_4.f90 execution,  -Os 
FAIL: gfortran.fortran-torture/execute/forall_5.f90 execution,  -Os 
FAIL: gfortran.fortran-torture/execute/forall_6.f90 execution,  -Os 
FAIL: gfortran.fortran-torture/execute/forall_7.f90 execution,  -Os 
FAIL: gfortran.fortran-torture/execute/function_module_1.f90 execution,  -Os 
FAIL: gfortran.fortran-torture/execute/getarg_1.f90 execution,  -Os 
FAIL: gfortran.fortran-torture/execute/hollerith.f90 execution,  -Os 
FAIL: gfortran.fortran-torture/execute/in-pack.f90 execution,  -Os 
FAIL: gfortran.fortran-torture/execute/initialization_1.f90 execution,  -Os 
FAIL: gfortran.fortran-torture/execute/initializer.f90 execution,  -Os 
FAIL: gfortran.fortran-torture/execute/inquire_1.f90 execution,  -Os 
FAIL: gfortran.fortran-torture/execute/inquire_2.f90 execution,  -Os 
FAIL: gfortran.fortran-torture/execute/inquire_3.f90 execution,  -Os 
FAIL: gfortran.fortran-torture/execute/inquire_4.f90 execution,  -Os 
FAIL: gfortran.fortran-torture/execute/inquire_5.f90 execution,  -Os 
FAIL: gfortran.fortran-torture/execute/integer_select.f90 execution,  -Os 
FAIL: gfortran.fortran-torture/execute/integer_select_1.f90 execution,  -Os 
FAIL: gfortran.fortran-torture/execute/internal_write.f90 execution,  -Os 
FAIL: gfortran.fortran-torture/execute/intrinsic_abs.f90 execution,  -Os 
FAIL: gfortran.fortran-torture/execute/intrinsic_achar.f90 execution,  -Os 
FAIL: gfortran.fortran-torture/execute/intrinsic_aint_anint.f90 execution,  -Os 
FAIL: gfortran.fortran-torture/execute/intrinsic_anyall.f90 execution,  -Os 
FAIL: gfortran.fortran-torture/execute/intrinsic_associated.f90 execution,  -Os 
FAIL: gfortran.fortran-torture/execute/intrinsic_associated_2.f90 execution,  -Os 
FAIL: gfortran.fortran-torture/execute/intrinsic_bitops.f90 execution,  -Os 
FAIL: gfortran.fortran-torture/execute/intrinsic_count.f90 execution,  -Os 
FAIL: gfortran.fortran-torture/execute/intrinsic_cshift.f90 execution,  -Os 
FAIL: gfortran.fortran-torture/execute/intrinsic_dim.f90 execution,  -Os 
FAIL: gfortran.fortran-torture/execute/intrinsic_dotprod.f90 execution,  -Os 
FAIL: gfortran.fortran-torture/execute/intrinsic_dprod.f90 execution,  -Os 
FAIL: gfortran.fortran-torture/execute/intrinsic_dummy.f90 execution,  -Os 
FAIL: gfortran.fortran-torture/execute/intrinsic_eoshift.f90 execution,  -Os 
FAIL: gfortran.fortran-torture/execute/intrinsic_fraction_exponent.f90 execution,  -Os 
FAIL: gfortran.fortran-torture/execute/intrinsic_index.f90 execution,  -Os 
FAIL: gfortran.fortran-torture/execute/intrinsic_integer.f90 execution,  -Os 
FAIL: gfortran.fortran-torture/execute/intrinsic_leadz.f90 execution,  -Os 
FAIL: gfortran.fortran-torture/execute/intrinsic_len.f90 execution,  -Os 
FAIL: gfortran.fortran-torture/execute/intrinsic_matmul.f90 execution,  -Os 
FAIL: gfortran.fortran-torture/execute/intrinsic_merge.f90 execution,  -Os 
FAIL: gfortran.fortran-torture/execute/intrinsic_minmax.f90 execution,  -Os 
FAIL: gfortran.fortran-torture/execute/intrinsic_mmloc.f90 execution,  -Os 
FAIL: gfortran.fortran-torture/execute/intrinsic_mmloc_2.f90 execution,  -Os 
FAIL: gfortran.fortran-torture/execute/intrinsic_mmloc_3.f90 execution,  -Os 
FAIL: gfortran.fortran-torture/execute/intrinsic_mmloc_4.f90 execution,  -Os 
FAIL: gfortran.fortran-torture/execute/intrinsic_mmval.f90 execution,  -Os 
FAIL: gfortran.fortran-torture/execute/intrinsic_mod_ulo.f90 execution,  -Os 
FAIL: gfortran.fortran-torture/execute/intrinsic_mvbits.f90 execution,  -Os 
FAIL: gfortran.fortran-torture/execute/intrinsic_nearest.f90 execution,  -Os 
FAIL: gfortran.fortran-torture/execute/intrinsic_pack.f90 execution,  -Os 
FAIL: gfortran.fortran-torture/execute/intrinsic_present.f90 execution,  -Os 
FAIL: gfortran.fortran-torture/execute/intrinsic_product.f90 execution,  -Os 
FAIL: gfortran.fortran-torture/execute/intrinsic_rrspacing.f90 execution,  -Os 
FAIL: gfortran.fortran-torture/execute/intrinsic_scale.f90 execution,  -Os 
FAIL: gfortran.fortran-torture/execute/intrinsic_set_exponent.f90 execution,  -Os 
FAIL: gfortran.fortran-torture/execute/intrinsic_shape.f90 execution,  -Os 
FAIL: gfortran.fortran-torture/execute/intrinsic_si_kind.f90 execution,  -Os 
FAIL: gfortran.fortran-torture/execute/intrinsic_sign.f90 execution,  -Os 
FAIL: gfortran.fortran-torture/execute/intrinsic_size.f90 execution,  -Os 
FAIL: gfortran.fortran-torture/execute/intrinsic_spacing.f90 execution,  -Os 
FAIL: gfortran.fortran-torture/execute/intrinsic_spread.f90 execution,  -Os 
FAIL: gfortran.fortran-torture/execute/intrinsic_sr_kind.f90 execution,  -Os 
FAIL: gfortran.fortran-torture/execute/intrinsic_sum.f90 execution,  -Os 
FAIL: gfortran.fortran-torture/execute/intrinsic_trailz.f90 execution,  -Os 
FAIL: gfortran.fortran-torture/execute/intrinsic_transpose.f90 execution,  -Os 
FAIL: gfortran.fortran-torture/execute/intrinsic_trim.f90 execution,  -Os 
FAIL: gfortran.fortran-torture/execute/intrinsic_unpack.f90 execution,  -Os 
FAIL: gfortran.fortran-torture/execute/iolength_1.f90 execution,  -Os 
FAIL: gfortran.fortran-torture/execute/iolength_2.f90 execution,  -Os 
FAIL: gfortran.fortran-torture/execute/iolength_3.f90 execution,  -Os 
FAIL: gfortran.fortran-torture/execute/list_read_1.f90 execution,  -Os 
FAIL: gfortran.fortran-torture/execute/logical_select_1.f90 execution,  -Os 
FAIL: gfortran.fortran-torture/execute/mainsub.f90 execution,  -Os 
FAIL: gfortran.fortran-torture/execute/math.f90 execution,  -Os 
FAIL: gfortran.fortran-torture/execute/module_init_1.f90 execution,  -Os 
FAIL: gfortran.fortran-torture/execute/module_interface.f90 execution,  -Os 
FAIL: gfortran.fortran-torture/execute/module_interface_2.f90 execution,  -Os 
FAIL: gfortran.fortran-torture/execute/mystery_proc.f90 execution,  -Os 
FAIL: gfortran.fortran-torture/execute/nan_inf_fmt.f90 execution,  -Os 
FAIL: gfortran.fortran-torture/execute/nestcons.f90 execution,  -Os 
FAIL: gfortran.fortran-torture/execute/nullarg.f90 execution,  -Os 
FAIL: gfortran.fortran-torture/execute/open_replace.f90 execution,  -Os 
FAIL: gfortran.fortran-torture/execute/optstring_1.f90 execution,  -Os 
FAIL: gfortran.fortran-torture/execute/parameter_1.f90 execution,  -Os 
FAIL: gfortran.fortran-torture/execute/parameter_2.f90 execution,  -Os 
FAIL: gfortran.fortran-torture/execute/partparm.f90 execution,  -Os 
FAIL: gfortran.fortran-torture/execute/plusconst_1.f90 execution,  -Os 
FAIL: gfortran.fortran-torture/execute/power.f90 execution,  -Os 
FAIL: gfortran.fortran-torture/execute/pr19269-1.f90 execution,  -Os 
FAIL: gfortran.fortran-torture/execute/pr23373-1.f90 execution,  -Os 
FAIL: gfortran.fortran-torture/execute/pr23373-2.f90 execution,  -Os 
FAIL: gfortran.fortran-torture/execute/pr32140.f90 execution,  -Os 
FAIL: gfortran.fortran-torture/execute/pr32604.f90 execution,  -Os 
FAIL: gfortran.fortran-torture/execute/pr43390.f90 execution,  -Os 
FAIL: gfortran.fortran-torture/execute/procarg.f90 execution,  -Os 
FAIL: gfortran.fortran-torture/execute/ptr.f90 execution,  -Os 
FAIL: gfortran.fortran-torture/execute/random_1.f90 execution,  -Os 
FAIL: gfortran.fortran-torture/execute/random_2.f90 execution,  -Os 
FAIL: gfortran.fortran-torture/execute/random_init.f90 execution,  -Os 
FAIL: gfortran.fortran-torture/execute/read_eof.f90 execution,  -Os 
FAIL: gfortran.fortran-torture/execute/read_null_string.f90 execution,  -Os 
FAIL: gfortran.fortran-torture/execute/retarray.f90 execution,  -Os 
FAIL: gfortran.fortran-torture/execute/retarray_2.f90 execution,  -Os 
FAIL: gfortran.fortran-torture/execute/save_1.f90 execution,  -Os 
FAIL: gfortran.fortran-torture/execute/save_2.f90 execution,  -Os 
FAIL: gfortran.fortran-torture/execute/scalarize.f90 execution,  -Os 
FAIL: gfortran.fortran-torture/execute/scalarize2.f90 execution,  -Os 
FAIL: gfortran.fortran-torture/execute/scalarize3.f90 execution,  -Os 
FAIL: gfortran.fortran-torture/execute/select_1.f90 execution,  -Os 
FAIL: gfortran.fortran-torture/execute/seq_io.f90 execution,  -Os 
FAIL: gfortran.fortran-torture/execute/slash_edit.f90 execution,  -Os 
FAIL: gfortran.fortran-torture/execute/spec_abs.f90 execution,  -Os 
FAIL: gfortran.fortran-torture/execute/specifics.f90 execution,  -Os 
FAIL: gfortran.fortran-torture/execute/st_function.f90 execution,  -Os 
FAIL: gfortran.fortran-torture/execute/st_function_1.f90 execution,  -Os 
FAIL: gfortran.fortran-torture/execute/st_function_2.f90 execution,  -Os 
FAIL: gfortran.fortran-torture/execute/stack_varsize.f90 execution,  -Os 
FAIL: gfortran.fortran-torture/execute/straret.f90 execution,  -Os 
FAIL: gfortran.fortran-torture/execute/strarray_1.f90 execution,  -Os 
FAIL: gfortran.fortran-torture/execute/strarray_2.f90 execution,  -Os 
FAIL: gfortran.fortran-torture/execute/strarray_3.f90 execution,  -Os 
FAIL: gfortran.fortran-torture/execute/strarray_4.f90 execution,  -Os 
FAIL: gfortran.fortran-torture/execute/strcmp.f90 execution,  -Os 
FAIL: gfortran.fortran-torture/execute/strcommon_1.f90 execution,  -Os 
FAIL: gfortran.fortran-torture/execute/string.f90 execution,  -Os 
FAIL: gfortran.fortran-torture/execute/strlen.f90 execution,  -Os 
FAIL: gfortran.fortran-torture/execute/strret.f90 execution,  -Os 
FAIL: gfortran.fortran-torture/execute/t_edit.f90 execution,  -Os 
FAIL: gfortran.fortran-torture/execute/test_slice.f90 execution,  -Os 
FAIL: gfortran.fortran-torture/execute/transfer1.f90 execution,  -Os 
FAIL: gfortran.fortran-torture/execute/transfer2.f90 execution,  -Os 
FAIL: gfortran.fortran-torture/execute/unopened_unit_1.f90 execution,  -Os 
FAIL: gfortran.fortran-torture/execute/userop.f90 execution,  -Os 
FAIL: gfortran.fortran-torture/execute/where17.f90 execution,  -Os 
FAIL: gfortran.fortran-torture/execute/where18.f90 execution,  -Os 
FAIL: gfortran.fortran-torture/execute/where19.f90 execution,  -Os 
FAIL: gfortran.fortran-torture/execute/where20.f90 execution,  -Os 
FAIL: gfortran.fortran-torture/execute/where21.f90 execution,  -Os 
FAIL: gfortran.fortran-torture/execute/where_1.f90 execution,  -Os 
FAIL: gfortran.fortran-torture/execute/where_10.f90 execution,  -Os 
FAIL: gfortran.fortran-torture/execute/where_11.f90 execution,  -Os 
FAIL: gfortran.fortran-torture/execute/where_12.f90 execution,  -Os 
FAIL: gfortran.fortran-torture/execute/where_13.f90 execution,  -Os 
FAIL: gfortran.fortran-torture/execute/where_14.f90 execution,  -Os 
FAIL: gfortran.fortran-torture/execute/where_15.f90 execution,  -Os 
FAIL: gfortran.fortran-torture/execute/where_16.f90 execution,  -Os 
FAIL: gfortran.fortran-torture/execute/where_2.f90 execution,  -Os 
FAIL: gfortran.fortran-torture/execute/where_3.f90 execution,  -Os 
FAIL: gfortran.fortran-torture/execute/where_4.f90 execution,  -Os 
FAIL: gfortran.fortran-torture/execute/where_5.f90 execution,  -Os 
FAIL: gfortran.fortran-torture/execute/where_6.f90 execution,  -Os 
FAIL: gfortran.fortran-torture/execute/where_7.f90 execution,  -Os 
FAIL: gfortran.fortran-torture/execute/where_8.f90 execution,  -Os 
FAIL: gfortran.fortran-torture/execute/write_a_1.f90 execution,  -Os 
FAIL: gfortran.fortran-torture/execute/write_logical.f90 execution,  -Os 

		=== gfortran Summary for unix/-m32 ===

# of expected passes		35169
# of unexpected failures	1731
# of expected failures		38
# of unsupported tests		177

		=== gfortran Summary ===

# of expected passes		72388
# of unexpected failures	1731
# of expected failures		76
# of unsupported tests		213
/export/gnu/import/svn/gcc-test-intel64/bld/gcc/testsuite/gfortran/../../gfortran  version 4.7.0 20110325 (experimental) [trunk revision 171439] (GCC) 

		=== objc tests ===


Running target unix

		=== objc Summary for unix ===

# of expected passes		1292
# of expected failures		6

Running target unix/-m32

		=== objc Summary for unix/-m32 ===

# of expected passes		1292
# of expected failures		6

		=== objc Summary ===

# of expected passes		2584
# of expected failures		12
/export/gnu/import/svn/gcc-test-intel64/bld/gcc/xgcc  version 4.7.0 20110325 (experimental) [trunk revision 171439] (GCC) 

		=== libffi tests ===


Running target unix/-m32

		=== libffi Summary for unix/-m32 ===

# of expected passes		24

Running target unix

		=== libffi Summary for unix ===

# of expected passes		24

		=== libffi Summary ===

# of expected passes		3268
# of expected failures		20
# of unsupported tests		30
		=== libgomp tests ===


Running target unix/-m32
FAIL: libgomp.c/vla-1.c execution test
FAIL: libgomp.fortran/allocatable1.f90  -Os  execution test
FAIL: libgomp.fortran/allocatable2.f90  -Os  execution test
FAIL: libgomp.fortran/allocatable3.f90  -Os  execution test
FAIL: libgomp.fortran/allocatable4.f90  -Os  execution test
FAIL: libgomp.fortran/allocatable5.f90  -Os  execution test
FAIL: libgomp.fortran/allocatable6.f90  -Os  execution test
FAIL: libgomp.fortran/appendix-a/a.16.1.f90  -Os  execution test
FAIL: libgomp.fortran/appendix-a/a.18.1.f90  -Os  execution test
FAIL: libgomp.fortran/appendix-a/a.19.1.f90  -Os  execution test
FAIL: libgomp.fortran/appendix-a/a.2.1.f90  -Os  execution test
FAIL: libgomp.fortran/appendix-a/a.22.7.f90  -Os  execution test
FAIL: libgomp.fortran/appendix-a/a.22.8.f90  -Os  execution test
FAIL: libgomp.fortran/appendix-a/a.26.1.f90  -Os  execution test
FAIL: libgomp.fortran/appendix-a/a.28.1.f90  -Os  execution test
FAIL: libgomp.fortran/appendix-a/a.28.2.f90  -Os  execution test
FAIL: libgomp.fortran/appendix-a/a.28.3.f90  -Os  execution test
FAIL: libgomp.fortran/appendix-a/a.28.4.f90  -Os  execution test
FAIL: libgomp.fortran/appendix-a/a.3.1.f90  -Os  execution test
FAIL: libgomp.fortran/appendix-a/a.31.4.f90  -Os  execution test
FAIL: libgomp.fortran/appendix-a/a.31.5.f90  -Os  execution test
FAIL: libgomp.fortran/appendix-a/a.39.1.f90  -Os  execution test
FAIL: libgomp.fortran/appendix-a/a.4.1.f90  -Os  execution test
FAIL: libgomp.fortran/appendix-a/a.5.1.f90  -Os  execution test
FAIL: libgomp.fortran/appendix-a/a10.1.f90  -Os  execution test
FAIL: libgomp.fortran/character1.f90  -Os  execution test
FAIL: libgomp.fortran/character2.f90  -Os  execution test
FAIL: libgomp.fortran/collapse1.f90  -Os  execution test
FAIL: libgomp.fortran/collapse2.f90  -Os  execution test
FAIL: libgomp.fortran/collapse3.f90  -Os  execution test
FAIL: libgomp.fortran/collapse4.f90  -Os  execution test
FAIL: libgomp.fortran/crayptr1.f90  -Os  execution test
FAIL: libgomp.fortran/crayptr2.f90  -Os  execution test
FAIL: libgomp.fortran/do1.f90  -Os  execution test
FAIL: libgomp.fortran/do2.f90  -Os  execution test
FAIL: libgomp.fortran/jacobi.f  -Os  execution test
FAIL: libgomp.fortran/lib1.f90  -Os  execution test
FAIL: libgomp.fortran/lib2.f  -Os  execution test
FAIL: libgomp.fortran/lib3.f  -Os  execution test
FAIL: libgomp.fortran/lib4.f90  -Os  execution test
FAIL: libgomp.fortran/lock-1.f90  -Os  execution test
FAIL: libgomp.fortran/lock-2.f90  -Os  execution test
FAIL: libgomp.fortran/nested1.f90  -Os  execution test
FAIL: libgomp.fortran/nestedfn1.f90  -Os  execution test
FAIL: libgomp.fortran/nestedfn2.f90  -Os  execution test
FAIL: libgomp.fortran/nestedfn3.f90  -Os  execution test
FAIL: libgomp.fortran/omp_atomic1.f90  -Os  execution test
FAIL: libgomp.fortran/omp_atomic2.f90  -Os  execution test
FAIL: libgomp.fortran/omp_parse1.f90  -Os  execution test
FAIL: libgomp.fortran/omp_parse2.f90  -Os  execution test
FAIL: libgomp.fortran/omp_parse3.f90  -Os  execution test
FAIL: libgomp.fortran/omp_parse4.f90  -Os  execution test
FAIL: libgomp.fortran/pr25162.f  -Os  execution test
FAIL: libgomp.fortran/pr27395-1.f90  -Os  execution test
FAIL: libgomp.fortran/pr27395-2.f90  -Os  execution test
FAIL: libgomp.fortran/pr27416-1.f90  -Os  execution test
FAIL: libgomp.fortran/pr27916-1.f90  -Os  execution test
FAIL: libgomp.fortran/pr27916-2.f90  -Os  execution test
FAIL: libgomp.fortran/pr29629.f90  -Os  execution test
FAIL: libgomp.fortran/pr32550.f90  -Os  execution test
FAIL: libgomp.fortran/pr33880.f90  -Os  execution test
FAIL: libgomp.fortran/pr34020.f90  -Os  execution test
FAIL: libgomp.fortran/pr42162.f90  -Os  execution test
FAIL: libgomp.fortran/pr46753.f90  -Os  execution test
FAIL: libgomp.fortran/recursion1.f90  -Os  execution test
FAIL: libgomp.fortran/reduction1.f90  -Os  execution test
FAIL: libgomp.fortran/reduction2.f90  -Os  execution test
FAIL: libgomp.fortran/reduction3.f90  -Os  execution test
FAIL: libgomp.fortran/reduction4.f90  -Os  execution test
FAIL: libgomp.fortran/reduction5.f90  -Os  execution test
FAIL: libgomp.fortran/reduction6.f90  -Os  execution test
FAIL: libgomp.fortran/reference1.f90  -Os  execution test
FAIL: libgomp.fortran/reference2.f90  -Os  execution test
FAIL: libgomp.fortran/retval1.f90  -Os  execution test
FAIL: libgomp.fortran/retval2.f90  -Os  execution test
FAIL: libgomp.fortran/sharing1.f90  -Os  execution test
FAIL: libgomp.fortran/sharing2.f90  -Os  execution test
FAIL: libgomp.fortran/stack.f90  -Os  execution test
FAIL: libgomp.fortran/task1.f90  -Os  execution test
FAIL: libgomp.fortran/task3.f90  -Os  execution test
FAIL: libgomp.fortran/threadprivate1.f90  -Os  execution test
FAIL: libgomp.fortran/threadprivate2.f90  -Os  execution test
FAIL: libgomp.fortran/threadprivate3.f90  -Os  execution test
FAIL: libgomp.fortran/vla1.f90  -Os  execution test
FAIL: libgomp.fortran/vla2.f90  -Os  execution test
FAIL: libgomp.fortran/vla3.f90  -Os  execution test
FAIL: libgomp.fortran/vla4.f90  -Os  execution test
FAIL: libgomp.fortran/vla5.f90  -Os  execution test
FAIL: libgomp.fortran/vla6.f90  -Os  execution test
FAIL: libgomp.fortran/vla7.f90  -Os  execution test
FAIL: libgomp.fortran/vla8.f90  -Os  execution test
FAIL: libgomp.graphite/force-parallel-1.c execution test

		=== libgomp Summary for unix/-m32 ===

# of expected passes		45
# of unexpected failures	1

Running target unix
FAIL: libgomp.graphite/force-parallel-1.c execution test

		=== libgomp Summary for unix ===

# of expected passes		45
# of unexpected failures	1

		=== libgomp Summary ===

# of expected passes		5083
# of unexpected failures	93
		=== libjava tests ===


Running target unix/-m32

		=== libjava Summary for unix/-m32 ===


Running target unix

		=== libjava Summary for unix ===


		=== libjava Summary ===

# of expected passes		5148
		=== libmudflap tests ===


Running target unix/-m32
FAIL: libmudflap.c/pass49-frag.c execution test
FAIL: libmudflap.c/pass49-frag.c output pattern test
FAIL: libmudflap.c/pass49-frag.c execution test
FAIL: libmudflap.c/pass49-frag.c output pattern test
FAIL: libmudflap.c/pass49-frag.c (-O2) execution test
FAIL: libmudflap.c/pass49-frag.c (-O2) output pattern test
FAIL: libmudflap.c/pass49-frag.c (-O2) execution test
FAIL: libmudflap.c/pass49-frag.c (-O2) output pattern test
FAIL: libmudflap.c/pass49-frag.c (-O3) execution test
FAIL: libmudflap.c/pass49-frag.c (-O3) output pattern test
FAIL: libmudflap.c/pass49-frag.c (-O3) execution test
FAIL: libmudflap.c/pass49-frag.c (-O3) output pattern test

		=== libmudflap Summary for unix/-m32 ===

# of expected passes		264

Running target unix
FAIL: libmudflap.c/pass49-frag.c execution test
FAIL: libmudflap.c/pass49-frag.c output pattern test
FAIL: libmudflap.c/pass49-frag.c execution test
FAIL: libmudflap.c/pass49-frag.c output pattern test
FAIL: libmudflap.c/pass49-frag.c (-O2) execution test
FAIL: libmudflap.c/pass49-frag.c (-O2) output pattern test
FAIL: libmudflap.c/pass49-frag.c (-O2) execution test
FAIL: libmudflap.c/pass49-frag.c (-O2) output pattern test
FAIL: libmudflap.c/pass49-frag.c (-O3) execution test
FAIL: libmudflap.c/pass49-frag.c (-O3) output pattern test
FAIL: libmudflap.c/pass49-frag.c (-O3) execution test
FAIL: libmudflap.c/pass49-frag.c (-O3) output pattern test

		=== libmudflap Summary for unix ===

# of expected passes		264

		=== libmudflap Summary ===

# of expected passes		2830
# of unexpected failures	24
		=== libstdc++ tests ===


Running target unix

		=== libstdc++ Summary for unix ===

# of expected passes		8285
# of expected failures		84
# of unsupported tests		108

Running target unix/-m32

		=== libstdc++ Summary for unix/-m32 ===

# of expected passes		8285
# of expected failures		84
# of unsupported tests		108

		=== libstdc++ Summary ===

# of expected passes		16570
# of expected failures		168
# of unsupported tests		216

Compiler version: 4.7.0 20110325 (experimental) [trunk revision 171439] (GCC) 
Platform: x86_64-unknown-linux-gnu
configure flags: --with-arch=core2 --with-cpu=atom --enable-clocale=gnu --with-system-zlib --enable-shared --with-demangler-in-ld --enable-cloog-backend=isl --with-ppl-include=/opt/gnu/include --with-ppl-lib=/opt/gnu/lib64 --with-cloog-include=/opt/gnu/include --with-cloog-lib=/opt/gnu/lib64 --with-fpmath=sse --enable-languages=c,c++,fortran,java,lto,objc


Index Nav: [Date Index] [Subject Index] [Author Index] [Thread Index]
Message Nav: [Date Prev] [Date Next] [Thread Prev] [Thread Next]