This is the mail archive of the gcc-testresults@gcc.gnu.org mailing list for the GCC project.


Index Nav: [Date Index] [Subject Index] [Author Index] [Thread Index]
Message Nav: [Date Prev] [Date Next] [Thread Prev] [Thread Next]
Other format: [Raw text]

Results for 4.7.0 20110323 (experimental) (GCC) testsuite on powerpc-apple-darwin9.8.0


This build run by an automatic regression tester.
See <http://gcc.gnu.org/regtest/HEAD/> for more information.

Date: 2011-03-23T21:23:55Z
Revision: 171364
URL: svn://gcc.gnu.org/svn/gcc/trunk
Status: regress-50
Prev-Endtime: 2011-03-23T21:20:58Z

Native configuration is powerpc-apple-darwin9.8.0

		=== g++ tests ===


Running target unix
FAIL: g++.dg/eh/simd-3.C execution test
FAIL: g++.dg/eh/simd-4.C execution test
FAIL: g++.dg/ext/alignof2.C execution test
FAIL: g++.dg/ext/altivec-cell-1.C (internal compiler error)
FAIL: g++.dg/ext/altivec-cell-1.C (test for excess errors)
WARNING: g++.dg/ext/label13.C compilation failed to produce executable

		=== g++ Summary ===

# of expected passes		24929
# of unexpected failures	5
# of expected failures		161
# of unsupported tests		376
/Users/regress/tbox/native/build/gcc/testsuite/g++/../../g++  version 4.7.0 20110323 (experimental) (GCC) 

		=== gcc tests ===


Running target unix
FAIL: gcc.c-torture/compile/900116-1.c  -O3 -fomit-frame-pointer  (internal compiler error)
FAIL: gcc.c-torture/compile/900116-1.c  -O3 -fomit-frame-pointer  (test for excess errors)
FAIL: gcc.c-torture/compile/900116-1.c  -O3 -fomit-frame-pointer -funroll-loops  (internal compiler error)
FAIL: gcc.c-torture/compile/900116-1.c  -O3 -fomit-frame-pointer -funroll-loops  (test for excess errors)
FAIL: gcc.c-torture/compile/900116-1.c  -O3 -fomit-frame-pointer -funroll-all-loops -finline-functions  (internal compiler error)
FAIL: gcc.c-torture/compile/900116-1.c  -O3 -fomit-frame-pointer -funroll-all-loops -finline-functions  (test for excess errors)
FAIL: gcc.c-torture/compile/900116-1.c  -O3 -g  (internal compiler error)
FAIL: gcc.c-torture/compile/900116-1.c  -O3 -g  (test for excess errors)
FAIL: gcc.c-torture/compile/pr44707.c  -O1  (test for excess errors)
FAIL: gcc.c-torture/compile/pr44707.c  -O2  (test for excess errors)
FAIL: gcc.c-torture/compile/pr44707.c  -O3 -fomit-frame-pointer  (test for excess errors)
FAIL: gcc.c-torture/compile/pr44707.c  -O3 -g  (test for excess errors)
FAIL: gcc.c-torture/compile/pr44707.c  -Os  (test for excess errors)
FAIL: gcc.c-torture/execute/20000801-1.c compilation,  -O3 -fomit-frame-pointer  (internal compiler error)
UNRESOLVED: gcc.c-torture/execute/20000801-1.c execution,  -O3 -fomit-frame-pointer 
FAIL: gcc.c-torture/execute/20000801-1.c compilation,  -O3 -fomit-frame-pointer -funroll-loops  (internal compiler error)
UNRESOLVED: gcc.c-torture/execute/20000801-1.c execution,  -O3 -fomit-frame-pointer -funroll-loops 
FAIL: gcc.c-torture/execute/20000801-1.c compilation,  -O3 -fomit-frame-pointer -funroll-all-loops -finline-functions  (internal compiler error)
UNRESOLVED: gcc.c-torture/execute/20000801-1.c execution,  -O3 -fomit-frame-pointer -funroll-all-loops -finline-functions 
FAIL: gcc.c-torture/execute/20000801-1.c compilation,  -O3 -g  (internal compiler error)
UNRESOLVED: gcc.c-torture/execute/20000801-1.c execution,  -O3 -g 
FAIL: gcc.c-torture/execute/20040811-1.c compilation,  -O3 -g 
UNRESOLVED: gcc.c-torture/execute/20040811-1.c execution,  -O3 -g 
FAIL: gcc.c-torture/execute/pr22061-4.c compilation,  -O3 -g 
UNRESOLVED: gcc.c-torture/execute/pr22061-4.c execution,  -O3 -g 
FAIL: gcc.c-torture/execute/pr43220.c compilation,  -O3 -g 
UNRESOLVED: gcc.c-torture/execute/pr43220.c execution,  -O3 -g 
FAIL: gcc.c-torture/execute/vla-dealloc-1.c compilation,  -O3 -g 
UNRESOLVED: gcc.c-torture/execute/vla-dealloc-1.c execution,  -O3 -g 
FAIL: gcc.dg/debug/dwarf2/pr47939-1.c scan-assembler DW_TAG_typedef[^\\\\r\\\\n]*[\\\\r\\\\n]+[^\\\\r\\\\n]*DW_AT_name: "Harry_t"
FAIL: gcc.dg/debug/dwarf2/pr47939-2.c scan-assembler DW_TAG_typedef[^\\\\r\\\\n]*[\\\\r\\\\n]+[^\\\\r\\\\n]*DW_AT_name: "Harry_t"
FAIL: gcc.dg/debug/dwarf2/pr47939-3.c scan-assembler DW_TAG_typedef[^\\\\r\\\\n]*[\\\\r\\\\n]+[^\\\\r\\\\n]*DW_AT_name: "Harry_t"
FAIL: gcc.dg/debug/dwarf2/pr47939-4.c scan-assembler DW_TAG_typedef[^\\\\r\\\\n]*[\\\\r\\\\n]+[^\\\\r\\\\n]*DW_AT_name: "Harry_t"
FAIL: gcc.dg/20020103-1.c scan-assembler-not LC[0-9]
FAIL: gcc.dg/and-1.c scan-assembler-not nand
FAIL: gcc.dg/sms-2.c scan-rtl-dump-times sms "SMS succeeded" 1
FAIL: gcc.dg/sms-3.c scan-rtl-dump-times sms "SMS succeeded" 1
FAIL: gcc.dg/sms-4.c scan-rtl-dump-times sms "SMS succeeded" 1
FAIL: gcc.dg/sms-5.c scan-rtl-dump-times sms "SMS succeeded" 1
FAIL: gcc.dg/sms-6.c scan-rtl-dump-times sms "SMS succeeded" 3
FAIL: gcc.dg/sms-7.c scan-rtl-dump-times sms "SMS succeeded" 3
FAIL: gcc.dg/sms-8.c scan-rtl-dump-times sms "SMS succeeded" 1
FAIL: gcc.dg/stack-usage-1.c scan-file foo\\t(256|264)\\tstatic
FAIL: gcc.dg/tree-ssa/vrp47.c scan-tree-dump-times vrp1 "[xy][^ ]* !=" 0
FAIL: gcc.dg/tree-ssa/vrp47.c scan-tree-dump-times dom1 "x[^ ]* & y" 1
FAIL: gcc.dg/vect/vect-10.c (internal compiler error)
FAIL: gcc.dg/vect/vect-10.c (test for excess errors)
FAIL: gcc.dg/vect/vect-complex-5.c (internal compiler error)
FAIL: gcc.dg/vect/vect-complex-5.c (test for excess errors)
WARNING: gcc.dg/vect/vect-complex-5.c compilation failed to produce executable
FAIL: gcc.dg/vect/vect-double-reduc-5.c (internal compiler error)
FAIL: gcc.dg/vect/vect-double-reduc-5.c (test for excess errors)
WARNING: gcc.dg/vect/vect-double-reduc-5.c compilation failed to produce executable
FAIL: gcc.dg/vect/vect-outer-1.c (internal compiler error)
FAIL: gcc.dg/vect/vect-outer-1.c (test for excess errors)
FAIL: gcc.dg/vect/vect-outer-1a.c (internal compiler error)
FAIL: gcc.dg/vect/vect-outer-1a.c (test for excess errors)
FAIL: gcc.dg/vect/vect-outer-1b.c (internal compiler error)
FAIL: gcc.dg/vect/vect-outer-1b.c (test for excess errors)
FAIL: gcc.dg/vect/vect-outer-4f.c (internal compiler error)
FAIL: gcc.dg/vect/vect-outer-4f.c (test for excess errors)
WARNING: gcc.dg/vect/vect-outer-4f.c compilation failed to produce executable
FAIL: gcc.dg/vect/vect-outer-4g.c (internal compiler error)
FAIL: gcc.dg/vect/vect-outer-4g.c (test for excess errors)
WARNING: gcc.dg/vect/vect-outer-4g.c compilation failed to produce executable
FAIL: gcc.dg/vect/vect-outer-4k.c (internal compiler error)
FAIL: gcc.dg/vect/vect-outer-4k.c (test for excess errors)
WARNING: gcc.dg/vect/vect-outer-4k.c compilation failed to produce executable
FAIL: gcc.dg/vect/vect-outer-4l.c (internal compiler error)
FAIL: gcc.dg/vect/vect-outer-4l.c (test for excess errors)
WARNING: gcc.dg/vect/vect-outer-4l.c compilation failed to produce executable
FAIL: gcc.dg/vect/vect-strided-a-mult.c (internal compiler error)
FAIL: gcc.dg/vect/vect-strided-a-mult.c (test for excess errors)
WARNING: gcc.dg/vect/vect-strided-a-mult.c compilation failed to produce executable
FAIL: gcc.dg/vect/vect-strided-a-u16-i2.c (internal compiler error)
FAIL: gcc.dg/vect/vect-strided-a-u16-i2.c (test for excess errors)
WARNING: gcc.dg/vect/vect-strided-a-u16-i2.c compilation failed to produce executable
FAIL: gcc.dg/vect/vect-strided-a-u16-i4.c (internal compiler error)
FAIL: gcc.dg/vect/vect-strided-a-u16-i4.c (test for excess errors)
WARNING: gcc.dg/vect/vect-strided-a-u16-i4.c compilation failed to produce executable
FAIL: gcc.dg/vect/vect-strided-a-u16-mult.c (internal compiler error)
FAIL: gcc.dg/vect/vect-strided-a-u16-mult.c (test for excess errors)
WARNING: gcc.dg/vect/vect-strided-a-u16-mult.c compilation failed to produce executable
FAIL: gcc.dg/vect/vect-strided-a-u8-i2-gap.c (internal compiler error)
FAIL: gcc.dg/vect/vect-strided-a-u8-i2-gap.c (test for excess errors)
WARNING: gcc.dg/vect/vect-strided-a-u8-i2-gap.c compilation failed to produce executable
FAIL: gcc.dg/vect/vect-strided-a-u8-i8-gap2.c (internal compiler error)
FAIL: gcc.dg/vect/vect-strided-a-u8-i8-gap2.c (test for excess errors)
WARNING: gcc.dg/vect/vect-strided-a-u8-i8-gap2.c compilation failed to produce executable
FAIL: gcc.dg/vect/vect-strided-a-u8-i8-gap7.c (internal compiler error)
FAIL: gcc.dg/vect/vect-strided-a-u8-i8-gap7.c (test for excess errors)
WARNING: gcc.dg/vect/vect-strided-a-u8-i8-gap7.c compilation failed to produce executable
FAIL: gcc.dg/vect/vect-strided-mult-char-ls.c (internal compiler error)
FAIL: gcc.dg/vect/vect-strided-mult-char-ls.c (test for excess errors)
WARNING: gcc.dg/vect/vect-strided-mult-char-ls.c compilation failed to produce executable
FAIL: gcc.dg/vect/vect-strided-mult.c (internal compiler error)
FAIL: gcc.dg/vect/vect-strided-mult.c (test for excess errors)
WARNING: gcc.dg/vect/vect-strided-mult.c compilation failed to produce executable
FAIL: gcc.dg/vect/vect-strided-same-dr.c (internal compiler error)
FAIL: gcc.dg/vect/vect-strided-same-dr.c (test for excess errors)
WARNING: gcc.dg/vect/vect-strided-same-dr.c compilation failed to produce executable
FAIL: gcc.dg/vect/vect-strided-u16-i2.c (internal compiler error)
FAIL: gcc.dg/vect/vect-strided-u16-i2.c (test for excess errors)
WARNING: gcc.dg/vect/vect-strided-u16-i2.c compilation failed to produce executable
FAIL: gcc.dg/vect/vect-strided-u16-i4.c (internal compiler error)
FAIL: gcc.dg/vect/vect-strided-u16-i4.c (test for excess errors)
WARNING: gcc.dg/vect/vect-strided-u16-i4.c compilation failed to produce executable
FAIL: gcc.dg/vect/vect-strided-u8-i2-gap.c (internal compiler error)
FAIL: gcc.dg/vect/vect-strided-u8-i2-gap.c (test for excess errors)
WARNING: gcc.dg/vect/vect-strided-u8-i2-gap.c compilation failed to produce executable
FAIL: gcc.dg/vect/vect-strided-u8-i2.c (internal compiler error)
FAIL: gcc.dg/vect/vect-strided-u8-i2.c (test for excess errors)
WARNING: gcc.dg/vect/vect-strided-u8-i2.c compilation failed to produce executable
FAIL: gcc.dg/vect/vect-strided-u8-i8-gap2.c (internal compiler error)
FAIL: gcc.dg/vect/vect-strided-u8-i8-gap2.c (test for excess errors)
WARNING: gcc.dg/vect/vect-strided-u8-i8-gap2.c compilation failed to produce executable
FAIL: gcc.dg/vect/vect-strided-u8-i8-gap4.c (internal compiler error)
FAIL: gcc.dg/vect/vect-strided-u8-i8-gap4.c (test for excess errors)
WARNING: gcc.dg/vect/vect-strided-u8-i8-gap4.c compilation failed to produce executable
FAIL: gcc.dg/vect/vect-strided-u8-i8-gap7.c (internal compiler error)
FAIL: gcc.dg/vect/vect-strided-u8-i8-gap7.c (test for excess errors)
WARNING: gcc.dg/vect/vect-strided-u8-i8-gap7.c compilation failed to produce executable
FAIL: gcc.dg/vect/vect-strided-u8-i8.c (internal compiler error)
FAIL: gcc.dg/vect/vect-strided-u8-i8.c (test for excess errors)
WARNING: gcc.dg/vect/vect-strided-u8-i8.c compilation failed to produce executable
FAIL: gcc.dg/vect/vect-vfa-03.c (internal compiler error)
FAIL: gcc.dg/vect/vect-vfa-03.c (test for excess errors)
WARNING: gcc.dg/vect/vect-vfa-03.c compilation failed to produce executable
FAIL: gcc.dg/vect/slp-13.c (internal compiler error)
FAIL: gcc.dg/vect/slp-13.c (test for excess errors)
WARNING: gcc.dg/vect/slp-13.c compilation failed to produce executable
FAIL: gcc.dg/vect/slp-21.c (internal compiler error)
FAIL: gcc.dg/vect/slp-21.c (test for excess errors)
WARNING: gcc.dg/vect/slp-21.c compilation failed to produce executable
FAIL: gcc.dg/vect/slp-reduc-3.c (internal compiler error)
FAIL: gcc.dg/vect/slp-reduc-3.c (test for excess errors)
WARNING: gcc.dg/vect/slp-reduc-3.c compilation failed to produce executable
FAIL: gcc.dg/vect/slp-reduc-3.c scan-tree-dump-times vect "vectorized 1 loops" 2
FAIL: gcc.target/powerpc/405-dlmzb-strlen-1.c scan-assembler dlmzb\\\\. 
FAIL: gcc.target/powerpc/440-dlmzb-strlen-1.c scan-assembler dlmzb\\\\. 
FAIL: gcc.target/powerpc/ppc-vector-memcpy.c scan-assembler lvx

		=== gcc Summary ===

# of expected passes		60412
# of unexpected failures	105
# of expected failures		164
# of unresolved testcases	8
# of unsupported tests		1041
/Users/regress/tbox/native/build/gcc/xgcc  version 4.7.0 20110323 (experimental) (GCC) 

		=== gfortran tests ===


Running target unix
FAIL: gfortran.dg/large_real_kind_3.F90  -O0  execution test

		=== gfortran Summary ===

# of expected passes		37930
# of unexpected failures	1
# of expected failures		73
# of unsupported tests		237
/Users/regress/tbox/native/build/gcc/testsuite/gfortran/../../gfortran  version 4.7.0 20110323 (experimental) (GCC) 

		=== objc tests ===


Running target unix

		=== objc Summary ===

# of expected passes		5785
# of expected failures		12
# of unsupported tests		73
/Users/regress/tbox/native/build/gcc/xgcc  version 4.7.0 20110323 (experimental) (GCC) 

		=== libffi tests ===


Running target unix
FAIL: libffi.call/nested_struct5.c -O0 -W -Wall execution test
FAIL: libffi.call/nested_struct5.c -O2 execution test
FAIL: libffi.call/nested_struct5.c -O3 execution test
FAIL: libffi.call/nested_struct5.c -Os execution test
FAIL: libffi.call/nested_struct5.c -O2 -fomit-frame-pointer execution test

		=== libffi Summary ===

# of expected passes		1624
# of unexpected failures	5
# of expected failures		10
# of unsupported tests		15
		=== libgomp tests ===


Running target unix

		=== libgomp Summary ===

# of expected passes		2538
# of unsupported tests		2
		=== libjava tests ===


Running target unix
FAIL: Thread_Sleep_2 -findirect-dispatch output - source compiled test
FAIL: Thread_Sleep_2 -O3 output - source compiled test

		=== libjava Summary ===

# of expected passes		2572
# of unexpected failures	2
		=== libstdc++ tests ===


Running target unix
FAIL: ext/mt_allocator/deallocate_global_thread-1.cc execution test
FAIL: ext/mt_allocator/deallocate_global_thread-3.cc execution test

		=== libstdc++ Summary ===

# of expected passes		7012
# of unexpected failures	2
# of expected failures		81
# of unsupported tests		654

		=== libstdc++ Summary ===


Compiler version: 4.7.0 20110323 (experimental) (GCC) 
Platform: powerpc-apple-darwin9.8.0
configure flags: --prefix=/Users/regress/tbox/objs --target=powerpc-apple-darwin9.8.0


Index Nav: [Date Index] [Subject Index] [Author Index] [Thread Index]
Message Nav: [Date Prev] [Date Next] [Thread Prev] [Thread Next]