This is the mail archive of the gcc-testresults@gcc.gnu.org mailing list for the GCC project.


Index Nav: [Date Index] [Subject Index] [Author Index] [Thread Index]
Message Nav: [Date Prev] [Date Next] [Thread Prev] [Thread Next]
Other format: [Raw text]

Results for 4.7.0 20110321 (experimental) [trunk revision 171265] (GCC) testsuite on powerpc-apple-darwin9


LAST_UPDATED: Updated Mon Mar 21 20:50:55 CET 2011 to revision 171265.

Native configuration is powerpc-apple-darwin9

		=== g++ tests ===


Running target unix/-m32
FAIL: g++.dg/eh/simd-3.C execution test
FAIL: g++.dg/eh/simd-4.C execution test
FAIL: g++.dg/ext/alignof2.C execution test
FAIL: g++.dg/ext/altivec-cell-1.C (internal compiler error)
FAIL: g++.dg/ext/altivec-cell-1.C (test for excess errors)
WARNING: g++.dg/ext/label13.C compilation failed to produce executable

		=== g++ Summary for unix/-m32 ===

# of expected passes		26317
# of unexpected failures	5
# of expected failures		163
# of unsupported tests		388

Running target unix/-m64
FAIL: g++.dg/ext/altivec-cell-1.C (internal compiler error)
FAIL: g++.dg/ext/altivec-cell-1.C (test for excess errors)
WARNING: g++.dg/ext/label13.C compilation failed to produce executable

		=== g++ Summary for unix/-m64 ===

# of expected passes		26932
# of unexpected failures	2
# of expected failures		163
# of unsupported tests		385

		=== g++ Summary ===

# of expected passes		53249
# of unexpected failures	7
# of expected failures		326
# of unsupported tests		773
/opt/gcc/darwin_buildw/gcc/testsuite/g++/../../g++  version 4.7.0 20110321 (experimental) [trunk revision 171265] (GCC) 

		=== gcc tests ===


Running target unix/-m32
FAIL: gcc.c-torture/compile/pr44707.c  -O1  (test for excess errors)
FAIL: gcc.c-torture/compile/pr44707.c  -O2  (test for excess errors)
FAIL: gcc.c-torture/compile/pr44707.c  -O3 -fomit-frame-pointer  (test for excess errors)
FAIL: gcc.c-torture/compile/pr44707.c  -O3 -g  (test for excess errors)
FAIL: gcc.c-torture/compile/pr44707.c  -Os  (test for excess errors)
FAIL: gcc.c-torture/compile/pr44707.c  -O2 -flto -flto-partition=none  (test for excess errors)
FAIL: gcc.c-torture/compile/pr44707.c  -O2 -flto  (test for excess errors)
FAIL: gcc.dg/debug/dwarf2/pr47939-1.c scan-assembler DW_TAG_typedef[^\\\\r\\\\n]*[\\\\r\\\\n]+[^\\\\r\\\\n]*DW_AT_name: "Harry_t"
FAIL: gcc.dg/debug/dwarf2/pr47939-2.c scan-assembler DW_TAG_typedef[^\\\\r\\\\n]*[\\\\r\\\\n]+[^\\\\r\\\\n]*DW_AT_name: "Harry_t"
FAIL: gcc.dg/debug/dwarf2/pr47939-3.c scan-assembler DW_TAG_typedef[^\\\\r\\\\n]*[\\\\r\\\\n]+[^\\\\r\\\\n]*DW_AT_name: "Harry_t"
FAIL: gcc.dg/debug/dwarf2/pr47939-4.c scan-assembler DW_TAG_typedef[^\\\\r\\\\n]*[\\\\r\\\\n]+[^\\\\r\\\\n]*DW_AT_name: "Harry_t"
FAIL: gcc.dg/20020103-1.c scan-assembler-not LC[0-9]
FAIL: gcc.dg/and-1.c scan-assembler-not nand
FAIL: gcc.dg/sms-2.c scan-rtl-dump-times sms "SMS succeeded" 1
FAIL: gcc.dg/sms-3.c scan-rtl-dump-times sms "SMS succeeded" 1
FAIL: gcc.dg/sms-4.c scan-rtl-dump-times sms "SMS succeeded" 1
FAIL: gcc.dg/sms-5.c scan-rtl-dump-times sms "SMS succeeded" 1
FAIL: gcc.dg/sms-6.c scan-rtl-dump-times sms "SMS succeeded" 3
FAIL: gcc.dg/sms-7.c scan-rtl-dump-times sms "SMS succeeded" 3
FAIL: gcc.dg/sms-8.c scan-rtl-dump-times sms "SMS succeeded" 1
FAIL: gcc.dg/stack-usage-1.c scan-file foo\\t(256|264)\\tstatic
FAIL: gcc.dg/graphite/id-pr46845.c (test for excess errors)
FAIL: gcc.dg/lto/pr46940 c_lto_pr46940_0.o assemble, -O0 -flto -flto-partition=none 
UNRESOLVED: gcc.dg/lto/pr46940 c_lto_pr46940_0.o-c_lto_pr46940_1.o link -O0 -flto -flto-partition=none 
UNRESOLVED: gcc.dg/lto/pr46940 c_lto_pr46940_0.o-c_lto_pr46940_1.o execute -O0 -flto -flto-partition=none 
FAIL: gcc.dg/lto/pr46940 c_lto_pr46940_0.o assemble, -O2 -flto -flto-partition=none 
UNRESOLVED: gcc.dg/lto/pr46940 c_lto_pr46940_0.o-c_lto_pr46940_1.o link -O2 -flto -flto-partition=none 
UNRESOLVED: gcc.dg/lto/pr46940 c_lto_pr46940_0.o-c_lto_pr46940_1.o execute -O2 -flto -flto-partition=none 
FAIL: gcc.dg/lto/pr46940 c_lto_pr46940_0.o assemble, -O0 -flto -flto-partition=1to1 
UNRESOLVED: gcc.dg/lto/pr46940 c_lto_pr46940_0.o-c_lto_pr46940_1.o link -O0 -flto -flto-partition=1to1 
UNRESOLVED: gcc.dg/lto/pr46940 c_lto_pr46940_0.o-c_lto_pr46940_1.o execute -O0 -flto -flto-partition=1to1 
FAIL: gcc.dg/lto/pr46940 c_lto_pr46940_0.o assemble, -O2 -flto -flto-partition=1to1 
UNRESOLVED: gcc.dg/lto/pr46940 c_lto_pr46940_0.o-c_lto_pr46940_1.o link -O2 -flto -flto-partition=1to1 
UNRESOLVED: gcc.dg/lto/pr46940 c_lto_pr46940_0.o-c_lto_pr46940_1.o execute -O2 -flto -flto-partition=1to1 
FAIL: gcc.dg/lto/pr46940 c_lto_pr46940_0.o assemble, -O0 -flto
UNRESOLVED: gcc.dg/lto/pr46940 c_lto_pr46940_0.o-c_lto_pr46940_1.o link -O0 -flto
UNRESOLVED: gcc.dg/lto/pr46940 c_lto_pr46940_0.o-c_lto_pr46940_1.o execute -O0 -flto
FAIL: gcc.dg/lto/pr46940 c_lto_pr46940_0.o assemble, -O2 -flto
UNRESOLVED: gcc.dg/lto/pr46940 c_lto_pr46940_0.o-c_lto_pr46940_1.o link -O2 -flto
UNRESOLVED: gcc.dg/lto/pr46940 c_lto_pr46940_0.o-c_lto_pr46940_1.o execute -O2 -flto
FAIL: gcc.dg/tree-ssa/vrp47.c scan-tree-dump-times vrp1 "[xy][^ ]* !=" 0
FAIL: gcc.dg/tree-ssa/vrp47.c scan-tree-dump-times dom1 "x[^ ]* & y" 1
FAIL: gcc.target/powerpc/405-dlmzb-strlen-1.c scan-assembler dlmzb\\\\. 
FAIL: gcc.target/powerpc/440-dlmzb-strlen-1.c scan-assembler dlmzb\\\\. 
FAIL: gcc.target/powerpc/ppc-vector-memcpy.c scan-assembler lvx

		=== gcc Summary for unix/-m32 ===

# of expected passes		72234
# of unexpected failures	33
# of expected failures		195
# of unresolved testcases	12
# of unsupported tests		1162

Running target unix/-m64
FAIL: gcc.c-torture/compile/pr44707.c  -O1  (test for excess errors)
FAIL: gcc.c-torture/compile/pr44707.c  -O2  (test for excess errors)
FAIL: gcc.c-torture/compile/pr44707.c  -O3 -fomit-frame-pointer  (test for excess errors)
FAIL: gcc.c-torture/compile/pr44707.c  -O3 -g  (test for excess errors)
FAIL: gcc.c-torture/compile/pr44707.c  -Os  (test for excess errors)
FAIL: gcc.c-torture/compile/pr44707.c  -O2 -flto -flto-partition=none  (test for excess errors)
FAIL: gcc.c-torture/compile/pr44707.c  -O2 -flto  (test for excess errors)
FAIL: gcc.dg/debug/dwarf2/pr47939-1.c scan-assembler DW_TAG_typedef[^\\\\r\\\\n]*[\\\\r\\\\n]+[^\\\\r\\\\n]*DW_AT_name: "Harry_t"
FAIL: gcc.dg/debug/dwarf2/pr47939-2.c scan-assembler DW_TAG_typedef[^\\\\r\\\\n]*[\\\\r\\\\n]+[^\\\\r\\\\n]*DW_AT_name: "Harry_t"
FAIL: gcc.dg/debug/dwarf2/pr47939-3.c scan-assembler DW_TAG_typedef[^\\\\r\\\\n]*[\\\\r\\\\n]+[^\\\\r\\\\n]*DW_AT_name: "Harry_t"
FAIL: gcc.dg/debug/dwarf2/pr47939-4.c scan-assembler DW_TAG_typedef[^\\\\r\\\\n]*[\\\\r\\\\n]+[^\\\\r\\\\n]*DW_AT_name: "Harry_t"
FAIL: gcc.dg/and-1.c scan-assembler-not nand
FAIL: gcc.dg/sms-2.c scan-rtl-dump-times sms "SMS succeeded" 1
FAIL: gcc.dg/sms-4.c scan-rtl-dump-times sms "SMS succeeded" 1
FAIL: gcc.dg/sms-5.c scan-rtl-dump-times sms "SMS succeeded" 1
FAIL: gcc.dg/sms-6.c scan-rtl-dump-times sms "SMS succeeded" 3
FAIL: gcc.dg/sms-7.c scan-rtl-dump-times sms "SMS succeeded" 3
FAIL: gcc.dg/sms-8.c scan-rtl-dump-times sms "SMS succeeded" 1
FAIL: gcc.dg/stack-usage-1.c scan-file foo\\t(256|264)\\tstatic
FAIL: gcc.dg/graphite/id-pr46845.c (test for excess errors)
FAIL: gcc.dg/lto/20090116 c_lto_20090116_0.o-c_lto_20090116_0.o link, -O1 -flto -flto-partition=1to1 -fPIC (internal compiler error)
UNRESOLVED: gcc.dg/lto/20090116 c_lto_20090116_0.o-c_lto_20090116_0.o execute -O1 -flto -flto-partition=1to1 -fPIC
FAIL: gcc.dg/lto/pr46940 c_lto_pr46940_0.o assemble, -O0 -flto -flto-partition=none 
UNRESOLVED: gcc.dg/lto/pr46940 c_lto_pr46940_0.o-c_lto_pr46940_1.o link -O0 -flto -flto-partition=none 
UNRESOLVED: gcc.dg/lto/pr46940 c_lto_pr46940_0.o-c_lto_pr46940_1.o execute -O0 -flto -flto-partition=none 
FAIL: gcc.dg/lto/pr46940 c_lto_pr46940_0.o assemble, -O2 -flto -flto-partition=none 
UNRESOLVED: gcc.dg/lto/pr46940 c_lto_pr46940_0.o-c_lto_pr46940_1.o link -O2 -flto -flto-partition=none 
UNRESOLVED: gcc.dg/lto/pr46940 c_lto_pr46940_0.o-c_lto_pr46940_1.o execute -O2 -flto -flto-partition=none 
FAIL: gcc.dg/lto/pr46940 c_lto_pr46940_0.o assemble, -O0 -flto -flto-partition=1to1 
UNRESOLVED: gcc.dg/lto/pr46940 c_lto_pr46940_0.o-c_lto_pr46940_1.o link -O0 -flto -flto-partition=1to1 
UNRESOLVED: gcc.dg/lto/pr46940 c_lto_pr46940_0.o-c_lto_pr46940_1.o execute -O0 -flto -flto-partition=1to1 
FAIL: gcc.dg/lto/pr46940 c_lto_pr46940_0.o assemble, -O2 -flto -flto-partition=1to1 
UNRESOLVED: gcc.dg/lto/pr46940 c_lto_pr46940_0.o-c_lto_pr46940_1.o link -O2 -flto -flto-partition=1to1 
UNRESOLVED: gcc.dg/lto/pr46940 c_lto_pr46940_0.o-c_lto_pr46940_1.o execute -O2 -flto -flto-partition=1to1 
FAIL: gcc.dg/lto/pr46940 c_lto_pr46940_0.o assemble, -O0 -flto
UNRESOLVED: gcc.dg/lto/pr46940 c_lto_pr46940_0.o-c_lto_pr46940_1.o link -O0 -flto
UNRESOLVED: gcc.dg/lto/pr46940 c_lto_pr46940_0.o-c_lto_pr46940_1.o execute -O0 -flto
FAIL: gcc.dg/lto/pr46940 c_lto_pr46940_0.o assemble, -O2 -flto
UNRESOLVED: gcc.dg/lto/pr46940 c_lto_pr46940_0.o-c_lto_pr46940_1.o link -O2 -flto
UNRESOLVED: gcc.dg/lto/pr46940 c_lto_pr46940_0.o-c_lto_pr46940_1.o execute -O2 -flto
FAIL: gcc.dg/tree-ssa/vrp47.c scan-tree-dump-times vrp1 "[xy][^ ]* !=" 0
FAIL: gcc.dg/tree-ssa/vrp47.c scan-tree-dump-times dom1 "x[^ ]* & y" 1
FAIL: gcc.dg/vect/costmodel/ppc/costmodel-pr37194.c scan-tree-dump-times vect "vectorization not profitable" 1
FAIL: gcc.dg/vect/costmodel/ppc/costmodel-pr37194.c scan-tree-dump-times vect "vectorized 1 loops" 1
FAIL: gcc.target/powerpc/optimize-bswapdi-3.c scan-assembler ldbrx
FAIL: gcc.target/powerpc/optimize-bswapdi-3.c scan-assembler stdbrx
FAIL: gcc.target/powerpc/ppc-vector-memcpy.c scan-assembler lvx

		=== gcc Summary for unix/-m64 ===

# of expected passes		72765
# of unexpected failures	34
# of expected failures		203
# of unresolved testcases	13
# of unsupported tests		1224

		=== gcc Summary ===

# of expected passes		144999
# of unexpected failures	67
# of expected failures		398
# of unresolved testcases	25
# of unsupported tests		2386
/opt/gcc/darwin_buildw/gcc/xgcc  version 4.7.0 20110321 (experimental) [trunk revision 171265] (GCC) 

		=== gfortran tests ===


Running target unix/-m32
FAIL: gfortran.dg/large_real_kind_3.F90  -O0  execution test

		=== gfortran Summary for unix/-m32 ===

# of expected passes		38237
# of unexpected failures	1
# of expected failures		85
# of unsupported tests		240

Running target unix/-m64
FAIL: gfortran.dg/large_real_kind_3.F90  -O0  execution test

		=== gfortran Summary for unix/-m64 ===

# of expected passes		38563
# of unexpected failures	1
# of expected failures		91
# of unsupported tests		79

		=== gfortran Summary ===

# of expected passes		76800
# of unexpected failures	2
# of expected failures		176
# of unsupported tests		319
/opt/gcc/darwin_buildw/gcc/testsuite/gfortran/../../gfortran  version 4.7.0 20110321 (experimental) [trunk revision 171265] (GCC) 

		=== obj-c++ tests ===


Running target unix/-m32

		=== obj-c++ Summary for unix/-m32 ===

# of expected passes		3031
# of expected failures		2
# of unsupported tests		68

Running target unix/-m64

		=== obj-c++ Summary for unix/-m64 ===

# of expected passes		2981
# of expected failures		19
# of unsupported tests		73

		=== obj-c++ Summary ===

# of expected passes		6012
# of expected failures		21
# of unsupported tests		141
/opt/gcc/darwin_buildw/gcc/testsuite/obj-c++/../../g++  version 4.7.0 20110321 (experimental) [trunk revision 171265] (GCC) 

		=== objc tests ===


Running target unix/-m32

		=== objc Summary for unix/-m32 ===

# of expected passes		5951
# of expected failures		14
# of unsupported tests		85

Running target unix/-m64

		=== objc Summary for unix/-m64 ===

# of expected passes		5885
# of expected failures		18
# of unsupported tests		102

		=== objc Summary ===

# of expected passes		11836
# of expected failures		32
# of unsupported tests		187
/opt/gcc/darwin_buildw/gcc/xgcc  version 4.7.0 20110321 (experimental) [trunk revision 171265] (GCC) 

		=== libffi tests ===


Running target unix/-m32
FAIL: libffi.call/nested_struct5.c -O0 -W -Wall execution test
FAIL: libffi.call/nested_struct5.c -O2 execution test
FAIL: libffi.call/nested_struct5.c -O3 execution test
FAIL: libffi.call/nested_struct5.c -Os execution test
FAIL: libffi.call/nested_struct5.c -O2 -fomit-frame-pointer execution test

		=== libffi Summary for unix/-m32 ===

# of expected passes		1624
# of unexpected failures	5
# of expected failures		10
# of unsupported tests		15

Running target unix/-m64

		=== libffi Summary for unix/-m64 ===

# of expected passes		1634
# of expected failures		10
# of unsupported tests		15

		=== libffi Summary ===

# of expected passes		3258
# of unexpected failures	5
# of expected failures		20
# of unsupported tests		30
		=== libgomp tests ===


Running target unix/-m32

		=== libgomp Summary for unix/-m32 ===

# of expected passes		2584
# of unsupported tests		2

Running target unix/-m64

		=== libgomp Summary for unix/-m64 ===

# of expected passes		2584
# of unsupported tests		2

		=== libgomp Summary ===

# of expected passes		5168
# of unsupported tests		4
		=== libjava tests ===


Running target unix/-m32
FAIL: Thread_Sleep_2 output - source compiled test
FAIL: Thread_Sleep_2 -findirect-dispatch output - source compiled test
FAIL: Thread_Sleep_2 -O3 output - source compiled test
FAIL: Thread_Sleep_2 -O3 -findirect-dispatch output - source compiled test

		=== libjava Summary for unix/-m32 ===

# of expected passes		2570
# of unexpected failures	4

Running target unix/-m64
FAIL: PR16923 output
FAIL: Thread_Sleep_2 output - source compiled test
FAIL: Thread_Sleep_2 -findirect-dispatch output - source compiled test
FAIL: Thread_Sleep_2 -O3 -findirect-dispatch output - source compiled test

		=== libjava Summary for unix/-m64 ===

# of expected passes		2570
# of unexpected failures	4

		=== libjava Summary ===

# of expected passes		5140
# of unexpected failures	8
		=== libstdc++ tests ===


Running target unix/-m32
FAIL: ext/mt_allocator/deallocate_global_thread-1.cc execution test
FAIL: ext/mt_allocator/deallocate_global_thread-3.cc execution test

		=== libstdc++ Summary for unix/-m32 ===

# of expected passes		7000
# of unexpected failures	2
# of expected failures		81
# of unsupported tests		654

Running target unix/-m64
FAIL: ext/mt_allocator/deallocate_global_thread-1.cc execution test
FAIL: ext/mt_allocator/deallocate_global_thread-3.cc execution test

		=== libstdc++ Summary for unix/-m64 ===

# of expected passes		6998
# of unexpected failures	2
# of expected failures		81
# of unsupported tests		655

		=== libstdc++ Summary ===

# of expected passes		13998
# of unexpected failures	4
# of expected failures		162
# of unsupported tests		1309

Compiler version: 4.7.0 20110321 (experimental) [trunk revision 171265] (GCC) 
Platform: powerpc-apple-darwin9
configure flags: --prefix=/opt/gcc/gcc4.7w --target=powerpc-apple-darwin9 --host=powerpc-apple-darwin9 --build=powerpc-apple-darwin9 --enable-languages=c,c++,fortran,objc,obj-c++,java,lto --with-gmp=/sw --with-libiconv-prefix=/usr --with-system-zlib --with-cloog=/sw --enable-lto


Index Nav: [Date Index] [Subject Index] [Author Index] [Thread Index]
Message Nav: [Date Prev] [Date Next] [Thread Prev] [Thread Next]