This is the mail archive of the gcc-testresults@gcc.gnu.org mailing list for the GCC project.


Index Nav: [Date Index] [Subject Index] [Author Index] [Thread Index]
Message Nav: [Date Prev] [Date Next] [Thread Prev] [Thread Next]
Other format: [Raw text]

Results for 4.7.0 20110318 (experimental) [trunk revision 171156] (GCC) testsuite on sparc-sun-solaris2.8


LAST_UPDATED: Fri Mar 18 18:11:24 UTC 2011 (revision 171156)

Native configuration is sparc-sun-solaris2.8

		=== g++ tests ===


Running target unix
WARNING: program timed out.

		=== g++ Summary for unix ===

# of expected passes		26200
# of expected failures		164
# of unsupported tests		428

Running target unix/-m64

		=== g++ Summary for unix/-m64 ===

# of expected passes		26812
# of expected failures		164
# of unsupported tests		425

		=== g++ Summary ===

# of expected passes		53012
# of expected failures		328
# of unsupported tests		853
/var/gcc/regression/trunk/8-gcc-gas/build/gcc/testsuite/g++/../../g++  version 4.7.0 20110318 (experimental) [trunk revision 171156] (GCC) 

		=== gcc tests ===


Running target unix

		=== gcc Summary for unix ===

# of expected passes		69375
# of expected failures		236
# of unsupported tests		1199

Running target unix/-m64

		=== gcc Summary for unix/-m64 ===

# of expected passes		70014
# of expected failures		227
# of unsupported tests		1203

		=== gcc Summary ===

# of expected passes		139389
# of expected failures		463
# of unsupported tests		2402
/var/gcc/regression/trunk/8-gcc-gas/build/gcc/xgcc  version 4.7.0 20110318 (experimental) [trunk revision 171156] (GCC) 

		=== gfortran tests ===


Running target unix

		=== gfortran Summary for unix ===

# of expected passes		37856
# of expected failures		43
# of unsupported tests		402

Running target unix/-m64

		=== gfortran Summary for unix/-m64 ===

# of expected passes		38135
# of expected failures		43
# of unsupported tests		265

		=== gfortran Summary ===

# of expected passes		75991
# of expected failures		86
# of unsupported tests		667
/var/gcc/regression/trunk/8-gcc-gas/build/gcc/testsuite/gfortran/../../gfortran  version 4.7.0 20110318 (experimental) [trunk revision 171156] (GCC) 

		=== objc tests ===


Running target unix

		=== objc Summary for unix ===

# of expected passes		2866
# of expected failures		10
# of unsupported tests		98

Running target unix/-m64

		=== objc Summary for unix/-m64 ===

# of expected passes		2866
# of expected failures		10
# of unsupported tests		98

		=== objc Summary ===

# of expected passes		5732
# of expected failures		20
# of unsupported tests		196
/var/gcc/regression/trunk/8-gcc-gas/build/gcc/xgcc  version 4.7.0 20110318 (experimental) [trunk revision 171156] (GCC) 

		=== boehm-gc tests ===


Running target unix

		=== boehm-gc Summary for unix ===

# of expected passes		12
# of unsupported tests		1

Running target unix/-m64

		=== boehm-gc Summary for unix/-m64 ===

# of expected passes		12
# of unsupported tests		1

		=== boehm-gc Summary ===

# of expected passes		24
# of unsupported tests		2
		=== libffi tests ===


Running target unix

		=== libffi Summary for unix ===

# of expected passes		1634
# of expected failures		10
# of unsupported tests		15

Running target unix/-m64

		=== libffi Summary for unix/-m64 ===

# of expected passes		1634
# of expected failures		10
# of unsupported tests		15

		=== libffi Summary ===

# of expected passes		3268
# of expected failures		20
# of unsupported tests		30
		=== libgomp tests ===


Running target unix

		=== libgomp Summary for unix ===

# of expected passes		2524
# of unsupported tests		9

Running target unix/-m64

		=== libgomp Summary for unix/-m64 ===

# of expected passes		2524
# of unsupported tests		9

		=== libgomp Summary ===

# of expected passes		5048
# of unsupported tests		18
		=== libjava tests ===


Running target unix

		=== libjava Summary for unix ===

# of expected passes		2574

Running target unix/-m64

		=== libjava Summary for unix/-m64 ===

# of expected passes		2574

		=== libjava Summary ===

# of expected passes		5148
		=== libstdc++ tests ===


Running target unix
FAIL: 26_numerics/random/binomial_distribution/operators/values.cc (test for excess errors)
WARNING: 26_numerics/random/binomial_distribution/operators/values.cc compilation failed to produce executable

		=== libstdc++ Summary for unix ===

# of expected passes		6845
# of unexpected failures	1
# of expected failures		83
# of unsupported tests		738

Running target unix/-m64
FAIL: 26_numerics/random/binomial_distribution/operators/values.cc (test for excess errors)
WARNING: 26_numerics/random/binomial_distribution/operators/values.cc compilation failed to produce executable

		=== libstdc++ Summary for unix/-m64 ===

# of expected passes		6845
# of unexpected failures	1
# of expected failures		83
# of unsupported tests		738

		=== libstdc++ Summary ===

# of expected passes		13690
# of unexpected failures	2
# of expected failures		166
# of unsupported tests		1476

Compiler version: 4.7.0 20110318 (experimental) [trunk revision 171156] (GCC) 
Platform: sparc-sun-solaris2.8
configure flags: --prefix=/vol/gcc --target=sparc-sun-solaris2.8 --with-as=/vol/gcc/bin/gas-2.21 --with-gnu-as --with-gmp=/vol/gcc --with-mpfr=/vol/gcc --with-mpc=/vol/gcc --enable-languages=all,ada --enable-languages=all
BOOT_CFLAGS=-g -O2


Index Nav: [Date Index] [Subject Index] [Author Index] [Thread Index]
Message Nav: [Date Prev] [Date Next] [Thread Prev] [Thread Next]