This is the mail archive of the gcc-testresults@gcc.gnu.org mailing list for the GCC project.


Index Nav: [Date Index] [Subject Index] [Author Index] [Thread Index]
Message Nav: [Date Prev] [Date Next] [Thread Prev] [Thread Next]
Other format: [Raw text]

Results for 4.7.0 20110318 (experimental) [trunk revision 171125] (GCC) testsuite on i386-pc-solaris2.10


\$ uname -a
SunOS tsukimi 5.10 Generic_142901-07 i86pc i386 i86pc

\$ cat /etc/release
                       Solaris 10 10/09 s10x_u8wos_08a X86
           Copyright 2009 Sun Microsystems, Inc.  All Rights Reserved.
                        Use is subject to license terms.
                           Assembled 16 September 2009

\$ /usr/local/bin/as --version
GNU assembler (GNU Binutils) 2.21

\$ /usr/ccs/bin/ld -V
ld: Software Generation Utilities - Solaris Link Editors: 5.10-1.497

\$ /usr/sbin/psrinfo -pv
The physical processor has 1 virtual processor (0)
  x86 (GenuineIntel family 6 model 23 step 6 clock 2400 MHz)
        Intel(r) Core(tm)2 Duo CPU     T8300  @ 2.40GHz
The physical processor has 1 virtual processor (1)
  x86 (GenuineIntel family 6 model 23 step 6 clock 2400 MHz)
        Intel(r) Core(tm)2 Duo CPU     T8300  @ 2.40GHz

Bootstrapped with :

\$ /usr/sfw/bin/gcc -v
Reading specs from /usr/sfw/lib/gcc/i386-pc-solaris2.10/3.4.3/specs
Configured with: /builds/sfw10-gate/usr/src/cmd/gcc/gcc-3.4.3/configure --prefix=/usr/sfw --with-as=/usr/sfw/bin/gas --with-gnu-as --with-ld=/usr/ccs/bin/ld --without-gnu-ld --enable-languages=c,c++ --enable-shared
Thread model: posix
gcc version 3.4.3 (csl-sol210-3_4-branch+sol_rpath)

********
LAST_UPDATED: Fri Mar 18 05:34:15 UTC 2011 (revision 171125)

Native configuration is i386-pc-solaris2.10

		=== g++ tests ===


Running target unix/-m32

		=== g++ Summary for unix/-m32 ===

# of expected passes		26652
# of expected failures		163
# of unsupported tests		190

Running target unix/-m64

		=== g++ Summary for unix/-m64 ===

# of expected passes		26884
# of expected failures		163
# of unsupported tests		389

		=== g++ Summary ===

# of expected passes		53536
# of expected failures		326
# of unsupported tests		579
/BUILD/gcc/obj-171125/gcc/testsuite/g++/../../g++  version 4.7.0 20110318 (experimental) [trunk revision 171125] (GCC) 

		=== gcc tests ===


Running target unix/-m32

		=== gcc Summary for unix/-m32 ===

# of expected passes		75504
# of expected failures		212
# of unsupported tests		801

Running target unix/-m64

		=== gcc Summary for unix/-m64 ===

# of expected passes		75655
# of expected failures		211
# of unsupported tests		1202

		=== gcc Summary ===

# of expected passes		151159
# of expected failures		423
# of unsupported tests		2003
/BUILD/gcc/obj-171125/gcc/xgcc  version 4.7.0 20110318 (experimental) [trunk revision 171125] (GCC) 

		=== libgomp tests ===


Running target unix/-m64

		=== libgomp Summary for unix/-m64 ===

# of expected passes		1025
# of unsupported tests		2

Running target unix/-m32

		=== libgomp Summary for unix/-m32 ===

# of expected passes		1025
# of unsupported tests		2

		=== libgomp Summary ===

# of expected passes		2050
# of unsupported tests		4
		=== libstdc++ tests ===


Running target unix/-m32

		=== libstdc++ Summary for unix/-m32 ===

# of expected passes		7337
# of expected failures		83
# of unsupported tests		468

Running target unix/-m64
FAIL: 22_locale/num_put/put/char/14220.cc execution test
FAIL: 22_locale/num_put/put/wchar_t/14220.cc execution test

		=== libstdc++ Summary for unix/-m64 ===

# of expected passes		7337
# of unexpected failures	2
# of expected failures		81
# of unsupported tests		468

		=== libstdc++ Summary ===

# of expected passes		14674
# of unexpected failures	2
# of expected failures		164
# of unsupported tests		936

Compiler version: 4.7.0 20110318 (experimental) [trunk revision 171125] (GCC) 
Platform: i386-pc-solaris2.10
configure flags: --prefix=/BUILD/gcc/171125 --target=i386-pc-solaris2.10 --with-gnu-as --with-as=/usr/local/bin/as --with-gmp=/local/gcc --with-mpfr=/local/gcc --with-mpc=/local/gcc --disable-libmudflap --disable-libssp --enable-stage1-languages=c --enable-languages=c,c++,lto --program-suffix=-trunk
BOOT_CFLAGS=-g -O2


Index Nav: [Date Index] [Subject Index] [Author Index] [Thread Index]
Message Nav: [Date Prev] [Date Next] [Thread Prev] [Thread Next]