This is the mail archive of the gcc-testresults@gcc.gnu.org mailing list for the GCC project.


Index Nav: [Date Index] [Subject Index] [Author Index] [Thread Index]
Message Nav: [Date Prev] [Date Next] [Thread Prev] [Thread Next]
Other format: [Raw text]

Results for 4.6.0 20110317 (prerelease) [gcc-4_6-branch revision 171086] (GCC) testsuite on i686-apple-darwin9


LAST_UPDATED: Thu Mar 17 08:30:02 UTC 2011 (revision 171086)

Native configuration is i686-apple-darwin9

=== g++ tests ===


Running target unix/-m32
UNRESOLVED: g++.dg/ext/label13.C compilation failed to produce executable


=== g++ Summary for unix/-m32 ===

# of expected passes		26657
# of expected failures		162
# of unresolved testcases	1
# of unsupported tests		181

Running target unix/-m64
UNRESOLVED: g++.dg/ext/label13.C compilation failed to produce executable


=== g++ Summary for unix/-m64 ===

# of expected passes		26887
# of expected failures		162
# of unresolved testcases	1
# of unsupported tests		381

=== g++ Summary ===

# of expected passes 53544
# of expected failures 324
# of unresolved testcases 2
# of unsupported tests 562
/Volumes/ScratchCS/gcc-4-6-branch-build/gcc/testsuite/g++/../../g++ version 4.6.0 20110317 (prerelease) [gcc-4_6-branch revision 171086] (GCC)


=== gcc tests ===


Running target unix/-m32 FAIL: gcc.c-torture/execute/20040811-1.c compilation, -O3 -g UNRESOLVED: gcc.c-torture/execute/20040811-1.c execution, -O3 -g FAIL: gcc.c-torture/execute/pr43220.c compilation, -O3 -g UNRESOLVED: gcc.c-torture/execute/pr43220.c execution, -O3 -g FAIL: gcc.c-torture/execute/vla-dealloc-1.c compilation, -O3 -g UNRESOLVED: gcc.c-torture/execute/vla-dealloc-1.c execution, -O3 -g

=== gcc Summary for unix/-m32 ===

# of expected passes		74173
# of unexpected failures	3
# of expected failures		210
# of unresolved testcases	3
# of unsupported tests		1387

Running target unix/-m64

=== gcc Summary for unix/-m64 ===

# of expected passes		74310
# of expected failures		211
# of unsupported tests		1764

=== gcc Summary ===

# of expected passes 148483
# of unexpected failures 3
# of expected failures 421
# of unresolved testcases 3
# of unsupported tests 3151
/Volumes/ScratchCS/gcc-4-6-branch-build/gcc/xgcc version 4.6.0 20110317 (prerelease) [gcc-4_6-branch revision 171086] (GCC)


=== gfortran tests ===


Running target unix/-m32


=== gfortran Summary for unix/-m32 ===

# of expected passes		38174
# of expected failures		49
# of unsupported tests		213

Running target unix/-m64

=== gfortran Summary for unix/-m64 ===

# of expected passes		38463
# of expected failures		49
# of unsupported tests		73

=== gfortran Summary ===

# of expected passes 76637
# of expected failures 98
# of unsupported tests 286
/Volumes/ScratchCS/gcc-4-6-branch-build/gcc/testsuite/gfortran/../../ gfortran version 4.6.0 20110317 (prerelease) [gcc-4_6-branch revision 171086] (GCC)


=== obj-c++ tests ===


Running target unix/-m32


=== obj-c++ Summary for unix/-m32 ===

# of expected passes		3031
# of expected failures		2
# of unsupported tests		68

Running target unix/-m32/-fobjc-abi-version=1

=== obj-c++ Summary for unix/-m32/-fobjc-abi-version=1 ===

# of expected passes		3031
# of expected failures		2
# of unsupported tests		68

Running target unix/-m64

=== obj-c++ Summary for unix/-m64 ===

# of expected passes		2981
# of expected failures		19
# of unsupported tests		73

=== obj-c++ Summary ===

# of expected passes 9043
# of expected failures 23
# of unsupported tests 209
/Volumes/ScratchCS/gcc-4-6-branch-build/gcc/testsuite/obj-c++/../../g+ + version 4.6.0 20110317 (prerelease) [gcc-4_6-branch revision 171086] (GCC)


=== objc tests ===


Running target unix/-m32


=== objc Summary for unix/-m32 ===

# of expected passes		5955
# of expected failures		6
# of unsupported tests		86

Running target unix/-m32/-fobjc-abi-version=1

=== objc Summary for unix/-m32/-fobjc-abi-version=1 ===

# of expected passes		5953
# of expected failures		6
# of unsupported tests		87

Running target unix/-m64

=== objc Summary for unix/-m64 ===

# of expected passes		5877
# of expected failures		24
# of unsupported tests		102

=== objc Summary ===

# of expected passes 17785
# of expected failures 36
# of unsupported tests 275
/Volumes/ScratchCS/gcc-4-6-branch-build/gcc/xgcc version 4.6.0 20110317 (prerelease) [gcc-4_6-branch revision 171086] (GCC)


=== libffi tests ===


Running target unix/-m32


=== libffi Summary for unix/-m32 ===

# of expected passes		1634
# of expected failures		10
# of unsupported tests		15

Running target unix/-m64

=== libffi Summary for unix/-m64 ===

# of expected passes		1634
# of expected failures		10
# of unsupported tests		15

=== libffi Summary ===

# of expected passes		3268
# of expected failures		20
# of unsupported tests		30
		=== libgomp tests ===


Running target unix/-m32


=== libgomp Summary for unix/-m32 ===

# of expected passes		2538
# of unsupported tests		2

Running target unix/-m64

=== libgomp Summary for unix/-m64 ===

# of expected passes		2538
# of unsupported tests		2

=== libgomp Summary ===

# of expected passes		5076
# of unsupported tests		4
		=== libjava tests ===


Running target unix/-m32


=== libjava Summary for unix/-m32 ===

# of expected passes 2574

Running target unix/-m64
FAIL: PR16923 run

=== libjava Summary for unix/-m64 ===

# of expected passes		2573
# of unexpected failures	1
# of untested testcases		1

=== libjava Summary ===

# of expected passes		5147
# of unexpected failures	1
# of untested testcases		1
		=== libstdc++ tests ===


Running target unix/-m32 FAIL: ext/mt_allocator/deallocate_global_thread-1.cc execution test FAIL: ext/mt_allocator/deallocate_global_thread-3.cc execution test

=== libstdc++ Summary for unix/-m32 ===

# of expected passes		6996
# of unexpected failures	2
# of expected failures		81
# of unsupported tests		652

Running target unix/-m64
FAIL: ext/mt_allocator/deallocate_global_thread-1.cc execution test
FAIL: ext/mt_allocator/deallocate_global_thread-3.cc execution test

=== libstdc++ Summary for unix/-m64 ===

# of expected passes		6994
# of unexpected failures	2
# of expected failures		81
# of unsupported tests		653

=== libstdc++ Summary ===

# of expected passes		13990
# of unexpected failures	4
# of expected failures		162
# of unsupported tests		1305

=== libstdc++ Summary ===


Compiler version: 4.6.0 20110317 (prerelease) [gcc-4_6-branch revision 171086] (GCC)
Platform: i686-apple-darwin9
configure flags: --prefix=/GCC/gcc-4-6-install --target=i686-apple- darwin9 --host=i686-apple-darwin9 --build=i686-apple-darwin9 --enable- version-specific-runtime-libs --enable-threads --enable- checking=release --program-suffix=-4.6.0 --with-libiconv-prefix=/usr -- with-system-zlib --with-gmp=/GCC/multiprec-math/x86 --with-mpfr=/GCC/ multiprec-math/x86 --with-mpc=/GCC/multiprec-math/x86 --enable- languages=c,objc,c++,obj-c++,fortran,java CC=gcc-4.2 CXX=g++-4.2



Index Nav: [Date Index] [Subject Index] [Author Index] [Thread Index]
Message Nav: [Date Prev] [Date Next] [Thread Prev] [Thread Next]