This is the mail archive of the gcc-testresults@gcc.gnu.org mailing list for the GCC project.


Index Nav: [Date Index] [Subject Index] [Author Index] [Thread Index]
Message Nav: [Date Prev] [Date Next] [Thread Prev] [Thread Next]
Other format: [Raw text]

Results for 4.4.6 20110311 (prerelease) [gcc-4_4-branch revision 170858] (GCC) testsuite on i386-pc-solaris2.8


LAST_UPDATED: Fri Mar 11 17:07:18 UTC 2011 (revision 170858)

		=== acats tests ===

		=== acats Summary ===
# of expected passes		2315
# of unexpected failures	0
Native configuration is i386-pc-solaris2.8

		=== g++ tests ===


Running target unix
FAIL: g++.old-deja/g++.other/headers1.C (test for excess errors)
WARNING: g++.old-deja/g++.other/headers1.C compilation failed to produce executable

		=== g++ Summary ===

# of expected passes		20223
# of unexpected failures	1
# of expected failures		161
# of unsupported tests		133
/var/gcc/regression/gcc-4.4-branch/8-gcc-gas-gld/build/gcc/testsuite/g++/../../g++  version 4.4.6 20110311 (prerelease) [gcc-4_4-branch revision 170858] (GCC) 

		=== gcc tests ===


Running target unix
FAIL: gcc.c-torture/execute/990127-2.c execution,  -O2 
FAIL: gcc.c-torture/execute/990127-2.c execution,  -Os 
XPASS: gcc.dg/tree-ssa/20040204-1.c scan-tree-dump-times optimized "link_error" 0
FAIL: gcc.target/i386/pr37191.c (test for excess errors)
FAIL: gcc.target/i386/pr41963.c (test for excess errors)
FAIL: gcc.target/i386/reload-1.c (test for excess errors)
FAIL: gcc.target/i386/reload-1.c scan-rtl-dump-not csa "deleted 1 dead insns": dump file does not exist

		=== gcc Summary ===

# of expected passes		56496
# of unexpected failures	6
# of unexpected successes	1
# of expected failures		191
# of unsupported tests		749
/var/gcc/regression/gcc-4.4-branch/8-gcc-gas-gld/build/gcc/xgcc  version 4.4.6 20110311 (prerelease) [gcc-4_4-branch revision 170858] (GCC) 

		=== gfortran tests ===


Running target unix
FAIL: gfortran.dg/nint_2.f90  -O0  (test for excess errors)
WARNING: gfortran.dg/nint_2.f90  -O0  compilation failed to produce executable
FAIL: gfortran.dg/pr32533.f90  -O0  (test for excess errors)
WARNING: gfortran.dg/pr32533.f90  -O0  compilation failed to produce executable
FAIL: gfortran.dg/pr32533.f90  -O1  (test for excess errors)
WARNING: gfortran.dg/pr32533.f90  -O1  compilation failed to produce executable
FAIL: gfortran.dg/pr32533.f90  -O2  (test for excess errors)
WARNING: gfortran.dg/pr32533.f90  -O2  compilation failed to produce executable
FAIL: gfortran.dg/pr32533.f90  -O3 -fomit-frame-pointer  (test for excess errors)
WARNING: gfortran.dg/pr32533.f90  -O3 -fomit-frame-pointer  compilation failed to produce executable
FAIL: gfortran.dg/pr32533.f90  -O3 -fomit-frame-pointer -funroll-loops  (test for excess errors)
WARNING: gfortran.dg/pr32533.f90  -O3 -fomit-frame-pointer -funroll-loops  compilation failed to produce executable
FAIL: gfortran.dg/pr32533.f90  -O3 -fomit-frame-pointer -funroll-all-loops -finline-functions  (test for excess errors)
WARNING: gfortran.dg/pr32533.f90  -O3 -fomit-frame-pointer -funroll-all-loops -finline-functions  compilation failed to produce executable
FAIL: gfortran.dg/pr32533.f90  -O3 -g  (test for excess errors)
WARNING: gfortran.dg/pr32533.f90  -O3 -g  compilation failed to produce executable
FAIL: gfortran.dg/pr32533.f90  -Os  (test for excess errors)
WARNING: gfortran.dg/pr32533.f90  -Os  compilation failed to produce executable
FAIL: gfortran.dg/g77/20010430.f  -O0  (test for excess errors)
WARNING: gfortran.dg/g77/20010430.f  -O0  compilation failed to produce executable
FAIL: gfortran.dg/g77/20010430.f  -O1  (test for excess errors)
WARNING: gfortran.dg/g77/20010430.f  -O1  compilation failed to produce executable
FAIL: gfortran.dg/g77/20010430.f  -O2  (test for excess errors)
WARNING: gfortran.dg/g77/20010430.f  -O2  compilation failed to produce executable
FAIL: gfortran.dg/g77/20010430.f  -Os  (test for excess errors)
WARNING: gfortran.dg/g77/20010430.f  -Os  compilation failed to produce executable
FAIL: gfortran.fortran-torture/execute/intrinsic_integer.f90 compilation,  -O0 
FAIL: gfortran.fortran-torture/execute/intrinsic_integer.f90 compilation,  -O1 
FAIL: gfortran.fortran-torture/execute/intrinsic_integer.f90 compilation,  -O2 
FAIL: gfortran.fortran-torture/execute/intrinsic_integer.f90 compilation,  -O2 -fbounds-check 
FAIL: gfortran.fortran-torture/execute/intrinsic_integer.f90 compilation,  -Os 
FAIL: gfortran.fortran-torture/execute/iolength_1.f90 compilation,  -O0 
FAIL: gfortran.fortran-torture/execute/iolength_1.f90 compilation,  -O1 
FAIL: gfortran.fortran-torture/execute/iolength_1.f90 compilation,  -O2 
FAIL: gfortran.fortran-torture/execute/iolength_1.f90 compilation,  -O2 -fomit-frame-pointer -finline-functions 
FAIL: gfortran.fortran-torture/execute/iolength_1.f90 compilation,  -O2 -fomit-frame-pointer -finline-functions -funroll-loops 
FAIL: gfortran.fortran-torture/execute/iolength_1.f90 compilation,  -O2 -fbounds-check 
FAIL: gfortran.fortran-torture/execute/iolength_1.f90 compilation,  -O3 -g 
FAIL: gfortran.fortran-torture/execute/iolength_1.f90 compilation,  -Os 

		=== gfortran Summary ===

# of expected passes		29491
# of unexpected failures	26
# of expected failures		9
# of untested testcases		13
# of unsupported tests		261
/var/gcc/regression/gcc-4.4-branch/8-gcc-gas-gld/build/gcc/testsuite/gfortran/../../gfortran  version 4.4.6 20110311 (prerelease) [gcc-4_4-branch revision 170858] (GCC) 

		=== gnat tests ===


Running target unix

		=== gnat Summary ===

# of expected passes		617
# of expected failures		6
# of unsupported tests		1
		=== objc tests ===


Running target unix

		=== objc Summary ===

# of expected passes		1874
# of expected failures		7
# of unsupported tests		24
/var/gcc/regression/gcc-4.4-branch/8-gcc-gas-gld/build/gcc/xgcc  version 4.4.6 20110311 (prerelease) [gcc-4_4-branch revision 170858] (GCC) 

		=== libffi tests ===


Running target unix

		=== libffi Summary ===

# of expected passes		1399
# of unsupported tests		10
		=== libgomp tests ===


Running target unix
FAIL: libgomp.fortran/crayptr2.f90  -O0  execution test
FAIL: libgomp.fortran/crayptr2.f90  -O1  execution test
FAIL: libgomp.fortran/crayptr2.f90  -O2  execution test
FAIL: libgomp.fortran/crayptr2.f90  -O3 -fomit-frame-pointer  execution test
FAIL: libgomp.fortran/crayptr2.f90  -O3 -fomit-frame-pointer -funroll-loops  execution test
FAIL: libgomp.fortran/crayptr2.f90  -O3 -fomit-frame-pointer -funroll-all-loops -finline-functions  execution test
FAIL: libgomp.fortran/crayptr2.f90  -O3 -g  execution test
FAIL: libgomp.fortran/crayptr2.f90  -Os  execution test
FAIL: libgomp.fortran/pr32550.f90  -O0  execution test
FAIL: libgomp.fortran/pr32550.f90  -O1  execution test
FAIL: libgomp.fortran/pr32550.f90  -O2  execution test
FAIL: libgomp.fortran/pr32550.f90  -O3 -fomit-frame-pointer  execution test
FAIL: libgomp.fortran/pr32550.f90  -O3 -fomit-frame-pointer -funroll-loops  execution test
FAIL: libgomp.fortran/pr32550.f90  -O3 -fomit-frame-pointer -funroll-all-loops -finline-functions  execution test
FAIL: libgomp.fortran/pr32550.f90  -O3 -g  execution test
FAIL: libgomp.fortran/pr32550.f90  -Os  execution test

		=== libgomp Summary ===

# of expected passes		2252
# of unexpected failures	16
# of unsupported tests		128
		=== libjava tests ===


Running target unix
WARNING: program timed out.
FAIL: getstacktrace run
FAIL: events output
WARNING: program timed out.
FAIL: getallthreads run
WARNING: program timed out.
FAIL: PR18699 -findirect-dispatch execution - source compiled test
WARNING: program timed out.
FAIL: PR18699 -O3 execution - source compiled test
WARNING: program timed out.
FAIL: PR18699 -O3 -findirect-dispatch execution - source compiled test
WARNING: program timed out.
FAIL: PR27908 execution - source compiled test
WARNING: program timed out.
FAIL: PR27908 -findirect-dispatch execution - source compiled test
WARNING: program timed out.
FAIL: PR27908 -O3 execution - source compiled test
WARNING: program timed out.
FAIL: PR27908 -O3 -findirect-dispatch execution - source compiled test
FAIL: Process_3 execution - source compiled test
FAIL: Process_3 -findirect-dispatch execution - source compiled test
FAIL: Process_3 -O3 execution - source compiled test
FAIL: Process_3 -O3 -findirect-dispatch execution - source compiled test
FAIL: SyncTest execution - source compiled test
FAIL: SyncTest -findirect-dispatch execution - source compiled test
FAIL: SyncTest -O3 execution - source compiled test
FAIL: Thread_Monitor -O3 -findirect-dispatch execution - source compiled test
FAIL: Throw_2 execution - source compiled test
FAIL: Throw_2 -findirect-dispatch execution - source compiled test
FAIL: Throw_2 -O3 execution - source compiled test
FAIL: Throw_2 -O3 -findirect-dispatch execution - source compiled test

		=== libjava Summary ===

# of expected passes		2533
# of unexpected failures	22
# of untested testcases		21
		=== libstdc++ tests ===


Running target unix

		=== libstdc++ Summary ===

# of expected passes		5453
# of expected failures		73
# of unsupported tests		553

		=== libstdc++ Summary ===


Compiler version: 4.4.6 20110311 (prerelease) [gcc-4_4-branch revision 170858] (GCC) 
Platform: i386-pc-solaris2.8
configure flags: --prefix=/vol/gcc --target=i386-pc-solaris2.8 --with-as=/vol/gcc/bin/gas-2.21 --with-gnu-as --with-ld=/vol/gcc/bin/gld-2.21 --with-gnu-ld --with-gmp=/vol/gcc --with-mpfr=/vol/gcc --with-mpc=/vol/gcc --enable-languages=all,ada
BOOT_CFLAGS=-g -O2


Index Nav: [Date Index] [Subject Index] [Author Index] [Thread Index]
Message Nav: [Date Prev] [Date Next] [Thread Prev] [Thread Next]