This is the mail archive of the gcc-testresults@gcc.gnu.org mailing list for the GCC project.


Index Nav: [Date Index] [Subject Index] [Author Index] [Thread Index]
Message Nav: [Date Prev] [Date Next] [Thread Prev] [Thread Next]
Other format: [Raw text]

Results for 4.6.0 20110314 (prerelease) (GCC) testsuite on armv7l-unknown-linux-gnueabi


ursa1 finished running job gcc-4.6.0-RC-20110314 on armv7l-maverick-cbuild84-ursa1-cortexa8r1.

The results are here:
 http://ex.seabright.co.nz/build/gcc-4.6.0-RC-20110314

and soon enough, here:
 http://builds.linaro.org/toolchain/gcc-4.6.0-RC-20110314

This email is sent from a cbuild (https://launchpad.net/cbuild) based
bot which is administered by Michael Hope <michael.hope@linaro.org>.


LAST_UPDATED: Obtained from SVN: branches/gcc-4_6-branch revision 170942


Native configuration is armv7l-unknown-linux-gnueabi

=== libstdc++ tests ===


Running target unix


=== libstdc++ Summary ===

# of expected passes		7380
# of expected failures		81
# of unsupported tests		450
		=== g++ tests ===


Running target unix FAIL: g++.dg/abi/local1.C execution test FAIL: g++.dg/abi/packed1.C (test for excess errors) XPASS: g++.dg/other/packed1.C execution test FAIL: g++.dg/template/stdarg1.C (test for excess errors) FAIL: g++.dg/warn/Wunused-parm-3.C (test for excess errors) FAIL: 23:is 1:should be 2 FAIL: g++.dg/gcov/gcov-2.C gcov: 1 failures in line counts, 0 in branch percentages, 0 in return percentages FAIL: g++.dg/vect/pr36648.cc scan-tree-dump-times vect "vectorized 1 loops" 1 FAIL: g++.dg/vect/pr36648.cc scan-tree-dump-times vect "vectorizing stmts using SLP" 1

=== g++ Summary ===

# of expected passes		26269
# of unexpected failures	8
# of unexpected successes	1
# of expected failures		161
# of unsupported tests		401
/scratch/cbuild/slave/slaves/ursa1/gcc-4.6.0-RC-20110314/gcc/default/build/gcc/testsuite/g++/../../g++  version 4.6.0 20110314 (prerelease) (GCC)

=== gcc tests ===


Running target unix WARNING: program timed out. FAIL: gcc.c-torture/compile/limits-fndefn.c -O3 -g (test for excess errors) FAIL: gcc.dg/c99-stdint-1.c (test for excess errors) FAIL: gcc.dg/c99-stdint-7.c (test for excess errors) FAIL: gcc.dg/uninit-13.c unconditional (test for warnings, line 8) FAIL: gcc.dg/uninit-13.c (test for excess errors) XPASS: gcc.dg/guality/example.c -O0 execution test XPASS: gcc.dg/guality/example.c -Os execution test XPASS: gcc.dg/guality/guality.c -O0 execution test XPASS: gcc.dg/guality/guality.c -O1 execution test XPASS: gcc.dg/guality/guality.c -O2 execution test XPASS: gcc.dg/guality/guality.c -O3 -fomit-frame-pointer execution test XPASS: gcc.dg/guality/guality.c -O3 -g execution test XPASS: gcc.dg/guality/guality.c -Os execution test XPASS: gcc.dg/guality/guality.c -O2 -flto -flto-partition=none execution test XPASS: gcc.dg/guality/guality.c -O2 -flto execution test XPASS: gcc.dg/guality/inline-params.c -O2 execution test XPASS: gcc.dg/guality/inline-params.c -O3 -fomit-frame-pointer execution test XPASS: gcc.dg/guality/inline-params.c -O3 -g execution test XPASS: gcc.dg/guality/inline-params.c -Os execution test FAIL: gcc.dg/guality/pr36728-1.c -O1 line 12 arg2 == 2 FAIL: gcc.dg/guality/pr36728-1.c -O1 line 12 arg3 == 3 FAIL: gcc.dg/guality/pr36728-1.c -O1 line 12 arg4 == 4 FAIL: gcc.dg/guality/pr36728-1.c -O1 line 14 arg2 == 2 FAIL: gcc.dg/guality/pr36728-1.c -O1 line 14 arg3 == 3 FAIL: gcc.dg/guality/pr36728-1.c -O1 line 14 arg4 == 4 FAIL: gcc.dg/guality/pr36728-1.c -O2 line 12 arg3 == 3 FAIL: gcc.dg/guality/pr36728-1.c -O2 line 12 arg4 == 4 FAIL: gcc.dg/guality/pr36728-1.c -O2 line 14 arg2 == 2 FAIL: gcc.dg/guality/pr36728-1.c -O2 line 14 arg3 == 3 FAIL: gcc.dg/guality/pr36728-1.c -O2 line 14 arg4 == 4 FAIL: gcc.dg/guality/pr36728-1.c -O3 -fomit-frame-pointer line 12 arg3 == 3 FAIL: gcc.dg/guality/pr36728-1.c -O3 -fomit-frame-pointer line 12 arg4 == 4 FAIL: gcc.dg/guality/pr36728-1.c -O3 -fomit-frame-pointer line 14 arg2 == 2 FAIL: gcc.dg/guality/pr36728-1.c -O3 -fomit-frame-pointer line 14 arg3 == 3 FAIL: gcc.dg/guality/pr36728-1.c -O3 -fomit-frame-pointer line 14 arg4 == 4 FAIL: gcc.dg/guality/pr36728-1.c -O3 -g line 12 arg3 == 3 FAIL: gcc.dg/guality/pr36728-1.c -O3 -g line 12 arg4 == 4 FAIL: gcc.dg/guality/pr36728-1.c -O3 -g line 14 arg2 == 2 FAIL: gcc.dg/guality/pr36728-1.c -O3 -g line 14 arg3 == 3 FAIL: gcc.dg/guality/pr36728-1.c -O3 -g line 14 arg4 == 4 FAIL: gcc.dg/guality/pr36728-1.c -Os line 12 arg2 == 2 FAIL: gcc.dg/guality/pr36728-1.c -Os line 12 arg3 == 3 FAIL: gcc.dg/guality/pr36728-1.c -Os line 12 arg4 == 4 FAIL: gcc.dg/guality/pr36728-1.c -Os line 14 arg2 == 2 FAIL: gcc.dg/guality/pr36728-1.c -Os line 14 arg3 == 3 FAIL: gcc.dg/guality/pr36728-1.c -Os line 14 arg4 == 4 FAIL: gcc.dg/guality/pr36728-1.c -O2 -flto -flto-partition=none line 12 arg3 == 3 FAIL: gcc.dg/guality/pr36728-1.c -O2 -flto -flto-partition=none line 12 arg4 == 4 FAIL: gcc.dg/guality/pr36728-1.c -O2 -flto -flto-partition=none line 14 arg2 == 2 FAIL: gcc.dg/guality/pr36728-1.c -O2 -flto -flto-partition=none line 14 arg3 == 3 FAIL: gcc.dg/guality/pr36728-1.c -O2 -flto -flto-partition=none line 14 arg4 == 4 FAIL: gcc.dg/guality/pr36728-1.c -O2 -flto line 12 arg3 == 3 FAIL: gcc.dg/guality/pr36728-1.c -O2 -flto line 12 arg4 == 4 FAIL: gcc.dg/guality/pr36728-1.c -O2 -flto line 14 arg2 == 2 FAIL: gcc.dg/guality/pr36728-1.c -O2 -flto line 14 arg3 == 3 FAIL: gcc.dg/guality/pr36728-1.c -O2 -flto line 14 arg4 == 4 FAIL: gcc.dg/guality/pr36728-2.c -O1 line 12 arg3 == 3 FAIL: gcc.dg/guality/pr36728-2.c -O1 line 12 arg4 == 4 FAIL: gcc.dg/guality/pr36728-2.c -O1 line 14 arg3 == 3 FAIL: gcc.dg/guality/pr36728-2.c -O1 line 14 arg4 == 4 FAIL: gcc.dg/guality/pr36728-2.c -O2 line 12 arg3 == 3 FAIL: gcc.dg/guality/pr36728-2.c -O2 line 12 arg4 == 4 FAIL: gcc.dg/guality/pr36728-2.c -O2 line 14 arg3 == 3 FAIL: gcc.dg/guality/pr36728-2.c -O2 line 14 arg4 == 4 FAIL: gcc.dg/guality/pr36728-2.c -O3 -fomit-frame-pointer line 12 arg3 == 3 FAIL: gcc.dg/guality/pr36728-2.c -O3 -fomit-frame-pointer line 12 arg4 == 4 FAIL: gcc.dg/guality/pr36728-2.c -O3 -fomit-frame-pointer line 14 arg3 == 3 FAIL: gcc.dg/guality/pr36728-2.c -O3 -fomit-frame-pointer line 14 arg4 == 4 FAIL: gcc.dg/guality/pr36728-2.c -O3 -g line 12 arg3 == 3 FAIL: gcc.dg/guality/pr36728-2.c -O3 -g line 12 arg4 == 4 FAIL: gcc.dg/guality/pr36728-2.c -O3 -g line 14 arg3 == 3 FAIL: gcc.dg/guality/pr36728-2.c -O3 -g line 14 arg4 == 4 FAIL: gcc.dg/guality/pr36728-2.c -Os line 12 arg3 == 3 FAIL: gcc.dg/guality/pr36728-2.c -Os line 12 arg4 == 4 FAIL: gcc.dg/guality/pr36728-2.c -Os line 14 arg3 == 3 FAIL: gcc.dg/guality/pr36728-2.c -Os line 14 arg4 == 4 FAIL: gcc.dg/guality/pr36728-2.c -O2 -flto -flto-partition=none line 12 arg3 == 3 FAIL: gcc.dg/guality/pr36728-2.c -O2 -flto -flto-partition=none line 12 arg4 == 4 FAIL: gcc.dg/guality/pr36728-2.c -O2 -flto -flto-partition=none line 14 arg3 == 3 FAIL: gcc.dg/guality/pr36728-2.c -O2 -flto -flto-partition=none line 14 arg4 == 4 FAIL: gcc.dg/guality/pr36728-2.c -O2 -flto line 12 arg3 == 3 FAIL: gcc.dg/guality/pr36728-2.c -O2 -flto line 12 arg4 == 4 FAIL: gcc.dg/guality/pr36728-2.c -O2 -flto line 14 arg3 == 3 FAIL: gcc.dg/guality/pr36728-2.c -O2 -flto line 14 arg4 == 4 XPASS: gcc.dg/guality/pr41353-1.c -O0 line 28 j == 28 + 37 FAIL: gcc.dg/guality/pr41353-1.c -O1 line 28 i == 37 XPASS: gcc.dg/guality/pr41353-1.c -O1 line 28 j == 28 + 37 FAIL: gcc.dg/guality/pr41353-1.c -O1 line 28 i1 == 2 * 37 FAIL: gcc.dg/guality/pr41353-1.c -O1 line 28 i2 == 3 * 37 FAIL: gcc.dg/guality/pr41353-1.c -O2 line 28 i == 37 XPASS: gcc.dg/guality/pr41353-1.c -O2 line 28 j == 28 + 37 FAIL: gcc.dg/guality/pr41353-1.c -O2 line 28 i1 == 2 * 37 FAIL: gcc.dg/guality/pr41353-1.c -O2 line 28 i2 == 3 * 37 FAIL: gcc.dg/guality/pr41353-1.c -O3 -fomit-frame-pointer line 28 i == 37 XPASS: gcc.dg/guality/pr41353-1.c -O3 -fomit-frame-pointer line 28 j == 28 + 37 FAIL: gcc.dg/guality/pr41353-1.c -O3 -fomit-frame-pointer line 28 i1 == 2 * 37 FAIL: gcc.dg/guality/pr41353-1.c -O3 -fomit-frame-pointer line 28 i2 == 3 * 37 FAIL: gcc.dg/guality/pr41353-1.c -O3 -g line 28 i == 37 XPASS: gcc.dg/guality/pr41353-1.c -O3 -g line 28 j == 28 + 37 FAIL: gcc.dg/guality/pr41353-1.c -O3 -g line 28 i1 == 2 * 37 FAIL: gcc.dg/guality/pr41353-1.c -O3 -g line 28 i2 == 3 * 37 FAIL: gcc.dg/guality/pr41353-1.c -Os line 28 i == 37 XPASS: gcc.dg/guality/pr41353-1.c -Os line 28 j == 28 + 37 FAIL: gcc.dg/guality/pr41353-1.c -Os line 28 i1 == 2 * 37 FAIL: gcc.dg/guality/pr41353-1.c -Os line 28 i2 == 3 * 37 FAIL: gcc.dg/guality/pr41353-1.c -O2 -flto -flto-partition=none line 28 i == 37 XPASS: gcc.dg/guality/pr41353-1.c -O2 -flto -flto-partition=none line 28 j == 28 + 37 FAIL: gcc.dg/guality/pr41353-1.c -O2 -flto -flto-partition=none line 28 i1 == 2 * 37 FAIL: gcc.dg/guality/pr41353-1.c -O2 -flto -flto-partition=none line 28 i2 == 3 * 37 FAIL: gcc.dg/guality/pr41353-1.c -O2 -flto line 28 i == 37 XPASS: gcc.dg/guality/pr41353-1.c -O2 -flto line 28 j == 28 + 37 FAIL: gcc.dg/guality/pr41353-1.c -O2 -flto line 28 i1 == 2 * 37 FAIL: gcc.dg/guality/pr41353-1.c -O2 -flto line 28 i2 == 3 * 37 XPASS: gcc.dg/guality/pr41447-1.c -O0 execution test XPASS: gcc.dg/guality/pr41447-1.c -O1 execution test XPASS: gcc.dg/guality/pr41447-1.c -O2 execution test XPASS: gcc.dg/guality/pr41447-1.c -O3 -fomit-frame-pointer execution test XPASS: gcc.dg/guality/pr41447-1.c -O3 -g execution test XPASS: gcc.dg/guality/pr41447-1.c -Os execution test XPASS: gcc.dg/guality/pr41616-1.c -O0 execution test XPASS: gcc.dg/guality/pr41616-1.c -O1 execution test XPASS: gcc.dg/guality/pr41616-1.c -O2 execution test XPASS: gcc.dg/guality/pr41616-1.c -O3 -fomit-frame-pointer execution test XPASS: gcc.dg/guality/pr41616-1.c -O3 -g execution test XPASS: gcc.dg/guality/pr41616-1.c -Os execution test FAIL: gcc.dg/guality/pr43051-1.c -O1 line 39 c == &a[0] FAIL: gcc.dg/guality/sra-1.c -O2 line 43 a.j == 14 FAIL: gcc.dg/guality/sra-1.c -O3 -fomit-frame-pointer line 43 a.j == 14 FAIL: gcc.dg/guality/sra-1.c -O3 -g line 43 a.j == 14 FAIL: gcc.dg/guality/sra-1.c -Os line 43 a.j == 14 FAIL: gcc.dg/guality/sra-1.c -O2 -flto -flto-partition=none line 43 a.j == 14 FAIL: gcc.dg/guality/sra-1.c -O2 -flto line 43 a.j == 14 FAIL: gcc.dg/guality/vla-1.c -O0 line 17 sizeof (a) == 6 FAIL: gcc.dg/guality/vla-1.c -O0 line 24 sizeof (a) == 17 * sizeof (short) FAIL: gcc.dg/guality/vla-1.c -O1 line 17 sizeof (a) == 6 FAIL: gcc.dg/guality/vla-1.c -O1 line 24 sizeof (a) == 17 * sizeof (short) FAIL: gcc.dg/guality/vla-1.c -O2 line 17 sizeof (a) == 6 FAIL: gcc.dg/guality/vla-1.c -O2 line 24 sizeof (a) == 17 * sizeof (short) FAIL: gcc.dg/guality/vla-1.c -O3 -fomit-frame-pointer line 17 sizeof (a) == 6 FAIL: gcc.dg/guality/vla-1.c -O3 -fomit-frame-pointer line 24 sizeof (a) == 17 * sizeof (short) FAIL: gcc.dg/guality/vla-1.c -O3 -g line 17 sizeof (a) == 6 FAIL: gcc.dg/guality/vla-1.c -O3 -g line 24 sizeof (a) == 17 * sizeof (short) FAIL: gcc.dg/guality/vla-1.c -Os line 17 sizeof (a) == 6 FAIL: gcc.dg/guality/vla-1.c -Os line 24 sizeof (a) == 17 * sizeof (short) FAIL: gcc.dg/guality/vla-1.c -O2 -flto -flto-partition=none line 17 sizeof (a) == 6 FAIL: gcc.dg/guality/vla-1.c -O2 -flto -flto-partition=none line 24 sizeof (a) == 17 * sizeof (short) FAIL: gcc.dg/guality/vla-1.c -O2 -flto line 17 sizeof (a) == 6 FAIL: gcc.dg/guality/vla-1.c -O2 -flto line 24 sizeof (a) == 17 * sizeof (short) FAIL: gcc.dg/guality/vla-2.c -O0 line 16 sizeof (a) == 5 * sizeof (int) FAIL: gcc.dg/guality/vla-2.c -O0 line 25 sizeof (a) == 6 * sizeof (int) FAIL: gcc.dg/guality/vla-2.c -O1 line 16 sizeof (a) == 5 * sizeof (int) FAIL: gcc.dg/guality/vla-2.c -O1 line 25 sizeof (a) == 6 * sizeof (int) FAIL: gcc.dg/guality/vla-2.c -O2 line 16 sizeof (a) == 5 * sizeof (int) FAIL: gcc.dg/guality/vla-2.c -O2 line 25 sizeof (a) == 6 * sizeof (int) FAIL: gcc.dg/guality/vla-2.c -O3 -fomit-frame-pointer line 16 sizeof (a) == 5 * sizeof (int) FAIL: gcc.dg/guality/vla-2.c -O3 -fomit-frame-pointer line 25 sizeof (a) == 6 * sizeof (int) FAIL: gcc.dg/guality/vla-2.c -O3 -g line 16 sizeof (a) == 5 * sizeof (int) FAIL: gcc.dg/guality/vla-2.c -O3 -g line 25 sizeof (a) == 6 * sizeof (int) FAIL: gcc.dg/guality/vla-2.c -Os line 16 sizeof (a) == 5 * sizeof (int) FAIL: gcc.dg/guality/vla-2.c -Os line 25 sizeof (a) == 6 * sizeof (int) FAIL: gcc.dg/guality/vla-2.c -O2 -flto -flto-partition=none line 16 sizeof (a) == 5 * sizeof (int) FAIL: gcc.dg/guality/vla-2.c -O2 -flto -flto-partition=none line 25 sizeof (a) == 6 * sizeof (int) FAIL: gcc.dg/guality/vla-2.c -O2 -flto line 16 sizeof (a) == 5 * sizeof (int) FAIL: gcc.dg/guality/vla-2.c -O2 -flto line 25 sizeof (a) == 6 * sizeof (int) FAIL: gcc.dg/pch/common-1.c -O0 -I. (internal compiler error) FAIL: gcc.dg/pch/common-1.c -O0 -I. (test for excess errors) FAIL: gcc.dg/pch/common-1.c -O0 assembly comparison FAIL: gcc.dg/pch/common-1.c -O1 -I. (internal compiler error) FAIL: gcc.dg/pch/common-1.c -O1 -I. (test for excess errors) FAIL: gcc.dg/pch/common-1.c -O1 assembly comparison FAIL: gcc.dg/pch/counter-1.c -O1 -I. (internal compiler error) FAIL: gcc.dg/pch/counter-1.c -O1 -I. (test for excess errors) FAIL: gcc.dg/pch/counter-1.c -O1 assembly comparison FAIL: gcc.dg/pch/counter-1.c -O3 -fomit-frame-pointer -I. (internal compiler error) FAIL: gcc.dg/pch/counter-1.c -O3 -fomit-frame-pointer -I. (test for excess errors) FAIL: gcc.dg/pch/counter-1.c -O3 -fomit-frame-pointer assembly comparison FAIL: gcc.dg/pch/counter-3.c -O0 -I. (internal compiler error) FAIL: gcc.dg/pch/counter-3.c -O0 -I. (test for excess errors) FAIL: gcc.dg/pch/counter-3.c -O0 assembly comparison FAIL: gcc.dg/pch/counter-3.c -O3 -g -I. (internal compiler error) FAIL: gcc.dg/pch/counter-3.c -O3 -g -I. (test for excess errors) FAIL: gcc.dg/pch/counter-3.c -O3 -g assembly comparison FAIL: gcc.dg/pch/cpp-1.c -O0 -I. (internal compiler error) FAIL: gcc.dg/pch/cpp-1.c -O0 -I. (test for excess errors) FAIL: gcc.dg/pch/cpp-1.c -O0 assembly comparison FAIL: gcc.dg/pch/cpp-2.c -O0 -g -I. (internal compiler error) FAIL: gcc.dg/pch/cpp-2.c -O0 -g -I. (test for excess errors) FAIL: gcc.dg/pch/cpp-2.c -O0 -g assembly comparison FAIL: gcc.dg/pch/cpp-3.c -O3 -g -I. (internal compiler error) FAIL: gcc.dg/pch/cpp-3.c -O3 -g -I. (test for warnings, line ) FAIL: gcc.dg/pch/cpp-3.c -O3 -g -I. (test for excess errors) FAIL: gcc.dg/pch/cpp-3.c -O3 -g assembly comparison FAIL: gcc.dg/pch/decl-1.c -O3 -g -I. (internal compiler error) FAIL: gcc.dg/pch/decl-1.c -O3 -g -I. (test for excess errors) FAIL: gcc.dg/pch/decl-1.c -O3 -g assembly comparison FAIL: gcc.dg/pch/decl-3.c -Os -I. (internal compiler error) FAIL: gcc.dg/pch/decl-3.c -Os -I. (test for excess errors) FAIL: gcc.dg/pch/decl-3.c -Os assembly comparison FAIL: gcc.dg/pch/global-1.c -O3 -fomit-frame-pointer -I. (internal compiler error) FAIL: gcc.dg/pch/global-1.c -O3 -fomit-frame-pointer -I. (test for excess errors) FAIL: gcc.dg/pch/global-1.c -O3 -fomit-frame-pointer assembly comparison FAIL: gcc.dg/pch/import-1.c -O2 -I. (internal compiler error) FAIL: gcc.dg/pch/import-1.c -O2 -I. (test for excess errors) FAIL: gcc.dg/pch/import-1.c -O2 assembly comparison FAIL: gcc.dg/pch/inline-1.c -O1 -I. (internal compiler error) FAIL: gcc.dg/pch/inline-1.c -O1 -I. (test for excess errors) FAIL: gcc.dg/pch/inline-1.c -O1 assembly comparison FAIL: gcc.dg/pch/inline-4.c -O0 -I. (internal compiler error) FAIL: gcc.dg/pch/inline-4.c -O0 -I. (test for excess errors) FAIL: gcc.dg/pch/inline-4.c -O0 assembly comparison FAIL: gcc.dg/pch/macro-1.c -O0 -g -I. (internal compiler error) FAIL: gcc.dg/pch/macro-1.c -O0 -g -I. (test for excess errors) FAIL: gcc.dg/pch/macro-1.c -O0 -g assembly comparison FAIL: gcc.dg/pch/macro-1.c -Os -I. (internal compiler error) FAIL: gcc.dg/pch/macro-1.c -Os -I. (test for excess errors) FAIL: gcc.dg/pch/macro-1.c -Os assembly comparison FAIL: gcc.dg/pch/macro-3.c -Os -I. (internal compiler error) FAIL: gcc.dg/pch/macro-3.c -Os -I. (test for excess errors) FAIL: gcc.dg/pch/macro-3.c -Os assembly comparison FAIL: gcc.dg/pch/static-1.c -O0 -g -I. (internal compiler error) FAIL: gcc.dg/pch/static-1.c -O0 -g -I. (test for excess errors) FAIL: gcc.dg/pch/static-1.c -O0 -g assembly comparison FAIL: gcc.dg/pch/static-1.c -O2 -I. (internal compiler error) FAIL: gcc.dg/pch/static-1.c -O2 -I. (test for excess errors) FAIL: gcc.dg/pch/static-1.c -O2 assembly comparison FAIL: gcc.dg/pch/static-3.c -O3 -g -I. (internal compiler error) FAIL: gcc.dg/pch/static-3.c -O3 -g -I. (test for excess errors) FAIL: gcc.dg/pch/static-3.c -O3 -g assembly comparison FAIL: gcc.dg/pch/valid-1b.c -Os -I. (internal compiler error) FAIL: gcc.dg/pch/valid-1b.c -Os -I. (test for excess errors) FAIL: gcc.dg/pch/valid-1b.c -Os assembly comparison FAIL: gcc.dg/pch/valid-4.c -O2 -I. (internal compiler error) FAIL: gcc.dg/pch/valid-4.c -O2 -I. (test for warnings, line 5) FAIL: gcc.dg/pch/valid-4.c -O2 -I. (test for excess errors) FAIL: gcc.dg/pch/valid-4.c -O2 assembly comparison FAIL: gcc.dg/pch/valid-4.c -Os -I. (internal compiler error) FAIL: gcc.dg/pch/valid-4.c -Os -I. (test for warnings, line 5) FAIL: gcc.dg/pch/valid-4.c -Os -I. (test for excess errors) FAIL: gcc.dg/pch/valid-4.c -Os assembly comparison FAIL: gcc.dg/pch/valid-5.c -O2 -I. (internal compiler error) FAIL: gcc.dg/pch/valid-5.c -O2 -I. (test for excess errors) FAIL: gcc.dg/pch/valid-5.c -O2 assembly comparison FAIL: gcc.dg/pch/valid-5.c -O3 -fomit-frame-pointer -I. (internal compiler error) FAIL: gcc.dg/pch/valid-5.c -O3 -fomit-frame-pointer -I. (test for excess errors) FAIL: gcc.dg/pch/valid-5.c -O3 -fomit-frame-pointer assembly comparison WARNING: program timed out. FAIL: largefile.c -Os -I. (test for excess errors) FAIL: gcc.dg/pch/largefile.c -Os assembly comparison XPASS: gcc.dg/tree-ssa/20040204-1.c scan-tree-dump-times optimized "link_error" 0 FAIL: gcc.dg/tree-ssa/pr42585.c scan-tree-dump-times optimized "struct _fat_ptr _ans" 0 FAIL: gcc.dg/tree-ssa/pr42585.c scan-tree-dump-times optimized "struct _fat_ptr _T2" 0 XPASS: gcc.dg/vect/vect-16.c scan-tree-dump-times vect "vectorized 1 loops" 1 FAIL: gcc.dg/vect/vect-72.c scan-tree-dump-times vect "Alignment of access forced using peeling" 0 FAIL: gcc.dg/vect/vect-multitypes-11.c scan-tree-dump-times vect "vectorized 1 loops" 1 FAIL: gcc.dg/vect/vect-multitypes-12.c scan-tree-dump-times vect "vectorized 1 loops" 1 FAIL: gcc.dg/vect/vect-peel-3.c scan-tree-dump-times vect "Vectorizing an unaligned access" 1 FAIL: gcc.dg/vect/vect-peel-4.c scan-tree-dump-times vect "Vectorizing an unaligned access" 1 FAIL: gcc.dg/vect/vect-reduc-dot-s16b.c scan-tree-dump-times vect "vectorized 1 loops" 0 FAIL: gcc.dg/vect/vect-reduc-pattern-1a.c scan-tree-dump-times vect "vectorized 1 loops" 0 FAIL: gcc.dg/vect/vect-reduc-pattern-1b.c scan-tree-dump-times vect "vectorized 1 loops" 0 FAIL: gcc.dg/vect/vect-reduc-pattern-1c.c scan-tree-dump-times vect "vectorized 1 loops" 0 FAIL: gcc.dg/vect/vect-reduc-pattern-2a.c scan-tree-dump-times vect "vectorized 1 loops" 0 FAIL: gcc.dg/vect/vect-reduc-pattern-2b.c scan-tree-dump-times vect "vectorized 1 loops" 0 XPASS: gcc.dg/vect/slp-reduc-3.c scan-tree-dump-times vect "vectorizing stmts using SLP" 1 FAIL: gcc.dg/vect/bb-slp-10.c scan-tree-dump-times slp "unsupported alignment in basic block." 1 FAIL: gcc.dg/vect/wrapv-vect-reduc-pattern-2c.c scan-tree-dump-times vect "vectorized 1 loops" 0 XPASS: gcc.dg/vect/no-scevccp-outer-16.c scan-tree-dump-times vect "OUTER LOOP VECTORIZED." 1 XPASS: gcc.dg/vect/no-scevccp-outer-17.c scan-tree-dump-times vect "OUTER LOOP VECTORIZED." 1 XPASS: gcc.dg/vect/no-scevccp-outer-19.c scan-tree-dump-times vect "OUTER LOOP VECTORIZED." 1 XPASS: gcc.dg/vect/no-scevccp-outer-21.c scan-tree-dump-times vect "OUTER LOOP VECTORIZED." 1 FAIL: gcc.target/arm/fp16-compile-none-1.c (test for errors, line 6) FAIL: gcc.target/arm/fp16-compile-none-1.c (test for excess errors) FAIL: gcc.target/arm/g2.c scan-assembler mla[ \\t].* FAIL: gcc.target/arm/pr42093.c scan-assembler-not tbb FAIL: gcc.target/arm/pr42575.c scan-assembler-not mov FAIL: gcc.target/arm/scd42-2.c scan-assembler mov[ \\t].*272 FAIL: gcc.target/arm/vfp-1.c scan-assembler flds.+ \\\\[r0, #-1020\\\\] FAIL: gcc.target/arm/vfp-1.c scan-assembler fldd.+ \\\\[r1, #-1016\\\\]

=== gcc Summary ===

# of expected passes		75005
# of unexpected failures	236
# of unexpected successes	41
# of expected failures		212
# of unsupported tests		995
/scratch/cbuild/slave/slaves/ursa1/gcc-4.6.0-RC-20110314/gcc/default/build/gcc/xgcc  version 4.6.0 20110314 (prerelease) (GCC)

=== gfortran tests ===


Running target unix FAIL: gfortran.dg/actual_array_constructor_3.f90 -O3 -fomit-frame-pointer -funroll-loops execution test FAIL: gfortran.dg/actual_array_constructor_3.f90 -O3 -fomit-frame-pointer -funroll-all-loops -finline-functions execution test FAIL: gfortran.dg/pr45636.f90 -O scan-tree-dump-times forwprop2 "memset" 0 FAIL: gfortran.dg/vect/fast-math-pr38968.f90 scan-tree-dump vect "vectorized 1 loops"

=== gfortran Summary ===

# of expected passes		37371
# of unexpected failures	4
# of expected failures		41
# of unsupported tests		384
/scratch/cbuild/slave/slaves/ursa1/gcc-4.6.0-RC-20110314/gcc/default/build/gcc/testsuite/gfortran/../../gfortran  version 4.6.0 20110314 (prerelease) (GCC)

=== obj-c++ tests ===


Running target unix


=== obj-c++ Summary ===

# of expected passes		1386
# of expected failures		2
# of unsupported tests		86
/scratch/cbuild/slave/slaves/ursa1/gcc-4.6.0-RC-20110314/gcc/default/build/gcc/testsuite/obj-c++/../../g++  version 4.6.0 20110314 (prerelease) (GCC)

=== objc tests ===


Running target unix FAIL: objc.dg-struct-layout-encoding-1/t025_main.m execution test FAIL: objc.dg-struct-layout-encoding-1/t027_main.m execution test FAIL: objc.dg-struct-layout-encoding-1/t028_main.m execution test FAIL: objc.dg-struct-layout-encoding-1/t029_main.m execution test FAIL: objc.dg-struct-layout-encoding-1/t030_main.m execution test FAIL: objc.dg-struct-layout-encoding-1/t031_main.m execution test FAIL: objc.dg/pch/interface-1.m -fgnu-runtime -O2 -I. (internal compiler error) FAIL: objc.dg/pch/interface-1.m -fgnu-runtime -O2 -I. (test for excess errors) FAIL: objc.dg/pch/interface-1.m -fgnu-runtime -O2 assembly comparison

=== objc Summary ===

# of expected passes		2906
# of unexpected failures	9
# of expected failures		10
# of unsupported tests		74
/scratch/cbuild/slave/slaves/ursa1/gcc-4.6.0-RC-20110314/gcc/default/build/gcc/xgcc  version 4.6.0 20110314 (prerelease) (GCC)


Compiler version: 4.6.0 20110314 (prerelease) (GCC)
Platform: armv7l-unknown-linux-gnueabi
configure flags: --prefix=/scratch/cbuild/slave/slaves/ursa1/gcc-4.6.0-RC-20110314/gcc/default/install --enable-languages=c,c++,objc,obj-c++,fortran --with-mode=thumb --with-arch=armv7-a --with-float=softfp --with-fpu=vfpv3-d16



make[1]: Entering directory `/scratch/cbuild/slave/slaves/ursa1' date: 2011-03-14 21:44:29+00:00

uname:
Linux ursa1 2.6.35.3-michaelh1+ #4 SMP PREEMPT Mon Feb 7 10:17:32 NZDT 2011 armv7l GNU/Linux

lsb_release:
Distributor ID:	Ubuntu
Description:	Ubuntu 10.10
Release:	10.10
Codename:	maverick

/proc/version:
Linux version 2.6.35.3-michaelh1+ (michaelh@crucis) (gcc version 4.4.5 (Ubuntu/Linaro 4.4.4-14ubuntu4) ) #4 SMP PREEMPT Mon Feb 7 10:17:32 NZDT 2011

gcc:
Version: 4:4.4.4-1ubuntu2
gcc (Ubuntu/Linaro 4.4.4-14ubuntu5) 4.4.5
Copyright (C) 2010 Free Software Foundation, Inc.
This is free software; see the source for copying conditions.  There is NO
warranty; not even for MERCHANTABILITY or FITNESS FOR A PARTICULAR PURPOSE.

as:
Version: 2.20.51.20100908-0ubuntu2
GNU assembler (GNU Binutils for Ubuntu) 2.20.51-system.20100908
Copyright 2010 Free Software Foundation, Inc.
This program is free software; you may redistribute it under the terms of
the GNU General Public License version 3 or later.
This program has absolutely no warranty.
This assembler was configured for a target of `arm-linux-gnueabi'.

ldd:
ldd (Ubuntu EGLIBC 2.12.1-0ubuntu9) 2.12.1
Copyright (C) 2010 Free Software Foundation, Inc.
This is free software; see the source for copying conditions.  There is NO
warranty; not even for MERCHANTABILITY or FITNESS FOR A PARTICULAR PURPOSE.
Written by Roland McGrath and Ulrich Drepper.

free:
             total       used       free     shared    buffers     cached
Mem:        464456     448900      15556          0      14472     399224
-/+ buffers/cache:      35204     429252
Swap:      2931824       3756    2928068

ulimit:
core file size          (blocks, -c) unlimited
data seg size           (kbytes, -d) unlimited
scheduling priority             (-e) 20
file size               (blocks, -f) unlimited
pending signals                 (-i) 16382
max locked memory       (kbytes, -l) 64
max memory size         (kbytes, -m) unlimited
open files                      (-n) 1024
pipe size            (512 bytes, -p) 8
POSIX message queues     (bytes, -q) 819200
real-time priority              (-r) 0
stack size              (kbytes, -s) unlimited
cpu time               (seconds, -t) unlimited
max user processes              (-u) unlimited
virtual memory          (kbytes, -v) unlimited
file locks                      (-x) unlimited

cpuinfo:
Processor	: ARMv7 Processor rev 2 (v7l)
processor	: 0
BogoMIPS	: 2009.29

processor	: 1
BogoMIPS	: 1963.08

Features	: swp half thumb fastmult vfp edsp thumbee neon vfpv3
CPU implementer	: 0x41
CPU architecture: 7
CPU variant	: 0x1
CPU part	: 0xc09
CPU revision	: 2

Hardware	: OMAP4430 Panda Board
Revision	: 0020
Serial		: 0000000000000000
gdb:
Version: 7.2-1ubuntu3
GNU gdb (GDB) 7.2-ubuntu
Copyright (C) 2010 Free Software Foundation, Inc.
License GPLv3+: GNU GPL version 3 or later <http://gnu.org/licenses/gpl.html>
This is free software: you are free to change and redistribute it.
There is NO WARRANTY, to the extent permitted by law.  Type "show copying"
and "show warranty" for details.
This GDB was configured as "arm-linux-gnueabi".
For bug reporting instructions, please see:
<http://www.gnu.org/software/gdb/bugs/>.
gcc-binary:

libc6:
Version: 2.12.1-0ubuntu9
make[1]: Leaving directory `/scratch/cbuild/slave/slaves/ursa1'



Index Nav: [Date Index] [Subject Index] [Author Index] [Thread Index]
Message Nav: [Date Prev] [Date Next] [Thread Prev] [Thread Next]