This is the mail archive of the gcc-testresults@gcc.gnu.org mailing list for the GCC project.


Index Nav: [Date Index] [Subject Index] [Author Index] [Thread Index]
Message Nav: [Date Prev] [Date Next] [Thread Prev] [Thread Next]
Other format: [Raw text]

Results for 4.7.0 20110314 (experimental) [trunk revision 170964] (GCC) testsuite on x86_64-apple-darwin10.6.0


\$ uname -a
Darwin mahoro 10.6.0 Darwin Kernel Version 10.6.0: Wed Nov 10 18:13:17 PST 2010; root:xnu-1504.9.26~3/RELEASE_I386 i386

********
LAST_UPDATED: Mon Mar 14 22:43:59 UTC 2011 (revision 170964)

Native configuration is x86_64-apple-darwin10.6.0

		=== g++ tests ===


Running target unix//-m32
WARNING: g++.dg/ext/label13.C compilation failed to produce executable

		=== g++ Summary for unix//-m32 ===

# of expected passes		26656
# of expected failures		162
# of unsupported tests		177

Running target unix//-m64
WARNING: g++.dg/ext/label13.C compilation failed to produce executable

		=== g++ Summary for unix//-m64 ===

# of expected passes		26889
# of expected failures		162
# of unsupported tests		375

		=== g++ Summary ===

# of expected passes		53545
# of expected failures		324
# of unsupported tests		552
/BUILD/gcc/obj-170964/gcc/testsuite/g++/../../g++  version 4.7.0 20110314 (experimental) [trunk revision 170964] (GCC) 

		=== gcc tests ===


Running target unix//-m32

		=== gcc Summary for unix//-m32 ===

# of expected passes		74245
# of expected failures		209
# of unsupported tests		1376

Running target unix//-m64
FAIL: gcc.dg/matrix/transpose-3.c execution,    -fprofile-use -fipa-matrix-reorg -fdump-ipa-matrix-reorg -O3 -fwhole-program

		=== gcc Summary for unix//-m64 ===

# of expected passes		74385
# of unexpected failures	1
# of expected failures		210
# of unsupported tests		1748

		=== gcc Summary ===

# of expected passes		148630
# of unexpected failures	1
# of expected failures		419
# of unsupported tests		3124
/BUILD/gcc/obj-170964/gcc/xgcc  version 4.7.0 20110314 (experimental) [trunk revision 170964] (GCC) 

		=== libgomp tests ===


Running target unix//-m64

		=== libgomp Summary for unix//-m64 ===

# of expected passes		1025
# of unsupported tests		2

Running target unix//-m32

		=== libgomp Summary for unix//-m32 ===

# of expected passes		1025
# of unsupported tests		2

		=== libgomp Summary ===

# of expected passes		2050
# of unsupported tests		4
		=== libstdc++ tests ===


Running target unix//-m32

		=== libstdc++ Summary for unix//-m32 ===

# of expected passes		6996
# of expected failures		81
# of unsupported tests		652

Running target unix//-m64

		=== libstdc++ Summary for unix//-m64 ===

# of expected passes		6994
# of expected failures		81
# of unsupported tests		653

		=== libstdc++ Summary ===

# of expected passes		13990
# of expected failures		162
# of unsupported tests		1305

		=== libstdc++ Summary ===


Compiler version: 4.7.0 20110314 (experimental) [trunk revision 170964] (GCC) 
Platform: x86_64-apple-darwin10.6.0
configure flags: --prefix=/BUILD/gcc/170964 --target=x86_64-apple-darwin10.6.0 --host=x86_64-apple-darwin10.6.0 --build=x86_64-apple-darwin10.6.0 --with-tune=core2 --with-gmp=/opt/gnu --with-mpfr=/opt/gnu --with-mpc=/opt/gnu --disable-libmudflap --disable-libssp --enable-stage1-languages=c --enable-languages=c,c++,lto --program-suffix=-trunk
BOOT_CFLAGS=-g -O2


Index Nav: [Date Index] [Subject Index] [Author Index] [Thread Index]
Message Nav: [Date Prev] [Date Next] [Thread Prev] [Thread Next]