This is the mail archive of the gcc-testresults@gcc.gnu.org mailing list for the GCC project.


Index Nav: [Date Index] [Subject Index] [Author Index] [Thread Index]
Message Nav: [Date Prev] [Date Next] [Thread Prev] [Thread Next]
Other format: [Raw text]

Results for 4.4.6 20110311 (prerelease) [gcc-4_4-branch revision 170858] (GCC) testsuite on sparc-sun-solaris2.9


LAST_UPDATED: Fri Mar 11 17:07:18 UTC 2011 (revision 170858)

		=== acats tests ===

		=== acats Summary ===
# of expected passes		2315
# of unexpected failures	0
Native configuration is sparc-sun-solaris2.9

		=== g++ tests ===


Running target unix

		=== g++ Summary for unix ===

# of expected passes		19524
# of expected failures		160
# of unsupported tests		207

Running target unix/-m64

		=== g++ Summary for unix/-m64 ===

# of expected passes		19491
# of expected failures		160
# of unsupported tests		208

		=== g++ Summary ===

# of expected passes		39015
# of expected failures		320
# of unsupported tests		415
/var/gcc/regression/gcc-4.4-branch/9-gcc-gas/build/gcc/testsuite/g++/../../g++  version 4.4.6 20110311 (prerelease) [gcc-4_4-branch revision 170858] (GCC) 

		=== gcc tests ===


Running target unix
FAIL: gcc.c-torture/execute/pr38819.c execution,  -O2 
FAIL: gcc.c-torture/execute/pr38819.c execution,  -O3 -fomit-frame-pointer 
FAIL: gcc.c-torture/execute/pr38819.c execution,  -O3 -fomit-frame-pointer -funroll-loops 
FAIL: gcc.c-torture/execute/pr38819.c execution,  -O3 -fomit-frame-pointer -funroll-all-loops -finline-functions 
FAIL: gcc.c-torture/execute/pr38819.c execution,  -O3 -g 
FAIL: gcc.dg/vect/vect-35.c scan-tree-dump-times vect "vectorized 1 loops" 1

		=== gcc Summary for unix ===

# of expected passes		51643
# of unexpected failures	6
# of expected failures		223
# of unsupported tests		758

Running target unix/-m64

		=== gcc Summary for unix/-m64 ===

# of expected passes		51640
# of expected failures		218
# of unsupported tests		765

		=== gcc Summary ===

# of expected passes		103283
# of unexpected failures	6
# of expected failures		441
# of unsupported tests		1523
/var/gcc/regression/gcc-4.4-branch/9-gcc-gas/build/gcc/xgcc  version 4.4.6 20110311 (prerelease) [gcc-4_4-branch revision 170858] (GCC) 

		=== gfortran tests ===


Running target unix

		=== gfortran Summary for unix ===

# of expected passes		29932
# of expected failures		11
# of unsupported tests		298

Running target unix/-m64

		=== gfortran Summary for unix/-m64 ===

# of expected passes		30081
# of expected failures		11
# of unsupported tests		225

		=== gfortran Summary ===

# of expected passes		60013
# of expected failures		22
# of unsupported tests		523
/var/gcc/regression/gcc-4.4-branch/9-gcc-gas/build/gcc/testsuite/gfortran/../../gfortran  version 4.4.6 20110311 (prerelease) [gcc-4_4-branch revision 170858] (GCC) 

		=== gnat tests ===


Running target unix

		=== gnat Summary for unix ===

# of expected passes		618
# of expected failures		6
# of unsupported tests		1

Running target unix/-m64

		=== gnat Summary for unix/-m64 ===

# of expected passes		618
# of expected failures		6
# of unsupported tests		1

		=== gnat Summary ===

# of expected passes		1236
# of expected failures		12
# of unsupported tests		2
		=== objc tests ===


Running target unix

		=== objc Summary for unix ===

# of expected passes		1866
# of expected failures		15
# of unsupported tests		24

Running target unix/-m64

		=== objc Summary for unix/-m64 ===

# of expected passes		1866
# of expected failures		15
# of unsupported tests		24

		=== objc Summary ===

# of expected passes		3732
# of expected failures		30
# of unsupported tests		48
/var/gcc/regression/gcc-4.4-branch/9-gcc-gas/build/gcc/xgcc  version 4.4.6 20110311 (prerelease) [gcc-4_4-branch revision 170858] (GCC) 

		=== libffi tests ===


Running target unix

		=== libffi Summary for unix ===

# of expected passes		1399
# of unsupported tests		10

Running target unix/-m64

		=== libffi Summary for unix/-m64 ===

# of expected passes		1399
# of unsupported tests		10

		=== libffi Summary ===

# of expected passes		2798
# of unsupported tests		20
		=== libgomp tests ===


Running target unix

		=== libgomp Summary for unix ===

# of expected passes		2506
# of unsupported tests		9

Running target unix/-m64

		=== libgomp Summary for unix/-m64 ===

# of expected passes		2506
# of unsupported tests		9

		=== libgomp Summary ===

# of expected passes		5012
# of unsupported tests		18
		=== libjava tests ===


Running target unix
FAIL: events output

		=== libjava Summary for unix ===

# of expected passes		2573
# of unexpected failures	1

Running target unix/-m64
FAIL: Process_6 execution - source compiled test

		=== libjava Summary for unix/-m64 ===

# of expected passes		2572
# of unexpected failures	1
# of untested testcases		1

		=== libjava Summary ===

# of expected passes		5145
# of unexpected failures	2
# of untested testcases		1
		=== libstdc++ tests ===


Running target unix

		=== libstdc++ Summary for unix ===

# of expected passes		5475
# of expected failures		74
# of unsupported tests		541

Running target unix/-m64

		=== libstdc++ Summary for unix/-m64 ===

# of expected passes		5475
# of expected failures		74
# of unsupported tests		541

		=== libstdc++ Summary ===

# of expected passes		10950
# of expected failures		148
# of unsupported tests		1082

		=== libstdc++ Summary ===


Compiler version: 4.4.6 20110311 (prerelease) [gcc-4_4-branch revision 170858] (GCC) 
Platform: sparc-sun-solaris2.9
configure flags: --prefix=/vol/gcc --target=sparc-sun-solaris2.9 --with-as=/vol/gcc/bin/gas-2.21 --with-gnu-as --with-gmp=/vol/gcc --with-mpfr=/vol/gcc --with-mpc=/vol/gcc --enable-languages=all,ada
BOOT_CFLAGS=-g -O2


Index Nav: [Date Index] [Subject Index] [Author Index] [Thread Index]
Message Nav: [Date Prev] [Date Next] [Thread Prev] [Thread Next]